{"id":204548,"date":"2008-07-21T09:19:00","date_gmt":"2008-07-21T09:19:00","guid":{"rendered":"https:\/\/admin.industriall-union.org\/archive\/imf\/cc-oo-y-ugt-demandan-el-rescate-de-las-victimas-de-pasta-de-conchos\/"},"modified":"2025-01-31T10:58:34","modified_gmt":"2025-01-31T10:58:34","slug":"cc-oo-y-ugt-demandan-el-rescate-de-las-victimas-de-pasta-de-conchos-2","status":"publish","type":"archive_imf","link":"https:\/\/admin.industriall-union.org\/es\/archive\/imf\/cc-oo-y-ugt-demandan-el-rescate-de-las-victimas-de-pasta-de-conchos-2\/","title":{"rendered":"CC.OO y UGT Demandan el Rescate de las Victimas de Pasta de Conchos"},"content":{"rendered":"<p>Espa\u00f1a: Las organizaciones sindicales espa\u00f1olas la Confederaci\u00f3n Sindical de Comisiones Obreras (CC.OO) \u00a0y la Uni\u00f3n General de Trabajadores (UGT), junto a la FITIM, visitaron el martes 15 de julio la Embajada de M\u00e9xico en Espa\u00f1a \u00a0con motivo de la lucha por el rescate de los cuerpos de los mineros fallecidos el 19 de febrero de 2006 en Pasta de Conchos, M\u00e9xico. <\/p><p>En el encuentro, que cont\u00f3 con la presencia del Secretario Adjunto de la FITIM, Fernando Lopes, se entregaron documentos con antecedentes de lo ocurrido en la mina perteneciente a Grupo M\u00e9xico y demandaron la entrega de los 63 cuerpos que a\u00fan contin\u00faan enterrados.<\/p><p>Espec\u00edficamente a la Embajada mexicana\u00a0 fueron entregadas m\u00e1s de 4 mil firmas que la CC.OO y la FIA-UGT, recogieron en solidaridad con las familias de los fallecidos y que exigen la firme voluntad de la Empresa y del Gobierno Mexicano para que se lleven a cabo las actuaciones necesarias para recuperar los cuerpos de los trabajadores fallecidos y adem\u00e1s, poder esclarecer las causas que motivaron el accidente. <\/p><p>La Federaci\u00f3n Minerometal\u00fargica de la CC.OO ha manifestado que se ha sumado a esta lucha ya que &quot;entiende que el rescate de los trabajadores no solo aliviar\u00eda el drama humano y familiar que se est\u00e1 viviendo en la zona, sino que tambi\u00e9n ayudar\u00eda a esclarecer las causas que motivaron el accidente extrayendo las conclusiones pertinentes que puedan evitar situaciones similares&quot;.<\/p><p>Cabe se\u00f1alar la FM ha estado en contacto con la empresa minera HUNOSA, pertenecientes a la Brigada de Salvamento que evalu\u00f3 la situaci\u00f3n en el lugar del accidente en mayo de 2006, quien ha manifestado que t\u00e9cnicamente s\u00ed es posible el rescate de los 63 compa\u00f1eros sepultados en el interior de la mina, para lo que ser\u00eda necesario contar con la implicaci\u00f3n de la empresa as\u00ed como del Gobierno mexicano.<\/p><p>Por ello, las organizaciones sindicales espa\u00f1olas, afiliadas a la FITIM, se dirigieron a la Embajada de M\u00e9xico ya que consideran que es preciso realizar varias acciones para que tanto la empresa como el gobierno mexicano consideren la posibilidad de rescatar a los trabajadores.<\/p>","protected":false},"featured_media":0,"template":"","class_list":["post-204548","archive_imf","type-archive_imf","status-publish","hentry"],"acf":[],"yoast_head":"<!-- This site is optimized with the Yoast SEO Premium plugin v27.1 (Yoast SEO v27.1) - https:\/\/yoast.com\/product\/yoast-seo-premium-wordpress\/ -->\n<title>CC.OO y UGT Demandan el Rescate de las Victimas de Pasta de Conchos - industriall-union<\/title>\n<meta name=\"robots\" content=\"index, follow, max-snippet:-1, max-image-preview:large, max-video-preview:-1\" \/>\n<link rel=\"canonical\" href=\"https:\/\/admin.industriall-union.org\/es\/archive\/imf\/cc-oo-y-ugt-demandan-el-rescate-de-las-victimas-de-pasta-de-conchos-2\/\" \/>\n<meta property=\"og:locale\" content=\"es_ES\" \/>\n<meta property=\"og:type\" content=\"article\" \/>\n<meta property=\"og:title\" content=\"CC.OO y UGT Demandan el Rescate de las Victimas de Pasta de Conchos\" \/>\n<meta property=\"og:description\" content=\"Espa\u00f1a: Las organizaciones sindicales espa\u00f1olas la Confederaci\u00f3n Sindical de Comisiones Obreras (CC.OO) \u00a0y la Uni\u00f3n General de Trabajadores (UGT), junto a la FITIM, visitaron el martes 15 de julio la Embajada de M\u00e9xico en Espa\u00f1a \u00a0con motivo de la lucha por el rescate de los cuerpos de los mineros fallecidos el 19 de febrero de [&hellip;]\" \/>\n<meta property=\"og:url\" content=\"https:\/\/admin.industriall-union.org\/es\/archive\/imf\/cc-oo-y-ugt-demandan-el-rescate-de-las-victimas-de-pasta-de-conchos-2\/\" \/>\n<meta property=\"og:site_name\" content=\"industriall-union\" \/>\n<meta property=\"article:modified_time\" content=\"2025-01-31T10:58:34+00:00\" \/>\n<meta name=\"twitter:card\" content=\"summary_large_image\" \/>\n<meta name=\"twitter:label1\" content=\"Est. reading time\" \/>\n\t<meta name=\"twitter:data1\" content=\"2 minutes\" \/>\n<script type=\"application\/ld+json\" class=\"yoast-schema-graph\">{\"@context\":\"https:\/\/schema.org\",\"@graph\":[{\"@type\":\"WebPage\",\"@id\":\"https:\/\/admin.industriall-union.org\/es\/archive\/imf\/cc-oo-y-ugt-demandan-el-rescate-de-las-victimas-de-pasta-de-conchos-2\/\",\"url\":\"https:\/\/admin.industriall-union.org\/es\/archive\/imf\/cc-oo-y-ugt-demandan-el-rescate-de-las-victimas-de-pasta-de-conchos-2\/\",\"name\":\"CC.OO y UGT Demandan el Rescate de las Victimas de Pasta de Conchos - industriall-union\",\"isPartOf\":{\"@id\":\"https:\/\/admin.industriall-union.org\/#website\"},\"datePublished\":\"2008-07-21T09:19:00+00:00\",\"dateModified\":\"2025-01-31T10:58:34+00:00\",\"breadcrumb\":{\"@id\":\"https:\/\/admin.industriall-union.org\/es\/archive\/imf\/cc-oo-y-ugt-demandan-el-rescate-de-las-victimas-de-pasta-de-conchos-2\/#breadcrumb\"},\"inLanguage\":\"es-ES\",\"potentialAction\":[{\"@type\":\"ReadAction\",\"target\":[\"https:\/\/admin.industriall-union.org\/es\/archive\/imf\/cc-oo-y-ugt-demandan-el-rescate-de-las-victimas-de-pasta-de-conchos-2\/\"]}]},{\"@type\":\"BreadcrumbList\",\"@id\":\"https:\/\/admin.industriall-union.org\/es\/archive\/imf\/cc-oo-y-ugt-demandan-el-rescate-de-las-victimas-de-pasta-de-conchos-2\/#breadcrumb\",\"itemListElement\":[{\"@type\":\"ListItem\",\"position\":1,\"name\":\"Home\",\"item\":\"https:\/\/admin.industriall-union.org\/\"},{\"@type\":\"ListItem\",\"position\":2,\"name\":\"Archive Imf\",\"item\":\"https:\/\/admin.industriall-union.org\/es\/archive\/imf\/\"},{\"@type\":\"ListItem\",\"position\":3,\"name\":\"CC.OO y UGT Demandan el Rescate de las Victimas de Pasta de Conchos\"}]},{\"@type\":\"WebSite\",\"@id\":\"https:\/\/admin.industriall-union.org\/#website\",\"url\":\"https:\/\/admin.industriall-union.org\/\",\"name\":\"industriall-union\",\"description\":\"\",\"potentialAction\":[{\"@type\":\"SearchAction\",\"target\":{\"@type\":\"EntryPoint\",\"urlTemplate\":\"https:\/\/admin.industriall-union.org\/?s={search_term_string}\"},\"query-input\":{\"@type\":\"PropertyValueSpecification\",\"valueRequired\":true,\"valueName\":\"search_term_string\"}}],\"inLanguage\":\"es-ES\"}]}<\/script>\n<!-- \/ Yoast SEO Premium plugin. -->","yoast_head_json":{"title":"CC.OO y UGT Demandan el Rescate de las Victimas de Pasta de Conchos - industriall-union","robots":{"index":"index","follow":"follow","max-snippet":"max-snippet:-1","max-image-preview":"max-image-preview:large","max-video-preview":"max-video-preview:-1"},"canonical":"https:\/\/admin.industriall-union.org\/es\/archive\/imf\/cc-oo-y-ugt-demandan-el-rescate-de-las-victimas-de-pasta-de-conchos-2\/","og_locale":"es_ES","og_type":"article","og_title":"CC.OO y UGT Demandan el Rescate de las Victimas de Pasta de Conchos","og_description":"Espa\u00f1a: Las organizaciones sindicales espa\u00f1olas la Confederaci\u00f3n Sindical de Comisiones Obreras (CC.OO) \u00a0y la Uni\u00f3n General de Trabajadores (UGT), junto a la FITIM, visitaron el martes 15 de julio la Embajada de M\u00e9xico en Espa\u00f1a \u00a0con motivo de la lucha por el rescate de los cuerpos de los mineros fallecidos el 19 de febrero de [&hellip;]","og_url":"https:\/\/admin.industriall-union.org\/es\/archive\/imf\/cc-oo-y-ugt-demandan-el-rescate-de-las-victimas-de-pasta-de-conchos-2\/","og_site_name":"industriall-union","article_modified_time":"2025-01-31T10:58:34+00:00","twitter_card":"summary_large_image","twitter_misc":{"Est. reading time":"2 minutes"},"schema":{"@context":"https:\/\/schema.org","@graph":[{"@type":"WebPage","@id":"https:\/\/admin.industriall-union.org\/es\/archive\/imf\/cc-oo-y-ugt-demandan-el-rescate-de-las-victimas-de-pasta-de-conchos-2\/","url":"https:\/\/admin.industriall-union.org\/es\/archive\/imf\/cc-oo-y-ugt-demandan-el-rescate-de-las-victimas-de-pasta-de-conchos-2\/","name":"CC.OO y UGT Demandan el Rescate de las Victimas de Pasta de Conchos - industriall-union","isPartOf":{"@id":"https:\/\/admin.industriall-union.org\/#website"},"datePublished":"2008-07-21T09:19:00+00:00","dateModified":"2025-01-31T10:58:34+00:00","breadcrumb":{"@id":"https:\/\/admin.industriall-union.org\/es\/archive\/imf\/cc-oo-y-ugt-demandan-el-rescate-de-las-victimas-de-pasta-de-conchos-2\/#breadcrumb"},"inLanguage":"es-ES","potentialAction":[{"@type":"ReadAction","target":["https:\/\/admin.industriall-union.org\/es\/archive\/imf\/cc-oo-y-ugt-demandan-el-rescate-de-las-victimas-de-pasta-de-conchos-2\/"]}]},{"@type":"BreadcrumbList","@id":"https:\/\/admin.industriall-union.org\/es\/archive\/imf\/cc-oo-y-ugt-demandan-el-rescate-de-las-victimas-de-pasta-de-conchos-2\/#breadcrumb","itemListElement":[{"@type":"ListItem","position":1,"name":"Home","item":"https:\/\/admin.industriall-union.org\/"},{"@type":"ListItem","position":2,"name":"Archive Imf","item":"https:\/\/admin.industriall-union.org\/es\/archive\/imf\/"},{"@type":"ListItem","position":3,"name":"CC.OO y UGT Demandan el Rescate de las Victimas de Pasta de Conchos"}]},{"@type":"WebSite","@id":"https:\/\/admin.industriall-union.org\/#website","url":"https:\/\/admin.industriall-union.org\/","name":"industriall-union","description":"","potentialAction":[{"@type":"SearchAction","target":{"@type":"EntryPoint","urlTemplate":"https:\/\/admin.industriall-union.org\/?s={search_term_string}"},"query-input":{"@type":"PropertyValueSpecification","valueRequired":true,"valueName":"search_term_string"}}],"inLanguage":"es-ES"}]}},"_links":{"self":[{"href":"https:\/\/admin.industriall-union.org\/es\/wp-json\/wp\/v2\/archive_imf\/204548","targetHints":{"allow":["GET"]}}],"collection":[{"href":"https:\/\/admin.industriall-union.org\/es\/wp-json\/wp\/v2\/archive_imf"}],"about":[{"href":"https:\/\/admin.industriall-union.org\/es\/wp-json\/wp\/v2\/types\/archive_imf"}],"wp:attachment":[{"href":"https:\/\/admin.industriall-union.org\/es\/wp-json\/wp\/v2\/media?parent=204548"}],"curies":[{"name":"wp","href":"https:\/\/api.w.org\/{rel}","templated":true}]}}

<p>España: Las organizaciones sindicales españolas la Confederación Sindical de Comisiones Obreras (CC.OO)  y la Unión General de Trabajadores (UGT), junto a la FITIM, visitaron el martes 15 de julio la Embajada de México en España  con motivo de la lucha por el rescate de los cuerpos de los mineros fallecidos el 19 de febrero de 2006 en Pasta de Conchos, México. </p><p>En el encuentro, que contó con la presencia del Secretario Adjunto de la FITIM, Fernando Lopes, se entregaron documentos con antecedentes de lo ocurrido en la mina perteneciente a Grupo México y demandaron la entrega de los 63 cuerpos que aún continúan enterrados.</p><p>Específicamente a la Embajada mexicana  fueron entregadas más de 4 mil firmas que la CC.OO y la FIA-UGT, recogieron en solidaridad con las familias de los fallecidos y que exigen la firme voluntad de la Empresa y del Gobierno Mexicano para que se lleven a cabo las actuaciones necesarias para recuperar los cuerpos de los trabajadores fallecidos y además, poder esclarecer las causas que motivaron el accidente. </p><p>La Federación Minerometalúrgica de la CC.OO ha manifestado que se ha sumado a esta lucha ya que &quot;entiende que el rescate de los trabajadores no solo aliviaría el drama humano y familiar que se está viviendo en la zona, sino que también ayudaría a esclarecer las causas que motivaron el accidente extrayendo las conclusiones pertinentes que puedan evitar situaciones similares&quot;.</p><p>Cabe señalar la FM ha estado en contacto con la empresa minera HUNOSA, pertenecientes a la Brigada de Salvamento que evaluó la situación en el lugar del accidente en mayo de 2006, quien ha manifestado que técnicamente sí es posible el rescate de los 63 compañeros sepultados en el interior de la mina, para lo que sería necesario contar con la implicación de la empresa así como del Gobierno mexicano.</p><p>Por ello, las organizaciones sindicales españolas, afiliadas a la FITIM, se dirigieron a la Embajada de México ya que consideran que es preciso realizar varias acciones para que tanto la empresa como el gobierno mexicano consideren la posibilidad de rescatar a los trabajadores.</p>

<!-- This site is optimized with the Yoast SEO Premium plugin v27.1 (Yoast SEO v27.1) - https://yoast.com/product/yoast-seo-premium-wordpress/ -->
<title>CC.OO y UGT Demandan el Rescate de las Victimas de Pasta de Conchos - industriall-union</title>
<meta name="robots" content="index, follow, max-snippet:-1, max-image-preview:large, max-video-preview:-1" />
<link rel="canonical" href="https://admin.industriall-union.org/es/archive/imf/cc-oo-y-ugt-demandan-el-rescate-de-las-victimas-de-pasta-de-conchos-2/" />
<meta property="og:locale" content="es_ES" />
<meta property="og:type" content="article" />
<meta property="og:title" content="CC.OO y UGT Demandan el Rescate de las Victimas de Pasta de Conchos" />
<meta property="og:description" content="España: Las organizaciones sindicales españolas la Confederación Sindical de Comisiones Obreras (CC.OO)  y la Unión General de Trabajadores (UGT), junto a la FITIM, visitaron el martes 15 de julio la Embajada de México en España  con motivo de la lucha por el rescate de los cuerpos de los mineros fallecidos el 19 de febrero de [&hellip;]" />
<meta property="og:url" content="https://admin.industriall-union.org/es/archive/imf/cc-oo-y-ugt-demandan-el-rescate-de-las-victimas-de-pasta-de-conchos-2/" />
<meta property="og:site_name" content="industriall-union" />
<meta property="article:modified_time" content="2025-01-31T10:58:34+00:00" />
<meta name="twitter:card" content="summary_large_image" />
<meta name="twitter:label1" content="Est. reading time" />
	<meta name="twitter:data1" content="2 minutes" />
<script type="application/ld+json" class="yoast-schema-graph">{"@context":"https://schema.org","@graph":[{"@type":"WebPage","@id":"https://admin.industriall-union.org/es/archive/imf/cc-oo-y-ugt-demandan-el-rescate-de-las-victimas-de-pasta-de-conchos-2/","url":"https://admin.industriall-union.org/es/archive/imf/cc-oo-y-ugt-demandan-el-rescate-de-las-victimas-de-pasta-de-conchos-2/","name":"CC.OO y UGT Demandan el Rescate de las Victimas de Pasta de Conchos - industriall-union","isPartOf":{"@id":"https://admin.industriall-union.org/#website"},"datePublished":"2008-07-21T09:19:00+00:00","dateModified":"2025-01-31T10:58:34+00:00","breadcrumb":{"@id":"https://admin.industriall-union.org/es/archive/imf/cc-oo-y-ugt-demandan-el-rescate-de-las-victimas-de-pasta-de-conchos-2/#breadcrumb"},"inLanguage":"es-ES","potentialAction":[{"@type":"ReadAction","target":["https://admin.industriall-union.org/es/archive/imf/cc-oo-y-ugt-demandan-el-rescate-de-las-victimas-de-pasta-de-conchos-2/"]}]},{"@type":"BreadcrumbList","@id":"https://admin.industriall-union.org/es/archive/imf/cc-oo-y-ugt-demandan-el-rescate-de-las-victimas-de-pasta-de-conchos-2/#breadcrumb","itemListElement":[{"@type":"ListItem","position":1,"name":"Home","item":"https://admin.industriall-union.org/"},{"@type":"ListItem","position":2,"name":"Archive Imf","item":"https://admin.industriall-union.org/es/archive/imf/"},{"@type":"ListItem","position":3,"name":"CC.OO y UGT Demandan el Rescate de las Victimas de Pasta de Conchos"}]},{"@type":"WebSite","@id":"https://admin.industriall-union.org/#website","url":"https://admin.industriall-union.org/","name":"industriall-union","description":"","potentialAction":[{"@type":"SearchAction","target":{"@type":"EntryPoint","urlTemplate":"https://admin.industriall-union.org/?s={search_term_string}"},"query-input":{"@type":"PropertyValueSpecification","valueRequired":true,"valueName":"search_term_string"}}],"inLanguage":"es-ES"}]}</script>
<!-- / Yoast SEO Premium plugin. -->

España: Las organizaciones sindicales españolas la Confederación Sindical de Comisiones Obreras (CC.OO)  y la Unión General de Trabajadores (UGT), junto a la FITIM, visitaron el martes 15 de julio la Embajada de México en España  con motivo de la lucha por el rescate de los cuerpos de los mineros fallecidos el 19 de febrero de [&hellip;]
