{"id":204070,"date":"2009-04-30T12:14:00","date_gmt":"2009-04-30T12:14:00","guid":{"rendered":"https:\/\/admin.industriall-union.org\/archive\/imf\/la-celebracion-del-primero-de-mayo-es-importante\/"},"modified":"2025-01-31T10:44:06","modified_gmt":"2025-01-31T10:44:06","slug":"la-celebracion-del-primero-de-mayo-es-importante","status":"publish","type":"archive_imf","link":"https:\/\/admin.industriall-union.org\/es\/archive\/imf\/la-celebracion-del-primero-de-mayo-es-importante\/","title":{"rendered":"\u00a1La celebraci\u00f3n del Primero de Mayo es importante!"},"content":{"rendered":"<p>MUNDO: El Primero de Mayo no es s\u00f3lo un d\u00eda libre. Su significado tiene profundas ra\u00edces para todos los trabajadores.<\/p><p>Merece la pena recordar a los j\u00f3venes que los trabajadores celebran el Primero de Mayo en conmemoraci\u00f3n de los 11 americanos matados en Chicago el 1 de mayo de 1886, que junto a otros millares de trabajadores salieron a la calle reivindicando una jornada de trabajo de ocho horas. Esto sucedi\u00f3 el primer d\u00eda de mayo, que actualmente se conmemora como el D\u00eda de los Trabajadores o D\u00eda del Trabajo.<\/p><p>Es importante recordar esto cada a\u00f1o, cuando el Primero de Mayo marchan todos los trabajadores de la mano para hacer o\u00edr su voz en todas las ciudades del mundo.<\/p><p>&quot;La FITIM lucha por el respeto de los derechos de los trabajadores en muchos pa\u00edses del mundo. Y hoy d\u00eda, el Primero de Mayo transmitimos el mensaje de solidaridad a todos nuestros compe\u00f1eros y compa\u00f1eras, pero especialmente a los trabajadores del autom\u00f3vil indios que luchan por el reconocimiento del sindicato y un convenio colectivo en Hyundai; a los trabajadores indonesios que afrontan un intenso antisindicalismo de la compa\u00f1\u00eda Toshiba; a los trabajadores coreanos que luchan por bloquear nueva legislaci\u00f3n para ampliar de 2 a 4 a\u00f1os el per\u00edodo de los trabajadores con empleo precario para convertirlos en permanentes; a los mineros mexicanos en huelga durante 21 meses y que son amenazados con la terminaci\u00f3n de su relaci\u00f3n laboral s\u00f3lo para readmitirlos sin pertenencia a un sindicato; a los trabajadores de Sinter Metal en Turqu\u00eda, que luchan por la readmisi\u00f3n de m\u00e1s de 300 trabajadores despedidos por sus actividades sindicales: a los sider\u00fargicos en Bulgaria, que luchan por sus empleos y por sueldos no pagados, y a muchos otros que luchan por su derecho por un vida decente y respetuosa de los trabajadores&quot;, dijo Marcello Malentacchi, secretario general de la FITIM en su mensaje del Primero de Mayo a los trabajadores metal\u00fargicos<\/p><p>&quot;Esta es una buena raz\u00f3n para salir a las calles y manifestarse el Primero de Mayo, y luchar por quienes no son autorizados a unirse a nosotros. Por lo tanto, celebremos el Primero de Mayo dondequiera que estemos, un\u00e1monos a la manifestaci\u00f3n y hagamos o\u00edr nuestra voz!&quot;<\/p>","protected":false},"featured_media":0,"template":"","class_list":["post-204070","archive_imf","type-archive_imf","status-publish","hentry"],"acf":[],"yoast_head":"<!-- This site is optimized with the Yoast SEO Premium plugin v27.1 (Yoast SEO v27.1) - https:\/\/yoast.com\/product\/yoast-seo-premium-wordpress\/ -->\n<title>\u00a1La celebraci\u00f3n del Primero de Mayo es importante! - industriall-union<\/title>\n<meta name=\"robots\" content=\"index, follow, max-snippet:-1, max-image-preview:large, max-video-preview:-1\" \/>\n<link rel=\"canonical\" href=\"https:\/\/admin.industriall-union.org\/es\/archive\/imf\/la-celebracion-del-primero-de-mayo-es-importante\/\" \/>\n<meta property=\"og:locale\" content=\"es_ES\" \/>\n<meta property=\"og:type\" content=\"article\" \/>\n<meta property=\"og:title\" content=\"\u00a1La celebraci\u00f3n del Primero de Mayo es importante!\" \/>\n<meta property=\"og:description\" content=\"MUNDO: El Primero de Mayo no es s\u00f3lo un d\u00eda libre. Su significado tiene profundas ra\u00edces para todos los trabajadores. Merece la pena recordar a los j\u00f3venes que los trabajadores celebran el Primero de Mayo en conmemoraci\u00f3n de los 11 americanos matados en Chicago el 1 de mayo de 1886, que junto a otros millares [&hellip;]\" \/>\n<meta property=\"og:url\" content=\"https:\/\/admin.industriall-union.org\/es\/archive\/imf\/la-celebracion-del-primero-de-mayo-es-importante\/\" \/>\n<meta property=\"og:site_name\" content=\"industriall-union\" \/>\n<meta property=\"article:modified_time\" content=\"2025-01-31T10:44:06+00:00\" \/>\n<meta name=\"twitter:card\" content=\"summary_large_image\" \/>\n<meta name=\"twitter:label1\" content=\"Est. reading time\" \/>\n\t<meta name=\"twitter:data1\" content=\"2 minutes\" \/>\n<script type=\"application\/ld+json\" class=\"yoast-schema-graph\">{\"@context\":\"https:\/\/schema.org\",\"@graph\":[{\"@type\":\"WebPage\",\"@id\":\"https:\/\/admin.industriall-union.org\/es\/archive\/imf\/la-celebracion-del-primero-de-mayo-es-importante\/\",\"url\":\"https:\/\/admin.industriall-union.org\/es\/archive\/imf\/la-celebracion-del-primero-de-mayo-es-importante\/\",\"name\":\"\u00a1La celebraci\u00f3n del Primero de Mayo es importante! - industriall-union\",\"isPartOf\":{\"@id\":\"https:\/\/admin.industriall-union.org\/#website\"},\"datePublished\":\"2009-04-30T12:14:00+00:00\",\"dateModified\":\"2025-01-31T10:44:06+00:00\",\"breadcrumb\":{\"@id\":\"https:\/\/admin.industriall-union.org\/es\/archive\/imf\/la-celebracion-del-primero-de-mayo-es-importante\/#breadcrumb\"},\"inLanguage\":\"es-ES\",\"potentialAction\":[{\"@type\":\"ReadAction\",\"target\":[\"https:\/\/admin.industriall-union.org\/es\/archive\/imf\/la-celebracion-del-primero-de-mayo-es-importante\/\"]}]},{\"@type\":\"BreadcrumbList\",\"@id\":\"https:\/\/admin.industriall-union.org\/es\/archive\/imf\/la-celebracion-del-primero-de-mayo-es-importante\/#breadcrumb\",\"itemListElement\":[{\"@type\":\"ListItem\",\"position\":1,\"name\":\"Home\",\"item\":\"https:\/\/admin.industriall-union.org\/\"},{\"@type\":\"ListItem\",\"position\":2,\"name\":\"Archive Imf\",\"item\":\"https:\/\/admin.industriall-union.org\/es\/archive\/imf\/\"},{\"@type\":\"ListItem\",\"position\":3,\"name\":\"\u00a1La celebraci\u00f3n del Primero de Mayo es importante!\"}]},{\"@type\":\"WebSite\",\"@id\":\"https:\/\/admin.industriall-union.org\/#website\",\"url\":\"https:\/\/admin.industriall-union.org\/\",\"name\":\"industriall-union\",\"description\":\"\",\"potentialAction\":[{\"@type\":\"SearchAction\",\"target\":{\"@type\":\"EntryPoint\",\"urlTemplate\":\"https:\/\/admin.industriall-union.org\/?s={search_term_string}\"},\"query-input\":{\"@type\":\"PropertyValueSpecification\",\"valueRequired\":true,\"valueName\":\"search_term_string\"}}],\"inLanguage\":\"es-ES\"}]}<\/script>\n<!-- \/ Yoast SEO Premium plugin. -->","yoast_head_json":{"title":"\u00a1La celebraci\u00f3n del Primero de Mayo es importante! - industriall-union","robots":{"index":"index","follow":"follow","max-snippet":"max-snippet:-1","max-image-preview":"max-image-preview:large","max-video-preview":"max-video-preview:-1"},"canonical":"https:\/\/admin.industriall-union.org\/es\/archive\/imf\/la-celebracion-del-primero-de-mayo-es-importante\/","og_locale":"es_ES","og_type":"article","og_title":"\u00a1La celebraci\u00f3n del Primero de Mayo es importante!","og_description":"MUNDO: El Primero de Mayo no es s\u00f3lo un d\u00eda libre. Su significado tiene profundas ra\u00edces para todos los trabajadores. Merece la pena recordar a los j\u00f3venes que los trabajadores celebran el Primero de Mayo en conmemoraci\u00f3n de los 11 americanos matados en Chicago el 1 de mayo de 1886, que junto a otros millares [&hellip;]","og_url":"https:\/\/admin.industriall-union.org\/es\/archive\/imf\/la-celebracion-del-primero-de-mayo-es-importante\/","og_site_name":"industriall-union","article_modified_time":"2025-01-31T10:44:06+00:00","twitter_card":"summary_large_image","twitter_misc":{"Est. reading time":"2 minutes"},"schema":{"@context":"https:\/\/schema.org","@graph":[{"@type":"WebPage","@id":"https:\/\/admin.industriall-union.org\/es\/archive\/imf\/la-celebracion-del-primero-de-mayo-es-importante\/","url":"https:\/\/admin.industriall-union.org\/es\/archive\/imf\/la-celebracion-del-primero-de-mayo-es-importante\/","name":"\u00a1La celebraci\u00f3n del Primero de Mayo es importante! - industriall-union","isPartOf":{"@id":"https:\/\/admin.industriall-union.org\/#website"},"datePublished":"2009-04-30T12:14:00+00:00","dateModified":"2025-01-31T10:44:06+00:00","breadcrumb":{"@id":"https:\/\/admin.industriall-union.org\/es\/archive\/imf\/la-celebracion-del-primero-de-mayo-es-importante\/#breadcrumb"},"inLanguage":"es-ES","potentialAction":[{"@type":"ReadAction","target":["https:\/\/admin.industriall-union.org\/es\/archive\/imf\/la-celebracion-del-primero-de-mayo-es-importante\/"]}]},{"@type":"BreadcrumbList","@id":"https:\/\/admin.industriall-union.org\/es\/archive\/imf\/la-celebracion-del-primero-de-mayo-es-importante\/#breadcrumb","itemListElement":[{"@type":"ListItem","position":1,"name":"Home","item":"https:\/\/admin.industriall-union.org\/"},{"@type":"ListItem","position":2,"name":"Archive Imf","item":"https:\/\/admin.industriall-union.org\/es\/archive\/imf\/"},{"@type":"ListItem","position":3,"name":"\u00a1La celebraci\u00f3n del Primero de Mayo es importante!"}]},{"@type":"WebSite","@id":"https:\/\/admin.industriall-union.org\/#website","url":"https:\/\/admin.industriall-union.org\/","name":"industriall-union","description":"","potentialAction":[{"@type":"SearchAction","target":{"@type":"EntryPoint","urlTemplate":"https:\/\/admin.industriall-union.org\/?s={search_term_string}"},"query-input":{"@type":"PropertyValueSpecification","valueRequired":true,"valueName":"search_term_string"}}],"inLanguage":"es-ES"}]}},"_links":{"self":[{"href":"https:\/\/admin.industriall-union.org\/es\/wp-json\/wp\/v2\/archive_imf\/204070","targetHints":{"allow":["GET"]}}],"collection":[{"href":"https:\/\/admin.industriall-union.org\/es\/wp-json\/wp\/v2\/archive_imf"}],"about":[{"href":"https:\/\/admin.industriall-union.org\/es\/wp-json\/wp\/v2\/types\/archive_imf"}],"wp:attachment":[{"href":"https:\/\/admin.industriall-union.org\/es\/wp-json\/wp\/v2\/media?parent=204070"}],"curies":[{"name":"wp","href":"https:\/\/api.w.org\/{rel}","templated":true}]}}

¡La celebración del Primero de Mayo es importante!

<p>MUNDO: El Primero de Mayo no es sólo un día libre. Su significado tiene profundas raíces para todos los trabajadores.</p><p>Merece la pena recordar a los jóvenes que los trabajadores celebran el Primero de Mayo en conmemoración de los 11 americanos matados en Chicago el 1 de mayo de 1886, que junto a otros millares de trabajadores salieron a la calle reivindicando una jornada de trabajo de ocho horas. Esto sucedió el primer día de mayo, que actualmente se conmemora como el Día de los Trabajadores o Día del Trabajo.</p><p>Es importante recordar esto cada año, cuando el Primero de Mayo marchan todos los trabajadores de la mano para hacer oír su voz en todas las ciudades del mundo.</p><p>&quot;La FITIM lucha por el respeto de los derechos de los trabajadores en muchos países del mundo. Y hoy día, el Primero de Mayo transmitimos el mensaje de solidaridad a todos nuestros compeñeros y compañeras, pero especialmente a los trabajadores del automóvil indios que luchan por el reconocimiento del sindicato y un convenio colectivo en Hyundai; a los trabajadores indonesios que afrontan un intenso antisindicalismo de la compañía Toshiba; a los trabajadores coreanos que luchan por bloquear nueva legislación para ampliar de 2 a 4 años el período de los trabajadores con empleo precario para convertirlos en permanentes; a los mineros mexicanos en huelga durante 21 meses y que son amenazados con la terminación de su relación laboral sólo para readmitirlos sin pertenencia a un sindicato; a los trabajadores de Sinter Metal en Turquía, que luchan por la readmisión de más de 300 trabajadores despedidos por sus actividades sindicales: a los siderúrgicos en Bulgaria, que luchan por sus empleos y por sueldos no pagados, y a muchos otros que luchan por su derecho por un vida decente y respetuosa de los trabajadores&quot;, dijo Marcello Malentacchi, secretario general de la FITIM en su mensaje del Primero de Mayo a los trabajadores metalúrgicos</p><p>&quot;Esta es una buena razón para salir a las calles y manifestarse el Primero de Mayo, y luchar por quienes no son autorizados a unirse a nosotros. Por lo tanto, celebremos el Primero de Mayo dondequiera que estemos, unámonos a la manifestación y hagamos oír nuestra voz!&quot;</p>

<!-- This site is optimized with the Yoast SEO Premium plugin v27.1 (Yoast SEO v27.1) - https://yoast.com/product/yoast-seo-premium-wordpress/ -->
<title>¡La celebración del Primero de Mayo es importante! - industriall-union</title>
<meta name="robots" content="index, follow, max-snippet:-1, max-image-preview:large, max-video-preview:-1" />
<link rel="canonical" href="https://admin.industriall-union.org/es/archive/imf/la-celebracion-del-primero-de-mayo-es-importante/" />
<meta property="og:locale" content="es_ES" />
<meta property="og:type" content="article" />
<meta property="og:title" content="¡La celebración del Primero de Mayo es importante!" />
<meta property="og:description" content="MUNDO: El Primero de Mayo no es sólo un día libre. Su significado tiene profundas raíces para todos los trabajadores. Merece la pena recordar a los jóvenes que los trabajadores celebran el Primero de Mayo en conmemoración de los 11 americanos matados en Chicago el 1 de mayo de 1886, que junto a otros millares [&hellip;]" />
<meta property="og:url" content="https://admin.industriall-union.org/es/archive/imf/la-celebracion-del-primero-de-mayo-es-importante/" />
<meta property="og:site_name" content="industriall-union" />
<meta property="article:modified_time" content="2025-01-31T10:44:06+00:00" />
<meta name="twitter:card" content="summary_large_image" />
<meta name="twitter:label1" content="Est. reading time" />
	<meta name="twitter:data1" content="2 minutes" />
<script type="application/ld+json" class="yoast-schema-graph">{"@context":"https://schema.org","@graph":[{"@type":"WebPage","@id":"https://admin.industriall-union.org/es/archive/imf/la-celebracion-del-primero-de-mayo-es-importante/","url":"https://admin.industriall-union.org/es/archive/imf/la-celebracion-del-primero-de-mayo-es-importante/","name":"¡La celebración del Primero de Mayo es importante! - industriall-union","isPartOf":{"@id":"https://admin.industriall-union.org/#website"},"datePublished":"2009-04-30T12:14:00+00:00","dateModified":"2025-01-31T10:44:06+00:00","breadcrumb":{"@id":"https://admin.industriall-union.org/es/archive/imf/la-celebracion-del-primero-de-mayo-es-importante/#breadcrumb"},"inLanguage":"es-ES","potentialAction":[{"@type":"ReadAction","target":["https://admin.industriall-union.org/es/archive/imf/la-celebracion-del-primero-de-mayo-es-importante/"]}]},{"@type":"BreadcrumbList","@id":"https://admin.industriall-union.org/es/archive/imf/la-celebracion-del-primero-de-mayo-es-importante/#breadcrumb","itemListElement":[{"@type":"ListItem","position":1,"name":"Home","item":"https://admin.industriall-union.org/"},{"@type":"ListItem","position":2,"name":"Archive Imf","item":"https://admin.industriall-union.org/es/archive/imf/"},{"@type":"ListItem","position":3,"name":"¡La celebración del Primero de Mayo es importante!"}]},{"@type":"WebSite","@id":"https://admin.industriall-union.org/#website","url":"https://admin.industriall-union.org/","name":"industriall-union","description":"","potentialAction":[{"@type":"SearchAction","target":{"@type":"EntryPoint","urlTemplate":"https://admin.industriall-union.org/?s={search_term_string}"},"query-input":{"@type":"PropertyValueSpecification","valueRequired":true,"valueName":"search_term_string"}}],"inLanguage":"es-ES"}]}</script>
<!-- / Yoast SEO Premium plugin. -->

¡La celebración del Primero de Mayo es importante! - industriall-union

MUNDO: El Primero de Mayo no es sólo un día libre. Su significado tiene profundas raíces para todos los trabajadores. Merece la pena recordar a los jóvenes que los trabajadores celebran el Primero de Mayo en conmemoración de los 11 americanos matados en Chicago el 1 de mayo de 1886, que junto a otros millares [&hellip;]
