{"id":203210,"date":"2009-05-11T15:59:00","date_gmt":"2009-05-11T15:59:00","guid":{"rendered":"https:\/\/admin.industriall-union.org\/archive\/imf\/se-insta-a-las-companias-de-electronica-a-reconocer-el-derecho-de-los-trabajadores-a-sindicarse\/"},"modified":"2025-01-31T10:38:30","modified_gmt":"2025-01-31T10:38:30","slug":"se-insta-a-las-companias-de-electronica-a-reconocer-el-derecho-de-los-trabajadores-a-sindicarse","status":"publish","type":"archive_imf","link":"https:\/\/admin.industriall-union.org\/es\/archive\/imf\/se-insta-a-las-companias-de-electronica-a-reconocer-el-derecho-de-los-trabajadores-a-sindicarse\/","title":{"rendered":"Se insta a las compa\u00f1\u00edas de electr\u00f3nica a reconocer el derecho de los trabajadores a sindicarse"},"content":{"rendered":"PAISES BAJOS: Los d\u00edas 7 y 8 de mayo, makeITfair y la red GoodElectronics acogieron una mesa redonda de la industria electr\u00f3nica y organizaciones de la sociedad civil.<br \/><br \/>La finalidad era mantener discusiones entre representantes de las principales compa\u00f1\u00edas\u00a0 de electr\u00f3nica con marca de f\u00e1brica del mundo y sindicatos y ONG sobre la manera de mejorar las normas laborales en la industria.<br \/><br \/>La campa\u00f1a de makeITfair es un proyecto europeo para informar a los j\u00f3venes de toda Europa sobre los abusos de los derechos laborales y los problemas ambientales en la fabricaci\u00f3n de productos electr\u00f3nicos. La red GoodElectronics fue cofundada por la FITIM y agrupa a sindicatos, organizaciones de derechos humanos, organizaciones de trabajadores y otros interesados en mejorar los derechos humanos y la sostenibilidad en el sector mundial de la electr\u00f3nica.<br \/><br \/>Entre los participantes de la industria en la mesa redonda figuraron representantes de agrupaciones industriales, la Electronic Industry Corporate Citizenship (EICC) y la Iniciativa sobre Sostenibilidad Electr\u00f3nica Mundial (GeSI), as\u00ed como de importantes compa\u00f1\u00edas, incluidos proveedores. La FITIM, la FEM, sindicatos y ONG de derechos laborales de pa\u00edses productores, y organizaciones como SOMO y CAFOD pidieron a la industria que reconozca la funci\u00f3n central que desempe\u00f1an los sindicatos en el mejoramiento de las normaas laborales y en dar voz a los trabajadores en su lugar de trabajo.<br \/><br \/>Las malas condiciones de trabajo son algo end\u00e9mico en la producci\u00f3n de computadoras, tel\u00e9fonos m\u00f3viles y otros productos electr\u00f3nicos. A esta situaci\u00f3n contribuyen muchos factores, como la compleja cadena de producci\u00f3n, el elevado porcentaje de contrataci\u00f3n en el exterior, el r\u00e1pido desarrollo de productos, la falta de sindicatos, y la d\u00e9bil aplicaci\u00f3n de la legislaci\u00f3n laboral (inter)nacional.<br \/><br \/>Hace cinco a\u00f1os se reunieron compa\u00f1\u00edas de electr\u00f3nica para elaborar un c\u00f3digo sectorial voluntario, el EICC, pero grupos defensores de los trabajadores han se\u00f1alado la debilidad del propio c\u00f3digo y han criticado la falta de eficacia en su aplicaci\u00f3n.<br \/><br \/>En la mesa redonda se presentaron y analizaron una serie de alternativas m\u00e1s eficaces al enfoque del CSR adoptado por la industria. Se hicieron presentaciones sobre los sistemas aplicables en procedimientos de relaciones de trabajo favorecidos ahora por los principales fabricantes de prendas de vestir que reconocen las limitaciones de un m\u00e9todo basado exclusivamente en la aplicaci\u00f3n unilateral de c\u00f3digos de conducta de las compa\u00f1\u00edas.<br \/><br \/>Tambi\u00e9n se examinaron otras estrategias aplicadas con \u00e9xito en el sector de los textiles y las prendas de vestir, y se consider\u00f3 c\u00f3mo podr\u00e1n adoptarse en el sector electr\u00f3nico. Entre ellas figuran los Acuerdos Marco Internacionales y el programa &#8220;Mejor trabajo&#8221; de la OIT.<br \/><br \/>","protected":false},"featured_media":0,"template":"","class_list":["post-203210","archive_imf","type-archive_imf","status-publish","hentry"],"acf":[],"yoast_head":"<!-- This site is optimized with the Yoast SEO Premium plugin v27.1 (Yoast SEO v27.1) - https:\/\/yoast.com\/product\/yoast-seo-premium-wordpress\/ -->\n<title>Se insta a las compa\u00f1\u00edas de electr\u00f3nica a reconocer el derecho de los trabajadores a sindicarse - industriall-union<\/title>\n<meta name=\"robots\" content=\"index, follow, max-snippet:-1, max-image-preview:large, max-video-preview:-1\" \/>\n<link rel=\"canonical\" href=\"https:\/\/admin.industriall-union.org\/es\/archive\/imf\/se-insta-a-las-companias-de-electronica-a-reconocer-el-derecho-de-los-trabajadores-a-sindicarse\/\" \/>\n<meta property=\"og:locale\" content=\"es_ES\" \/>\n<meta property=\"og:type\" content=\"article\" \/>\n<meta property=\"og:title\" content=\"Se insta a las compa\u00f1\u00edas de electr\u00f3nica a reconocer el derecho de los trabajadores a sindicarse\" \/>\n<meta property=\"og:description\" content=\"PAISES BAJOS: Los d\u00edas 7 y 8 de mayo, makeITfair y la red GoodElectronics acogieron una mesa redonda de la industria electr\u00f3nica y organizaciones de la sociedad civil. La finalidad era mantener discusiones entre representantes de las principales compa\u00f1\u00edas\u00a0 de electr\u00f3nica con marca de f\u00e1brica del mundo y sindicatos y ONG sobre la manera de [&hellip;]\" \/>\n<meta property=\"og:url\" content=\"https:\/\/admin.industriall-union.org\/es\/archive\/imf\/se-insta-a-las-companias-de-electronica-a-reconocer-el-derecho-de-los-trabajadores-a-sindicarse\/\" \/>\n<meta property=\"og:site_name\" content=\"industriall-union\" \/>\n<meta property=\"article:modified_time\" content=\"2025-01-31T10:38:30+00:00\" \/>\n<meta name=\"twitter:card\" content=\"summary_large_image\" \/>\n<meta name=\"twitter:label1\" content=\"Est. reading time\" \/>\n\t<meta name=\"twitter:data1\" content=\"2 minutes\" \/>\n<script type=\"application\/ld+json\" class=\"yoast-schema-graph\">{\"@context\":\"https:\/\/schema.org\",\"@graph\":[{\"@type\":\"WebPage\",\"@id\":\"https:\/\/admin.industriall-union.org\/es\/archive\/imf\/se-insta-a-las-companias-de-electronica-a-reconocer-el-derecho-de-los-trabajadores-a-sindicarse\/\",\"url\":\"https:\/\/admin.industriall-union.org\/es\/archive\/imf\/se-insta-a-las-companias-de-electronica-a-reconocer-el-derecho-de-los-trabajadores-a-sindicarse\/\",\"name\":\"Se insta a las compa\u00f1\u00edas de electr\u00f3nica a reconocer el derecho de los trabajadores a sindicarse - industriall-union\",\"isPartOf\":{\"@id\":\"https:\/\/admin.industriall-union.org\/#website\"},\"datePublished\":\"2009-05-11T15:59:00+00:00\",\"dateModified\":\"2025-01-31T10:38:30+00:00\",\"breadcrumb\":{\"@id\":\"https:\/\/admin.industriall-union.org\/es\/archive\/imf\/se-insta-a-las-companias-de-electronica-a-reconocer-el-derecho-de-los-trabajadores-a-sindicarse\/#breadcrumb\"},\"inLanguage\":\"es-ES\",\"potentialAction\":[{\"@type\":\"ReadAction\",\"target\":[\"https:\/\/admin.industriall-union.org\/es\/archive\/imf\/se-insta-a-las-companias-de-electronica-a-reconocer-el-derecho-de-los-trabajadores-a-sindicarse\/\"]}]},{\"@type\":\"BreadcrumbList\",\"@id\":\"https:\/\/admin.industriall-union.org\/es\/archive\/imf\/se-insta-a-las-companias-de-electronica-a-reconocer-el-derecho-de-los-trabajadores-a-sindicarse\/#breadcrumb\",\"itemListElement\":[{\"@type\":\"ListItem\",\"position\":1,\"name\":\"Home\",\"item\":\"https:\/\/admin.industriall-union.org\/\"},{\"@type\":\"ListItem\",\"position\":2,\"name\":\"Archive Imf\",\"item\":\"https:\/\/admin.industriall-union.org\/es\/archive\/imf\/\"},{\"@type\":\"ListItem\",\"position\":3,\"name\":\"Se insta a las compa\u00f1\u00edas de electr\u00f3nica a reconocer el derecho de los trabajadores a sindicarse\"}]},{\"@type\":\"WebSite\",\"@id\":\"https:\/\/admin.industriall-union.org\/#website\",\"url\":\"https:\/\/admin.industriall-union.org\/\",\"name\":\"industriall-union\",\"description\":\"\",\"potentialAction\":[{\"@type\":\"SearchAction\",\"target\":{\"@type\":\"EntryPoint\",\"urlTemplate\":\"https:\/\/admin.industriall-union.org\/?s={search_term_string}\"},\"query-input\":{\"@type\":\"PropertyValueSpecification\",\"valueRequired\":true,\"valueName\":\"search_term_string\"}}],\"inLanguage\":\"es-ES\"}]}<\/script>\n<!-- \/ Yoast SEO Premium plugin. -->","yoast_head_json":{"title":"Se insta a las compa\u00f1\u00edas de electr\u00f3nica a reconocer el derecho de los trabajadores a sindicarse - industriall-union","robots":{"index":"index","follow":"follow","max-snippet":"max-snippet:-1","max-image-preview":"max-image-preview:large","max-video-preview":"max-video-preview:-1"},"canonical":"https:\/\/admin.industriall-union.org\/es\/archive\/imf\/se-insta-a-las-companias-de-electronica-a-reconocer-el-derecho-de-los-trabajadores-a-sindicarse\/","og_locale":"es_ES","og_type":"article","og_title":"Se insta a las compa\u00f1\u00edas de electr\u00f3nica a reconocer el derecho de los trabajadores a sindicarse","og_description":"PAISES BAJOS: Los d\u00edas 7 y 8 de mayo, makeITfair y la red GoodElectronics acogieron una mesa redonda de la industria electr\u00f3nica y organizaciones de la sociedad civil. La finalidad era mantener discusiones entre representantes de las principales compa\u00f1\u00edas\u00a0 de electr\u00f3nica con marca de f\u00e1brica del mundo y sindicatos y ONG sobre la manera de [&hellip;]","og_url":"https:\/\/admin.industriall-union.org\/es\/archive\/imf\/se-insta-a-las-companias-de-electronica-a-reconocer-el-derecho-de-los-trabajadores-a-sindicarse\/","og_site_name":"industriall-union","article_modified_time":"2025-01-31T10:38:30+00:00","twitter_card":"summary_large_image","twitter_misc":{"Est. reading time":"2 minutes"},"schema":{"@context":"https:\/\/schema.org","@graph":[{"@type":"WebPage","@id":"https:\/\/admin.industriall-union.org\/es\/archive\/imf\/se-insta-a-las-companias-de-electronica-a-reconocer-el-derecho-de-los-trabajadores-a-sindicarse\/","url":"https:\/\/admin.industriall-union.org\/es\/archive\/imf\/se-insta-a-las-companias-de-electronica-a-reconocer-el-derecho-de-los-trabajadores-a-sindicarse\/","name":"Se insta a las compa\u00f1\u00edas de electr\u00f3nica a reconocer el derecho de los trabajadores a sindicarse - industriall-union","isPartOf":{"@id":"https:\/\/admin.industriall-union.org\/#website"},"datePublished":"2009-05-11T15:59:00+00:00","dateModified":"2025-01-31T10:38:30+00:00","breadcrumb":{"@id":"https:\/\/admin.industriall-union.org\/es\/archive\/imf\/se-insta-a-las-companias-de-electronica-a-reconocer-el-derecho-de-los-trabajadores-a-sindicarse\/#breadcrumb"},"inLanguage":"es-ES","potentialAction":[{"@type":"ReadAction","target":["https:\/\/admin.industriall-union.org\/es\/archive\/imf\/se-insta-a-las-companias-de-electronica-a-reconocer-el-derecho-de-los-trabajadores-a-sindicarse\/"]}]},{"@type":"BreadcrumbList","@id":"https:\/\/admin.industriall-union.org\/es\/archive\/imf\/se-insta-a-las-companias-de-electronica-a-reconocer-el-derecho-de-los-trabajadores-a-sindicarse\/#breadcrumb","itemListElement":[{"@type":"ListItem","position":1,"name":"Home","item":"https:\/\/admin.industriall-union.org\/"},{"@type":"ListItem","position":2,"name":"Archive Imf","item":"https:\/\/admin.industriall-union.org\/es\/archive\/imf\/"},{"@type":"ListItem","position":3,"name":"Se insta a las compa\u00f1\u00edas de electr\u00f3nica a reconocer el derecho de los trabajadores a sindicarse"}]},{"@type":"WebSite","@id":"https:\/\/admin.industriall-union.org\/#website","url":"https:\/\/admin.industriall-union.org\/","name":"industriall-union","description":"","potentialAction":[{"@type":"SearchAction","target":{"@type":"EntryPoint","urlTemplate":"https:\/\/admin.industriall-union.org\/?s={search_term_string}"},"query-input":{"@type":"PropertyValueSpecification","valueRequired":true,"valueName":"search_term_string"}}],"inLanguage":"es-ES"}]}},"_links":{"self":[{"href":"https:\/\/admin.industriall-union.org\/es\/wp-json\/wp\/v2\/archive_imf\/203210","targetHints":{"allow":["GET"]}}],"collection":[{"href":"https:\/\/admin.industriall-union.org\/es\/wp-json\/wp\/v2\/archive_imf"}],"about":[{"href":"https:\/\/admin.industriall-union.org\/es\/wp-json\/wp\/v2\/types\/archive_imf"}],"wp:attachment":[{"href":"https:\/\/admin.industriall-union.org\/es\/wp-json\/wp\/v2\/media?parent=203210"}],"curies":[{"name":"wp","href":"https:\/\/api.w.org\/{rel}","templated":true}]}}

Se insta a las compañías de electrónica a reconocer el derecho de los trabajadores a sindicarse

PAISES BAJOS: Los días 7 y 8 de mayo, makeITfair y la red GoodElectronics acogieron una mesa redonda de la industria electrónica y organizaciones de la sociedad civil.<br /><br />La finalidad era mantener discusiones entre representantes de las principales compañías  de electrónica con marca de fábrica del mundo y sindicatos y ONG sobre la manera de mejorar las normas laborales en la industria.<br /><br />La campaña de makeITfair es un proyecto europeo para informar a los jóvenes de toda Europa sobre los abusos de los derechos laborales y los problemas ambientales en la fabricación de productos electrónicos. La red GoodElectronics fue cofundada por la FITIM y agrupa a sindicatos, organizaciones de derechos humanos, organizaciones de trabajadores y otros interesados en mejorar los derechos humanos y la sostenibilidad en el sector mundial de la electrónica.<br /><br />Entre los participantes de la industria en la mesa redonda figuraron representantes de agrupaciones industriales, la Electronic Industry Corporate Citizenship (EICC) y la Iniciativa sobre Sostenibilidad Electrónica Mundial (GeSI), así como de importantes compañías, incluidos proveedores. La FITIM, la FEM, sindicatos y ONG de derechos laborales de países productores, y organizaciones como SOMO y CAFOD pidieron a la industria que reconozca la función central que desempeñan los sindicatos en el mejoramiento de las normaas laborales y en dar voz a los trabajadores en su lugar de trabajo.<br /><br />Las malas condiciones de trabajo son algo endémico en la producción de computadoras, teléfonos móviles y otros productos electrónicos. A esta situación contribuyen muchos factores, como la compleja cadena de producción, el elevado porcentaje de contratación en el exterior, el rápido desarrollo de productos, la falta de sindicatos, y la débil aplicación de la legislación laboral (inter)nacional.<br /><br />Hace cinco años se reunieron compañías de electrónica para elaborar un código sectorial voluntario, el EICC, pero grupos defensores de los trabajadores han señalado la debilidad del propio código y han criticado la falta de eficacia en su aplicación.<br /><br />En la mesa redonda se presentaron y analizaron una serie de alternativas más eficaces al enfoque del CSR adoptado por la industria. Se hicieron presentaciones sobre los sistemas aplicables en procedimientos de relaciones de trabajo favorecidos ahora por los principales fabricantes de prendas de vestir que reconocen las limitaciones de un método basado exclusivamente en la aplicación unilateral de códigos de conducta de las compañías.<br /><br />También se examinaron otras estrategias aplicadas con éxito en el sector de los textiles y las prendas de vestir, y se consideró cómo podrán adoptarse en el sector electrónico. Entre ellas figuran los Acuerdos Marco Internacionales y el programa &#8220;Mejor trabajo&#8221; de la OIT.<br /><br />

<!-- This site is optimized with the Yoast SEO Premium plugin v27.1 (Yoast SEO v27.1) - https://yoast.com/product/yoast-seo-premium-wordpress/ -->
<title>Se insta a las compañías de electrónica a reconocer el derecho de los trabajadores a sindicarse - industriall-union</title>
<meta name="robots" content="index, follow, max-snippet:-1, max-image-preview:large, max-video-preview:-1" />
<link rel="canonical" href="https://admin.industriall-union.org/es/archive/imf/se-insta-a-las-companias-de-electronica-a-reconocer-el-derecho-de-los-trabajadores-a-sindicarse/" />
<meta property="og:locale" content="es_ES" />
<meta property="og:type" content="article" />
<meta property="og:title" content="Se insta a las compañías de electrónica a reconocer el derecho de los trabajadores a sindicarse" />
<meta property="og:description" content="PAISES BAJOS: Los días 7 y 8 de mayo, makeITfair y la red GoodElectronics acogieron una mesa redonda de la industria electrónica y organizaciones de la sociedad civil. La finalidad era mantener discusiones entre representantes de las principales compañías  de electrónica con marca de fábrica del mundo y sindicatos y ONG sobre la manera de [&hellip;]" />
<meta property="og:url" content="https://admin.industriall-union.org/es/archive/imf/se-insta-a-las-companias-de-electronica-a-reconocer-el-derecho-de-los-trabajadores-a-sindicarse/" />
<meta property="og:site_name" content="industriall-union" />
<meta property="article:modified_time" content="2025-01-31T10:38:30+00:00" />
<meta name="twitter:card" content="summary_large_image" />
<meta name="twitter:label1" content="Est. reading time" />
	<meta name="twitter:data1" content="2 minutes" />
<script type="application/ld+json" class="yoast-schema-graph">{"@context":"https://schema.org","@graph":[{"@type":"WebPage","@id":"https://admin.industriall-union.org/es/archive/imf/se-insta-a-las-companias-de-electronica-a-reconocer-el-derecho-de-los-trabajadores-a-sindicarse/","url":"https://admin.industriall-union.org/es/archive/imf/se-insta-a-las-companias-de-electronica-a-reconocer-el-derecho-de-los-trabajadores-a-sindicarse/","name":"Se insta a las compañías de electrónica a reconocer el derecho de los trabajadores a sindicarse - industriall-union","isPartOf":{"@id":"https://admin.industriall-union.org/#website"},"datePublished":"2009-05-11T15:59:00+00:00","dateModified":"2025-01-31T10:38:30+00:00","breadcrumb":{"@id":"https://admin.industriall-union.org/es/archive/imf/se-insta-a-las-companias-de-electronica-a-reconocer-el-derecho-de-los-trabajadores-a-sindicarse/#breadcrumb"},"inLanguage":"es-ES","potentialAction":[{"@type":"ReadAction","target":["https://admin.industriall-union.org/es/archive/imf/se-insta-a-las-companias-de-electronica-a-reconocer-el-derecho-de-los-trabajadores-a-sindicarse/"]}]},{"@type":"BreadcrumbList","@id":"https://admin.industriall-union.org/es/archive/imf/se-insta-a-las-companias-de-electronica-a-reconocer-el-derecho-de-los-trabajadores-a-sindicarse/#breadcrumb","itemListElement":[{"@type":"ListItem","position":1,"name":"Home","item":"https://admin.industriall-union.org/"},{"@type":"ListItem","position":2,"name":"Archive Imf","item":"https://admin.industriall-union.org/es/archive/imf/"},{"@type":"ListItem","position":3,"name":"Se insta a las compañías de electrónica a reconocer el derecho de los trabajadores a sindicarse"}]},{"@type":"WebSite","@id":"https://admin.industriall-union.org/#website","url":"https://admin.industriall-union.org/","name":"industriall-union","description":"","potentialAction":[{"@type":"SearchAction","target":{"@type":"EntryPoint","urlTemplate":"https://admin.industriall-union.org/?s={search_term_string}"},"query-input":{"@type":"PropertyValueSpecification","valueRequired":true,"valueName":"search_term_string"}}],"inLanguage":"es-ES"}]}</script>
<!-- / Yoast SEO Premium plugin. -->

Se insta a las compañías de electrónica a reconocer el derecho de los trabajadores a sindicarse - industriall-union

PAISES BAJOS: Los días 7 y 8 de mayo, makeITfair y la red GoodElectronics acogieron una mesa redonda de la industria electrónica y organizaciones de la sociedad civil. La finalidad era mantener discusiones entre representantes de las principales compañías  de electrónica con marca de fábrica del mundo y sindicatos y ONG sobre la manera de [&hellip;]
