{"id":202697,"date":"2009-08-27T08:04:00","date_gmt":"2009-08-27T08:04:00","guid":{"rendered":"https:\/\/admin.industriall-union.org\/archive\/imf\/3-solidaridad-mundial-en-accion\/"},"modified":"2025-01-31T10:25:15","modified_gmt":"2025-01-31T10:25:15","slug":"3-solidaridad-mundial-en-accion","status":"publish","type":"archive_imf","link":"https:\/\/admin.industriall-union.org\/es\/archive\/imf\/3-solidaridad-mundial-en-accion\/","title":{"rendered":"3. SOLIDARIDAD MUNDIAL EN ACCION"},"content":{"rendered":"<p><strong><a href=\"..\/index.cfm?c=19951&amp;ol=28\">3.1. <strong>Creaci\u00f3n de sindicatos nacionales fuertes<\/strong><\/a><\/strong><\/p><p><a href=\"..\/index.cfm?c=19952&amp;ol=28\">3.1.1. Sindicaci\u00f3n de los no sindicados<\/a><\/p><p><a href=\"..\/index.cfm?c=19953&amp;ol=28\">3.1.2. Lucha por la unidad sindical a nivel nacional<\/a><\/p><p><a href=\"..\/index.cfm?c=19954&amp;ol=28\">3.1.3. Creaci\u00f3n de sindicatos mediante la educaci\u00f3n, la formaci\u00f3n y el intercambio efectivo de informaci\u00f3n<\/a><\/p><p><strong><a href=\"..\/index.cfm?c=19955&amp;ol=28\">3.2. <strong>Fortalecimiento de la negociaci\u00f3n colectiva<\/strong><\/a><\/strong><strong> <\/strong><\/p><p><strong><a href=\"..\/index.cfm?c=20557&amp;ol=28\">3.3. <strong>Defensa y protecci\u00f3n de los derechos de los trabajadores<\/strong><\/a><\/strong><strong> <\/strong><\/p><p><a href=\"..\/index.cfm?c=19957&amp;ol=28\">3.3.1. Lucha por los derechos sindicales<\/a> <\/p><p><a href=\"..\/index.cfm?c=19958&amp;ol=28\">3.3.2. Lucha por la igualdad de derechos<\/a><\/p><p><a href=\"..\/index.cfm?c=19959&amp;ol=28\">3.3.3. Lucha por lugares de trabajo seguros<\/a> <\/p><p><strong><a href=\"..\/index.cfm?c=19960&amp;ol=28\">3.4. <strong>Creaci\u00f3n de un contrapeso al poder de las empresas transnacionales<\/strong><\/a><\/strong><\/p><p><a href=\"..\/index.cfm?c=19961&amp;ol=28\">3.4.1. Mayor solidaridad y cooperaci\u00f3n sindical en los sectores y en las ETN<\/a> <\/p><p><a href=\"..\/index.cfm?c=19962&amp;ol=28\">3.4.2. Promoci\u00f3n de los derechos fundamentales mediante Acuerdos Marco Internacionales<\/a><\/p><p><strong><a href=\"..\/index.cfm?c=19963&amp;ol=28\">3.5. <strong>Lucha por el comercio, el desarrollo y el empleo sostenibles<\/strong><\/a><\/strong><strong> <\/strong><\/p>","protected":false},"featured_media":0,"template":"","class_list":["post-202697","archive_imf","type-archive_imf","status-publish","hentry"],"acf":[],"yoast_head":"<!-- This site is optimized with the Yoast SEO Premium plugin v27.1 (Yoast SEO v27.1) - https:\/\/yoast.com\/product\/yoast-seo-premium-wordpress\/ -->\n<title>3. SOLIDARIDAD MUNDIAL EN ACCION - industriall-union<\/title>\n<meta name=\"robots\" content=\"index, follow, max-snippet:-1, max-image-preview:large, max-video-preview:-1\" \/>\n<link rel=\"canonical\" href=\"https:\/\/admin.industriall-union.org\/es\/archive\/imf\/3-solidaridad-mundial-en-accion\/\" \/>\n<meta property=\"og:locale\" content=\"es_ES\" \/>\n<meta property=\"og:type\" content=\"article\" \/>\n<meta property=\"og:title\" content=\"3. SOLIDARIDAD MUNDIAL EN ACCION\" \/>\n<meta property=\"og:description\" content=\"3.1. Creaci\u00f3n de sindicatos nacionales fuertes 3.1.1. Sindicaci\u00f3n de los no sindicados 3.1.2. Lucha por la unidad sindical a nivel nacional 3.1.3. Creaci\u00f3n de sindicatos mediante la educaci\u00f3n, la formaci\u00f3n y el intercambio efectivo de informaci\u00f3n 3.2. Fortalecimiento de la negociaci\u00f3n colectiva 3.3. Defensa y protecci\u00f3n de los derechos de los trabajadores 3.3.1. Lucha por [&hellip;]\" \/>\n<meta property=\"og:url\" content=\"https:\/\/admin.industriall-union.org\/es\/archive\/imf\/3-solidaridad-mundial-en-accion\/\" \/>\n<meta property=\"og:site_name\" content=\"industriall-union\" \/>\n<meta property=\"article:modified_time\" content=\"2025-01-31T10:25:15+00:00\" \/>\n<meta name=\"twitter:card\" content=\"summary_large_image\" \/>\n<meta name=\"twitter:label1\" content=\"Est. reading time\" \/>\n\t<meta name=\"twitter:data1\" content=\"1 minute\" \/>\n<script type=\"application\/ld+json\" class=\"yoast-schema-graph\">{\"@context\":\"https:\/\/schema.org\",\"@graph\":[{\"@type\":\"WebPage\",\"@id\":\"https:\/\/admin.industriall-union.org\/es\/archive\/imf\/3-solidaridad-mundial-en-accion\/\",\"url\":\"https:\/\/admin.industriall-union.org\/es\/archive\/imf\/3-solidaridad-mundial-en-accion\/\",\"name\":\"3. SOLIDARIDAD MUNDIAL EN ACCION - industriall-union\",\"isPartOf\":{\"@id\":\"https:\/\/admin.industriall-union.org\/#website\"},\"datePublished\":\"2009-08-27T08:04:00+00:00\",\"dateModified\":\"2025-01-31T10:25:15+00:00\",\"breadcrumb\":{\"@id\":\"https:\/\/admin.industriall-union.org\/es\/archive\/imf\/3-solidaridad-mundial-en-accion\/#breadcrumb\"},\"inLanguage\":\"es-ES\",\"potentialAction\":[{\"@type\":\"ReadAction\",\"target\":[\"https:\/\/admin.industriall-union.org\/es\/archive\/imf\/3-solidaridad-mundial-en-accion\/\"]}]},{\"@type\":\"BreadcrumbList\",\"@id\":\"https:\/\/admin.industriall-union.org\/es\/archive\/imf\/3-solidaridad-mundial-en-accion\/#breadcrumb\",\"itemListElement\":[{\"@type\":\"ListItem\",\"position\":1,\"name\":\"Home\",\"item\":\"https:\/\/admin.industriall-union.org\/\"},{\"@type\":\"ListItem\",\"position\":2,\"name\":\"Archive Imf\",\"item\":\"https:\/\/admin.industriall-union.org\/es\/archive\/imf\/\"},{\"@type\":\"ListItem\",\"position\":3,\"name\":\"3. SOLIDARIDAD MUNDIAL EN ACCION\"}]},{\"@type\":\"WebSite\",\"@id\":\"https:\/\/admin.industriall-union.org\/#website\",\"url\":\"https:\/\/admin.industriall-union.org\/\",\"name\":\"industriall-union\",\"description\":\"\",\"potentialAction\":[{\"@type\":\"SearchAction\",\"target\":{\"@type\":\"EntryPoint\",\"urlTemplate\":\"https:\/\/admin.industriall-union.org\/?s={search_term_string}\"},\"query-input\":{\"@type\":\"PropertyValueSpecification\",\"valueRequired\":true,\"valueName\":\"search_term_string\"}}],\"inLanguage\":\"es-ES\"}]}<\/script>\n<!-- \/ Yoast SEO Premium plugin. -->","yoast_head_json":{"title":"3. SOLIDARIDAD MUNDIAL EN ACCION - industriall-union","robots":{"index":"index","follow":"follow","max-snippet":"max-snippet:-1","max-image-preview":"max-image-preview:large","max-video-preview":"max-video-preview:-1"},"canonical":"https:\/\/admin.industriall-union.org\/es\/archive\/imf\/3-solidaridad-mundial-en-accion\/","og_locale":"es_ES","og_type":"article","og_title":"3. SOLIDARIDAD MUNDIAL EN ACCION","og_description":"3.1. Creaci\u00f3n de sindicatos nacionales fuertes 3.1.1. Sindicaci\u00f3n de los no sindicados 3.1.2. Lucha por la unidad sindical a nivel nacional 3.1.3. Creaci\u00f3n de sindicatos mediante la educaci\u00f3n, la formaci\u00f3n y el intercambio efectivo de informaci\u00f3n 3.2. Fortalecimiento de la negociaci\u00f3n colectiva 3.3. Defensa y protecci\u00f3n de los derechos de los trabajadores 3.3.1. Lucha por [&hellip;]","og_url":"https:\/\/admin.industriall-union.org\/es\/archive\/imf\/3-solidaridad-mundial-en-accion\/","og_site_name":"industriall-union","article_modified_time":"2025-01-31T10:25:15+00:00","twitter_card":"summary_large_image","twitter_misc":{"Est. reading time":"1 minute"},"schema":{"@context":"https:\/\/schema.org","@graph":[{"@type":"WebPage","@id":"https:\/\/admin.industriall-union.org\/es\/archive\/imf\/3-solidaridad-mundial-en-accion\/","url":"https:\/\/admin.industriall-union.org\/es\/archive\/imf\/3-solidaridad-mundial-en-accion\/","name":"3. SOLIDARIDAD MUNDIAL EN ACCION - industriall-union","isPartOf":{"@id":"https:\/\/admin.industriall-union.org\/#website"},"datePublished":"2009-08-27T08:04:00+00:00","dateModified":"2025-01-31T10:25:15+00:00","breadcrumb":{"@id":"https:\/\/admin.industriall-union.org\/es\/archive\/imf\/3-solidaridad-mundial-en-accion\/#breadcrumb"},"inLanguage":"es-ES","potentialAction":[{"@type":"ReadAction","target":["https:\/\/admin.industriall-union.org\/es\/archive\/imf\/3-solidaridad-mundial-en-accion\/"]}]},{"@type":"BreadcrumbList","@id":"https:\/\/admin.industriall-union.org\/es\/archive\/imf\/3-solidaridad-mundial-en-accion\/#breadcrumb","itemListElement":[{"@type":"ListItem","position":1,"name":"Home","item":"https:\/\/admin.industriall-union.org\/"},{"@type":"ListItem","position":2,"name":"Archive Imf","item":"https:\/\/admin.industriall-union.org\/es\/archive\/imf\/"},{"@type":"ListItem","position":3,"name":"3. SOLIDARIDAD MUNDIAL EN ACCION"}]},{"@type":"WebSite","@id":"https:\/\/admin.industriall-union.org\/#website","url":"https:\/\/admin.industriall-union.org\/","name":"industriall-union","description":"","potentialAction":[{"@type":"SearchAction","target":{"@type":"EntryPoint","urlTemplate":"https:\/\/admin.industriall-union.org\/?s={search_term_string}"},"query-input":{"@type":"PropertyValueSpecification","valueRequired":true,"valueName":"search_term_string"}}],"inLanguage":"es-ES"}]}},"_links":{"self":[{"href":"https:\/\/admin.industriall-union.org\/es\/wp-json\/wp\/v2\/archive_imf\/202697","targetHints":{"allow":["GET"]}}],"collection":[{"href":"https:\/\/admin.industriall-union.org\/es\/wp-json\/wp\/v2\/archive_imf"}],"about":[{"href":"https:\/\/admin.industriall-union.org\/es\/wp-json\/wp\/v2\/types\/archive_imf"}],"wp:attachment":[{"href":"https:\/\/admin.industriall-union.org\/es\/wp-json\/wp\/v2\/media?parent=202697"}],"curies":[{"name":"wp","href":"https:\/\/api.w.org\/{rel}","templated":true}]}}

<p><strong><a href="../index.cfm?c=19951&amp;ol=28">3.1. <strong>Creación de sindicatos nacionales fuertes</strong></a></strong></p><p><a href="../index.cfm?c=19952&amp;ol=28">3.1.1. Sindicación de los no sindicados</a></p><p><a href="../index.cfm?c=19953&amp;ol=28">3.1.2. Lucha por la unidad sindical a nivel nacional</a></p><p><a href="../index.cfm?c=19954&amp;ol=28">3.1.3. Creación de sindicatos mediante la educación, la formación y el intercambio efectivo de información</a></p><p><strong><a href="../index.cfm?c=19955&amp;ol=28">3.2. <strong>Fortalecimiento de la negociación colectiva</strong></a></strong><strong> </strong></p><p><strong><a href="../index.cfm?c=20557&amp;ol=28">3.3. <strong>Defensa y protección de los derechos de los trabajadores</strong></a></strong><strong> </strong></p><p><a href="../index.cfm?c=19957&amp;ol=28">3.3.1. Lucha por los derechos sindicales</a> </p><p><a href="../index.cfm?c=19958&amp;ol=28">3.3.2. Lucha por la igualdad de derechos</a></p><p><a href="../index.cfm?c=19959&amp;ol=28">3.3.3. Lucha por lugares de trabajo seguros</a> </p><p><strong><a href="../index.cfm?c=19960&amp;ol=28">3.4. <strong>Creación de un contrapeso al poder de las empresas transnacionales</strong></a></strong></p><p><a href="../index.cfm?c=19961&amp;ol=28">3.4.1. Mayor solidaridad y cooperación sindical en los sectores y en las ETN</a> </p><p><a href="../index.cfm?c=19962&amp;ol=28">3.4.2. Promoción de los derechos fundamentales mediante Acuerdos Marco Internacionales</a></p><p><strong><a href="../index.cfm?c=19963&amp;ol=28">3.5. <strong>Lucha por el comercio, el desarrollo y el empleo sostenibles</strong></a></strong><strong> </strong></p>

<!-- This site is optimized with the Yoast SEO Premium plugin v27.1 (Yoast SEO v27.1) - https://yoast.com/product/yoast-seo-premium-wordpress/ -->
<title>3. SOLIDARIDAD MUNDIAL EN ACCION - industriall-union</title>
<meta name="robots" content="index, follow, max-snippet:-1, max-image-preview:large, max-video-preview:-1" />
<link rel="canonical" href="https://admin.industriall-union.org/es/archive/imf/3-solidaridad-mundial-en-accion/" />
<meta property="og:locale" content="es_ES" />
<meta property="og:type" content="article" />
<meta property="og:title" content="3. SOLIDARIDAD MUNDIAL EN ACCION" />
<meta property="og:description" content="3.1. Creación de sindicatos nacionales fuertes 3.1.1. Sindicación de los no sindicados 3.1.2. Lucha por la unidad sindical a nivel nacional 3.1.3. Creación de sindicatos mediante la educación, la formación y el intercambio efectivo de información 3.2. Fortalecimiento de la negociación colectiva 3.3. Defensa y protección de los derechos de los trabajadores 3.3.1. Lucha por [&hellip;]" />
<meta property="og:url" content="https://admin.industriall-union.org/es/archive/imf/3-solidaridad-mundial-en-accion/" />
<meta property="og:site_name" content="industriall-union" />
<meta property="article:modified_time" content="2025-01-31T10:25:15+00:00" />
<meta name="twitter:card" content="summary_large_image" />
<meta name="twitter:label1" content="Est. reading time" />
	<meta name="twitter:data1" content="1 minute" />
<script type="application/ld+json" class="yoast-schema-graph">{"@context":"https://schema.org","@graph":[{"@type":"WebPage","@id":"https://admin.industriall-union.org/es/archive/imf/3-solidaridad-mundial-en-accion/","url":"https://admin.industriall-union.org/es/archive/imf/3-solidaridad-mundial-en-accion/","name":"3. SOLIDARIDAD MUNDIAL EN ACCION - industriall-union","isPartOf":{"@id":"https://admin.industriall-union.org/#website"},"datePublished":"2009-08-27T08:04:00+00:00","dateModified":"2025-01-31T10:25:15+00:00","breadcrumb":{"@id":"https://admin.industriall-union.org/es/archive/imf/3-solidaridad-mundial-en-accion/#breadcrumb"},"inLanguage":"es-ES","potentialAction":[{"@type":"ReadAction","target":["https://admin.industriall-union.org/es/archive/imf/3-solidaridad-mundial-en-accion/"]}]},{"@type":"BreadcrumbList","@id":"https://admin.industriall-union.org/es/archive/imf/3-solidaridad-mundial-en-accion/#breadcrumb","itemListElement":[{"@type":"ListItem","position":1,"name":"Home","item":"https://admin.industriall-union.org/"},{"@type":"ListItem","position":2,"name":"Archive Imf","item":"https://admin.industriall-union.org/es/archive/imf/"},{"@type":"ListItem","position":3,"name":"3. SOLIDARIDAD MUNDIAL EN ACCION"}]},{"@type":"WebSite","@id":"https://admin.industriall-union.org/#website","url":"https://admin.industriall-union.org/","name":"industriall-union","description":"","potentialAction":[{"@type":"SearchAction","target":{"@type":"EntryPoint","urlTemplate":"https://admin.industriall-union.org/?s={search_term_string}"},"query-input":{"@type":"PropertyValueSpecification","valueRequired":true,"valueName":"search_term_string"}}],"inLanguage":"es-ES"}]}</script>
<!-- / Yoast SEO Premium plugin. -->

3.1. Creación de sindicatos nacionales fuertes 3.1.1. Sindicación de los no sindicados 3.1.2. Lucha por la unidad sindical a nivel nacional 3.1.3. Creación de sindicatos mediante la educación, la formación y el intercambio efectivo de información 3.2. Fortalecimiento de la negociación colectiva 3.3. Defensa y protección de los derechos de los trabajadores 3.3.1. Lucha por [&hellip;]
