{"id":202607,"date":"2009-06-19T11:44:00","date_gmt":"2009-06-19T11:44:00","guid":{"rendered":"https:\/\/admin.industriall-union.org\/archive\/imf\/3-3-2-lucha-por-la-igualdad-de-derechos\/"},"modified":"2025-01-31T10:24:49","modified_gmt":"2025-01-31T10:24:49","slug":"3-3-2-lucha-por-la-igualdad-de-derechos","status":"publish","type":"archive_imf","link":"https:\/\/admin.industriall-union.org\/es\/archive\/imf\/3-3-2-lucha-por-la-igualdad-de-derechos\/","title":{"rendered":"3.3.2 Lucha por la igualdad de derechos"},"content":{"rendered":"<p>Todos los trabajadores deben gozar de los mismos derechos, con independencia de su sexo, edad, nacionalidad, origen \u00e9tnico, discapacidad, orientaci\u00f3n sexual o religi\u00f3n. Sin embargo, empleadores de la industria metal\u00fargica en muchos pa\u00edses, incluidos altamente industrializados, siguen discriminando impunemente a los trabajadores precisamente por esas razones. La FITIM colaborar\u00e1 con los afiliados para eliminar la discriminaci\u00f3n en el lugar de trabajo en todas sus formas. Muchos trabajadores del mundo siguen sometidos a discriminaci\u00f3n, lo que les priva de sus derechos a la libertad de asociaci\u00f3n y de negociaci\u00f3n colectiva. Por eso la FITIM centrar\u00e1 sus esfuerzos en ayudar a los afiliados a elaborar estrategias de organizaci\u00f3n espec\u00edficas, por ejemplo, con el fin de mejorar las tasas de sindicaci\u00f3n entre las mujeres, los migrantes y los trabajadores j\u00f3venes, en particular en las ZFI donde los derechos laborales siguen siendo objeto de abuso y se reprime el sindicalismo. Existe una clara y urgente necesidad de que los sindicatos consideren si es preciso adoptar nuevos m\u00e9todos para atender las necesidades y aspiraciones de las trabajadoras, los trabajadores j\u00f3venes y los trabajadores migrantes, grupos que est\u00e1n insuficientemente representados en los sindicatos metal\u00fargicos, pero que se incorporan cada vez m\u00e1s a la industria. Es indispensable modificar las estructuras, las culturas y las pr\u00e1cticas de los sindicatos que disuaden a esos trabajadores de afiliarse a ellos, para lograr que la igualdad de derechos se extienda a todos los trabajadores.<\/p><p>Seg\u00fan la Convenci\u00f3n sobre los Derechos de las Personas con Discapacidad, de las Naciones Unidas, hay discriminaci\u00f3n cuando las personas con discapacidad no pueden participar como miembros de pleno derecho en la sociedad y si se violan sus derechos humanos y como trabajadores. En particular con respecto a las personas mayores, muchos pa\u00edses tienen que intensificar su lucha contra la discriminaci\u00f3n y la exclusi\u00f3n social de los trabajadores de edad avanzada, discapacitados o con mala salud del mercado de trabajo y del perfeccionamiento.<\/p><p>La discriminaci\u00f3n tambi\u00e9n significa que las trabajadoras, los trabajadores migrantes y los trabajadores j\u00f3venes son los m\u00e1s afectados por el empleo precario. Esto alcanza niveles extremos en el caso de los trabajadores migrantes, especialmente cuando la dram\u00e1tica pobreza les priva de protecci\u00f3n contra organizaciones sin escr\u00fapulos y a veces criminales que explotan su vulnerabilidad. La FITIM alentar\u00e1 a los afiliados a intercambiar estrategias para establecer contacto con los trabajadores migrantes y organizarlos, y mejorar sus condiciones de trabajo, incluy\u00e9ndolos en la negociaci\u00f3n colectiva.<\/p><p>La doble carga que impone el trabajo dom\u00e9stico a las mujeres puede llevarlas a situaciones de empleo precario, con adversas consecuencias para s\u00ed mismas, sus familias y comunidades. La FITIM conceder\u00e1 prioridad a destacar el desproporcionado impacto que tiene el trabajo precario para las trabajadoras y estimular medidas para abordarlo, centr\u00e1ndose en particular en las diferencias salariales entre hombres y mujeres y a la divisi\u00f3n por razones de g\u00e9nero cuya consecuencia es que se niegue a las mujeres el acceso a mejores empleos.<\/p><p>La representaci\u00f3n de las mujeres en todos los niveles de la organizaci\u00f3n sindical es demasiado baja. Los esfuerzos de los sindicatos por organizar a las trabajadoras tropiezan con estructuras que no incluyen a las mujeres entre los dirigentes. La FITIM seguir\u00e1 esforz\u00e1ndose con sus afiliados para corregir este desequilibrio y ayudarlos a superar los obst\u00e1culos a la representaci\u00f3n de las mujeres en sus estructuras sindicales y procesos electorales. Se insistir\u00e1 en la necesidad de estimular una mayor participaci\u00f3n de los trabajadores j\u00f3venes en las estructuras sindicales.<\/p><p><strong>La FITIM:<\/strong><\/p><p>\u2022\u00b7\u00a0\u00a0\u00a0\u00a0\u00a0\u00a0\u00a0\u00a0\u00a0\u00a0\u00a0\u00a0\u00a0\u00a0 Ayudar\u00e1 a sus afiliados a encabezar la lucha en el lugar de trabajo contra la discriminaci\u00f3n en todas sus formas;<\/p><p>\u2022\u00b7\u00a0\u00a0\u00a0\u00a0\u00a0\u00a0\u00a0\u00a0\u00a0\u00a0\u00a0\u00a0\u00a0\u00a0 Apoyar\u00e1 las actividades de sindicaci\u00f3n de los afiliados en ZFI y estimular\u00e1 el intercambio de experiencias satisfactorias entre ellos;<\/p><p>\u2022\u00b7\u00a0\u00a0\u00a0\u00a0\u00a0\u00a0\u00a0\u00a0\u00a0\u00a0\u00a0\u00a0\u00a0\u00a0 Cooperar\u00e1 con la CSI y otras FSI, en particular la Federaci\u00f3n Internacional de Trabajadores del Textil, Vestuario y Cuero, para tratar de la falta de organizaci\u00f3n sindical en las ZFI;<\/p><p>\u2022\u00b7\u00a0\u00a0\u00a0\u00a0\u00a0\u00a0\u00a0\u00a0\u00a0\u00a0\u00a0\u00a0\u00a0\u00a0 Ayudar\u00e1 a los afiliados a eliminar restricciones que impidan que las personas con discapacidad tengan las mismas oportunidades de empleo en el lugar de trabajo. La FITIM apoyar\u00e1 tambi\u00e9n programas centrados en cuestiones relativas a las personas con discapacidad en todas las actividades de los sindicatos y de la OIT;<\/p><p>\u2022\u00b7\u00a0\u00a0\u00a0\u00a0\u00a0\u00a0\u00a0\u00a0\u00a0\u00a0\u00a0\u00a0\u00a0\u00a0 Prestar\u00e1 asistencia a los afiliados para identificar y superar los obst\u00e1culos a la igual participaci\u00f3n y representaci\u00f3n de las mujeres en sus sindicatos;<\/p><p>\u2022\u00b7\u00a0\u00a0\u00a0\u00a0\u00a0\u00a0\u00a0\u00a0\u00a0\u00a0\u00a0\u00a0\u00a0\u00a0 Seguir\u00e1 de cerca el impacto del trabajo precario sobre las trabajadoras, los trabajadores migrantes y los trabajadores j\u00f3venes, e informar\u00e1 al respecto, adem\u00e1s de alentar a los afiliados a que hagan sus propios an\u00e1lisis del trabajo precario en relaci\u00f3n con las mujeres y tomen medidas para reducir la doble carga que representa el trabajo dom\u00e9stico para las mujeres;<\/p><p>\u2022\u00b7\u00a0\u00a0\u00a0\u00a0\u00a0\u00a0\u00a0\u00a0\u00a0\u00a0\u00a0\u00a0\u00a0\u00a0 Se asegurar\u00e1 de que las medidas adoptadas para mejorar las condiciones de los trabajadores con empleo precario tienen particularmente en cuenta las necesidades de las trabajadoras, los trabajadores migrantes y los trabajadores j\u00f3venes;<\/p><p>\u2022\u00b7\u00a0\u00a0\u00a0\u00a0\u00a0\u00a0\u00a0\u00a0\u00a0\u00a0\u00a0\u00a0\u00a0\u00a0 Ofrecer\u00e1 oportunidades a los afiliados para intercambiar experiencias y estrategias a fin de establecer contacto con los trabajadores migrantes internos y externos y organizarlos, y<\/p><p>\u2022\u00b7\u00a0\u00a0\u00a0\u00a0\u00a0\u00a0\u00a0\u00a0\u00a0\u00a0\u00a0\u00a0\u00a0\u00a0 Sensibilizar\u00e1 sobre las dificultades que afrontan los j\u00f3venes para hallar un empleo seguro y bien remunerado, as\u00ed como buenas condiciones de trabajo, y apoyar\u00e1 los esfuerzos de los afiliados para que respondan a ellas.<\/p>","protected":false},"featured_media":0,"template":"","class_list":["post-202607","archive_imf","type-archive_imf","status-publish","hentry"],"acf":[],"yoast_head":"<!-- This site is optimized with the Yoast SEO Premium plugin v27.1 (Yoast SEO v27.1) - https:\/\/yoast.com\/product\/yoast-seo-premium-wordpress\/ -->\n<title>3.3.2 Lucha por la igualdad de derechos - industriall-union<\/title>\n<meta name=\"robots\" content=\"index, follow, max-snippet:-1, max-image-preview:large, max-video-preview:-1\" \/>\n<link rel=\"canonical\" href=\"https:\/\/admin.industriall-union.org\/es\/archive\/imf\/3-3-2-lucha-por-la-igualdad-de-derechos\/\" \/>\n<meta property=\"og:locale\" content=\"es_ES\" \/>\n<meta property=\"og:type\" content=\"article\" \/>\n<meta property=\"og:title\" content=\"3.3.2 Lucha por la igualdad de derechos\" \/>\n<meta property=\"og:description\" content=\"Todos los trabajadores deben gozar de los mismos derechos, con independencia de su sexo, edad, nacionalidad, origen \u00e9tnico, discapacidad, orientaci\u00f3n sexual o religi\u00f3n. Sin embargo, empleadores de la industria metal\u00fargica en muchos pa\u00edses, incluidos altamente industrializados, siguen discriminando impunemente a los trabajadores precisamente por esas razones. La FITIM colaborar\u00e1 con los afiliados para eliminar la [&hellip;]\" \/>\n<meta property=\"og:url\" content=\"https:\/\/admin.industriall-union.org\/es\/archive\/imf\/3-3-2-lucha-por-la-igualdad-de-derechos\/\" \/>\n<meta property=\"og:site_name\" content=\"industriall-union\" \/>\n<meta property=\"article:modified_time\" content=\"2025-01-31T10:24:49+00:00\" \/>\n<meta name=\"twitter:card\" content=\"summary_large_image\" \/>\n<meta name=\"twitter:label1\" content=\"Est. reading time\" \/>\n\t<meta name=\"twitter:data1\" content=\"5 minutes\" \/>\n<script type=\"application\/ld+json\" class=\"yoast-schema-graph\">{\"@context\":\"https:\/\/schema.org\",\"@graph\":[{\"@type\":\"WebPage\",\"@id\":\"https:\/\/admin.industriall-union.org\/es\/archive\/imf\/3-3-2-lucha-por-la-igualdad-de-derechos\/\",\"url\":\"https:\/\/admin.industriall-union.org\/es\/archive\/imf\/3-3-2-lucha-por-la-igualdad-de-derechos\/\",\"name\":\"3.3.2 Lucha por la igualdad de derechos - industriall-union\",\"isPartOf\":{\"@id\":\"https:\/\/admin.industriall-union.org\/#website\"},\"datePublished\":\"2009-06-19T11:44:00+00:00\",\"dateModified\":\"2025-01-31T10:24:49+00:00\",\"breadcrumb\":{\"@id\":\"https:\/\/admin.industriall-union.org\/es\/archive\/imf\/3-3-2-lucha-por-la-igualdad-de-derechos\/#breadcrumb\"},\"inLanguage\":\"es-ES\",\"potentialAction\":[{\"@type\":\"ReadAction\",\"target\":[\"https:\/\/admin.industriall-union.org\/es\/archive\/imf\/3-3-2-lucha-por-la-igualdad-de-derechos\/\"]}]},{\"@type\":\"BreadcrumbList\",\"@id\":\"https:\/\/admin.industriall-union.org\/es\/archive\/imf\/3-3-2-lucha-por-la-igualdad-de-derechos\/#breadcrumb\",\"itemListElement\":[{\"@type\":\"ListItem\",\"position\":1,\"name\":\"Home\",\"item\":\"https:\/\/admin.industriall-union.org\/\"},{\"@type\":\"ListItem\",\"position\":2,\"name\":\"Archive Imf\",\"item\":\"https:\/\/admin.industriall-union.org\/es\/archive\/imf\/\"},{\"@type\":\"ListItem\",\"position\":3,\"name\":\"3.3.2 Lucha por la igualdad de derechos\"}]},{\"@type\":\"WebSite\",\"@id\":\"https:\/\/admin.industriall-union.org\/#website\",\"url\":\"https:\/\/admin.industriall-union.org\/\",\"name\":\"industriall-union\",\"description\":\"\",\"potentialAction\":[{\"@type\":\"SearchAction\",\"target\":{\"@type\":\"EntryPoint\",\"urlTemplate\":\"https:\/\/admin.industriall-union.org\/?s={search_term_string}\"},\"query-input\":{\"@type\":\"PropertyValueSpecification\",\"valueRequired\":true,\"valueName\":\"search_term_string\"}}],\"inLanguage\":\"es-ES\"}]}<\/script>\n<!-- \/ Yoast SEO Premium plugin. -->","yoast_head_json":{"title":"3.3.2 Lucha por la igualdad de derechos - industriall-union","robots":{"index":"index","follow":"follow","max-snippet":"max-snippet:-1","max-image-preview":"max-image-preview:large","max-video-preview":"max-video-preview:-1"},"canonical":"https:\/\/admin.industriall-union.org\/es\/archive\/imf\/3-3-2-lucha-por-la-igualdad-de-derechos\/","og_locale":"es_ES","og_type":"article","og_title":"3.3.2 Lucha por la igualdad de derechos","og_description":"Todos los trabajadores deben gozar de los mismos derechos, con independencia de su sexo, edad, nacionalidad, origen \u00e9tnico, discapacidad, orientaci\u00f3n sexual o religi\u00f3n. Sin embargo, empleadores de la industria metal\u00fargica en muchos pa\u00edses, incluidos altamente industrializados, siguen discriminando impunemente a los trabajadores precisamente por esas razones. La FITIM colaborar\u00e1 con los afiliados para eliminar la [&hellip;]","og_url":"https:\/\/admin.industriall-union.org\/es\/archive\/imf\/3-3-2-lucha-por-la-igualdad-de-derechos\/","og_site_name":"industriall-union","article_modified_time":"2025-01-31T10:24:49+00:00","twitter_card":"summary_large_image","twitter_misc":{"Est. reading time":"5 minutes"},"schema":{"@context":"https:\/\/schema.org","@graph":[{"@type":"WebPage","@id":"https:\/\/admin.industriall-union.org\/es\/archive\/imf\/3-3-2-lucha-por-la-igualdad-de-derechos\/","url":"https:\/\/admin.industriall-union.org\/es\/archive\/imf\/3-3-2-lucha-por-la-igualdad-de-derechos\/","name":"3.3.2 Lucha por la igualdad de derechos - industriall-union","isPartOf":{"@id":"https:\/\/admin.industriall-union.org\/#website"},"datePublished":"2009-06-19T11:44:00+00:00","dateModified":"2025-01-31T10:24:49+00:00","breadcrumb":{"@id":"https:\/\/admin.industriall-union.org\/es\/archive\/imf\/3-3-2-lucha-por-la-igualdad-de-derechos\/#breadcrumb"},"inLanguage":"es-ES","potentialAction":[{"@type":"ReadAction","target":["https:\/\/admin.industriall-union.org\/es\/archive\/imf\/3-3-2-lucha-por-la-igualdad-de-derechos\/"]}]},{"@type":"BreadcrumbList","@id":"https:\/\/admin.industriall-union.org\/es\/archive\/imf\/3-3-2-lucha-por-la-igualdad-de-derechos\/#breadcrumb","itemListElement":[{"@type":"ListItem","position":1,"name":"Home","item":"https:\/\/admin.industriall-union.org\/"},{"@type":"ListItem","position":2,"name":"Archive Imf","item":"https:\/\/admin.industriall-union.org\/es\/archive\/imf\/"},{"@type":"ListItem","position":3,"name":"3.3.2 Lucha por la igualdad de derechos"}]},{"@type":"WebSite","@id":"https:\/\/admin.industriall-union.org\/#website","url":"https:\/\/admin.industriall-union.org\/","name":"industriall-union","description":"","potentialAction":[{"@type":"SearchAction","target":{"@type":"EntryPoint","urlTemplate":"https:\/\/admin.industriall-union.org\/?s={search_term_string}"},"query-input":{"@type":"PropertyValueSpecification","valueRequired":true,"valueName":"search_term_string"}}],"inLanguage":"es-ES"}]}},"_links":{"self":[{"href":"https:\/\/admin.industriall-union.org\/es\/wp-json\/wp\/v2\/archive_imf\/202607","targetHints":{"allow":["GET"]}}],"collection":[{"href":"https:\/\/admin.industriall-union.org\/es\/wp-json\/wp\/v2\/archive_imf"}],"about":[{"href":"https:\/\/admin.industriall-union.org\/es\/wp-json\/wp\/v2\/types\/archive_imf"}],"wp:attachment":[{"href":"https:\/\/admin.industriall-union.org\/es\/wp-json\/wp\/v2\/media?parent=202607"}],"curies":[{"name":"wp","href":"https:\/\/api.w.org\/{rel}","templated":true}]}}

<p>Todos los trabajadores deben gozar de los mismos derechos, con independencia de su sexo, edad, nacionalidad, origen étnico, discapacidad, orientación sexual o religión. Sin embargo, empleadores de la industria metalúrgica en muchos países, incluidos altamente industrializados, siguen discriminando impunemente a los trabajadores precisamente por esas razones. La FITIM colaborará con los afiliados para eliminar la discriminación en el lugar de trabajo en todas sus formas. Muchos trabajadores del mundo siguen sometidos a discriminación, lo que les priva de sus derechos a la libertad de asociación y de negociación colectiva. Por eso la FITIM centrará sus esfuerzos en ayudar a los afiliados a elaborar estrategias de organización específicas, por ejemplo, con el fin de mejorar las tasas de sindicación entre las mujeres, los migrantes y los trabajadores jóvenes, en particular en las ZFI donde los derechos laborales siguen siendo objeto de abuso y se reprime el sindicalismo. Existe una clara y urgente necesidad de que los sindicatos consideren si es preciso adoptar nuevos métodos para atender las necesidades y aspiraciones de las trabajadoras, los trabajadores jóvenes y los trabajadores migrantes, grupos que están insuficientemente representados en los sindicatos metalúrgicos, pero que se incorporan cada vez más a la industria. Es indispensable modificar las estructuras, las culturas y las prácticas de los sindicatos que disuaden a esos trabajadores de afiliarse a ellos, para lograr que la igualdad de derechos se extienda a todos los trabajadores.</p><p>Según la Convención sobre los Derechos de las Personas con Discapacidad, de las Naciones Unidas, hay discriminación cuando las personas con discapacidad no pueden participar como miembros de pleno derecho en la sociedad y si se violan sus derechos humanos y como trabajadores. En particular con respecto a las personas mayores, muchos países tienen que intensificar su lucha contra la discriminación y la exclusión social de los trabajadores de edad avanzada, discapacitados o con mala salud del mercado de trabajo y del perfeccionamiento.</p><p>La discriminación también significa que las trabajadoras, los trabajadores migrantes y los trabajadores jóvenes son los más afectados por el empleo precario. Esto alcanza niveles extremos en el caso de los trabajadores migrantes, especialmente cuando la dramática pobreza les priva de protección contra organizaciones sin escrúpulos y a veces criminales que explotan su vulnerabilidad. La FITIM alentará a los afiliados a intercambiar estrategias para establecer contacto con los trabajadores migrantes y organizarlos, y mejorar sus condiciones de trabajo, incluyéndolos en la negociación colectiva.</p><p>La doble carga que impone el trabajo doméstico a las mujeres puede llevarlas a situaciones de empleo precario, con adversas consecuencias para sí mismas, sus familias y comunidades. La FITIM concederá prioridad a destacar el desproporcionado impacto que tiene el trabajo precario para las trabajadoras y estimular medidas para abordarlo, centrándose en particular en las diferencias salariales entre hombres y mujeres y a la división por razones de género cuya consecuencia es que se niegue a las mujeres el acceso a mejores empleos.</p><p>La representación de las mujeres en todos los niveles de la organización sindical es demasiado baja. Los esfuerzos de los sindicatos por organizar a las trabajadoras tropiezan con estructuras que no incluyen a las mujeres entre los dirigentes. La FITIM seguirá esforzándose con sus afiliados para corregir este desequilibrio y ayudarlos a superar los obstáculos a la representación de las mujeres en sus estructuras sindicales y procesos electorales. Se insistirá en la necesidad de estimular una mayor participación de los trabajadores jóvenes en las estructuras sindicales.</p><p><strong>La FITIM:</strong></p><p>•·               Ayudará a sus afiliados a encabezar la lucha en el lugar de trabajo contra la discriminación en todas sus formas;</p><p>•·               Apoyará las actividades de sindicación de los afiliados en ZFI y estimulará el intercambio de experiencias satisfactorias entre ellos;</p><p>•·               Cooperará con la CSI y otras FSI, en particular la Federación Internacional de Trabajadores del Textil, Vestuario y Cuero, para tratar de la falta de organización sindical en las ZFI;</p><p>•·               Ayudará a los afiliados a eliminar restricciones que impidan que las personas con discapacidad tengan las mismas oportunidades de empleo en el lugar de trabajo. La FITIM apoyará también programas centrados en cuestiones relativas a las personas con discapacidad en todas las actividades de los sindicatos y de la OIT;</p><p>•·               Prestará asistencia a los afiliados para identificar y superar los obstáculos a la igual participación y representación de las mujeres en sus sindicatos;</p><p>•·               Seguirá de cerca el impacto del trabajo precario sobre las trabajadoras, los trabajadores migrantes y los trabajadores jóvenes, e informará al respecto, además de alentar a los afiliados a que hagan sus propios análisis del trabajo precario en relación con las mujeres y tomen medidas para reducir la doble carga que representa el trabajo doméstico para las mujeres;</p><p>•·               Se asegurará de que las medidas adoptadas para mejorar las condiciones de los trabajadores con empleo precario tienen particularmente en cuenta las necesidades de las trabajadoras, los trabajadores migrantes y los trabajadores jóvenes;</p><p>•·               Ofrecerá oportunidades a los afiliados para intercambiar experiencias y estrategias a fin de establecer contacto con los trabajadores migrantes internos y externos y organizarlos, y</p><p>•·               Sensibilizará sobre las dificultades que afrontan los jóvenes para hallar un empleo seguro y bien remunerado, así como buenas condiciones de trabajo, y apoyará los esfuerzos de los afiliados para que respondan a ellas.</p>

<!-- This site is optimized with the Yoast SEO Premium plugin v27.1 (Yoast SEO v27.1) - https://yoast.com/product/yoast-seo-premium-wordpress/ -->
<title>3.3.2 Lucha por la igualdad de derechos - industriall-union</title>
<meta name="robots" content="index, follow, max-snippet:-1, max-image-preview:large, max-video-preview:-1" />
<link rel="canonical" href="https://admin.industriall-union.org/es/archive/imf/3-3-2-lucha-por-la-igualdad-de-derechos/" />
<meta property="og:locale" content="es_ES" />
<meta property="og:type" content="article" />
<meta property="og:title" content="3.3.2 Lucha por la igualdad de derechos" />
<meta property="og:description" content="Todos los trabajadores deben gozar de los mismos derechos, con independencia de su sexo, edad, nacionalidad, origen étnico, discapacidad, orientación sexual o religión. Sin embargo, empleadores de la industria metalúrgica en muchos países, incluidos altamente industrializados, siguen discriminando impunemente a los trabajadores precisamente por esas razones. La FITIM colaborará con los afiliados para eliminar la [&hellip;]" />
<meta property="og:url" content="https://admin.industriall-union.org/es/archive/imf/3-3-2-lucha-por-la-igualdad-de-derechos/" />
<meta property="og:site_name" content="industriall-union" />
<meta property="article:modified_time" content="2025-01-31T10:24:49+00:00" />
<meta name="twitter:card" content="summary_large_image" />
<meta name="twitter:label1" content="Est. reading time" />
	<meta name="twitter:data1" content="5 minutes" />
<script type="application/ld+json" class="yoast-schema-graph">{"@context":"https://schema.org","@graph":[{"@type":"WebPage","@id":"https://admin.industriall-union.org/es/archive/imf/3-3-2-lucha-por-la-igualdad-de-derechos/","url":"https://admin.industriall-union.org/es/archive/imf/3-3-2-lucha-por-la-igualdad-de-derechos/","name":"3.3.2 Lucha por la igualdad de derechos - industriall-union","isPartOf":{"@id":"https://admin.industriall-union.org/#website"},"datePublished":"2009-06-19T11:44:00+00:00","dateModified":"2025-01-31T10:24:49+00:00","breadcrumb":{"@id":"https://admin.industriall-union.org/es/archive/imf/3-3-2-lucha-por-la-igualdad-de-derechos/#breadcrumb"},"inLanguage":"es-ES","potentialAction":[{"@type":"ReadAction","target":["https://admin.industriall-union.org/es/archive/imf/3-3-2-lucha-por-la-igualdad-de-derechos/"]}]},{"@type":"BreadcrumbList","@id":"https://admin.industriall-union.org/es/archive/imf/3-3-2-lucha-por-la-igualdad-de-derechos/#breadcrumb","itemListElement":[{"@type":"ListItem","position":1,"name":"Home","item":"https://admin.industriall-union.org/"},{"@type":"ListItem","position":2,"name":"Archive Imf","item":"https://admin.industriall-union.org/es/archive/imf/"},{"@type":"ListItem","position":3,"name":"3.3.2 Lucha por la igualdad de derechos"}]},{"@type":"WebSite","@id":"https://admin.industriall-union.org/#website","url":"https://admin.industriall-union.org/","name":"industriall-union","description":"","potentialAction":[{"@type":"SearchAction","target":{"@type":"EntryPoint","urlTemplate":"https://admin.industriall-union.org/?s={search_term_string}"},"query-input":{"@type":"PropertyValueSpecification","valueRequired":true,"valueName":"search_term_string"}}],"inLanguage":"es-ES"}]}</script>
<!-- / Yoast SEO Premium plugin. -->

Todos los trabajadores deben gozar de los mismos derechos, con independencia de su sexo, edad, nacionalidad, origen étnico, discapacidad, orientación sexual o religión. Sin embargo, empleadores de la industria metalúrgica en muchos países, incluidos altamente industrializados, siguen discriminando impunemente a los trabajadores precisamente por esas razones. La FITIM colaborará con los afiliados para eliminar la [&hellip;]
