{"id":202590,"date":"2009-09-08T13:50:00","date_gmt":"2009-09-08T13:50:00","guid":{"rendered":"https:\/\/admin.industriall-union.org\/archive\/imf\/los-trabajadores-metalurgicos-alemanes-reivindican-empleos-seguros\/"},"modified":"2025-01-31T10:24:44","modified_gmt":"2025-01-31T10:24:44","slug":"los-trabajadores-metalurgicos-alemanes-reivindican-empleos-seguros","status":"publish","type":"archive_imf","link":"https:\/\/admin.industriall-union.org\/es\/archive\/imf\/los-trabajadores-metalurgicos-alemanes-reivindican-empleos-seguros\/","title":{"rendered":"Los trabajadores metal\u00fargicos alemanes reivindican empleos seguros"},"content":{"rendered":"ALEMANIA:\u00a0 Unos 45.000 miembros sindicales de todas las partes de Alemania acudieron al estadio de Francfort el s\u00e1bado 5 de septiembre para participar en el d\u00eda de acci\u00f3n organizado por el afiliado a la FITIM IG Metall.<br \/><br \/>La acci\u00f3n formaba parte de la campa\u00f1a &#8220;Juntos para una buena vida&#8221; (Gemeinsam f\u00fcr ein gutes Leben) organizada por IG Metall\u00a0 con el fin de expresar el descontento de los trabajadores con las actuales pol\u00edticas del pa\u00eds y exponer las demandas de los trabajadores por una &#8220;buena vida&#8221;, la m\u00e1s importante de las cuales es la seguridad de empleo. Puede obtenerse m\u00e1s informaci\u00f3n en: <a href=\"http:\/\/www.gutes-leben.de\/\">http:\/\/www.gutes-leben.de\/<\/a><br \/><br \/>El d\u00eda de acci\u00f3n tuvo varias fases, empezando con una manifestaci\u00f3n matutina de miembros de IG Metall j\u00f3venes. Los trabajadores j\u00f3venes preocupados por sus perspectivas en cuanto a seguridad de empleo y empleo permanente atravesaron las calles de Francfort cantando &#8220;\u00a1Esto tiene que cambiar! \u00a1El futuro nos pertenece!&#8221;<br \/><br \/>Despu\u00e9s, la acci\u00f3n continu\u00f3 en el estadio de Francfort, donde miembros sindicales reivindicaron cambios fundamentales en las actividades empresariales y las pol\u00edticas del pa\u00eds y una sociedad m\u00e1s justa. El d\u00eda de acci\u00f3n se celebr\u00f3 en v\u00edsperas de las elecciones en Alemania Federal.<br \/><br \/>El llamamiento de IG Metall para una buena vida y seguridad de empleo refleja el llamamiento que los trabajadores metal\u00fargicos de todo el mundo har\u00e1n durante la semana mundial de acci\u00f3n del 3 al 10 de octubre en la campa\u00f1a contra el trabajo precario.<br \/><br \/>El impacto de la crisis financiera sobre los trabajadores es el tema de la acci\u00f3n de la FITIM este a\u00f1o. Los afiliados est\u00e1n trasladando la lucha a los gobiernos, pidi\u00e9ndoles que refuercen la legislaci\u00f3n para impedir que los empleadores utilicen empleo precario en lugar de empleo permanente y directo.","protected":false},"featured_media":0,"template":"","class_list":["post-202590","archive_imf","type-archive_imf","status-publish","hentry"],"acf":[],"yoast_head":"<!-- This site is optimized with the Yoast SEO Premium plugin v27.1 (Yoast SEO v27.1) - https:\/\/yoast.com\/product\/yoast-seo-premium-wordpress\/ -->\n<title>Los trabajadores metal\u00fargicos alemanes reivindican empleos seguros - industriall-union<\/title>\n<meta name=\"robots\" content=\"index, follow, max-snippet:-1, max-image-preview:large, max-video-preview:-1\" \/>\n<link rel=\"canonical\" href=\"https:\/\/admin.industriall-union.org\/es\/archive\/imf\/los-trabajadores-metalurgicos-alemanes-reivindican-empleos-seguros\/\" \/>\n<meta property=\"og:locale\" content=\"es_ES\" \/>\n<meta property=\"og:type\" content=\"article\" \/>\n<meta property=\"og:title\" content=\"Los trabajadores metal\u00fargicos alemanes reivindican empleos seguros\" \/>\n<meta property=\"og:description\" content=\"ALEMANIA:\u00a0 Unos 45.000 miembros sindicales de todas las partes de Alemania acudieron al estadio de Francfort el s\u00e1bado 5 de septiembre para participar en el d\u00eda de acci\u00f3n organizado por el afiliado a la FITIM IG Metall. La acci\u00f3n formaba parte de la campa\u00f1a &#8220;Juntos para una buena vida&#8221; (Gemeinsam f\u00fcr ein gutes Leben) organizada [&hellip;]\" \/>\n<meta property=\"og:url\" content=\"https:\/\/admin.industriall-union.org\/es\/archive\/imf\/los-trabajadores-metalurgicos-alemanes-reivindican-empleos-seguros\/\" \/>\n<meta property=\"og:site_name\" content=\"industriall-union\" \/>\n<meta property=\"article:modified_time\" content=\"2025-01-31T10:24:44+00:00\" \/>\n<meta name=\"twitter:card\" content=\"summary_large_image\" \/>\n<meta name=\"twitter:label1\" content=\"Est. reading time\" \/>\n\t<meta name=\"twitter:data1\" content=\"2 minutes\" \/>\n<script type=\"application\/ld+json\" class=\"yoast-schema-graph\">{\"@context\":\"https:\/\/schema.org\",\"@graph\":[{\"@type\":\"WebPage\",\"@id\":\"https:\/\/admin.industriall-union.org\/es\/archive\/imf\/los-trabajadores-metalurgicos-alemanes-reivindican-empleos-seguros\/\",\"url\":\"https:\/\/admin.industriall-union.org\/es\/archive\/imf\/los-trabajadores-metalurgicos-alemanes-reivindican-empleos-seguros\/\",\"name\":\"Los trabajadores metal\u00fargicos alemanes reivindican empleos seguros - industriall-union\",\"isPartOf\":{\"@id\":\"https:\/\/admin.industriall-union.org\/#website\"},\"datePublished\":\"2009-09-08T13:50:00+00:00\",\"dateModified\":\"2025-01-31T10:24:44+00:00\",\"breadcrumb\":{\"@id\":\"https:\/\/admin.industriall-union.org\/es\/archive\/imf\/los-trabajadores-metalurgicos-alemanes-reivindican-empleos-seguros\/#breadcrumb\"},\"inLanguage\":\"es-ES\",\"potentialAction\":[{\"@type\":\"ReadAction\",\"target\":[\"https:\/\/admin.industriall-union.org\/es\/archive\/imf\/los-trabajadores-metalurgicos-alemanes-reivindican-empleos-seguros\/\"]}]},{\"@type\":\"BreadcrumbList\",\"@id\":\"https:\/\/admin.industriall-union.org\/es\/archive\/imf\/los-trabajadores-metalurgicos-alemanes-reivindican-empleos-seguros\/#breadcrumb\",\"itemListElement\":[{\"@type\":\"ListItem\",\"position\":1,\"name\":\"Home\",\"item\":\"https:\/\/admin.industriall-union.org\/\"},{\"@type\":\"ListItem\",\"position\":2,\"name\":\"Archive Imf\",\"item\":\"https:\/\/admin.industriall-union.org\/es\/archive\/imf\/\"},{\"@type\":\"ListItem\",\"position\":3,\"name\":\"Los trabajadores metal\u00fargicos alemanes reivindican empleos seguros\"}]},{\"@type\":\"WebSite\",\"@id\":\"https:\/\/admin.industriall-union.org\/#website\",\"url\":\"https:\/\/admin.industriall-union.org\/\",\"name\":\"industriall-union\",\"description\":\"\",\"potentialAction\":[{\"@type\":\"SearchAction\",\"target\":{\"@type\":\"EntryPoint\",\"urlTemplate\":\"https:\/\/admin.industriall-union.org\/?s={search_term_string}\"},\"query-input\":{\"@type\":\"PropertyValueSpecification\",\"valueRequired\":true,\"valueName\":\"search_term_string\"}}],\"inLanguage\":\"es-ES\"}]}<\/script>\n<!-- \/ Yoast SEO Premium plugin. -->","yoast_head_json":{"title":"Los trabajadores metal\u00fargicos alemanes reivindican empleos seguros - industriall-union","robots":{"index":"index","follow":"follow","max-snippet":"max-snippet:-1","max-image-preview":"max-image-preview:large","max-video-preview":"max-video-preview:-1"},"canonical":"https:\/\/admin.industriall-union.org\/es\/archive\/imf\/los-trabajadores-metalurgicos-alemanes-reivindican-empleos-seguros\/","og_locale":"es_ES","og_type":"article","og_title":"Los trabajadores metal\u00fargicos alemanes reivindican empleos seguros","og_description":"ALEMANIA:\u00a0 Unos 45.000 miembros sindicales de todas las partes de Alemania acudieron al estadio de Francfort el s\u00e1bado 5 de septiembre para participar en el d\u00eda de acci\u00f3n organizado por el afiliado a la FITIM IG Metall. La acci\u00f3n formaba parte de la campa\u00f1a &#8220;Juntos para una buena vida&#8221; (Gemeinsam f\u00fcr ein gutes Leben) organizada [&hellip;]","og_url":"https:\/\/admin.industriall-union.org\/es\/archive\/imf\/los-trabajadores-metalurgicos-alemanes-reivindican-empleos-seguros\/","og_site_name":"industriall-union","article_modified_time":"2025-01-31T10:24:44+00:00","twitter_card":"summary_large_image","twitter_misc":{"Est. reading time":"2 minutes"},"schema":{"@context":"https:\/\/schema.org","@graph":[{"@type":"WebPage","@id":"https:\/\/admin.industriall-union.org\/es\/archive\/imf\/los-trabajadores-metalurgicos-alemanes-reivindican-empleos-seguros\/","url":"https:\/\/admin.industriall-union.org\/es\/archive\/imf\/los-trabajadores-metalurgicos-alemanes-reivindican-empleos-seguros\/","name":"Los trabajadores metal\u00fargicos alemanes reivindican empleos seguros - industriall-union","isPartOf":{"@id":"https:\/\/admin.industriall-union.org\/#website"},"datePublished":"2009-09-08T13:50:00+00:00","dateModified":"2025-01-31T10:24:44+00:00","breadcrumb":{"@id":"https:\/\/admin.industriall-union.org\/es\/archive\/imf\/los-trabajadores-metalurgicos-alemanes-reivindican-empleos-seguros\/#breadcrumb"},"inLanguage":"es-ES","potentialAction":[{"@type":"ReadAction","target":["https:\/\/admin.industriall-union.org\/es\/archive\/imf\/los-trabajadores-metalurgicos-alemanes-reivindican-empleos-seguros\/"]}]},{"@type":"BreadcrumbList","@id":"https:\/\/admin.industriall-union.org\/es\/archive\/imf\/los-trabajadores-metalurgicos-alemanes-reivindican-empleos-seguros\/#breadcrumb","itemListElement":[{"@type":"ListItem","position":1,"name":"Home","item":"https:\/\/admin.industriall-union.org\/"},{"@type":"ListItem","position":2,"name":"Archive Imf","item":"https:\/\/admin.industriall-union.org\/es\/archive\/imf\/"},{"@type":"ListItem","position":3,"name":"Los trabajadores metal\u00fargicos alemanes reivindican empleos seguros"}]},{"@type":"WebSite","@id":"https:\/\/admin.industriall-union.org\/#website","url":"https:\/\/admin.industriall-union.org\/","name":"industriall-union","description":"","potentialAction":[{"@type":"SearchAction","target":{"@type":"EntryPoint","urlTemplate":"https:\/\/admin.industriall-union.org\/?s={search_term_string}"},"query-input":{"@type":"PropertyValueSpecification","valueRequired":true,"valueName":"search_term_string"}}],"inLanguage":"es-ES"}]}},"_links":{"self":[{"href":"https:\/\/admin.industriall-union.org\/es\/wp-json\/wp\/v2\/archive_imf\/202590","targetHints":{"allow":["GET"]}}],"collection":[{"href":"https:\/\/admin.industriall-union.org\/es\/wp-json\/wp\/v2\/archive_imf"}],"about":[{"href":"https:\/\/admin.industriall-union.org\/es\/wp-json\/wp\/v2\/types\/archive_imf"}],"wp:attachment":[{"href":"https:\/\/admin.industriall-union.org\/es\/wp-json\/wp\/v2\/media?parent=202590"}],"curies":[{"name":"wp","href":"https:\/\/api.w.org\/{rel}","templated":true}]}}

Los trabajadores metalúrgicos alemanes reivindican empleos seguros

ALEMANIA:  Unos 45.000 miembros sindicales de todas las partes de Alemania acudieron al estadio de Francfort el sábado 5 de septiembre para participar en el día de acción organizado por el afiliado a la FITIM IG Metall.<br /><br />La acción formaba parte de la campaña &#8220;Juntos para una buena vida&#8221; (Gemeinsam für ein gutes Leben) organizada por IG Metall  con el fin de expresar el descontento de los trabajadores con las actuales políticas del país y exponer las demandas de los trabajadores por una &#8220;buena vida&#8221;, la más importante de las cuales es la seguridad de empleo. Puede obtenerse más información en: <a href="http://www.gutes-leben.de/">http://www.gutes-leben.de/</a><br /><br />El día de acción tuvo varias fases, empezando con una manifestación matutina de miembros de IG Metall jóvenes. Los trabajadores jóvenes preocupados por sus perspectivas en cuanto a seguridad de empleo y empleo permanente atravesaron las calles de Francfort cantando &#8220;¡Esto tiene que cambiar! ¡El futuro nos pertenece!&#8221;<br /><br />Después, la acción continuó en el estadio de Francfort, donde miembros sindicales reivindicaron cambios fundamentales en las actividades empresariales y las políticas del país y una sociedad más justa. El día de acción se celebró en vísperas de las elecciones en Alemania Federal.<br /><br />El llamamiento de IG Metall para una buena vida y seguridad de empleo refleja el llamamiento que los trabajadores metalúrgicos de todo el mundo harán durante la semana mundial de acción del 3 al 10 de octubre en la campaña contra el trabajo precario.<br /><br />El impacto de la crisis financiera sobre los trabajadores es el tema de la acción de la FITIM este año. Los afiliados están trasladando la lucha a los gobiernos, pidiéndoles que refuercen la legislación para impedir que los empleadores utilicen empleo precario en lugar de empleo permanente y directo.

<!-- This site is optimized with the Yoast SEO Premium plugin v27.1 (Yoast SEO v27.1) - https://yoast.com/product/yoast-seo-premium-wordpress/ -->
<title>Los trabajadores metalúrgicos alemanes reivindican empleos seguros - industriall-union</title>
<meta name="robots" content="index, follow, max-snippet:-1, max-image-preview:large, max-video-preview:-1" />
<link rel="canonical" href="https://admin.industriall-union.org/es/archive/imf/los-trabajadores-metalurgicos-alemanes-reivindican-empleos-seguros/" />
<meta property="og:locale" content="es_ES" />
<meta property="og:type" content="article" />
<meta property="og:title" content="Los trabajadores metalúrgicos alemanes reivindican empleos seguros" />
<meta property="og:description" content="ALEMANIA:  Unos 45.000 miembros sindicales de todas las partes de Alemania acudieron al estadio de Francfort el sábado 5 de septiembre para participar en el día de acción organizado por el afiliado a la FITIM IG Metall. La acción formaba parte de la campaña &#8220;Juntos para una buena vida&#8221; (Gemeinsam für ein gutes Leben) organizada [&hellip;]" />
<meta property="og:url" content="https://admin.industriall-union.org/es/archive/imf/los-trabajadores-metalurgicos-alemanes-reivindican-empleos-seguros/" />
<meta property="og:site_name" content="industriall-union" />
<meta property="article:modified_time" content="2025-01-31T10:24:44+00:00" />
<meta name="twitter:card" content="summary_large_image" />
<meta name="twitter:label1" content="Est. reading time" />
	<meta name="twitter:data1" content="2 minutes" />
<script type="application/ld+json" class="yoast-schema-graph">{"@context":"https://schema.org","@graph":[{"@type":"WebPage","@id":"https://admin.industriall-union.org/es/archive/imf/los-trabajadores-metalurgicos-alemanes-reivindican-empleos-seguros/","url":"https://admin.industriall-union.org/es/archive/imf/los-trabajadores-metalurgicos-alemanes-reivindican-empleos-seguros/","name":"Los trabajadores metalúrgicos alemanes reivindican empleos seguros - industriall-union","isPartOf":{"@id":"https://admin.industriall-union.org/#website"},"datePublished":"2009-09-08T13:50:00+00:00","dateModified":"2025-01-31T10:24:44+00:00","breadcrumb":{"@id":"https://admin.industriall-union.org/es/archive/imf/los-trabajadores-metalurgicos-alemanes-reivindican-empleos-seguros/#breadcrumb"},"inLanguage":"es-ES","potentialAction":[{"@type":"ReadAction","target":["https://admin.industriall-union.org/es/archive/imf/los-trabajadores-metalurgicos-alemanes-reivindican-empleos-seguros/"]}]},{"@type":"BreadcrumbList","@id":"https://admin.industriall-union.org/es/archive/imf/los-trabajadores-metalurgicos-alemanes-reivindican-empleos-seguros/#breadcrumb","itemListElement":[{"@type":"ListItem","position":1,"name":"Home","item":"https://admin.industriall-union.org/"},{"@type":"ListItem","position":2,"name":"Archive Imf","item":"https://admin.industriall-union.org/es/archive/imf/"},{"@type":"ListItem","position":3,"name":"Los trabajadores metalúrgicos alemanes reivindican empleos seguros"}]},{"@type":"WebSite","@id":"https://admin.industriall-union.org/#website","url":"https://admin.industriall-union.org/","name":"industriall-union","description":"","potentialAction":[{"@type":"SearchAction","target":{"@type":"EntryPoint","urlTemplate":"https://admin.industriall-union.org/?s={search_term_string}"},"query-input":{"@type":"PropertyValueSpecification","valueRequired":true,"valueName":"search_term_string"}}],"inLanguage":"es-ES"}]}</script>
<!-- / Yoast SEO Premium plugin. -->

Los trabajadores metalúrgicos alemanes reivindican empleos seguros - industriall-union

ALEMANIA:  Unos 45.000 miembros sindicales de todas las partes de Alemania acudieron al estadio de Francfort el sábado 5 de septiembre para participar en el día de acción organizado por el afiliado a la FITIM IG Metall. La acción formaba parte de la campaña &#8220;Juntos para una buena vida&#8221; (Gemeinsam für ein gutes Leben) organizada [&hellip;]
