{"id":202445,"date":"2009-10-05T07:29:00","date_gmt":"2009-10-05T07:29:00","guid":{"rendered":"https:\/\/admin.industriall-union.org\/archive\/imf\/uno-de-cada-cuatro-trabajadores-de-autovaz-perdera-su-empleo\/"},"modified":"2025-01-31T10:18:54","modified_gmt":"2025-01-31T10:18:54","slug":"uno-de-cada-cuatro-trabajadores-de-autovaz-perdera-su-empleo","status":"publish","type":"archive_imf","link":"https:\/\/admin.industriall-union.org\/es\/archive\/imf\/uno-de-cada-cuatro-trabajadores-de-autovaz-perdera-su-empleo\/","title":{"rendered":"Uno de cada cuatro trabajadores de AutoVAZ perder\u00e1 su empleo"},"content":{"rendered":"RUSIA:\u00a0 La direcci\u00f3n de AvtoVAZ lleg\u00f3 a un acuerdo con el afiliado a la FITIM, Sindicato de Trabajadores del Autom\u00f3vil y de Maquinaria Agr\u00edcola (AFM) : 27.600 trabajadores de AvtoVAZ perder\u00e1n sus empleos antes de finalizar el a\u00f1o. El plan original de la direcci\u00f3n era suprimir 36.000 puestos. La planta emplea a 102.000 trabajadores.<br \/><br \/>El 14 de septiembre se anunci\u00f3 la eliminaci\u00f3n de 5.000 puestos de trabajo.<br \/><br \/>El plan de reestructuraci\u00f3n de la administraci\u00f3n comprende el &#8220;trabajo en un turno, el 65% de la tasa de funcionamiento, lo que dar\u00e1 como resultado una producci\u00f3n anual de 500.000 autom\u00f3viles&#8221;(comunicado de prensa oficial).<br \/><br \/>En el mismo comunicado de prensa se dice que 13.000 trabajadores excedentarios han llegado a la edad de jubilaci\u00f3n y &#8220;se les pagar\u00e1n todas las indemnizaciones previstas en el convenio colectivo&#8221;. Otros 5.500 trabajadores han llegado a la edad de prejubilaci\u00f3n (53 a\u00f1os en el caso de las mujeres, y 58 en el de los hombres). Esos trabajadores tambi\u00e9n pueden recibir prestaciones de jubilaci\u00f3n del Estado y de la compa\u00f1\u00eda. Y otros 9.100 trabajadores est\u00e1n a\u00fan en edad de trabajar.Se ha elaborado para ellos un programa de empleo: se les ofrecer\u00e1 un puesto en la nueva cadena de producci\u00f3n de Renault en la planta, que se abrir\u00e1 supuestamente en 2012. Hasta entonces se ofrecer\u00e1n a los trabajadores excedentarios puestos temporeros en Togliatti.<br \/><br \/>AvtoVAZ se encuentra ahora en una situaci\u00f3n cr\u00edtica. La recesi\u00f3n ha provocado una p\u00e9rdida de ventas de autom\u00f3viles Lada del 40%. Seg\u00fan estimaciones de la direcci\u00f3n, las p\u00e9rdidas anuales en 2009 llegar\u00e1n a 35.000 millones de rublos (1.100 millones $). El plan de reestructuraci\u00f3n comprende dr\u00e1sticas reducciones de gastos y de la tasa de producci\u00f3n.","protected":false},"featured_media":0,"template":"","class_list":["post-202445","archive_imf","type-archive_imf","status-publish","hentry"],"acf":[],"yoast_head":"<!-- This site is optimized with the Yoast SEO Premium plugin v27.1 (Yoast SEO v27.1) - https:\/\/yoast.com\/product\/yoast-seo-premium-wordpress\/ -->\n<title>Uno de cada cuatro trabajadores de AutoVAZ perder\u00e1 su empleo - industriall-union<\/title>\n<meta name=\"robots\" content=\"index, follow, max-snippet:-1, max-image-preview:large, max-video-preview:-1\" \/>\n<link rel=\"canonical\" href=\"https:\/\/admin.industriall-union.org\/es\/archive\/imf\/uno-de-cada-cuatro-trabajadores-de-autovaz-perdera-su-empleo\/\" \/>\n<meta property=\"og:locale\" content=\"es_ES\" \/>\n<meta property=\"og:type\" content=\"article\" \/>\n<meta property=\"og:title\" content=\"Uno de cada cuatro trabajadores de AutoVAZ perder\u00e1 su empleo\" \/>\n<meta property=\"og:description\" content=\"RUSIA:\u00a0 La direcci\u00f3n de AvtoVAZ lleg\u00f3 a un acuerdo con el afiliado a la FITIM, Sindicato de Trabajadores del Autom\u00f3vil y de Maquinaria Agr\u00edcola (AFM) : 27.600 trabajadores de AvtoVAZ perder\u00e1n sus empleos antes de finalizar el a\u00f1o. El plan original de la direcci\u00f3n era suprimir 36.000 puestos. La planta emplea a 102.000 trabajadores. El [&hellip;]\" \/>\n<meta property=\"og:url\" content=\"https:\/\/admin.industriall-union.org\/es\/archive\/imf\/uno-de-cada-cuatro-trabajadores-de-autovaz-perdera-su-empleo\/\" \/>\n<meta property=\"og:site_name\" content=\"industriall-union\" \/>\n<meta property=\"article:modified_time\" content=\"2025-01-31T10:18:54+00:00\" \/>\n<meta name=\"twitter:card\" content=\"summary_large_image\" \/>\n<meta name=\"twitter:label1\" content=\"Est. reading time\" \/>\n\t<meta name=\"twitter:data1\" content=\"1 minute\" \/>\n<script type=\"application\/ld+json\" class=\"yoast-schema-graph\">{\"@context\":\"https:\/\/schema.org\",\"@graph\":[{\"@type\":\"WebPage\",\"@id\":\"https:\/\/admin.industriall-union.org\/es\/archive\/imf\/uno-de-cada-cuatro-trabajadores-de-autovaz-perdera-su-empleo\/\",\"url\":\"https:\/\/admin.industriall-union.org\/es\/archive\/imf\/uno-de-cada-cuatro-trabajadores-de-autovaz-perdera-su-empleo\/\",\"name\":\"Uno de cada cuatro trabajadores de AutoVAZ perder\u00e1 su empleo - industriall-union\",\"isPartOf\":{\"@id\":\"https:\/\/admin.industriall-union.org\/#website\"},\"datePublished\":\"2009-10-05T07:29:00+00:00\",\"dateModified\":\"2025-01-31T10:18:54+00:00\",\"breadcrumb\":{\"@id\":\"https:\/\/admin.industriall-union.org\/es\/archive\/imf\/uno-de-cada-cuatro-trabajadores-de-autovaz-perdera-su-empleo\/#breadcrumb\"},\"inLanguage\":\"es-ES\",\"potentialAction\":[{\"@type\":\"ReadAction\",\"target\":[\"https:\/\/admin.industriall-union.org\/es\/archive\/imf\/uno-de-cada-cuatro-trabajadores-de-autovaz-perdera-su-empleo\/\"]}]},{\"@type\":\"BreadcrumbList\",\"@id\":\"https:\/\/admin.industriall-union.org\/es\/archive\/imf\/uno-de-cada-cuatro-trabajadores-de-autovaz-perdera-su-empleo\/#breadcrumb\",\"itemListElement\":[{\"@type\":\"ListItem\",\"position\":1,\"name\":\"Home\",\"item\":\"https:\/\/admin.industriall-union.org\/\"},{\"@type\":\"ListItem\",\"position\":2,\"name\":\"Archive Imf\",\"item\":\"https:\/\/admin.industriall-union.org\/es\/archive\/imf\/\"},{\"@type\":\"ListItem\",\"position\":3,\"name\":\"Uno de cada cuatro trabajadores de AutoVAZ perder\u00e1 su empleo\"}]},{\"@type\":\"WebSite\",\"@id\":\"https:\/\/admin.industriall-union.org\/#website\",\"url\":\"https:\/\/admin.industriall-union.org\/\",\"name\":\"industriall-union\",\"description\":\"\",\"potentialAction\":[{\"@type\":\"SearchAction\",\"target\":{\"@type\":\"EntryPoint\",\"urlTemplate\":\"https:\/\/admin.industriall-union.org\/?s={search_term_string}\"},\"query-input\":{\"@type\":\"PropertyValueSpecification\",\"valueRequired\":true,\"valueName\":\"search_term_string\"}}],\"inLanguage\":\"es-ES\"}]}<\/script>\n<!-- \/ Yoast SEO Premium plugin. -->","yoast_head_json":{"title":"Uno de cada cuatro trabajadores de AutoVAZ perder\u00e1 su empleo - industriall-union","robots":{"index":"index","follow":"follow","max-snippet":"max-snippet:-1","max-image-preview":"max-image-preview:large","max-video-preview":"max-video-preview:-1"},"canonical":"https:\/\/admin.industriall-union.org\/es\/archive\/imf\/uno-de-cada-cuatro-trabajadores-de-autovaz-perdera-su-empleo\/","og_locale":"es_ES","og_type":"article","og_title":"Uno de cada cuatro trabajadores de AutoVAZ perder\u00e1 su empleo","og_description":"RUSIA:\u00a0 La direcci\u00f3n de AvtoVAZ lleg\u00f3 a un acuerdo con el afiliado a la FITIM, Sindicato de Trabajadores del Autom\u00f3vil y de Maquinaria Agr\u00edcola (AFM) : 27.600 trabajadores de AvtoVAZ perder\u00e1n sus empleos antes de finalizar el a\u00f1o. El plan original de la direcci\u00f3n era suprimir 36.000 puestos. La planta emplea a 102.000 trabajadores. El [&hellip;]","og_url":"https:\/\/admin.industriall-union.org\/es\/archive\/imf\/uno-de-cada-cuatro-trabajadores-de-autovaz-perdera-su-empleo\/","og_site_name":"industriall-union","article_modified_time":"2025-01-31T10:18:54+00:00","twitter_card":"summary_large_image","twitter_misc":{"Est. reading time":"1 minute"},"schema":{"@context":"https:\/\/schema.org","@graph":[{"@type":"WebPage","@id":"https:\/\/admin.industriall-union.org\/es\/archive\/imf\/uno-de-cada-cuatro-trabajadores-de-autovaz-perdera-su-empleo\/","url":"https:\/\/admin.industriall-union.org\/es\/archive\/imf\/uno-de-cada-cuatro-trabajadores-de-autovaz-perdera-su-empleo\/","name":"Uno de cada cuatro trabajadores de AutoVAZ perder\u00e1 su empleo - industriall-union","isPartOf":{"@id":"https:\/\/admin.industriall-union.org\/#website"},"datePublished":"2009-10-05T07:29:00+00:00","dateModified":"2025-01-31T10:18:54+00:00","breadcrumb":{"@id":"https:\/\/admin.industriall-union.org\/es\/archive\/imf\/uno-de-cada-cuatro-trabajadores-de-autovaz-perdera-su-empleo\/#breadcrumb"},"inLanguage":"es-ES","potentialAction":[{"@type":"ReadAction","target":["https:\/\/admin.industriall-union.org\/es\/archive\/imf\/uno-de-cada-cuatro-trabajadores-de-autovaz-perdera-su-empleo\/"]}]},{"@type":"BreadcrumbList","@id":"https:\/\/admin.industriall-union.org\/es\/archive\/imf\/uno-de-cada-cuatro-trabajadores-de-autovaz-perdera-su-empleo\/#breadcrumb","itemListElement":[{"@type":"ListItem","position":1,"name":"Home","item":"https:\/\/admin.industriall-union.org\/"},{"@type":"ListItem","position":2,"name":"Archive Imf","item":"https:\/\/admin.industriall-union.org\/es\/archive\/imf\/"},{"@type":"ListItem","position":3,"name":"Uno de cada cuatro trabajadores de AutoVAZ perder\u00e1 su empleo"}]},{"@type":"WebSite","@id":"https:\/\/admin.industriall-union.org\/#website","url":"https:\/\/admin.industriall-union.org\/","name":"industriall-union","description":"","potentialAction":[{"@type":"SearchAction","target":{"@type":"EntryPoint","urlTemplate":"https:\/\/admin.industriall-union.org\/?s={search_term_string}"},"query-input":{"@type":"PropertyValueSpecification","valueRequired":true,"valueName":"search_term_string"}}],"inLanguage":"es-ES"}]}},"_links":{"self":[{"href":"https:\/\/admin.industriall-union.org\/es\/wp-json\/wp\/v2\/archive_imf\/202445","targetHints":{"allow":["GET"]}}],"collection":[{"href":"https:\/\/admin.industriall-union.org\/es\/wp-json\/wp\/v2\/archive_imf"}],"about":[{"href":"https:\/\/admin.industriall-union.org\/es\/wp-json\/wp\/v2\/types\/archive_imf"}],"wp:attachment":[{"href":"https:\/\/admin.industriall-union.org\/es\/wp-json\/wp\/v2\/media?parent=202445"}],"curies":[{"name":"wp","href":"https:\/\/api.w.org\/{rel}","templated":true}]}}

Uno de cada cuatro trabajadores de AutoVAZ perderá su empleo

RUSIA:  La dirección de AvtoVAZ llegó a un acuerdo con el afiliado a la FITIM, Sindicato de Trabajadores del Automóvil y de Maquinaria Agrícola (AFM) : 27.600 trabajadores de AvtoVAZ perderán sus empleos antes de finalizar el año. El plan original de la dirección era suprimir 36.000 puestos. La planta emplea a 102.000 trabajadores.<br /><br />El 14 de septiembre se anunció la eliminación de 5.000 puestos de trabajo.<br /><br />El plan de reestructuración de la administración comprende el &#8220;trabajo en un turno, el 65% de la tasa de funcionamiento, lo que dará como resultado una producción anual de 500.000 automóviles&#8221;(comunicado de prensa oficial).<br /><br />En el mismo comunicado de prensa se dice que 13.000 trabajadores excedentarios han llegado a la edad de jubilación y &#8220;se les pagarán todas las indemnizaciones previstas en el convenio colectivo&#8221;. Otros 5.500 trabajadores han llegado a la edad de prejubilación (53 años en el caso de las mujeres, y 58 en el de los hombres). Esos trabajadores también pueden recibir prestaciones de jubilación del Estado y de la compañía. Y otros 9.100 trabajadores están aún en edad de trabajar.Se ha elaborado para ellos un programa de empleo: se les ofrecerá un puesto en la nueva cadena de producción de Renault en la planta, que se abrirá supuestamente en 2012. Hasta entonces se ofrecerán a los trabajadores excedentarios puestos temporeros en Togliatti.<br /><br />AvtoVAZ se encuentra ahora en una situación crítica. La recesión ha provocado una pérdida de ventas de automóviles Lada del 40%. Según estimaciones de la dirección, las pérdidas anuales en 2009 llegarán a 35.000 millones de rublos (1.100 millones $). El plan de reestructuración comprende drásticas reducciones de gastos y de la tasa de producción.

<!-- This site is optimized with the Yoast SEO Premium plugin v27.1 (Yoast SEO v27.1) - https://yoast.com/product/yoast-seo-premium-wordpress/ -->
<title>Uno de cada cuatro trabajadores de AutoVAZ perderá su empleo - industriall-union</title>
<meta name="robots" content="index, follow, max-snippet:-1, max-image-preview:large, max-video-preview:-1" />
<link rel="canonical" href="https://admin.industriall-union.org/es/archive/imf/uno-de-cada-cuatro-trabajadores-de-autovaz-perdera-su-empleo/" />
<meta property="og:locale" content="es_ES" />
<meta property="og:type" content="article" />
<meta property="og:title" content="Uno de cada cuatro trabajadores de AutoVAZ perderá su empleo" />
<meta property="og:description" content="RUSIA:  La dirección de AvtoVAZ llegó a un acuerdo con el afiliado a la FITIM, Sindicato de Trabajadores del Automóvil y de Maquinaria Agrícola (AFM) : 27.600 trabajadores de AvtoVAZ perderán sus empleos antes de finalizar el año. El plan original de la dirección era suprimir 36.000 puestos. La planta emplea a 102.000 trabajadores. El [&hellip;]" />
<meta property="og:url" content="https://admin.industriall-union.org/es/archive/imf/uno-de-cada-cuatro-trabajadores-de-autovaz-perdera-su-empleo/" />
<meta property="og:site_name" content="industriall-union" />
<meta property="article:modified_time" content="2025-01-31T10:18:54+00:00" />
<meta name="twitter:card" content="summary_large_image" />
<meta name="twitter:label1" content="Est. reading time" />
	<meta name="twitter:data1" content="1 minute" />
<script type="application/ld+json" class="yoast-schema-graph">{"@context":"https://schema.org","@graph":[{"@type":"WebPage","@id":"https://admin.industriall-union.org/es/archive/imf/uno-de-cada-cuatro-trabajadores-de-autovaz-perdera-su-empleo/","url":"https://admin.industriall-union.org/es/archive/imf/uno-de-cada-cuatro-trabajadores-de-autovaz-perdera-su-empleo/","name":"Uno de cada cuatro trabajadores de AutoVAZ perderá su empleo - industriall-union","isPartOf":{"@id":"https://admin.industriall-union.org/#website"},"datePublished":"2009-10-05T07:29:00+00:00","dateModified":"2025-01-31T10:18:54+00:00","breadcrumb":{"@id":"https://admin.industriall-union.org/es/archive/imf/uno-de-cada-cuatro-trabajadores-de-autovaz-perdera-su-empleo/#breadcrumb"},"inLanguage":"es-ES","potentialAction":[{"@type":"ReadAction","target":["https://admin.industriall-union.org/es/archive/imf/uno-de-cada-cuatro-trabajadores-de-autovaz-perdera-su-empleo/"]}]},{"@type":"BreadcrumbList","@id":"https://admin.industriall-union.org/es/archive/imf/uno-de-cada-cuatro-trabajadores-de-autovaz-perdera-su-empleo/#breadcrumb","itemListElement":[{"@type":"ListItem","position":1,"name":"Home","item":"https://admin.industriall-union.org/"},{"@type":"ListItem","position":2,"name":"Archive Imf","item":"https://admin.industriall-union.org/es/archive/imf/"},{"@type":"ListItem","position":3,"name":"Uno de cada cuatro trabajadores de AutoVAZ perderá su empleo"}]},{"@type":"WebSite","@id":"https://admin.industriall-union.org/#website","url":"https://admin.industriall-union.org/","name":"industriall-union","description":"","potentialAction":[{"@type":"SearchAction","target":{"@type":"EntryPoint","urlTemplate":"https://admin.industriall-union.org/?s={search_term_string}"},"query-input":{"@type":"PropertyValueSpecification","valueRequired":true,"valueName":"search_term_string"}}],"inLanguage":"es-ES"}]}</script>
<!-- / Yoast SEO Premium plugin. -->

Uno de cada cuatro trabajadores de AutoVAZ perderá su empleo - industriall-union

RUSIA:  La dirección de AvtoVAZ llegó a un acuerdo con el afiliado a la FITIM, Sindicato de Trabajadores del Automóvil y de Maquinaria Agrícola (AFM) : 27.600 trabajadores de AvtoVAZ perderán sus empleos antes de finalizar el año. El plan original de la dirección era suprimir 36.000 puestos. La planta emplea a 102.000 trabajadores. El [&hellip;]
