{"id":202295,"date":"2009-11-03T08:01:00","date_gmt":"2009-11-03T08:01:00","guid":{"rendered":"https:\/\/admin.industriall-union.org\/archive\/imf\/los-trabajadores-de-tenaris-se-fortalecen\/"},"modified":"2025-01-31T10:13:44","modified_gmt":"2025-01-31T10:13:44","slug":"los-trabajadores-de-tenaris-se-fortalecen","status":"publish","type":"archive_imf","link":"https:\/\/admin.industriall-union.org\/es\/archive\/imf\/los-trabajadores-de-tenaris-se-fortalecen\/","title":{"rendered":"Los trabajadores de Tenaris se fortalecen"},"content":{"rendered":"ITALIA: El Comit\u00e9 Mundial de Trabajadores de Tenaris se reuni\u00f3 en Bergamo (Italia), del 28 al 30 de octubre. Participaron representantes sindicales de seis pa\u00edses, y reafirmaron el compromiso con su lucha por conseguir el reconocimiento del comit\u00e9 por la direcci\u00f3n de la compa\u00f1\u00eda. Durante la reuni\u00f3n, el comit\u00e9 tom\u00f3 la decisi\u00f3n de mostrar su solidaridad con los trabajadores de Tenaris en Italia, que afrontan planes de la direcci\u00f3n para suprimir 1.024 empleos y cierres de plantas.<br \/><br \/>Con esto en mente, el comit\u00e9 tom\u00f3 la decisi\u00f3n de entregar una carta a la direcci\u00f3n de Tenaris en la planta Dalmine. Sin embargo, la compa\u00f1\u00eda no acept\u00f3 la carta del comit\u00e9, lo que dio lugar a una manifestaci\u00f3n in situ de los miembros del comit\u00e9, que tuvo una amplia cobertura en los medios de informaci\u00f3n locales (la reuni\u00f3n y la manifestaci\u00f3n se celebraron frente a la planta local).<br \/><br \/>Adem\u00e1s de la protesta, el comit\u00e9 celebr\u00f3 una discusi\u00f3n y aprob\u00f3 un plan de acci\u00f3n para 2009-2010. El plan comenzar\u00e1 con un d\u00eda de acci\u00f3n internacional en todas las plantas en la semana del 23 de noviembre de 2009. El plan de acci\u00f3n comprende tambi\u00e9n el env\u00edo de una delegaci\u00f3n a Colombia para mostrar apoyo a SINTRATUCAR y garantizar la seguridad de sus dirigentes.<br \/><br \/>Rob Johnston, Director Ejecutivo de la FITIM de Pol\u00edticas Industriales y ETN, dijo al concluir la reuni\u00f3n: &#8220;No permitiremos que esta compa\u00f1\u00eda siga burl\u00e1ndose de los trabajadores y de sus aspiraciones. Estamos decididos a firmar un Acuerdo Marco Internacional y a trabajar por mejorar la salud y la seguridad y las condiciones de trabajo en esta empresa. La alta direcci\u00f3n parece creer que si se esconden desapareceremos, pero cada que se re\u00fane el comit\u00e9 se fortalece, lo mismo que nuestras demandas.&#8221;","protected":false},"featured_media":0,"template":"","class_list":["post-202295","archive_imf","type-archive_imf","status-publish","hentry"],"acf":[],"yoast_head":"<!-- This site is optimized with the Yoast SEO Premium plugin v27.1 (Yoast SEO v27.1) - https:\/\/yoast.com\/product\/yoast-seo-premium-wordpress\/ -->\n<title>Los trabajadores de Tenaris se fortalecen - industriall-union<\/title>\n<meta name=\"robots\" content=\"index, follow, max-snippet:-1, max-image-preview:large, max-video-preview:-1\" \/>\n<link rel=\"canonical\" href=\"https:\/\/admin.industriall-union.org\/es\/archive\/imf\/los-trabajadores-de-tenaris-se-fortalecen\/\" \/>\n<meta property=\"og:locale\" content=\"es_ES\" \/>\n<meta property=\"og:type\" content=\"article\" \/>\n<meta property=\"og:title\" content=\"Los trabajadores de Tenaris se fortalecen\" \/>\n<meta property=\"og:description\" content=\"ITALIA: El Comit\u00e9 Mundial de Trabajadores de Tenaris se reuni\u00f3 en Bergamo (Italia), del 28 al 30 de octubre. Participaron representantes sindicales de seis pa\u00edses, y reafirmaron el compromiso con su lucha por conseguir el reconocimiento del comit\u00e9 por la direcci\u00f3n de la compa\u00f1\u00eda. Durante la reuni\u00f3n, el comit\u00e9 tom\u00f3 la decisi\u00f3n de mostrar su [&hellip;]\" \/>\n<meta property=\"og:url\" content=\"https:\/\/admin.industriall-union.org\/es\/archive\/imf\/los-trabajadores-de-tenaris-se-fortalecen\/\" \/>\n<meta property=\"og:site_name\" content=\"industriall-union\" \/>\n<meta property=\"article:modified_time\" content=\"2025-01-31T10:13:44+00:00\" \/>\n<meta name=\"twitter:card\" content=\"summary_large_image\" \/>\n<meta name=\"twitter:label1\" content=\"Est. reading time\" \/>\n\t<meta name=\"twitter:data1\" content=\"2 minutes\" \/>\n<script type=\"application\/ld+json\" class=\"yoast-schema-graph\">{\"@context\":\"https:\/\/schema.org\",\"@graph\":[{\"@type\":\"WebPage\",\"@id\":\"https:\/\/admin.industriall-union.org\/es\/archive\/imf\/los-trabajadores-de-tenaris-se-fortalecen\/\",\"url\":\"https:\/\/admin.industriall-union.org\/es\/archive\/imf\/los-trabajadores-de-tenaris-se-fortalecen\/\",\"name\":\"Los trabajadores de Tenaris se fortalecen - industriall-union\",\"isPartOf\":{\"@id\":\"https:\/\/admin.industriall-union.org\/#website\"},\"datePublished\":\"2009-11-03T08:01:00+00:00\",\"dateModified\":\"2025-01-31T10:13:44+00:00\",\"breadcrumb\":{\"@id\":\"https:\/\/admin.industriall-union.org\/es\/archive\/imf\/los-trabajadores-de-tenaris-se-fortalecen\/#breadcrumb\"},\"inLanguage\":\"es-ES\",\"potentialAction\":[{\"@type\":\"ReadAction\",\"target\":[\"https:\/\/admin.industriall-union.org\/es\/archive\/imf\/los-trabajadores-de-tenaris-se-fortalecen\/\"]}]},{\"@type\":\"BreadcrumbList\",\"@id\":\"https:\/\/admin.industriall-union.org\/es\/archive\/imf\/los-trabajadores-de-tenaris-se-fortalecen\/#breadcrumb\",\"itemListElement\":[{\"@type\":\"ListItem\",\"position\":1,\"name\":\"Home\",\"item\":\"https:\/\/admin.industriall-union.org\/\"},{\"@type\":\"ListItem\",\"position\":2,\"name\":\"Archive Imf\",\"item\":\"https:\/\/admin.industriall-union.org\/es\/archive\/imf\/\"},{\"@type\":\"ListItem\",\"position\":3,\"name\":\"Los trabajadores de Tenaris se fortalecen\"}]},{\"@type\":\"WebSite\",\"@id\":\"https:\/\/admin.industriall-union.org\/#website\",\"url\":\"https:\/\/admin.industriall-union.org\/\",\"name\":\"industriall-union\",\"description\":\"\",\"potentialAction\":[{\"@type\":\"SearchAction\",\"target\":{\"@type\":\"EntryPoint\",\"urlTemplate\":\"https:\/\/admin.industriall-union.org\/?s={search_term_string}\"},\"query-input\":{\"@type\":\"PropertyValueSpecification\",\"valueRequired\":true,\"valueName\":\"search_term_string\"}}],\"inLanguage\":\"es-ES\"}]}<\/script>\n<!-- \/ Yoast SEO Premium plugin. -->","yoast_head_json":{"title":"Los trabajadores de Tenaris se fortalecen - industriall-union","robots":{"index":"index","follow":"follow","max-snippet":"max-snippet:-1","max-image-preview":"max-image-preview:large","max-video-preview":"max-video-preview:-1"},"canonical":"https:\/\/admin.industriall-union.org\/es\/archive\/imf\/los-trabajadores-de-tenaris-se-fortalecen\/","og_locale":"es_ES","og_type":"article","og_title":"Los trabajadores de Tenaris se fortalecen","og_description":"ITALIA: El Comit\u00e9 Mundial de Trabajadores de Tenaris se reuni\u00f3 en Bergamo (Italia), del 28 al 30 de octubre. Participaron representantes sindicales de seis pa\u00edses, y reafirmaron el compromiso con su lucha por conseguir el reconocimiento del comit\u00e9 por la direcci\u00f3n de la compa\u00f1\u00eda. Durante la reuni\u00f3n, el comit\u00e9 tom\u00f3 la decisi\u00f3n de mostrar su [&hellip;]","og_url":"https:\/\/admin.industriall-union.org\/es\/archive\/imf\/los-trabajadores-de-tenaris-se-fortalecen\/","og_site_name":"industriall-union","article_modified_time":"2025-01-31T10:13:44+00:00","twitter_card":"summary_large_image","twitter_misc":{"Est. reading time":"2 minutes"},"schema":{"@context":"https:\/\/schema.org","@graph":[{"@type":"WebPage","@id":"https:\/\/admin.industriall-union.org\/es\/archive\/imf\/los-trabajadores-de-tenaris-se-fortalecen\/","url":"https:\/\/admin.industriall-union.org\/es\/archive\/imf\/los-trabajadores-de-tenaris-se-fortalecen\/","name":"Los trabajadores de Tenaris se fortalecen - industriall-union","isPartOf":{"@id":"https:\/\/admin.industriall-union.org\/#website"},"datePublished":"2009-11-03T08:01:00+00:00","dateModified":"2025-01-31T10:13:44+00:00","breadcrumb":{"@id":"https:\/\/admin.industriall-union.org\/es\/archive\/imf\/los-trabajadores-de-tenaris-se-fortalecen\/#breadcrumb"},"inLanguage":"es-ES","potentialAction":[{"@type":"ReadAction","target":["https:\/\/admin.industriall-union.org\/es\/archive\/imf\/los-trabajadores-de-tenaris-se-fortalecen\/"]}]},{"@type":"BreadcrumbList","@id":"https:\/\/admin.industriall-union.org\/es\/archive\/imf\/los-trabajadores-de-tenaris-se-fortalecen\/#breadcrumb","itemListElement":[{"@type":"ListItem","position":1,"name":"Home","item":"https:\/\/admin.industriall-union.org\/"},{"@type":"ListItem","position":2,"name":"Archive Imf","item":"https:\/\/admin.industriall-union.org\/es\/archive\/imf\/"},{"@type":"ListItem","position":3,"name":"Los trabajadores de Tenaris se fortalecen"}]},{"@type":"WebSite","@id":"https:\/\/admin.industriall-union.org\/#website","url":"https:\/\/admin.industriall-union.org\/","name":"industriall-union","description":"","potentialAction":[{"@type":"SearchAction","target":{"@type":"EntryPoint","urlTemplate":"https:\/\/admin.industriall-union.org\/?s={search_term_string}"},"query-input":{"@type":"PropertyValueSpecification","valueRequired":true,"valueName":"search_term_string"}}],"inLanguage":"es-ES"}]}},"_links":{"self":[{"href":"https:\/\/admin.industriall-union.org\/es\/wp-json\/wp\/v2\/archive_imf\/202295","targetHints":{"allow":["GET"]}}],"collection":[{"href":"https:\/\/admin.industriall-union.org\/es\/wp-json\/wp\/v2\/archive_imf"}],"about":[{"href":"https:\/\/admin.industriall-union.org\/es\/wp-json\/wp\/v2\/types\/archive_imf"}],"wp:attachment":[{"href":"https:\/\/admin.industriall-union.org\/es\/wp-json\/wp\/v2\/media?parent=202295"}],"curies":[{"name":"wp","href":"https:\/\/api.w.org\/{rel}","templated":true}]}}

ITALIA: El Comité Mundial de Trabajadores de Tenaris se reunió en Bergamo (Italia), del 28 al 30 de octubre. Participaron representantes sindicales de seis países, y reafirmaron el compromiso con su lucha por conseguir el reconocimiento del comité por la dirección de la compañía. Durante la reunión, el comité tomó la decisión de mostrar su solidaridad con los trabajadores de Tenaris en Italia, que afrontan planes de la dirección para suprimir 1.024 empleos y cierres de plantas.<br /><br />Con esto en mente, el comité tomó la decisión de entregar una carta a la dirección de Tenaris en la planta Dalmine. Sin embargo, la compañía no aceptó la carta del comité, lo que dio lugar a una manifestación in situ de los miembros del comité, que tuvo una amplia cobertura en los medios de información locales (la reunión y la manifestación se celebraron frente a la planta local).<br /><br />Además de la protesta, el comité celebró una discusión y aprobó un plan de acción para 2009-2010. El plan comenzará con un día de acción internacional en todas las plantas en la semana del 23 de noviembre de 2009. El plan de acción comprende también el envío de una delegación a Colombia para mostrar apoyo a SINTRATUCAR y garantizar la seguridad de sus dirigentes.<br /><br />Rob Johnston, Director Ejecutivo de la FITIM de Políticas Industriales y ETN, dijo al concluir la reunión: &#8220;No permitiremos que esta compañía siga burlándose de los trabajadores y de sus aspiraciones. Estamos decididos a firmar un Acuerdo Marco Internacional y a trabajar por mejorar la salud y la seguridad y las condiciones de trabajo en esta empresa. La alta dirección parece creer que si se esconden desapareceremos, pero cada que se reúne el comité se fortalece, lo mismo que nuestras demandas.&#8221;

<!-- This site is optimized with the Yoast SEO Premium plugin v27.1 (Yoast SEO v27.1) - https://yoast.com/product/yoast-seo-premium-wordpress/ -->
<title>Los trabajadores de Tenaris se fortalecen - industriall-union</title>
<meta name="robots" content="index, follow, max-snippet:-1, max-image-preview:large, max-video-preview:-1" />
<link rel="canonical" href="https://admin.industriall-union.org/es/archive/imf/los-trabajadores-de-tenaris-se-fortalecen/" />
<meta property="og:locale" content="es_ES" />
<meta property="og:type" content="article" />
<meta property="og:title" content="Los trabajadores de Tenaris se fortalecen" />
<meta property="og:description" content="ITALIA: El Comité Mundial de Trabajadores de Tenaris se reunió en Bergamo (Italia), del 28 al 30 de octubre. Participaron representantes sindicales de seis países, y reafirmaron el compromiso con su lucha por conseguir el reconocimiento del comité por la dirección de la compañía. Durante la reunión, el comité tomó la decisión de mostrar su [&hellip;]" />
<meta property="og:url" content="https://admin.industriall-union.org/es/archive/imf/los-trabajadores-de-tenaris-se-fortalecen/" />
<meta property="og:site_name" content="industriall-union" />
<meta property="article:modified_time" content="2025-01-31T10:13:44+00:00" />
<meta name="twitter:card" content="summary_large_image" />
<meta name="twitter:label1" content="Est. reading time" />
	<meta name="twitter:data1" content="2 minutes" />
<script type="application/ld+json" class="yoast-schema-graph">{"@context":"https://schema.org","@graph":[{"@type":"WebPage","@id":"https://admin.industriall-union.org/es/archive/imf/los-trabajadores-de-tenaris-se-fortalecen/","url":"https://admin.industriall-union.org/es/archive/imf/los-trabajadores-de-tenaris-se-fortalecen/","name":"Los trabajadores de Tenaris se fortalecen - industriall-union","isPartOf":{"@id":"https://admin.industriall-union.org/#website"},"datePublished":"2009-11-03T08:01:00+00:00","dateModified":"2025-01-31T10:13:44+00:00","breadcrumb":{"@id":"https://admin.industriall-union.org/es/archive/imf/los-trabajadores-de-tenaris-se-fortalecen/#breadcrumb"},"inLanguage":"es-ES","potentialAction":[{"@type":"ReadAction","target":["https://admin.industriall-union.org/es/archive/imf/los-trabajadores-de-tenaris-se-fortalecen/"]}]},{"@type":"BreadcrumbList","@id":"https://admin.industriall-union.org/es/archive/imf/los-trabajadores-de-tenaris-se-fortalecen/#breadcrumb","itemListElement":[{"@type":"ListItem","position":1,"name":"Home","item":"https://admin.industriall-union.org/"},{"@type":"ListItem","position":2,"name":"Archive Imf","item":"https://admin.industriall-union.org/es/archive/imf/"},{"@type":"ListItem","position":3,"name":"Los trabajadores de Tenaris se fortalecen"}]},{"@type":"WebSite","@id":"https://admin.industriall-union.org/#website","url":"https://admin.industriall-union.org/","name":"industriall-union","description":"","potentialAction":[{"@type":"SearchAction","target":{"@type":"EntryPoint","urlTemplate":"https://admin.industriall-union.org/?s={search_term_string}"},"query-input":{"@type":"PropertyValueSpecification","valueRequired":true,"valueName":"search_term_string"}}],"inLanguage":"es-ES"}]}</script>
<!-- / Yoast SEO Premium plugin. -->

ITALIA: El Comité Mundial de Trabajadores de Tenaris se reunió en Bergamo (Italia), del 28 al 30 de octubre. Participaron representantes sindicales de seis países, y reafirmaron el compromiso con su lucha por conseguir el reconocimiento del comité por la dirección de la compañía. Durante la reunión, el comité tomó la decisión de mostrar su [&hellip;]
