{"id":202292,"date":"2009-11-03T12:41:00","date_gmt":"2009-11-03T12:41:00","guid":{"rendered":"https:\/\/admin.industriall-union.org\/archive\/imf\/incorporacion-de-la-organizacion-de-trabajadores-no-manuales-en-la-fitim\/"},"modified":"2025-01-31T10:13:43","modified_gmt":"2025-01-31T10:13:43","slug":"incorporacion-de-la-organizacion-de-trabajadores-no-manuales-en-la-fitim","status":"publish","type":"archive_imf","link":"https:\/\/admin.industriall-union.org\/es\/archive\/imf\/incorporacion-de-la-organizacion-de-trabajadores-no-manuales-en-la-fitim\/","title":{"rendered":"Incorporaci\u00f3n de la organizaci\u00f3n de trabajadores no manuales en la FITIM"},"content":{"rendered":"ALEMANIA: Unos 50 representantes sindicales de afiliados a la FITIM en Australia, Europa, Jap\u00f3n, Am\u00e9rica del Norte y Singapur se reunieron en la sede de IG Metall los d\u00edas 29 y 30 de octubre de 2009 para discutir instrumentos y estrategias de negociaci\u00f3n para los trabajadores no manuales, con la crisis mundial como tel\u00f3n de fondo.<br \/><br \/> En una presentaci\u00f3n que dio la t\u00f3nica de la evoluci\u00f3n estructural en la industria metal\u00fargica, el profesor Volker Wittke, de la Universidad de G\u00f6ttingen, resalt\u00f3 el continuo desplazamiento del trabajo manual al no manual en la industria, debido a la automatizaci\u00f3n, la innovaci\u00f3n tecnol\u00f3gica, la demanda de nuevos productos y servicios y la globalizaci\u00f3n.<br \/><br \/> Todos estos cambios tienen grandes repercusiones en la composici\u00f3n de la fuerza de trabajo en sectores esenciales de la industria metal\u00fargica, en las calificaciones exigidas, en la organizaci\u00f3n del trabajo y en las condiciones laborales, y en particular un significativo aumento de la carga de trabajo y la intensificaci\u00f2n del trabajo. Si bien la crisis no es por s\u00ed sola raz\u00f3n suficiente para que los trabajadores no manuales se unan a un sindicato, el Dr. Heiner Dribbusch, de la Fundaci\u00f3n Hans-B\u00f6ckler, se\u00f1al\u00f3 que los sindicatos pueden aprovechar las ventajas que ofrecen las oportunidades para demostrar su relevancia, su eficiacia y los beneficios de la acci\u00f3n colectiva en estos momentos.<br \/><br \/>Helga Schwitzer, de la Junta Ejecutiva de IG Metall, anunci\u00f3 que este a\u00f1o se han unido a IG Metall 13.000 trabajadores no manuales, lo que representa un aumento del 2,4 por ciento respecto al a\u00f1o anterior, en tanto que el n\u00famero global de miembros ha disminuido un uno por ciento aproximadamente. Representantes de otros pa\u00edses informaron de evoluciones similares en sus organizaciones, y adujeron que esos trabajadores no se sienten ya inmunes a los planes de reestructuraci\u00f3n y reducci\u00f3n de costos, y se est\u00e1n movilizando cada vez m\u00e1s para defender sus derechos.<br \/><br \/>El seminario se estructur\u00f3 en torno a cuatro grupos de discusi\u00f3n: llegar a los j\u00f3venes, organizar a los trabajadores de la TIC y a los empleados por cuenta propia, organizar a ingenieros y profesionales, y crear solidaridad entre trabajadores manuales y no manuales. Las presentaciones sobre estrategias de organizaci\u00f3n en varios pa\u00edses dieron lugar a animados debates y a un profundo intercambio de opiniones y experiencias sobre los problemas y los desaf\u00edos que afrontan los afiliados en la organizaci\u00f3n de los trabajadores no manuales.<br \/><br \/>Los principales puntos de los debates, resumidos por el secretario general de la FITIM, Jyrki Raina, ofrecieron algunas ideas sobre la futura labor:Incorporaci\u00f3n de las cuestiones de los trabajadores no manuales en todas las actividades y proyectos de potenciaci\u00f3n sindical de la FITIM<ul><li>Actualizaci\u00f3n y consolidaci\u00f3n del contenido de la secci\u00f3n sobre trabajadores no manuales en el sitio web de la FITIM<\/li><li>Establecimiento de redes y promoci\u00f3n del intercambio de informaci\u00f3n, de materiales e ideas<\/li><li>Comunicaciones y visibilidad: art\u00edculos en el sitio web de la FITIM, NewsBriefs de la FITIM y Metal World<\/li><li>Derechos sindicales: acci\u00f3n sobre pa\u00edses con restricciones legales a la organizaci\u00f3n de los trabajadores no manuales<\/li><\/ul><p>Entre los principales temas destacados en la reuni\u00f3n para el intercambio continuo figuran los siguientes:<\/p><ul><li>M\u00e9todos y casos de organizaci\u00f3n innovadores<\/li><li>Derechos sindicales<\/li><li>Cuestiones de negociaci\u00f3n colectiva<\/li><li>Comunicaciones y servicios<\/li><li>Igualdad de derechos<\/li><li>Trabajadores j\u00f3venes<\/li><\/ul><p>\u00a0Las presentaciones hechas en la reuni\u00f3n se publicar\u00e1n en el sitio web de la FITIM.<\/p>","protected":false},"featured_media":0,"template":"","class_list":["post-202292","archive_imf","type-archive_imf","status-publish","hentry"],"acf":[],"yoast_head":"<!-- This site is optimized with the Yoast SEO Premium plugin v27.1 (Yoast SEO v27.1) - https:\/\/yoast.com\/product\/yoast-seo-premium-wordpress\/ -->\n<title>Incorporaci\u00f3n de la organizaci\u00f3n de trabajadores no manuales en la FITIM - industriall-union<\/title>\n<meta name=\"robots\" content=\"index, follow, max-snippet:-1, max-image-preview:large, max-video-preview:-1\" \/>\n<link rel=\"canonical\" href=\"https:\/\/admin.industriall-union.org\/es\/archive\/imf\/incorporacion-de-la-organizacion-de-trabajadores-no-manuales-en-la-fitim\/\" \/>\n<meta property=\"og:locale\" content=\"es_ES\" \/>\n<meta property=\"og:type\" content=\"article\" \/>\n<meta property=\"og:title\" content=\"Incorporaci\u00f3n de la organizaci\u00f3n de trabajadores no manuales en la FITIM\" \/>\n<meta property=\"og:description\" content=\"ALEMANIA: Unos 50 representantes sindicales de afiliados a la FITIM en Australia, Europa, Jap\u00f3n, Am\u00e9rica del Norte y Singapur se reunieron en la sede de IG Metall los d\u00edas 29 y 30 de octubre de 2009 para discutir instrumentos y estrategias de negociaci\u00f3n para los trabajadores no manuales, con la crisis mundial como tel\u00f3n de [&hellip;]\" \/>\n<meta property=\"og:url\" content=\"https:\/\/admin.industriall-union.org\/es\/archive\/imf\/incorporacion-de-la-organizacion-de-trabajadores-no-manuales-en-la-fitim\/\" \/>\n<meta property=\"og:site_name\" content=\"industriall-union\" \/>\n<meta property=\"article:modified_time\" content=\"2025-01-31T10:13:43+00:00\" \/>\n<meta name=\"twitter:card\" content=\"summary_large_image\" \/>\n<meta name=\"twitter:label1\" content=\"Est. reading time\" \/>\n\t<meta name=\"twitter:data1\" content=\"3 minutes\" \/>\n<script type=\"application\/ld+json\" class=\"yoast-schema-graph\">{\"@context\":\"https:\/\/schema.org\",\"@graph\":[{\"@type\":\"WebPage\",\"@id\":\"https:\/\/admin.industriall-union.org\/es\/archive\/imf\/incorporacion-de-la-organizacion-de-trabajadores-no-manuales-en-la-fitim\/\",\"url\":\"https:\/\/admin.industriall-union.org\/es\/archive\/imf\/incorporacion-de-la-organizacion-de-trabajadores-no-manuales-en-la-fitim\/\",\"name\":\"Incorporaci\u00f3n de la organizaci\u00f3n de trabajadores no manuales en la FITIM - industriall-union\",\"isPartOf\":{\"@id\":\"https:\/\/admin.industriall-union.org\/#website\"},\"datePublished\":\"2009-11-03T12:41:00+00:00\",\"dateModified\":\"2025-01-31T10:13:43+00:00\",\"breadcrumb\":{\"@id\":\"https:\/\/admin.industriall-union.org\/es\/archive\/imf\/incorporacion-de-la-organizacion-de-trabajadores-no-manuales-en-la-fitim\/#breadcrumb\"},\"inLanguage\":\"es-ES\",\"potentialAction\":[{\"@type\":\"ReadAction\",\"target\":[\"https:\/\/admin.industriall-union.org\/es\/archive\/imf\/incorporacion-de-la-organizacion-de-trabajadores-no-manuales-en-la-fitim\/\"]}]},{\"@type\":\"BreadcrumbList\",\"@id\":\"https:\/\/admin.industriall-union.org\/es\/archive\/imf\/incorporacion-de-la-organizacion-de-trabajadores-no-manuales-en-la-fitim\/#breadcrumb\",\"itemListElement\":[{\"@type\":\"ListItem\",\"position\":1,\"name\":\"Home\",\"item\":\"https:\/\/admin.industriall-union.org\/\"},{\"@type\":\"ListItem\",\"position\":2,\"name\":\"Archive Imf\",\"item\":\"https:\/\/admin.industriall-union.org\/es\/archive\/imf\/\"},{\"@type\":\"ListItem\",\"position\":3,\"name\":\"Incorporaci\u00f3n de la organizaci\u00f3n de trabajadores no manuales en la FITIM\"}]},{\"@type\":\"WebSite\",\"@id\":\"https:\/\/admin.industriall-union.org\/#website\",\"url\":\"https:\/\/admin.industriall-union.org\/\",\"name\":\"industriall-union\",\"description\":\"\",\"potentialAction\":[{\"@type\":\"SearchAction\",\"target\":{\"@type\":\"EntryPoint\",\"urlTemplate\":\"https:\/\/admin.industriall-union.org\/?s={search_term_string}\"},\"query-input\":{\"@type\":\"PropertyValueSpecification\",\"valueRequired\":true,\"valueName\":\"search_term_string\"}}],\"inLanguage\":\"es-ES\"}]}<\/script>\n<!-- \/ Yoast SEO Premium plugin. -->","yoast_head_json":{"title":"Incorporaci\u00f3n de la organizaci\u00f3n de trabajadores no manuales en la FITIM - industriall-union","robots":{"index":"index","follow":"follow","max-snippet":"max-snippet:-1","max-image-preview":"max-image-preview:large","max-video-preview":"max-video-preview:-1"},"canonical":"https:\/\/admin.industriall-union.org\/es\/archive\/imf\/incorporacion-de-la-organizacion-de-trabajadores-no-manuales-en-la-fitim\/","og_locale":"es_ES","og_type":"article","og_title":"Incorporaci\u00f3n de la organizaci\u00f3n de trabajadores no manuales en la FITIM","og_description":"ALEMANIA: Unos 50 representantes sindicales de afiliados a la FITIM en Australia, Europa, Jap\u00f3n, Am\u00e9rica del Norte y Singapur se reunieron en la sede de IG Metall los d\u00edas 29 y 30 de octubre de 2009 para discutir instrumentos y estrategias de negociaci\u00f3n para los trabajadores no manuales, con la crisis mundial como tel\u00f3n de [&hellip;]","og_url":"https:\/\/admin.industriall-union.org\/es\/archive\/imf\/incorporacion-de-la-organizacion-de-trabajadores-no-manuales-en-la-fitim\/","og_site_name":"industriall-union","article_modified_time":"2025-01-31T10:13:43+00:00","twitter_card":"summary_large_image","twitter_misc":{"Est. reading time":"3 minutes"},"schema":{"@context":"https:\/\/schema.org","@graph":[{"@type":"WebPage","@id":"https:\/\/admin.industriall-union.org\/es\/archive\/imf\/incorporacion-de-la-organizacion-de-trabajadores-no-manuales-en-la-fitim\/","url":"https:\/\/admin.industriall-union.org\/es\/archive\/imf\/incorporacion-de-la-organizacion-de-trabajadores-no-manuales-en-la-fitim\/","name":"Incorporaci\u00f3n de la organizaci\u00f3n de trabajadores no manuales en la FITIM - industriall-union","isPartOf":{"@id":"https:\/\/admin.industriall-union.org\/#website"},"datePublished":"2009-11-03T12:41:00+00:00","dateModified":"2025-01-31T10:13:43+00:00","breadcrumb":{"@id":"https:\/\/admin.industriall-union.org\/es\/archive\/imf\/incorporacion-de-la-organizacion-de-trabajadores-no-manuales-en-la-fitim\/#breadcrumb"},"inLanguage":"es-ES","potentialAction":[{"@type":"ReadAction","target":["https:\/\/admin.industriall-union.org\/es\/archive\/imf\/incorporacion-de-la-organizacion-de-trabajadores-no-manuales-en-la-fitim\/"]}]},{"@type":"BreadcrumbList","@id":"https:\/\/admin.industriall-union.org\/es\/archive\/imf\/incorporacion-de-la-organizacion-de-trabajadores-no-manuales-en-la-fitim\/#breadcrumb","itemListElement":[{"@type":"ListItem","position":1,"name":"Home","item":"https:\/\/admin.industriall-union.org\/"},{"@type":"ListItem","position":2,"name":"Archive Imf","item":"https:\/\/admin.industriall-union.org\/es\/archive\/imf\/"},{"@type":"ListItem","position":3,"name":"Incorporaci\u00f3n de la organizaci\u00f3n de trabajadores no manuales en la FITIM"}]},{"@type":"WebSite","@id":"https:\/\/admin.industriall-union.org\/#website","url":"https:\/\/admin.industriall-union.org\/","name":"industriall-union","description":"","potentialAction":[{"@type":"SearchAction","target":{"@type":"EntryPoint","urlTemplate":"https:\/\/admin.industriall-union.org\/?s={search_term_string}"},"query-input":{"@type":"PropertyValueSpecification","valueRequired":true,"valueName":"search_term_string"}}],"inLanguage":"es-ES"}]}},"_links":{"self":[{"href":"https:\/\/admin.industriall-union.org\/es\/wp-json\/wp\/v2\/archive_imf\/202292","targetHints":{"allow":["GET"]}}],"collection":[{"href":"https:\/\/admin.industriall-union.org\/es\/wp-json\/wp\/v2\/archive_imf"}],"about":[{"href":"https:\/\/admin.industriall-union.org\/es\/wp-json\/wp\/v2\/types\/archive_imf"}],"wp:attachment":[{"href":"https:\/\/admin.industriall-union.org\/es\/wp-json\/wp\/v2\/media?parent=202292"}],"curies":[{"name":"wp","href":"https:\/\/api.w.org\/{rel}","templated":true}]}}

Incorporación de la organización de trabajadores no manuales en la FITIM

ALEMANIA: Unos 50 representantes sindicales de afiliados a la FITIM en Australia, Europa, Japón, América del Norte y Singapur se reunieron en la sede de IG Metall los días 29 y 30 de octubre de 2009 para discutir instrumentos y estrategias de negociación para los trabajadores no manuales, con la crisis mundial como telón de fondo.<br /><br /> En una presentación que dio la tónica de la evolución estructural en la industria metalúrgica, el profesor Volker Wittke, de la Universidad de Göttingen, resaltó el continuo desplazamiento del trabajo manual al no manual en la industria, debido a la automatización, la innovación tecnológica, la demanda de nuevos productos y servicios y la globalización.<br /><br /> Todos estos cambios tienen grandes repercusiones en la composición de la fuerza de trabajo en sectores esenciales de la industria metalúrgica, en las calificaciones exigidas, en la organización del trabajo y en las condiciones laborales, y en particular un significativo aumento de la carga de trabajo y la intensificaciòn del trabajo. Si bien la crisis no es por sí sola razón suficiente para que los trabajadores no manuales se unan a un sindicato, el Dr. Heiner Dribbusch, de la Fundación Hans-Böckler, señaló que los sindicatos pueden aprovechar las ventajas que ofrecen las oportunidades para demostrar su relevancia, su eficiacia y los beneficios de la acción colectiva en estos momentos.<br /><br />Helga Schwitzer, de la Junta Ejecutiva de IG Metall, anunció que este año se han unido a IG Metall 13.000 trabajadores no manuales, lo que representa un aumento del 2,4 por ciento respecto al año anterior, en tanto que el número global de miembros ha disminuido un uno por ciento aproximadamente. Representantes de otros países informaron de evoluciones similares en sus organizaciones, y adujeron que esos trabajadores no se sienten ya inmunes a los planes de reestructuración y reducción de costos, y se están movilizando cada vez más para defender sus derechos.<br /><br />El seminario se estructuró en torno a cuatro grupos de discusión: llegar a los jóvenes, organizar a los trabajadores de la TIC y a los empleados por cuenta propia, organizar a ingenieros y profesionales, y crear solidaridad entre trabajadores manuales y no manuales. Las presentaciones sobre estrategias de organización en varios países dieron lugar a animados debates y a un profundo intercambio de opiniones y experiencias sobre los problemas y los desafíos que afrontan los afiliados en la organización de los trabajadores no manuales.<br /><br />Los principales puntos de los debates, resumidos por el secretario general de la FITIM, Jyrki Raina, ofrecieron algunas ideas sobre la futura labor:Incorporación de las cuestiones de los trabajadores no manuales en todas las actividades y proyectos de potenciación sindical de la FITIM<ul><li>Actualización y consolidación del contenido de la sección sobre trabajadores no manuales en el sitio web de la FITIM</li><li>Establecimiento de redes y promoción del intercambio de información, de materiales e ideas</li><li>Comunicaciones y visibilidad: artículos en el sitio web de la FITIM, NewsBriefs de la FITIM y Metal World</li><li>Derechos sindicales: acción sobre países con restricciones legales a la organización de los trabajadores no manuales</li></ul><p>Entre los principales temas destacados en la reunión para el intercambio continuo figuran los siguientes:</p><ul><li>Métodos y casos de organización innovadores</li><li>Derechos sindicales</li><li>Cuestiones de negociación colectiva</li><li>Comunicaciones y servicios</li><li>Igualdad de derechos</li><li>Trabajadores jóvenes</li></ul><p> Las presentaciones hechas en la reunión se publicarán en el sitio web de la FITIM.</p>

<!-- This site is optimized with the Yoast SEO Premium plugin v27.1 (Yoast SEO v27.1) - https://yoast.com/product/yoast-seo-premium-wordpress/ -->
<title>Incorporación de la organización de trabajadores no manuales en la FITIM - industriall-union</title>
<meta name="robots" content="index, follow, max-snippet:-1, max-image-preview:large, max-video-preview:-1" />
<link rel="canonical" href="https://admin.industriall-union.org/es/archive/imf/incorporacion-de-la-organizacion-de-trabajadores-no-manuales-en-la-fitim/" />
<meta property="og:locale" content="es_ES" />
<meta property="og:type" content="article" />
<meta property="og:title" content="Incorporación de la organización de trabajadores no manuales en la FITIM" />
<meta property="og:description" content="ALEMANIA: Unos 50 representantes sindicales de afiliados a la FITIM en Australia, Europa, Japón, América del Norte y Singapur se reunieron en la sede de IG Metall los días 29 y 30 de octubre de 2009 para discutir instrumentos y estrategias de negociación para los trabajadores no manuales, con la crisis mundial como telón de [&hellip;]" />
<meta property="og:url" content="https://admin.industriall-union.org/es/archive/imf/incorporacion-de-la-organizacion-de-trabajadores-no-manuales-en-la-fitim/" />
<meta property="og:site_name" content="industriall-union" />
<meta property="article:modified_time" content="2025-01-31T10:13:43+00:00" />
<meta name="twitter:card" content="summary_large_image" />
<meta name="twitter:label1" content="Est. reading time" />
	<meta name="twitter:data1" content="3 minutes" />
<script type="application/ld+json" class="yoast-schema-graph">{"@context":"https://schema.org","@graph":[{"@type":"WebPage","@id":"https://admin.industriall-union.org/es/archive/imf/incorporacion-de-la-organizacion-de-trabajadores-no-manuales-en-la-fitim/","url":"https://admin.industriall-union.org/es/archive/imf/incorporacion-de-la-organizacion-de-trabajadores-no-manuales-en-la-fitim/","name":"Incorporación de la organización de trabajadores no manuales en la FITIM - industriall-union","isPartOf":{"@id":"https://admin.industriall-union.org/#website"},"datePublished":"2009-11-03T12:41:00+00:00","dateModified":"2025-01-31T10:13:43+00:00","breadcrumb":{"@id":"https://admin.industriall-union.org/es/archive/imf/incorporacion-de-la-organizacion-de-trabajadores-no-manuales-en-la-fitim/#breadcrumb"},"inLanguage":"es-ES","potentialAction":[{"@type":"ReadAction","target":["https://admin.industriall-union.org/es/archive/imf/incorporacion-de-la-organizacion-de-trabajadores-no-manuales-en-la-fitim/"]}]},{"@type":"BreadcrumbList","@id":"https://admin.industriall-union.org/es/archive/imf/incorporacion-de-la-organizacion-de-trabajadores-no-manuales-en-la-fitim/#breadcrumb","itemListElement":[{"@type":"ListItem","position":1,"name":"Home","item":"https://admin.industriall-union.org/"},{"@type":"ListItem","position":2,"name":"Archive Imf","item":"https://admin.industriall-union.org/es/archive/imf/"},{"@type":"ListItem","position":3,"name":"Incorporación de la organización de trabajadores no manuales en la FITIM"}]},{"@type":"WebSite","@id":"https://admin.industriall-union.org/#website","url":"https://admin.industriall-union.org/","name":"industriall-union","description":"","potentialAction":[{"@type":"SearchAction","target":{"@type":"EntryPoint","urlTemplate":"https://admin.industriall-union.org/?s={search_term_string}"},"query-input":{"@type":"PropertyValueSpecification","valueRequired":true,"valueName":"search_term_string"}}],"inLanguage":"es-ES"}]}</script>
<!-- / Yoast SEO Premium plugin. -->

Incorporación de la organización de trabajadores no manuales en la FITIM - industriall-union

ALEMANIA: Unos 50 representantes sindicales de afiliados a la FITIM en Australia, Europa, Japón, América del Norte y Singapur se reunieron en la sede de IG Metall los días 29 y 30 de octubre de 2009 para discutir instrumentos y estrategias de negociación para los trabajadores no manuales, con la crisis mundial como telón de [&hellip;]
