{"id":202289,"date":"2009-11-03T15:17:00","date_gmt":"2009-11-03T15:17:00","guid":{"rendered":"https:\/\/admin.industriall-union.org\/archive\/imf\/fotografia-laboral-del-ano\/"},"modified":"2025-01-31T10:13:42","modified_gmt":"2025-01-31T10:13:42","slug":"fotografia-laboral-del-ano","status":"publish","type":"archive_imf","link":"https:\/\/admin.industriall-union.org\/es\/archive\/imf\/fotografia-laboral-del-ano\/","title":{"rendered":"Fotograf\u00eda laboral del a\u00f1o"},"content":{"rendered":"MUNDO: Un ni\u00f1o bangladesh\u00ed, trabajando en una factor\u00eda de construcci\u00f3n naval de Dhaka, Bangladesh, es el tema de la Fotograf\u00eda laboral del a\u00f1o, anunciada el 2 de noviembre de 2009.<br \/><br \/>La fotograf\u00eda muestra la cara de miseria de un muchacho cerca de un horno en la factor\u00eca de construcci\u00f3n naval, y puede verse aqu\u00ed: <br \/><a href=\"http:\/\/www.flickr.com\/photos\/kmasad\/3951175816\/\"><br \/>http:\/\/www.flickr.com\/photos\/kmasad\/3951175816\/<\/a><br \/><br \/>La fotograf\u00eda, tomada por K M Asad, refleja la suerte de muchos chicos empleados por las factor\u00edas de construcci\u00f3n naval y desguace como aprendices, sin remuneraci\u00f3n los primeros a\u00f1os. &#8220;Trabajan en condiciones extremas, sin dispositivos de seguridad como guantes, gafas y otro equipo de protecci\u00f3n. A cambio, aprenden el oficio. Pero esto les cuesta p\u00e9rdida de salud y educaci\u00f3n&#8221;, escribe Asad.<br \/><br \/> El p\u00e9simo estado de la industria de desguace de buques en Bangladesh es el tema de una campa\u00f1a mundial apoyada por la FITIM, en la que se pide a los l\u00edderes mundiales que hagan m\u00e1s para proteger a esos trabajadores, como se informa aqu\u00ed, en el sitio web de la FITIM.<br \/><br \/> En el concurso de la Fotograf\u00eda laboral de este a\u00f1o se presentaron casi el doble de fotos que en el del a\u00f1o pasado (189 frente a 118) y se emitieron 3.203 votos para elegir al ganador de una lista restringida de cinco fotograf\u00edas.<br \/><br \/>El concurso La fotograf\u00eda laboral del a\u00f1o lo organiza LabourStart, <a href=\"http:\/\/www.labourstart.org\/es\/\">http:\/\/www.labourstart.org\/<\/a> &#8211; un servicio de noticias en l\u00ednea mantenido por una red mundial de voluntarios con el fin de servir al movimienro sindical internacional recopilando y difundiendo informaci\u00f3n y ayudando a los sindicatos en sus campa\u00f1as.<br \/><br \/>Eric Lee, el fundador de LabourStart, es uno de los oradores que participar\u00e1n en el Foro de Comunicadores FITIM\/FEM en Francfort, los d\u00edas 17 y 18 de noviembre. Hablar\u00e1 en un grupo de discusi\u00f3n sobre aplicaciones de los nuevos medios de informaci\u00f3n.<br \/><br \/> Los participantes tambi\u00e9n tratar\u00e1n en el Foro de las comunicaciones sindicales en el contexto de la organizaci\u00f3n, el cambio clim\u00e1tico y las campa\u00f1as sindicales. En el sitio web de la FITIM se publica el programa provisional.","protected":false},"featured_media":0,"template":"","class_list":["post-202289","archive_imf","type-archive_imf","status-publish","hentry"],"acf":[],"yoast_head":"<!-- This site is optimized with the Yoast SEO Premium plugin v27.1 (Yoast SEO v27.1) - https:\/\/yoast.com\/product\/yoast-seo-premium-wordpress\/ -->\n<title>Fotograf\u00eda laboral del a\u00f1o - industriall-union<\/title>\n<meta name=\"robots\" content=\"index, follow, max-snippet:-1, max-image-preview:large, max-video-preview:-1\" \/>\n<link rel=\"canonical\" href=\"https:\/\/admin.industriall-union.org\/es\/archive\/imf\/fotografia-laboral-del-ano\/\" \/>\n<meta property=\"og:locale\" content=\"es_ES\" \/>\n<meta property=\"og:type\" content=\"article\" \/>\n<meta property=\"og:title\" content=\"Fotograf\u00eda laboral del a\u00f1o\" \/>\n<meta property=\"og:description\" content=\"MUNDO: Un ni\u00f1o bangladesh\u00ed, trabajando en una factor\u00eda de construcci\u00f3n naval de Dhaka, Bangladesh, es el tema de la Fotograf\u00eda laboral del a\u00f1o, anunciada el 2 de noviembre de 2009. La fotograf\u00eda muestra la cara de miseria de un muchacho cerca de un horno en la factor\u00eca de construcci\u00f3n naval, y puede verse aqu\u00ed: http:\/\/www.flickr.com\/photos\/kmasad\/3951175816\/ [&hellip;]\" \/>\n<meta property=\"og:url\" content=\"https:\/\/admin.industriall-union.org\/es\/archive\/imf\/fotografia-laboral-del-ano\/\" \/>\n<meta property=\"og:site_name\" content=\"industriall-union\" \/>\n<meta property=\"article:modified_time\" content=\"2025-01-31T10:13:42+00:00\" \/>\n<meta name=\"twitter:card\" content=\"summary_large_image\" \/>\n<meta name=\"twitter:label1\" content=\"Est. reading time\" \/>\n\t<meta name=\"twitter:data1\" content=\"2 minutes\" \/>\n<script type=\"application\/ld+json\" class=\"yoast-schema-graph\">{\"@context\":\"https:\/\/schema.org\",\"@graph\":[{\"@type\":\"WebPage\",\"@id\":\"https:\/\/admin.industriall-union.org\/es\/archive\/imf\/fotografia-laboral-del-ano\/\",\"url\":\"https:\/\/admin.industriall-union.org\/es\/archive\/imf\/fotografia-laboral-del-ano\/\",\"name\":\"Fotograf\u00eda laboral del a\u00f1o - industriall-union\",\"isPartOf\":{\"@id\":\"https:\/\/admin.industriall-union.org\/#website\"},\"datePublished\":\"2009-11-03T15:17:00+00:00\",\"dateModified\":\"2025-01-31T10:13:42+00:00\",\"breadcrumb\":{\"@id\":\"https:\/\/admin.industriall-union.org\/es\/archive\/imf\/fotografia-laboral-del-ano\/#breadcrumb\"},\"inLanguage\":\"es-ES\",\"potentialAction\":[{\"@type\":\"ReadAction\",\"target\":[\"https:\/\/admin.industriall-union.org\/es\/archive\/imf\/fotografia-laboral-del-ano\/\"]}]},{\"@type\":\"BreadcrumbList\",\"@id\":\"https:\/\/admin.industriall-union.org\/es\/archive\/imf\/fotografia-laboral-del-ano\/#breadcrumb\",\"itemListElement\":[{\"@type\":\"ListItem\",\"position\":1,\"name\":\"Home\",\"item\":\"https:\/\/admin.industriall-union.org\/\"},{\"@type\":\"ListItem\",\"position\":2,\"name\":\"Archive Imf\",\"item\":\"https:\/\/admin.industriall-union.org\/es\/archive\/imf\/\"},{\"@type\":\"ListItem\",\"position\":3,\"name\":\"Fotograf\u00eda laboral del a\u00f1o\"}]},{\"@type\":\"WebSite\",\"@id\":\"https:\/\/admin.industriall-union.org\/#website\",\"url\":\"https:\/\/admin.industriall-union.org\/\",\"name\":\"industriall-union\",\"description\":\"\",\"potentialAction\":[{\"@type\":\"SearchAction\",\"target\":{\"@type\":\"EntryPoint\",\"urlTemplate\":\"https:\/\/admin.industriall-union.org\/?s={search_term_string}\"},\"query-input\":{\"@type\":\"PropertyValueSpecification\",\"valueRequired\":true,\"valueName\":\"search_term_string\"}}],\"inLanguage\":\"es-ES\"}]}<\/script>\n<!-- \/ Yoast SEO Premium plugin. -->","yoast_head_json":{"title":"Fotograf\u00eda laboral del a\u00f1o - industriall-union","robots":{"index":"index","follow":"follow","max-snippet":"max-snippet:-1","max-image-preview":"max-image-preview:large","max-video-preview":"max-video-preview:-1"},"canonical":"https:\/\/admin.industriall-union.org\/es\/archive\/imf\/fotografia-laboral-del-ano\/","og_locale":"es_ES","og_type":"article","og_title":"Fotograf\u00eda laboral del a\u00f1o","og_description":"MUNDO: Un ni\u00f1o bangladesh\u00ed, trabajando en una factor\u00eda de construcci\u00f3n naval de Dhaka, Bangladesh, es el tema de la Fotograf\u00eda laboral del a\u00f1o, anunciada el 2 de noviembre de 2009. La fotograf\u00eda muestra la cara de miseria de un muchacho cerca de un horno en la factor\u00eca de construcci\u00f3n naval, y puede verse aqu\u00ed: http:\/\/www.flickr.com\/photos\/kmasad\/3951175816\/ [&hellip;]","og_url":"https:\/\/admin.industriall-union.org\/es\/archive\/imf\/fotografia-laboral-del-ano\/","og_site_name":"industriall-union","article_modified_time":"2025-01-31T10:13:42+00:00","twitter_card":"summary_large_image","twitter_misc":{"Est. reading time":"2 minutes"},"schema":{"@context":"https:\/\/schema.org","@graph":[{"@type":"WebPage","@id":"https:\/\/admin.industriall-union.org\/es\/archive\/imf\/fotografia-laboral-del-ano\/","url":"https:\/\/admin.industriall-union.org\/es\/archive\/imf\/fotografia-laboral-del-ano\/","name":"Fotograf\u00eda laboral del a\u00f1o - industriall-union","isPartOf":{"@id":"https:\/\/admin.industriall-union.org\/#website"},"datePublished":"2009-11-03T15:17:00+00:00","dateModified":"2025-01-31T10:13:42+00:00","breadcrumb":{"@id":"https:\/\/admin.industriall-union.org\/es\/archive\/imf\/fotografia-laboral-del-ano\/#breadcrumb"},"inLanguage":"es-ES","potentialAction":[{"@type":"ReadAction","target":["https:\/\/admin.industriall-union.org\/es\/archive\/imf\/fotografia-laboral-del-ano\/"]}]},{"@type":"BreadcrumbList","@id":"https:\/\/admin.industriall-union.org\/es\/archive\/imf\/fotografia-laboral-del-ano\/#breadcrumb","itemListElement":[{"@type":"ListItem","position":1,"name":"Home","item":"https:\/\/admin.industriall-union.org\/"},{"@type":"ListItem","position":2,"name":"Archive Imf","item":"https:\/\/admin.industriall-union.org\/es\/archive\/imf\/"},{"@type":"ListItem","position":3,"name":"Fotograf\u00eda laboral del a\u00f1o"}]},{"@type":"WebSite","@id":"https:\/\/admin.industriall-union.org\/#website","url":"https:\/\/admin.industriall-union.org\/","name":"industriall-union","description":"","potentialAction":[{"@type":"SearchAction","target":{"@type":"EntryPoint","urlTemplate":"https:\/\/admin.industriall-union.org\/?s={search_term_string}"},"query-input":{"@type":"PropertyValueSpecification","valueRequired":true,"valueName":"search_term_string"}}],"inLanguage":"es-ES"}]}},"_links":{"self":[{"href":"https:\/\/admin.industriall-union.org\/es\/wp-json\/wp\/v2\/archive_imf\/202289","targetHints":{"allow":["GET"]}}],"collection":[{"href":"https:\/\/admin.industriall-union.org\/es\/wp-json\/wp\/v2\/archive_imf"}],"about":[{"href":"https:\/\/admin.industriall-union.org\/es\/wp-json\/wp\/v2\/types\/archive_imf"}],"wp:attachment":[{"href":"https:\/\/admin.industriall-union.org\/es\/wp-json\/wp\/v2\/media?parent=202289"}],"curies":[{"name":"wp","href":"https:\/\/api.w.org\/{rel}","templated":true}]}}

Fotografía laboral del año

MUNDO: Un niño bangladeshí, trabajando en una factoría de construcción naval de Dhaka, Bangladesh, es el tema de la Fotografía laboral del año, anunciada el 2 de noviembre de 2009.<br /><br />La fotografía muestra la cara de miseria de un muchacho cerca de un horno en la factorìa de construcción naval, y puede verse aquí: <br /><a href="http://www.flickr.com/photos/kmasad/3951175816/"><br />http://www.flickr.com/photos/kmasad/3951175816/</a><br /><br />La fotografía, tomada por K M Asad, refleja la suerte de muchos chicos empleados por las factorías de construcción naval y desguace como aprendices, sin remuneración los primeros años. &#8220;Trabajan en condiciones extremas, sin dispositivos de seguridad como guantes, gafas y otro equipo de protección. A cambio, aprenden el oficio. Pero esto les cuesta pérdida de salud y educación&#8221;, escribe Asad.<br /><br /> El pésimo estado de la industria de desguace de buques en Bangladesh es el tema de una campaña mundial apoyada por la FITIM, en la que se pide a los líderes mundiales que hagan más para proteger a esos trabajadores, como se informa aquí, en el sitio web de la FITIM.<br /><br /> En el concurso de la Fotografía laboral de este año se presentaron casi el doble de fotos que en el del año pasado (189 frente a 118) y se emitieron 3.203 votos para elegir al ganador de una lista restringida de cinco fotografías.<br /><br />El concurso La fotografía laboral del año lo organiza LabourStart, <a href="http://www.labourstart.org/es/">http://www.labourstart.org/</a> &#8211; un servicio de noticias en línea mantenido por una red mundial de voluntarios con el fin de servir al movimienro sindical internacional recopilando y difundiendo información y ayudando a los sindicatos en sus campañas.<br /><br />Eric Lee, el fundador de LabourStart, es uno de los oradores que participarán en el Foro de Comunicadores FITIM/FEM en Francfort, los días 17 y 18 de noviembre. Hablará en un grupo de discusión sobre aplicaciones de los nuevos medios de información.<br /><br /> Los participantes también tratarán en el Foro de las comunicaciones sindicales en el contexto de la organización, el cambio climático y las campañas sindicales. En el sitio web de la FITIM se publica el programa provisional.

<!-- This site is optimized with the Yoast SEO Premium plugin v27.1 (Yoast SEO v27.1) - https://yoast.com/product/yoast-seo-premium-wordpress/ -->
<title>Fotografía laboral del año - industriall-union</title>
<meta name="robots" content="index, follow, max-snippet:-1, max-image-preview:large, max-video-preview:-1" />
<link rel="canonical" href="https://admin.industriall-union.org/es/archive/imf/fotografia-laboral-del-ano/" />
<meta property="og:locale" content="es_ES" />
<meta property="og:type" content="article" />
<meta property="og:title" content="Fotografía laboral del año" />
<meta property="og:description" content="MUNDO: Un niño bangladeshí, trabajando en una factoría de construcción naval de Dhaka, Bangladesh, es el tema de la Fotografía laboral del año, anunciada el 2 de noviembre de 2009. La fotografía muestra la cara de miseria de un muchacho cerca de un horno en la factorìa de construcción naval, y puede verse aquí: http://www.flickr.com/photos/kmasad/3951175816/ [&hellip;]" />
<meta property="og:url" content="https://admin.industriall-union.org/es/archive/imf/fotografia-laboral-del-ano/" />
<meta property="og:site_name" content="industriall-union" />
<meta property="article:modified_time" content="2025-01-31T10:13:42+00:00" />
<meta name="twitter:card" content="summary_large_image" />
<meta name="twitter:label1" content="Est. reading time" />
	<meta name="twitter:data1" content="2 minutes" />
<script type="application/ld+json" class="yoast-schema-graph">{"@context":"https://schema.org","@graph":[{"@type":"WebPage","@id":"https://admin.industriall-union.org/es/archive/imf/fotografia-laboral-del-ano/","url":"https://admin.industriall-union.org/es/archive/imf/fotografia-laboral-del-ano/","name":"Fotografía laboral del año - industriall-union","isPartOf":{"@id":"https://admin.industriall-union.org/#website"},"datePublished":"2009-11-03T15:17:00+00:00","dateModified":"2025-01-31T10:13:42+00:00","breadcrumb":{"@id":"https://admin.industriall-union.org/es/archive/imf/fotografia-laboral-del-ano/#breadcrumb"},"inLanguage":"es-ES","potentialAction":[{"@type":"ReadAction","target":["https://admin.industriall-union.org/es/archive/imf/fotografia-laboral-del-ano/"]}]},{"@type":"BreadcrumbList","@id":"https://admin.industriall-union.org/es/archive/imf/fotografia-laboral-del-ano/#breadcrumb","itemListElement":[{"@type":"ListItem","position":1,"name":"Home","item":"https://admin.industriall-union.org/"},{"@type":"ListItem","position":2,"name":"Archive Imf","item":"https://admin.industriall-union.org/es/archive/imf/"},{"@type":"ListItem","position":3,"name":"Fotografía laboral del año"}]},{"@type":"WebSite","@id":"https://admin.industriall-union.org/#website","url":"https://admin.industriall-union.org/","name":"industriall-union","description":"","potentialAction":[{"@type":"SearchAction","target":{"@type":"EntryPoint","urlTemplate":"https://admin.industriall-union.org/?s={search_term_string}"},"query-input":{"@type":"PropertyValueSpecification","valueRequired":true,"valueName":"search_term_string"}}],"inLanguage":"es-ES"}]}</script>
<!-- / Yoast SEO Premium plugin. -->

Fotografía laboral del año - industriall-union

MUNDO: Un niño bangladeshí, trabajando en una factoría de construcción naval de Dhaka, Bangladesh, es el tema de la Fotografía laboral del año, anunciada el 2 de noviembre de 2009. La fotografía muestra la cara de miseria de un muchacho cerca de un horno en la factorìa de construcción naval, y puede verse aquí: http://www.flickr.com/photos/kmasad/3951175816/ [&hellip;]
