{"id":202281,"date":"2009-11-04T15:08:00","date_gmt":"2009-11-04T15:08:00","guid":{"rendered":"https:\/\/admin.industriall-union.org\/archive\/imf\/firma-de-una-carta-mndial-sobre-relaciones-de-trabajo-convw\/"},"modified":"2025-01-31T10:13:40","modified_gmt":"2025-01-31T10:13:40","slug":"firma-de-una-carta-mndial-sobre-relaciones-de-trabajo-convw","status":"publish","type":"archive_imf","link":"https:\/\/admin.industriall-union.org\/es\/archive\/imf\/firma-de-una-carta-mndial-sobre-relaciones-de-trabajo-convw\/","title":{"rendered":"Firma de una Carta Mndial sobre Relaciones de Trabajo conVW"},"content":{"rendered":"<p>MUNDO: La Federaci\u00f3n Internacional de Trabajadores de las Industrias Metalurgicas y el Consejo de Administraci\u00f3n del Grupo Volkswagen firmaron el 29 de octubre una Carta Mundial sobre Relaciones de Trabajo, en la que se establecen normas m\u00ednimas vinculantes para todo el Grupo en la esfera de los derechos de participaci\u00f3n de los \u00f3rganos representativs de los trabajadores en los distintos establecimientos.<\/p><p>La Carta Mundial sobre Relaciones de Trabajo fue firmada en la reuni\u00f3n del Comit\u00e9 de Empresa del Grupo Mundial celebrada en la planta de Volkswagen en Zwickau (Alemania). En la Carta se establecen los derechos de participaci\u00f3n de los \u00f3rganos representativos de los trabajadores en las siguientes esferas: recursos humanos y materias sociales, organizaci\u00f3n del trabajo, sistemas de remuneraci\u00f3n, informaci\u00f3n y comunicaci\u00f3n, formaci\u00f3n inicial y avanzada, salud y seguridad en el trabajo, control, y sostenibilidad social y ecol\u00f3gica.<\/p><p>El acuerdo distingue entre tres etapas de participaci\u00f3n: el derecho a recibir informaci\u00f3n, derechos de consulta y codeterminaci\u00f3n. La Carta se aplicar\u00e1 en todos los establecimientos del Grupo sobre la base de acuerdos espec\u00edficos alcanzados entre la direcci\u00f3n y los representantes de los trabajadores de las plantas correspondientes.<\/p><p>La Carta tambi\u00e9n prev\u00e9 la celebraci\u00f2n de simposios anuales en los establecimientos, en los que representantes de la direcci\u00f3n y de los trabajadores discutir\u00e1n la evoluci\u00f3n del establecimiento en el per\u00edodo de planificaci\u00f3n pertinente, y en particular las perspectivas de empleo.<\/p><p>Adem\u00e1s, la Carta concede tambi\u00e9n a los \u00f3rganos representativos de los trabajadores mundiales el derecho a celebrar reuniones del personal al menos una vez al a\u00f1o. En esas reuniones la direcci\u00f3n informar\u00e1 al personal de la situaci\u00f3n econ\u00f3mica, la evoluci\u00f3n del establecimiento y novedades en cuanto a recursos humanos y materias sociales.<\/p><p>El presidente de la Federaci\u00f3n Internacional de Trabajadores de las Industrias Metal\u00fargicas y presidente de IG Metall, Berthold Huber, afirm\u00f3: &quot;La Carta mejorar\u00e1 las normas de las relaciones de trabajo mundiales en todos los establecimientos. El hecho de que representantes de los empleadores y de los trabajadores negocien sobre el futuro de las relaciones de trabajo en estos momentos de dificultades econ\u00f3micas muestra la importancia que conceden ambas partes a estas cuestiones. La Carta es una expresi\u00f3n de la cultura especial de codeterminaci\u00f3n en Volkswagen, cultura de la que Volkswagen ha hecho un \u00e9xito.&quot;<\/p><p>La Carta se publica, en ingl\u00e9s y alem\u00e1n, en el sitio web de la FITIM. Seguir\u00e1 la traducci\u00f3n en otros idiomas.<\/p>","protected":false},"featured_media":0,"template":"","class_list":["post-202281","archive_imf","type-archive_imf","status-publish","hentry"],"acf":[],"yoast_head":"<!-- This site is optimized with the Yoast SEO Premium plugin v27.1 (Yoast SEO v27.1) - https:\/\/yoast.com\/product\/yoast-seo-premium-wordpress\/ -->\n<title>Firma de una Carta Mndial sobre Relaciones de Trabajo conVW - industriall-union<\/title>\n<meta name=\"robots\" content=\"index, follow, max-snippet:-1, max-image-preview:large, max-video-preview:-1\" \/>\n<link rel=\"canonical\" href=\"https:\/\/admin.industriall-union.org\/es\/archive\/imf\/firma-de-una-carta-mndial-sobre-relaciones-de-trabajo-convw\/\" \/>\n<meta property=\"og:locale\" content=\"es_ES\" \/>\n<meta property=\"og:type\" content=\"article\" \/>\n<meta property=\"og:title\" content=\"Firma de una Carta Mndial sobre Relaciones de Trabajo conVW\" \/>\n<meta property=\"og:description\" content=\"MUNDO: La Federaci\u00f3n Internacional de Trabajadores de las Industrias Metalurgicas y el Consejo de Administraci\u00f3n del Grupo Volkswagen firmaron el 29 de octubre una Carta Mundial sobre Relaciones de Trabajo, en la que se establecen normas m\u00ednimas vinculantes para todo el Grupo en la esfera de los derechos de participaci\u00f3n de los \u00f3rganos representativs de [&hellip;]\" \/>\n<meta property=\"og:url\" content=\"https:\/\/admin.industriall-union.org\/es\/archive\/imf\/firma-de-una-carta-mndial-sobre-relaciones-de-trabajo-convw\/\" \/>\n<meta property=\"og:site_name\" content=\"industriall-union\" \/>\n<meta property=\"article:modified_time\" content=\"2025-01-31T10:13:40+00:00\" \/>\n<meta name=\"twitter:card\" content=\"summary_large_image\" \/>\n<meta name=\"twitter:label1\" content=\"Est. reading time\" \/>\n\t<meta name=\"twitter:data1\" content=\"2 minutes\" \/>\n<script type=\"application\/ld+json\" class=\"yoast-schema-graph\">{\"@context\":\"https:\/\/schema.org\",\"@graph\":[{\"@type\":\"WebPage\",\"@id\":\"https:\/\/admin.industriall-union.org\/es\/archive\/imf\/firma-de-una-carta-mndial-sobre-relaciones-de-trabajo-convw\/\",\"url\":\"https:\/\/admin.industriall-union.org\/es\/archive\/imf\/firma-de-una-carta-mndial-sobre-relaciones-de-trabajo-convw\/\",\"name\":\"Firma de una Carta Mndial sobre Relaciones de Trabajo conVW - industriall-union\",\"isPartOf\":{\"@id\":\"https:\/\/admin.industriall-union.org\/#website\"},\"datePublished\":\"2009-11-04T15:08:00+00:00\",\"dateModified\":\"2025-01-31T10:13:40+00:00\",\"breadcrumb\":{\"@id\":\"https:\/\/admin.industriall-union.org\/es\/archive\/imf\/firma-de-una-carta-mndial-sobre-relaciones-de-trabajo-convw\/#breadcrumb\"},\"inLanguage\":\"es-ES\",\"potentialAction\":[{\"@type\":\"ReadAction\",\"target\":[\"https:\/\/admin.industriall-union.org\/es\/archive\/imf\/firma-de-una-carta-mndial-sobre-relaciones-de-trabajo-convw\/\"]}]},{\"@type\":\"BreadcrumbList\",\"@id\":\"https:\/\/admin.industriall-union.org\/es\/archive\/imf\/firma-de-una-carta-mndial-sobre-relaciones-de-trabajo-convw\/#breadcrumb\",\"itemListElement\":[{\"@type\":\"ListItem\",\"position\":1,\"name\":\"Home\",\"item\":\"https:\/\/admin.industriall-union.org\/\"},{\"@type\":\"ListItem\",\"position\":2,\"name\":\"Archive Imf\",\"item\":\"https:\/\/admin.industriall-union.org\/es\/archive\/imf\/\"},{\"@type\":\"ListItem\",\"position\":3,\"name\":\"Firma de una Carta Mndial sobre Relaciones de Trabajo conVW\"}]},{\"@type\":\"WebSite\",\"@id\":\"https:\/\/admin.industriall-union.org\/#website\",\"url\":\"https:\/\/admin.industriall-union.org\/\",\"name\":\"industriall-union\",\"description\":\"\",\"potentialAction\":[{\"@type\":\"SearchAction\",\"target\":{\"@type\":\"EntryPoint\",\"urlTemplate\":\"https:\/\/admin.industriall-union.org\/?s={search_term_string}\"},\"query-input\":{\"@type\":\"PropertyValueSpecification\",\"valueRequired\":true,\"valueName\":\"search_term_string\"}}],\"inLanguage\":\"es-ES\"}]}<\/script>\n<!-- \/ Yoast SEO Premium plugin. -->","yoast_head_json":{"title":"Firma de una Carta Mndial sobre Relaciones de Trabajo conVW - industriall-union","robots":{"index":"index","follow":"follow","max-snippet":"max-snippet:-1","max-image-preview":"max-image-preview:large","max-video-preview":"max-video-preview:-1"},"canonical":"https:\/\/admin.industriall-union.org\/es\/archive\/imf\/firma-de-una-carta-mndial-sobre-relaciones-de-trabajo-convw\/","og_locale":"es_ES","og_type":"article","og_title":"Firma de una Carta Mndial sobre Relaciones de Trabajo conVW","og_description":"MUNDO: La Federaci\u00f3n Internacional de Trabajadores de las Industrias Metalurgicas y el Consejo de Administraci\u00f3n del Grupo Volkswagen firmaron el 29 de octubre una Carta Mundial sobre Relaciones de Trabajo, en la que se establecen normas m\u00ednimas vinculantes para todo el Grupo en la esfera de los derechos de participaci\u00f3n de los \u00f3rganos representativs de [&hellip;]","og_url":"https:\/\/admin.industriall-union.org\/es\/archive\/imf\/firma-de-una-carta-mndial-sobre-relaciones-de-trabajo-convw\/","og_site_name":"industriall-union","article_modified_time":"2025-01-31T10:13:40+00:00","twitter_card":"summary_large_image","twitter_misc":{"Est. reading time":"2 minutes"},"schema":{"@context":"https:\/\/schema.org","@graph":[{"@type":"WebPage","@id":"https:\/\/admin.industriall-union.org\/es\/archive\/imf\/firma-de-una-carta-mndial-sobre-relaciones-de-trabajo-convw\/","url":"https:\/\/admin.industriall-union.org\/es\/archive\/imf\/firma-de-una-carta-mndial-sobre-relaciones-de-trabajo-convw\/","name":"Firma de una Carta Mndial sobre Relaciones de Trabajo conVW - industriall-union","isPartOf":{"@id":"https:\/\/admin.industriall-union.org\/#website"},"datePublished":"2009-11-04T15:08:00+00:00","dateModified":"2025-01-31T10:13:40+00:00","breadcrumb":{"@id":"https:\/\/admin.industriall-union.org\/es\/archive\/imf\/firma-de-una-carta-mndial-sobre-relaciones-de-trabajo-convw\/#breadcrumb"},"inLanguage":"es-ES","potentialAction":[{"@type":"ReadAction","target":["https:\/\/admin.industriall-union.org\/es\/archive\/imf\/firma-de-una-carta-mndial-sobre-relaciones-de-trabajo-convw\/"]}]},{"@type":"BreadcrumbList","@id":"https:\/\/admin.industriall-union.org\/es\/archive\/imf\/firma-de-una-carta-mndial-sobre-relaciones-de-trabajo-convw\/#breadcrumb","itemListElement":[{"@type":"ListItem","position":1,"name":"Home","item":"https:\/\/admin.industriall-union.org\/"},{"@type":"ListItem","position":2,"name":"Archive Imf","item":"https:\/\/admin.industriall-union.org\/es\/archive\/imf\/"},{"@type":"ListItem","position":3,"name":"Firma de una Carta Mndial sobre Relaciones de Trabajo conVW"}]},{"@type":"WebSite","@id":"https:\/\/admin.industriall-union.org\/#website","url":"https:\/\/admin.industriall-union.org\/","name":"industriall-union","description":"","potentialAction":[{"@type":"SearchAction","target":{"@type":"EntryPoint","urlTemplate":"https:\/\/admin.industriall-union.org\/?s={search_term_string}"},"query-input":{"@type":"PropertyValueSpecification","valueRequired":true,"valueName":"search_term_string"}}],"inLanguage":"es-ES"}]}},"_links":{"self":[{"href":"https:\/\/admin.industriall-union.org\/es\/wp-json\/wp\/v2\/archive_imf\/202281","targetHints":{"allow":["GET"]}}],"collection":[{"href":"https:\/\/admin.industriall-union.org\/es\/wp-json\/wp\/v2\/archive_imf"}],"about":[{"href":"https:\/\/admin.industriall-union.org\/es\/wp-json\/wp\/v2\/types\/archive_imf"}],"wp:attachment":[{"href":"https:\/\/admin.industriall-union.org\/es\/wp-json\/wp\/v2\/media?parent=202281"}],"curies":[{"name":"wp","href":"https:\/\/api.w.org\/{rel}","templated":true}]}}

<p>MUNDO: La Federación Internacional de Trabajadores de las Industrias Metalurgicas y el Consejo de Administración del Grupo Volkswagen firmaron el 29 de octubre una Carta Mundial sobre Relaciones de Trabajo, en la que se establecen normas mínimas vinculantes para todo el Grupo en la esfera de los derechos de participación de los órganos representativs de los trabajadores en los distintos establecimientos.</p><p>La Carta Mundial sobre Relaciones de Trabajo fue firmada en la reunión del Comité de Empresa del Grupo Mundial celebrada en la planta de Volkswagen en Zwickau (Alemania). En la Carta se establecen los derechos de participación de los órganos representativos de los trabajadores en las siguientes esferas: recursos humanos y materias sociales, organización del trabajo, sistemas de remuneración, información y comunicación, formación inicial y avanzada, salud y seguridad en el trabajo, control, y sostenibilidad social y ecológica.</p><p>El acuerdo distingue entre tres etapas de participación: el derecho a recibir información, derechos de consulta y codeterminación. La Carta se aplicará en todos los establecimientos del Grupo sobre la base de acuerdos específicos alcanzados entre la dirección y los representantes de los trabajadores de las plantas correspondientes.</p><p>La Carta también prevé la celebraciòn de simposios anuales en los establecimientos, en los que representantes de la dirección y de los trabajadores discutirán la evolución del establecimiento en el período de planificación pertinente, y en particular las perspectivas de empleo.</p><p>Además, la Carta concede también a los órganos representativos de los trabajadores mundiales el derecho a celebrar reuniones del personal al menos una vez al año. En esas reuniones la dirección informará al personal de la situación económica, la evolución del establecimiento y novedades en cuanto a recursos humanos y materias sociales.</p><p>El presidente de la Federación Internacional de Trabajadores de las Industrias Metalúrgicas y presidente de IG Metall, Berthold Huber, afirmó: &quot;La Carta mejorará las normas de las relaciones de trabajo mundiales en todos los establecimientos. El hecho de que representantes de los empleadores y de los trabajadores negocien sobre el futuro de las relaciones de trabajo en estos momentos de dificultades económicas muestra la importancia que conceden ambas partes a estas cuestiones. La Carta es una expresión de la cultura especial de codeterminación en Volkswagen, cultura de la que Volkswagen ha hecho un éxito.&quot;</p><p>La Carta se publica, en inglés y alemán, en el sitio web de la FITIM. Seguirá la traducción en otros idiomas.</p>

<!-- This site is optimized with the Yoast SEO Premium plugin v27.1 (Yoast SEO v27.1) - https://yoast.com/product/yoast-seo-premium-wordpress/ -->
<title>Firma de una Carta Mndial sobre Relaciones de Trabajo conVW - industriall-union</title>
<meta name="robots" content="index, follow, max-snippet:-1, max-image-preview:large, max-video-preview:-1" />
<link rel="canonical" href="https://admin.industriall-union.org/es/archive/imf/firma-de-una-carta-mndial-sobre-relaciones-de-trabajo-convw/" />
<meta property="og:locale" content="es_ES" />
<meta property="og:type" content="article" />
<meta property="og:title" content="Firma de una Carta Mndial sobre Relaciones de Trabajo conVW" />
<meta property="og:description" content="MUNDO: La Federación Internacional de Trabajadores de las Industrias Metalurgicas y el Consejo de Administración del Grupo Volkswagen firmaron el 29 de octubre una Carta Mundial sobre Relaciones de Trabajo, en la que se establecen normas mínimas vinculantes para todo el Grupo en la esfera de los derechos de participación de los órganos representativs de [&hellip;]" />
<meta property="og:url" content="https://admin.industriall-union.org/es/archive/imf/firma-de-una-carta-mndial-sobre-relaciones-de-trabajo-convw/" />
<meta property="og:site_name" content="industriall-union" />
<meta property="article:modified_time" content="2025-01-31T10:13:40+00:00" />
<meta name="twitter:card" content="summary_large_image" />
<meta name="twitter:label1" content="Est. reading time" />
	<meta name="twitter:data1" content="2 minutes" />
<script type="application/ld+json" class="yoast-schema-graph">{"@context":"https://schema.org","@graph":[{"@type":"WebPage","@id":"https://admin.industriall-union.org/es/archive/imf/firma-de-una-carta-mndial-sobre-relaciones-de-trabajo-convw/","url":"https://admin.industriall-union.org/es/archive/imf/firma-de-una-carta-mndial-sobre-relaciones-de-trabajo-convw/","name":"Firma de una Carta Mndial sobre Relaciones de Trabajo conVW - industriall-union","isPartOf":{"@id":"https://admin.industriall-union.org/#website"},"datePublished":"2009-11-04T15:08:00+00:00","dateModified":"2025-01-31T10:13:40+00:00","breadcrumb":{"@id":"https://admin.industriall-union.org/es/archive/imf/firma-de-una-carta-mndial-sobre-relaciones-de-trabajo-convw/#breadcrumb"},"inLanguage":"es-ES","potentialAction":[{"@type":"ReadAction","target":["https://admin.industriall-union.org/es/archive/imf/firma-de-una-carta-mndial-sobre-relaciones-de-trabajo-convw/"]}]},{"@type":"BreadcrumbList","@id":"https://admin.industriall-union.org/es/archive/imf/firma-de-una-carta-mndial-sobre-relaciones-de-trabajo-convw/#breadcrumb","itemListElement":[{"@type":"ListItem","position":1,"name":"Home","item":"https://admin.industriall-union.org/"},{"@type":"ListItem","position":2,"name":"Archive Imf","item":"https://admin.industriall-union.org/es/archive/imf/"},{"@type":"ListItem","position":3,"name":"Firma de una Carta Mndial sobre Relaciones de Trabajo conVW"}]},{"@type":"WebSite","@id":"https://admin.industriall-union.org/#website","url":"https://admin.industriall-union.org/","name":"industriall-union","description":"","potentialAction":[{"@type":"SearchAction","target":{"@type":"EntryPoint","urlTemplate":"https://admin.industriall-union.org/?s={search_term_string}"},"query-input":{"@type":"PropertyValueSpecification","valueRequired":true,"valueName":"search_term_string"}}],"inLanguage":"es-ES"}]}</script>
<!-- / Yoast SEO Premium plugin. -->

MUNDO: La Federación Internacional de Trabajadores de las Industrias Metalurgicas y el Consejo de Administración del Grupo Volkswagen firmaron el 29 de octubre una Carta Mundial sobre Relaciones de Trabajo, en la que se establecen normas mínimas vinculantes para todo el Grupo en la esfera de los derechos de participación de los órganos representativs de [&hellip;]
