{"id":202276,"date":"2009-11-04T18:40:00","date_gmt":"2009-11-04T18:40:00","guid":{"rendered":"https:\/\/admin.industriall-union.org\/archive\/imf\/enlaces-sindicales-debaten-sobre-las-redes-de-comunicaciones-en-marruecos\/"},"modified":"2025-01-31T10:13:38","modified_gmt":"2025-01-31T10:13:38","slug":"enlaces-sindicales-debaten-sobre-las-redes-de-comunicaciones-en-marruecos","status":"publish","type":"archive_imf","link":"https:\/\/admin.industriall-union.org\/es\/archive\/imf\/enlaces-sindicales-debaten-sobre-las-redes-de-comunicaciones-en-marruecos\/","title":{"rendered":"Enlaces sindicales debaten sobre las redes de comunicaciones en Marruecos"},"content":{"rendered":"<p>MARRUECOS: Los d\u00edas 3 y 4 de noviembre se celebr\u00f3 en Casablanca un cursillo sobre &quot;Comunicaci\u00f3n y establecimiento de redes sindicales&quot;, organizado por la FITIM, junto con la SNTIMMEE-CDT, como parte de un proyecto en marcha, con el fin de apoyar a los sindicatos de Marruecos y T\u00fanez en la organizac\u00f3n de trabajadores en empresas multinacionales.<\/p><p>Se imparti\u00f3 a los participantes formaci\u00f3n b\u00e1sica sobre los instrumentos de que se dispone en las tecnolog\u00edas de la informaci\u00f3n y las comunicaciones, con miras al establecimiento de una red de comunicaci\u00f3n permanente entre ellos. La creaci\u00f3n de un v\u00ednculo permanente y el intercambio sistem\u00e1tico de informaci\u00f3n son medios indispensables para la solidaridad efectiva de los trabajadores y la cooperaci\u00f3n sindical a niveles nacional, regional e internacional.<\/p><p>En el programa de la reuni\u00f3n se abordaron las necesidades de comunicaciones en la labor sindical. Comprendi\u00f3 un an\u00e1lisis de las experiencias de los sindicatos en el uso de medios electr\u00f3nicos para su acci\u00f3n. Se dieron ejemplos de redes de comunicaciones, sobre el uso de herramientas relacionadas con Internet y sobre el costo y las implicaciones t\u00e9cnicas de su utilizaci\u00f3n.<\/p><p>Esta iniciativa est\u00e1 destinada en particular a las ETN que han firmado Acuerdos Marco Internacionales con la FITIM, a fin de vigilar su aplicaci\u00f3n. Forma parte de un programa m\u00e1s amplio aplicado con el apoyo de la ISCOD &#8211; UGT y con la participaci\u00f3n de sindicatos de trabajadores metal\u00fargicos de T\u00fanez, Marruecos, Francia, Alemania, Italia y Espa\u00f1a.<\/p><p>Adem\u00e1s de ofrecer una provechosa ocasi\u00f3n para la coordinaci\u00f3n sindical a nivel de la base en ETN, la reuni\u00f3n destac\u00f3 el problema de la inadecuada representaci\u00f3n de los miembros femeninos, incluso cuando en la fuerza de trabajo predominan las mujeres.<\/p>","protected":false},"featured_media":0,"template":"","class_list":["post-202276","archive_imf","type-archive_imf","status-publish","hentry"],"acf":[],"yoast_head":"<!-- This site is optimized with the Yoast SEO Premium plugin v27.1 (Yoast SEO v27.1) - https:\/\/yoast.com\/product\/yoast-seo-premium-wordpress\/ -->\n<title>Enlaces sindicales debaten sobre las redes de comunicaciones en Marruecos - industriall-union<\/title>\n<meta name=\"robots\" content=\"index, follow, max-snippet:-1, max-image-preview:large, max-video-preview:-1\" \/>\n<link rel=\"canonical\" href=\"https:\/\/admin.industriall-union.org\/es\/archive\/imf\/enlaces-sindicales-debaten-sobre-las-redes-de-comunicaciones-en-marruecos\/\" \/>\n<meta property=\"og:locale\" content=\"es_ES\" \/>\n<meta property=\"og:type\" content=\"article\" \/>\n<meta property=\"og:title\" content=\"Enlaces sindicales debaten sobre las redes de comunicaciones en Marruecos\" \/>\n<meta property=\"og:description\" content=\"MARRUECOS: Los d\u00edas 3 y 4 de noviembre se celebr\u00f3 en Casablanca un cursillo sobre &quot;Comunicaci\u00f3n y establecimiento de redes sindicales&quot;, organizado por la FITIM, junto con la SNTIMMEE-CDT, como parte de un proyecto en marcha, con el fin de apoyar a los sindicatos de Marruecos y T\u00fanez en la organizac\u00f3n de trabajadores en empresas [&hellip;]\" \/>\n<meta property=\"og:url\" content=\"https:\/\/admin.industriall-union.org\/es\/archive\/imf\/enlaces-sindicales-debaten-sobre-las-redes-de-comunicaciones-en-marruecos\/\" \/>\n<meta property=\"og:site_name\" content=\"industriall-union\" \/>\n<meta property=\"article:modified_time\" content=\"2025-01-31T10:13:38+00:00\" \/>\n<meta name=\"twitter:card\" content=\"summary_large_image\" \/>\n<meta name=\"twitter:label1\" content=\"Est. reading time\" \/>\n\t<meta name=\"twitter:data1\" content=\"2 minutes\" \/>\n<script type=\"application\/ld+json\" class=\"yoast-schema-graph\">{\"@context\":\"https:\/\/schema.org\",\"@graph\":[{\"@type\":\"WebPage\",\"@id\":\"https:\/\/admin.industriall-union.org\/es\/archive\/imf\/enlaces-sindicales-debaten-sobre-las-redes-de-comunicaciones-en-marruecos\/\",\"url\":\"https:\/\/admin.industriall-union.org\/es\/archive\/imf\/enlaces-sindicales-debaten-sobre-las-redes-de-comunicaciones-en-marruecos\/\",\"name\":\"Enlaces sindicales debaten sobre las redes de comunicaciones en Marruecos - industriall-union\",\"isPartOf\":{\"@id\":\"https:\/\/admin.industriall-union.org\/#website\"},\"datePublished\":\"2009-11-04T18:40:00+00:00\",\"dateModified\":\"2025-01-31T10:13:38+00:00\",\"breadcrumb\":{\"@id\":\"https:\/\/admin.industriall-union.org\/es\/archive\/imf\/enlaces-sindicales-debaten-sobre-las-redes-de-comunicaciones-en-marruecos\/#breadcrumb\"},\"inLanguage\":\"es-ES\",\"potentialAction\":[{\"@type\":\"ReadAction\",\"target\":[\"https:\/\/admin.industriall-union.org\/es\/archive\/imf\/enlaces-sindicales-debaten-sobre-las-redes-de-comunicaciones-en-marruecos\/\"]}]},{\"@type\":\"BreadcrumbList\",\"@id\":\"https:\/\/admin.industriall-union.org\/es\/archive\/imf\/enlaces-sindicales-debaten-sobre-las-redes-de-comunicaciones-en-marruecos\/#breadcrumb\",\"itemListElement\":[{\"@type\":\"ListItem\",\"position\":1,\"name\":\"Home\",\"item\":\"https:\/\/admin.industriall-union.org\/\"},{\"@type\":\"ListItem\",\"position\":2,\"name\":\"Archive Imf\",\"item\":\"https:\/\/admin.industriall-union.org\/es\/archive\/imf\/\"},{\"@type\":\"ListItem\",\"position\":3,\"name\":\"Enlaces sindicales debaten sobre las redes de comunicaciones en Marruecos\"}]},{\"@type\":\"WebSite\",\"@id\":\"https:\/\/admin.industriall-union.org\/#website\",\"url\":\"https:\/\/admin.industriall-union.org\/\",\"name\":\"industriall-union\",\"description\":\"\",\"potentialAction\":[{\"@type\":\"SearchAction\",\"target\":{\"@type\":\"EntryPoint\",\"urlTemplate\":\"https:\/\/admin.industriall-union.org\/?s={search_term_string}\"},\"query-input\":{\"@type\":\"PropertyValueSpecification\",\"valueRequired\":true,\"valueName\":\"search_term_string\"}}],\"inLanguage\":\"es-ES\"}]}<\/script>\n<!-- \/ Yoast SEO Premium plugin. -->","yoast_head_json":{"title":"Enlaces sindicales debaten sobre las redes de comunicaciones en Marruecos - industriall-union","robots":{"index":"index","follow":"follow","max-snippet":"max-snippet:-1","max-image-preview":"max-image-preview:large","max-video-preview":"max-video-preview:-1"},"canonical":"https:\/\/admin.industriall-union.org\/es\/archive\/imf\/enlaces-sindicales-debaten-sobre-las-redes-de-comunicaciones-en-marruecos\/","og_locale":"es_ES","og_type":"article","og_title":"Enlaces sindicales debaten sobre las redes de comunicaciones en Marruecos","og_description":"MARRUECOS: Los d\u00edas 3 y 4 de noviembre se celebr\u00f3 en Casablanca un cursillo sobre &quot;Comunicaci\u00f3n y establecimiento de redes sindicales&quot;, organizado por la FITIM, junto con la SNTIMMEE-CDT, como parte de un proyecto en marcha, con el fin de apoyar a los sindicatos de Marruecos y T\u00fanez en la organizac\u00f3n de trabajadores en empresas [&hellip;]","og_url":"https:\/\/admin.industriall-union.org\/es\/archive\/imf\/enlaces-sindicales-debaten-sobre-las-redes-de-comunicaciones-en-marruecos\/","og_site_name":"industriall-union","article_modified_time":"2025-01-31T10:13:38+00:00","twitter_card":"summary_large_image","twitter_misc":{"Est. reading time":"2 minutes"},"schema":{"@context":"https:\/\/schema.org","@graph":[{"@type":"WebPage","@id":"https:\/\/admin.industriall-union.org\/es\/archive\/imf\/enlaces-sindicales-debaten-sobre-las-redes-de-comunicaciones-en-marruecos\/","url":"https:\/\/admin.industriall-union.org\/es\/archive\/imf\/enlaces-sindicales-debaten-sobre-las-redes-de-comunicaciones-en-marruecos\/","name":"Enlaces sindicales debaten sobre las redes de comunicaciones en Marruecos - industriall-union","isPartOf":{"@id":"https:\/\/admin.industriall-union.org\/#website"},"datePublished":"2009-11-04T18:40:00+00:00","dateModified":"2025-01-31T10:13:38+00:00","breadcrumb":{"@id":"https:\/\/admin.industriall-union.org\/es\/archive\/imf\/enlaces-sindicales-debaten-sobre-las-redes-de-comunicaciones-en-marruecos\/#breadcrumb"},"inLanguage":"es-ES","potentialAction":[{"@type":"ReadAction","target":["https:\/\/admin.industriall-union.org\/es\/archive\/imf\/enlaces-sindicales-debaten-sobre-las-redes-de-comunicaciones-en-marruecos\/"]}]},{"@type":"BreadcrumbList","@id":"https:\/\/admin.industriall-union.org\/es\/archive\/imf\/enlaces-sindicales-debaten-sobre-las-redes-de-comunicaciones-en-marruecos\/#breadcrumb","itemListElement":[{"@type":"ListItem","position":1,"name":"Home","item":"https:\/\/admin.industriall-union.org\/"},{"@type":"ListItem","position":2,"name":"Archive Imf","item":"https:\/\/admin.industriall-union.org\/es\/archive\/imf\/"},{"@type":"ListItem","position":3,"name":"Enlaces sindicales debaten sobre las redes de comunicaciones en Marruecos"}]},{"@type":"WebSite","@id":"https:\/\/admin.industriall-union.org\/#website","url":"https:\/\/admin.industriall-union.org\/","name":"industriall-union","description":"","potentialAction":[{"@type":"SearchAction","target":{"@type":"EntryPoint","urlTemplate":"https:\/\/admin.industriall-union.org\/?s={search_term_string}"},"query-input":{"@type":"PropertyValueSpecification","valueRequired":true,"valueName":"search_term_string"}}],"inLanguage":"es-ES"}]}},"_links":{"self":[{"href":"https:\/\/admin.industriall-union.org\/es\/wp-json\/wp\/v2\/archive_imf\/202276","targetHints":{"allow":["GET"]}}],"collection":[{"href":"https:\/\/admin.industriall-union.org\/es\/wp-json\/wp\/v2\/archive_imf"}],"about":[{"href":"https:\/\/admin.industriall-union.org\/es\/wp-json\/wp\/v2\/types\/archive_imf"}],"wp:attachment":[{"href":"https:\/\/admin.industriall-union.org\/es\/wp-json\/wp\/v2\/media?parent=202276"}],"curies":[{"name":"wp","href":"https:\/\/api.w.org\/{rel}","templated":true}]}}

<p>MARRUECOS: Los días 3 y 4 de noviembre se celebró en Casablanca un cursillo sobre &quot;Comunicación y establecimiento de redes sindicales&quot;, organizado por la FITIM, junto con la SNTIMMEE-CDT, como parte de un proyecto en marcha, con el fin de apoyar a los sindicatos de Marruecos y Túnez en la organizacón de trabajadores en empresas multinacionales.</p><p>Se impartió a los participantes formación básica sobre los instrumentos de que se dispone en las tecnologías de la información y las comunicaciones, con miras al establecimiento de una red de comunicación permanente entre ellos. La creación de un vínculo permanente y el intercambio sistemático de información son medios indispensables para la solidaridad efectiva de los trabajadores y la cooperación sindical a niveles nacional, regional e internacional.</p><p>En el programa de la reunión se abordaron las necesidades de comunicaciones en la labor sindical. Comprendió un análisis de las experiencias de los sindicatos en el uso de medios electrónicos para su acción. Se dieron ejemplos de redes de comunicaciones, sobre el uso de herramientas relacionadas con Internet y sobre el costo y las implicaciones técnicas de su utilización.</p><p>Esta iniciativa está destinada en particular a las ETN que han firmado Acuerdos Marco Internacionales con la FITIM, a fin de vigilar su aplicación. Forma parte de un programa más amplio aplicado con el apoyo de la ISCOD &#8211; UGT y con la participación de sindicatos de trabajadores metalúrgicos de Túnez, Marruecos, Francia, Alemania, Italia y España.</p><p>Además de ofrecer una provechosa ocasión para la coordinación sindical a nivel de la base en ETN, la reunión destacó el problema de la inadecuada representación de los miembros femeninos, incluso cuando en la fuerza de trabajo predominan las mujeres.</p>

<!-- This site is optimized with the Yoast SEO Premium plugin v27.1 (Yoast SEO v27.1) - https://yoast.com/product/yoast-seo-premium-wordpress/ -->
<title>Enlaces sindicales debaten sobre las redes de comunicaciones en Marruecos - industriall-union</title>
<meta name="robots" content="index, follow, max-snippet:-1, max-image-preview:large, max-video-preview:-1" />
<link rel="canonical" href="https://admin.industriall-union.org/es/archive/imf/enlaces-sindicales-debaten-sobre-las-redes-de-comunicaciones-en-marruecos/" />
<meta property="og:locale" content="es_ES" />
<meta property="og:type" content="article" />
<meta property="og:title" content="Enlaces sindicales debaten sobre las redes de comunicaciones en Marruecos" />
<meta property="og:description" content="MARRUECOS: Los días 3 y 4 de noviembre se celebró en Casablanca un cursillo sobre &quot;Comunicación y establecimiento de redes sindicales&quot;, organizado por la FITIM, junto con la SNTIMMEE-CDT, como parte de un proyecto en marcha, con el fin de apoyar a los sindicatos de Marruecos y Túnez en la organizacón de trabajadores en empresas [&hellip;]" />
<meta property="og:url" content="https://admin.industriall-union.org/es/archive/imf/enlaces-sindicales-debaten-sobre-las-redes-de-comunicaciones-en-marruecos/" />
<meta property="og:site_name" content="industriall-union" />
<meta property="article:modified_time" content="2025-01-31T10:13:38+00:00" />
<meta name="twitter:card" content="summary_large_image" />
<meta name="twitter:label1" content="Est. reading time" />
	<meta name="twitter:data1" content="2 minutes" />
<script type="application/ld+json" class="yoast-schema-graph">{"@context":"https://schema.org","@graph":[{"@type":"WebPage","@id":"https://admin.industriall-union.org/es/archive/imf/enlaces-sindicales-debaten-sobre-las-redes-de-comunicaciones-en-marruecos/","url":"https://admin.industriall-union.org/es/archive/imf/enlaces-sindicales-debaten-sobre-las-redes-de-comunicaciones-en-marruecos/","name":"Enlaces sindicales debaten sobre las redes de comunicaciones en Marruecos - industriall-union","isPartOf":{"@id":"https://admin.industriall-union.org/#website"},"datePublished":"2009-11-04T18:40:00+00:00","dateModified":"2025-01-31T10:13:38+00:00","breadcrumb":{"@id":"https://admin.industriall-union.org/es/archive/imf/enlaces-sindicales-debaten-sobre-las-redes-de-comunicaciones-en-marruecos/#breadcrumb"},"inLanguage":"es-ES","potentialAction":[{"@type":"ReadAction","target":["https://admin.industriall-union.org/es/archive/imf/enlaces-sindicales-debaten-sobre-las-redes-de-comunicaciones-en-marruecos/"]}]},{"@type":"BreadcrumbList","@id":"https://admin.industriall-union.org/es/archive/imf/enlaces-sindicales-debaten-sobre-las-redes-de-comunicaciones-en-marruecos/#breadcrumb","itemListElement":[{"@type":"ListItem","position":1,"name":"Home","item":"https://admin.industriall-union.org/"},{"@type":"ListItem","position":2,"name":"Archive Imf","item":"https://admin.industriall-union.org/es/archive/imf/"},{"@type":"ListItem","position":3,"name":"Enlaces sindicales debaten sobre las redes de comunicaciones en Marruecos"}]},{"@type":"WebSite","@id":"https://admin.industriall-union.org/#website","url":"https://admin.industriall-union.org/","name":"industriall-union","description":"","potentialAction":[{"@type":"SearchAction","target":{"@type":"EntryPoint","urlTemplate":"https://admin.industriall-union.org/?s={search_term_string}"},"query-input":{"@type":"PropertyValueSpecification","valueRequired":true,"valueName":"search_term_string"}}],"inLanguage":"es-ES"}]}</script>
<!-- / Yoast SEO Premium plugin. -->

MARRUECOS: Los días 3 y 4 de noviembre se celebró en Casablanca un cursillo sobre &quot;Comunicación y establecimiento de redes sindicales&quot;, organizado por la FITIM, junto con la SNTIMMEE-CDT, como parte de un proyecto en marcha, con el fin de apoyar a los sindicatos de Marruecos y Túnez en la organizacón de trabajadores en empresas [&hellip;]
