{"id":202221,"date":"2009-11-25T08:14:00","date_gmt":"2009-11-25T08:14:00","guid":{"rendered":"https:\/\/admin.industriall-union.org\/archive\/imf\/la-crisis-financiera-afecta-al-empleo-y-los-derechos-de-los-trabajadores-en-mexico\/"},"modified":"2025-01-31T10:10:08","modified_gmt":"2025-01-31T10:10:08","slug":"la-crisis-financiera-afecta-al-empleo-y-los-derechos-de-los-trabajadores-en-mexico","status":"publish","type":"archive_imf","link":"https:\/\/admin.industriall-union.org\/es\/archive\/imf\/la-crisis-financiera-afecta-al-empleo-y-los-derechos-de-los-trabajadores-en-mexico\/","title":{"rendered":"La crisis financiera afecta al empleo y los derechos de los trabajadores en M\u00e9xico"},"content":{"rendered":"MEXICO: Los trabajadores mexicanos en las cadenas de suministro de Nokia, Philips, Panasonic, IBM, HP, Lenovo, Sanmina, Jabil y Flextronics han resultado afectados por la p\u00e9rdida de 6.000 empleos, despidos masivos, una reducci\u00f3n salarial del 10 por ciento y un aumento de los contratos temporeros trimestrales y mensuales del 40 al 60 por ciento de todos los trabajadores desde 2008.<br \/><br \/>Entre tanto, en el \u00faltimo trimestre Sanmina inform\u00f3 de un crecimiento del 20 por ciento desde 2008, Nokia ha recuperado el n\u00famero de trabajadores que perdi\u00f3 en 2008, pero ahora el 75 por ciento de ellos temporeros contratados por Manpower, Flextronics ha anunciado 1.000 nuevos empleos, y Jabil ha aumentado el n\u00famero de sus trabajadores un 136 por ciento, en tanto que HP e IBM han anunciado nuevos proyectos de inversi\u00f3n en 2010.<br \/><br \/>Este tercer informe sobre las condiciones de trabajo en la industria electr\u00f3nica en M\u00e9xico, publicado por CEREAL y difundido el 17 de noviembre, muestra que &quot;en el peor a\u00f1o de la crisis las compa\u00f1\u00edas han ganado y los trabajadores han perdido&quot;.<br \/><br \/>En el informe se documentan las p\u00e9rdidas masivas de empleos en la industria electr\u00f3nica y el reempleo de trabajadores con sueldos inferiores y mayores cargas de trabajo y menos derechos a empleo estable.<br \/><br \/>&quot;En la industria electr\u00f3nica mexicana es preciso introducir cambios estructurales de manera que podamos garantizar que todas las compa\u00f1\u00edas de este sector son socialmente responsables, incluso en tiempos de crisis econ\u00f3mica&quot;, escribe CEREAL, el Centro de Reflexi\u00f3n y Acci\u00f3n Laboral, organizaci\u00f3n no gubernamental que trabaja por los derechos de los trabajadores de la electr\u00f3nica en M\u00e9xico en un entorno donde los derechos de sindicaci\u00f3n est\u00e1n muy restringidos.<br \/><br \/>En el sitio web de la FITIM, <a href=\"..\/files\/09112509113366\/CEREAL_REPORT-2009-ENGLISH.pdf\">aqu\u00ed<\/a>, se publica el informe en ingl\u00e9s.","protected":false},"featured_media":0,"template":"","class_list":["post-202221","archive_imf","type-archive_imf","status-publish","hentry"],"acf":[],"yoast_head":"<!-- This site is optimized with the Yoast SEO Premium plugin v27.1 (Yoast SEO v27.1) - https:\/\/yoast.com\/product\/yoast-seo-premium-wordpress\/ -->\n<title>La crisis financiera afecta al empleo y los derechos de los trabajadores en M\u00e9xico - industriall-union<\/title>\n<meta name=\"robots\" content=\"index, follow, max-snippet:-1, max-image-preview:large, max-video-preview:-1\" \/>\n<link rel=\"canonical\" href=\"https:\/\/admin.industriall-union.org\/es\/archive\/imf\/la-crisis-financiera-afecta-al-empleo-y-los-derechos-de-los-trabajadores-en-mexico\/\" \/>\n<meta property=\"og:locale\" content=\"es_ES\" \/>\n<meta property=\"og:type\" content=\"article\" \/>\n<meta property=\"og:title\" content=\"La crisis financiera afecta al empleo y los derechos de los trabajadores en M\u00e9xico\" \/>\n<meta property=\"og:description\" content=\"MEXICO: Los trabajadores mexicanos en las cadenas de suministro de Nokia, Philips, Panasonic, IBM, HP, Lenovo, Sanmina, Jabil y Flextronics han resultado afectados por la p\u00e9rdida de 6.000 empleos, despidos masivos, una reducci\u00f3n salarial del 10 por ciento y un aumento de los contratos temporeros trimestrales y mensuales del 40 al 60 por ciento de [&hellip;]\" \/>\n<meta property=\"og:url\" content=\"https:\/\/admin.industriall-union.org\/es\/archive\/imf\/la-crisis-financiera-afecta-al-empleo-y-los-derechos-de-los-trabajadores-en-mexico\/\" \/>\n<meta property=\"og:site_name\" content=\"industriall-union\" \/>\n<meta property=\"article:modified_time\" content=\"2025-01-31T10:10:08+00:00\" \/>\n<meta name=\"twitter:card\" content=\"summary_large_image\" \/>\n<meta name=\"twitter:label1\" content=\"Est. reading time\" \/>\n\t<meta name=\"twitter:data1\" content=\"2 minutes\" \/>\n<script type=\"application\/ld+json\" class=\"yoast-schema-graph\">{\"@context\":\"https:\/\/schema.org\",\"@graph\":[{\"@type\":\"WebPage\",\"@id\":\"https:\/\/admin.industriall-union.org\/es\/archive\/imf\/la-crisis-financiera-afecta-al-empleo-y-los-derechos-de-los-trabajadores-en-mexico\/\",\"url\":\"https:\/\/admin.industriall-union.org\/es\/archive\/imf\/la-crisis-financiera-afecta-al-empleo-y-los-derechos-de-los-trabajadores-en-mexico\/\",\"name\":\"La crisis financiera afecta al empleo y los derechos de los trabajadores en M\u00e9xico - industriall-union\",\"isPartOf\":{\"@id\":\"https:\/\/admin.industriall-union.org\/#website\"},\"datePublished\":\"2009-11-25T08:14:00+00:00\",\"dateModified\":\"2025-01-31T10:10:08+00:00\",\"breadcrumb\":{\"@id\":\"https:\/\/admin.industriall-union.org\/es\/archive\/imf\/la-crisis-financiera-afecta-al-empleo-y-los-derechos-de-los-trabajadores-en-mexico\/#breadcrumb\"},\"inLanguage\":\"es-ES\",\"potentialAction\":[{\"@type\":\"ReadAction\",\"target\":[\"https:\/\/admin.industriall-union.org\/es\/archive\/imf\/la-crisis-financiera-afecta-al-empleo-y-los-derechos-de-los-trabajadores-en-mexico\/\"]}]},{\"@type\":\"BreadcrumbList\",\"@id\":\"https:\/\/admin.industriall-union.org\/es\/archive\/imf\/la-crisis-financiera-afecta-al-empleo-y-los-derechos-de-los-trabajadores-en-mexico\/#breadcrumb\",\"itemListElement\":[{\"@type\":\"ListItem\",\"position\":1,\"name\":\"Home\",\"item\":\"https:\/\/admin.industriall-union.org\/\"},{\"@type\":\"ListItem\",\"position\":2,\"name\":\"Archive Imf\",\"item\":\"https:\/\/admin.industriall-union.org\/es\/archive\/imf\/\"},{\"@type\":\"ListItem\",\"position\":3,\"name\":\"La crisis financiera afecta al empleo y los derechos de los trabajadores en M\u00e9xico\"}]},{\"@type\":\"WebSite\",\"@id\":\"https:\/\/admin.industriall-union.org\/#website\",\"url\":\"https:\/\/admin.industriall-union.org\/\",\"name\":\"industriall-union\",\"description\":\"\",\"potentialAction\":[{\"@type\":\"SearchAction\",\"target\":{\"@type\":\"EntryPoint\",\"urlTemplate\":\"https:\/\/admin.industriall-union.org\/?s={search_term_string}\"},\"query-input\":{\"@type\":\"PropertyValueSpecification\",\"valueRequired\":true,\"valueName\":\"search_term_string\"}}],\"inLanguage\":\"es-ES\"}]}<\/script>\n<!-- \/ Yoast SEO Premium plugin. -->","yoast_head_json":{"title":"La crisis financiera afecta al empleo y los derechos de los trabajadores en M\u00e9xico - industriall-union","robots":{"index":"index","follow":"follow","max-snippet":"max-snippet:-1","max-image-preview":"max-image-preview:large","max-video-preview":"max-video-preview:-1"},"canonical":"https:\/\/admin.industriall-union.org\/es\/archive\/imf\/la-crisis-financiera-afecta-al-empleo-y-los-derechos-de-los-trabajadores-en-mexico\/","og_locale":"es_ES","og_type":"article","og_title":"La crisis financiera afecta al empleo y los derechos de los trabajadores en M\u00e9xico","og_description":"MEXICO: Los trabajadores mexicanos en las cadenas de suministro de Nokia, Philips, Panasonic, IBM, HP, Lenovo, Sanmina, Jabil y Flextronics han resultado afectados por la p\u00e9rdida de 6.000 empleos, despidos masivos, una reducci\u00f3n salarial del 10 por ciento y un aumento de los contratos temporeros trimestrales y mensuales del 40 al 60 por ciento de [&hellip;]","og_url":"https:\/\/admin.industriall-union.org\/es\/archive\/imf\/la-crisis-financiera-afecta-al-empleo-y-los-derechos-de-los-trabajadores-en-mexico\/","og_site_name":"industriall-union","article_modified_time":"2025-01-31T10:10:08+00:00","twitter_card":"summary_large_image","twitter_misc":{"Est. reading time":"2 minutes"},"schema":{"@context":"https:\/\/schema.org","@graph":[{"@type":"WebPage","@id":"https:\/\/admin.industriall-union.org\/es\/archive\/imf\/la-crisis-financiera-afecta-al-empleo-y-los-derechos-de-los-trabajadores-en-mexico\/","url":"https:\/\/admin.industriall-union.org\/es\/archive\/imf\/la-crisis-financiera-afecta-al-empleo-y-los-derechos-de-los-trabajadores-en-mexico\/","name":"La crisis financiera afecta al empleo y los derechos de los trabajadores en M\u00e9xico - industriall-union","isPartOf":{"@id":"https:\/\/admin.industriall-union.org\/#website"},"datePublished":"2009-11-25T08:14:00+00:00","dateModified":"2025-01-31T10:10:08+00:00","breadcrumb":{"@id":"https:\/\/admin.industriall-union.org\/es\/archive\/imf\/la-crisis-financiera-afecta-al-empleo-y-los-derechos-de-los-trabajadores-en-mexico\/#breadcrumb"},"inLanguage":"es-ES","potentialAction":[{"@type":"ReadAction","target":["https:\/\/admin.industriall-union.org\/es\/archive\/imf\/la-crisis-financiera-afecta-al-empleo-y-los-derechos-de-los-trabajadores-en-mexico\/"]}]},{"@type":"BreadcrumbList","@id":"https:\/\/admin.industriall-union.org\/es\/archive\/imf\/la-crisis-financiera-afecta-al-empleo-y-los-derechos-de-los-trabajadores-en-mexico\/#breadcrumb","itemListElement":[{"@type":"ListItem","position":1,"name":"Home","item":"https:\/\/admin.industriall-union.org\/"},{"@type":"ListItem","position":2,"name":"Archive Imf","item":"https:\/\/admin.industriall-union.org\/es\/archive\/imf\/"},{"@type":"ListItem","position":3,"name":"La crisis financiera afecta al empleo y los derechos de los trabajadores en M\u00e9xico"}]},{"@type":"WebSite","@id":"https:\/\/admin.industriall-union.org\/#website","url":"https:\/\/admin.industriall-union.org\/","name":"industriall-union","description":"","potentialAction":[{"@type":"SearchAction","target":{"@type":"EntryPoint","urlTemplate":"https:\/\/admin.industriall-union.org\/?s={search_term_string}"},"query-input":{"@type":"PropertyValueSpecification","valueRequired":true,"valueName":"search_term_string"}}],"inLanguage":"es-ES"}]}},"_links":{"self":[{"href":"https:\/\/admin.industriall-union.org\/es\/wp-json\/wp\/v2\/archive_imf\/202221","targetHints":{"allow":["GET"]}}],"collection":[{"href":"https:\/\/admin.industriall-union.org\/es\/wp-json\/wp\/v2\/archive_imf"}],"about":[{"href":"https:\/\/admin.industriall-union.org\/es\/wp-json\/wp\/v2\/types\/archive_imf"}],"wp:attachment":[{"href":"https:\/\/admin.industriall-union.org\/es\/wp-json\/wp\/v2\/media?parent=202221"}],"curies":[{"name":"wp","href":"https:\/\/api.w.org\/{rel}","templated":true}]}}

La crisis financiera afecta al empleo y los derechos de los trabajadores en México

MEXICO: Los trabajadores mexicanos en las cadenas de suministro de Nokia, Philips, Panasonic, IBM, HP, Lenovo, Sanmina, Jabil y Flextronics han resultado afectados por la pérdida de 6.000 empleos, despidos masivos, una reducción salarial del 10 por ciento y un aumento de los contratos temporeros trimestrales y mensuales del 40 al 60 por ciento de todos los trabajadores desde 2008.<br /><br />Entre tanto, en el último trimestre Sanmina informó de un crecimiento del 20 por ciento desde 2008, Nokia ha recuperado el número de trabajadores que perdió en 2008, pero ahora el 75 por ciento de ellos temporeros contratados por Manpower, Flextronics ha anunciado 1.000 nuevos empleos, y Jabil ha aumentado el número de sus trabajadores un 136 por ciento, en tanto que HP e IBM han anunciado nuevos proyectos de inversión en 2010.<br /><br />Este tercer informe sobre las condiciones de trabajo en la industria electrónica en México, publicado por CEREAL y difundido el 17 de noviembre, muestra que &quot;en el peor año de la crisis las compañías han ganado y los trabajadores han perdido&quot;.<br /><br />En el informe se documentan las pérdidas masivas de empleos en la industria electrónica y el reempleo de trabajadores con sueldos inferiores y mayores cargas de trabajo y menos derechos a empleo estable.<br /><br />&quot;En la industria electrónica mexicana es preciso introducir cambios estructurales de manera que podamos garantizar que todas las compañías de este sector son socialmente responsables, incluso en tiempos de crisis económica&quot;, escribe CEREAL, el Centro de Reflexión y Acción Laboral, organización no gubernamental que trabaja por los derechos de los trabajadores de la electrónica en México en un entorno donde los derechos de sindicación están muy restringidos.<br /><br />En el sitio web de la FITIM, <a href="../files/09112509113366/CEREAL_REPORT-2009-ENGLISH.pdf">aquí</a>, se publica el informe en inglés.

<!-- This site is optimized with the Yoast SEO Premium plugin v27.1 (Yoast SEO v27.1) - https://yoast.com/product/yoast-seo-premium-wordpress/ -->
<title>La crisis financiera afecta al empleo y los derechos de los trabajadores en México - industriall-union</title>
<meta name="robots" content="index, follow, max-snippet:-1, max-image-preview:large, max-video-preview:-1" />
<link rel="canonical" href="https://admin.industriall-union.org/es/archive/imf/la-crisis-financiera-afecta-al-empleo-y-los-derechos-de-los-trabajadores-en-mexico/" />
<meta property="og:locale" content="es_ES" />
<meta property="og:type" content="article" />
<meta property="og:title" content="La crisis financiera afecta al empleo y los derechos de los trabajadores en México" />
<meta property="og:description" content="MEXICO: Los trabajadores mexicanos en las cadenas de suministro de Nokia, Philips, Panasonic, IBM, HP, Lenovo, Sanmina, Jabil y Flextronics han resultado afectados por la pérdida de 6.000 empleos, despidos masivos, una reducción salarial del 10 por ciento y un aumento de los contratos temporeros trimestrales y mensuales del 40 al 60 por ciento de [&hellip;]" />
<meta property="og:url" content="https://admin.industriall-union.org/es/archive/imf/la-crisis-financiera-afecta-al-empleo-y-los-derechos-de-los-trabajadores-en-mexico/" />
<meta property="og:site_name" content="industriall-union" />
<meta property="article:modified_time" content="2025-01-31T10:10:08+00:00" />
<meta name="twitter:card" content="summary_large_image" />
<meta name="twitter:label1" content="Est. reading time" />
	<meta name="twitter:data1" content="2 minutes" />
<script type="application/ld+json" class="yoast-schema-graph">{"@context":"https://schema.org","@graph":[{"@type":"WebPage","@id":"https://admin.industriall-union.org/es/archive/imf/la-crisis-financiera-afecta-al-empleo-y-los-derechos-de-los-trabajadores-en-mexico/","url":"https://admin.industriall-union.org/es/archive/imf/la-crisis-financiera-afecta-al-empleo-y-los-derechos-de-los-trabajadores-en-mexico/","name":"La crisis financiera afecta al empleo y los derechos de los trabajadores en México - industriall-union","isPartOf":{"@id":"https://admin.industriall-union.org/#website"},"datePublished":"2009-11-25T08:14:00+00:00","dateModified":"2025-01-31T10:10:08+00:00","breadcrumb":{"@id":"https://admin.industriall-union.org/es/archive/imf/la-crisis-financiera-afecta-al-empleo-y-los-derechos-de-los-trabajadores-en-mexico/#breadcrumb"},"inLanguage":"es-ES","potentialAction":[{"@type":"ReadAction","target":["https://admin.industriall-union.org/es/archive/imf/la-crisis-financiera-afecta-al-empleo-y-los-derechos-de-los-trabajadores-en-mexico/"]}]},{"@type":"BreadcrumbList","@id":"https://admin.industriall-union.org/es/archive/imf/la-crisis-financiera-afecta-al-empleo-y-los-derechos-de-los-trabajadores-en-mexico/#breadcrumb","itemListElement":[{"@type":"ListItem","position":1,"name":"Home","item":"https://admin.industriall-union.org/"},{"@type":"ListItem","position":2,"name":"Archive Imf","item":"https://admin.industriall-union.org/es/archive/imf/"},{"@type":"ListItem","position":3,"name":"La crisis financiera afecta al empleo y los derechos de los trabajadores en México"}]},{"@type":"WebSite","@id":"https://admin.industriall-union.org/#website","url":"https://admin.industriall-union.org/","name":"industriall-union","description":"","potentialAction":[{"@type":"SearchAction","target":{"@type":"EntryPoint","urlTemplate":"https://admin.industriall-union.org/?s={search_term_string}"},"query-input":{"@type":"PropertyValueSpecification","valueRequired":true,"valueName":"search_term_string"}}],"inLanguage":"es-ES"}]}</script>
<!-- / Yoast SEO Premium plugin. -->

La crisis financiera afecta al empleo y los derechos de los trabajadores en México - industriall-union

MEXICO: Los trabajadores mexicanos en las cadenas de suministro de Nokia, Philips, Panasonic, IBM, HP, Lenovo, Sanmina, Jabil y Flextronics han resultado afectados por la pérdida de 6.000 empleos, despidos masivos, una reducción salarial del 10 por ciento y un aumento de los contratos temporeros trimestrales y mensuales del 40 al 60 por ciento de [&hellip;]
