{"id":202214,"date":"2009-11-27T10:38:00","date_gmt":"2009-11-27T10:38:00","guid":{"rendered":"https:\/\/admin.industriall-union.org\/archive\/imf\/los-sindicatos-se-oponen-al-acuerdo-de-libre-comercio-entre-la-union-europea-y-colombia\/"},"modified":"2025-01-31T10:10:07","modified_gmt":"2025-01-31T10:10:07","slug":"los-sindicatos-se-oponen-al-acuerdo-de-libre-comercio-entre-la-union-europea-y-colombia","status":"publish","type":"archive_imf","link":"https:\/\/admin.industriall-union.org\/es\/archive\/imf\/los-sindicatos-se-oponen-al-acuerdo-de-libre-comercio-entre-la-union-europea-y-colombia\/","title":{"rendered":"Los sindicatos se oponen al Acuerdo de Libre Comercio entre la Uni\u00f3n Europea y Colombia"},"content":{"rendered":"EUROPA: La Federaci\u00f3n Europea de Metal\u00fargicos (FEM) escribi\u00f3 a miembros del Parlamento Europeo pidi\u00e9ndoles que no firmen el Acuerdo de Libre Comercio entre la Uni\u00f3n Europea y Colombia y les inform\u00f3 de una audiencia especial sobre el asunto que tendr\u00e1 lugar en el Parlamento Europeo el 9 de diciembre.<br \/><br \/>Colombia sigue siendo el pa\u00eds m\u00e1s peligroso del mundo para los sindicalistas. En 2007 fueron asesinados 39 sindicalistas, y el a\u00f1o pasado, 49.<br \/><br \/>Desde 1986 han sido matados 2.712, y s\u00f3lo ha habido enjuiciamiento en el 4,4 por ciento de los casos. El Comisionado de las Naciones Unidas para los Derechos Humanos ha identificado numerosas violaciones graves de los derechos humanos, y la Organizaci\u00f2n Internacional del Trabajo, en su conferencia m\u00e1s reciente, rechaz\u00f3 propuestas para conceder a Colombia la condici\u00f3n de &#8220;pruebas de progreso&#8221;. Este a\u00f1o se ha asesinado ya a cerca de 30 sindicalistas.<br \/><br \/>A pesar de ello, la Comisi\u00f3n Europea est\u00e1 negociando un acuerdo de libre comercio con Colombia.<br \/><br \/>La Federaci\u00f3n Internacional de Trabajadores de las Industrias Metal\u00fargicas se une a la Confederaci\u00f3n Sindical Internacional y a los sindicatos colombianos para expresar su oposici\u00f3n a un acuerdo comercial entre la UE y Colombia.<br \/><br \/>Oponi\u00e9ndose a las actuales negociaciones entre la Comisi\u00f3n Europea y Colombia sobre el acuerdo comercial, sindicatos del Reino Unido e Irlanda han publicado un informe sobre la situaci\u00f3n en Colombia. El informe, publicado conjuntamente por el Congreso de Sindicatos Brit\u00e1nicos, el Congreso Irland\u00e9s de Sindicatos, Unite, Workers Uniting y Justicia para Colombia est\u00e1 disponible en el sitio web de la FITIM, <a href=\"..\/files\/09112711354966\/EU-Colombia-FTA-Report.pdf\">aqu\u00ed<\/a>.<br \/><br \/>Puede obtenerse m\u00e1s informaci\u00f3n sobre la audiencia que tendr\u00e1 lugar en el Parlamento Europeo y sobre la campa\u00f1a en: <a href=\"http:\/\/www.justiceforcolombia.org\/\">http:\/\/www.justiceforcolombia.org\/<\/a>","protected":false},"featured_media":0,"template":"","class_list":["post-202214","archive_imf","type-archive_imf","status-publish","hentry"],"acf":[],"yoast_head":"<!-- This site is optimized with the Yoast SEO Premium plugin v27.1 (Yoast SEO v27.1) - https:\/\/yoast.com\/product\/yoast-seo-premium-wordpress\/ -->\n<title>Los sindicatos se oponen al Acuerdo de Libre Comercio entre la Uni\u00f3n Europea y Colombia - industriall-union<\/title>\n<meta name=\"robots\" content=\"index, follow, max-snippet:-1, max-image-preview:large, max-video-preview:-1\" \/>\n<link rel=\"canonical\" href=\"https:\/\/admin.industriall-union.org\/es\/archive\/imf\/los-sindicatos-se-oponen-al-acuerdo-de-libre-comercio-entre-la-union-europea-y-colombia\/\" \/>\n<meta property=\"og:locale\" content=\"es_ES\" \/>\n<meta property=\"og:type\" content=\"article\" \/>\n<meta property=\"og:title\" content=\"Los sindicatos se oponen al Acuerdo de Libre Comercio entre la Uni\u00f3n Europea y Colombia\" \/>\n<meta property=\"og:description\" content=\"EUROPA: La Federaci\u00f3n Europea de Metal\u00fargicos (FEM) escribi\u00f3 a miembros del Parlamento Europeo pidi\u00e9ndoles que no firmen el Acuerdo de Libre Comercio entre la Uni\u00f3n Europea y Colombia y les inform\u00f3 de una audiencia especial sobre el asunto que tendr\u00e1 lugar en el Parlamento Europeo el 9 de diciembre. Colombia sigue siendo el pa\u00eds m\u00e1s [&hellip;]\" \/>\n<meta property=\"og:url\" content=\"https:\/\/admin.industriall-union.org\/es\/archive\/imf\/los-sindicatos-se-oponen-al-acuerdo-de-libre-comercio-entre-la-union-europea-y-colombia\/\" \/>\n<meta property=\"og:site_name\" content=\"industriall-union\" \/>\n<meta property=\"article:modified_time\" content=\"2025-01-31T10:10:07+00:00\" \/>\n<meta name=\"twitter:card\" content=\"summary_large_image\" \/>\n<meta name=\"twitter:label1\" content=\"Est. reading time\" \/>\n\t<meta name=\"twitter:data1\" content=\"1 minute\" \/>\n<script type=\"application\/ld+json\" class=\"yoast-schema-graph\">{\"@context\":\"https:\/\/schema.org\",\"@graph\":[{\"@type\":\"WebPage\",\"@id\":\"https:\/\/admin.industriall-union.org\/es\/archive\/imf\/los-sindicatos-se-oponen-al-acuerdo-de-libre-comercio-entre-la-union-europea-y-colombia\/\",\"url\":\"https:\/\/admin.industriall-union.org\/es\/archive\/imf\/los-sindicatos-se-oponen-al-acuerdo-de-libre-comercio-entre-la-union-europea-y-colombia\/\",\"name\":\"Los sindicatos se oponen al Acuerdo de Libre Comercio entre la Uni\u00f3n Europea y Colombia - industriall-union\",\"isPartOf\":{\"@id\":\"https:\/\/admin.industriall-union.org\/#website\"},\"datePublished\":\"2009-11-27T10:38:00+00:00\",\"dateModified\":\"2025-01-31T10:10:07+00:00\",\"breadcrumb\":{\"@id\":\"https:\/\/admin.industriall-union.org\/es\/archive\/imf\/los-sindicatos-se-oponen-al-acuerdo-de-libre-comercio-entre-la-union-europea-y-colombia\/#breadcrumb\"},\"inLanguage\":\"es-ES\",\"potentialAction\":[{\"@type\":\"ReadAction\",\"target\":[\"https:\/\/admin.industriall-union.org\/es\/archive\/imf\/los-sindicatos-se-oponen-al-acuerdo-de-libre-comercio-entre-la-union-europea-y-colombia\/\"]}]},{\"@type\":\"BreadcrumbList\",\"@id\":\"https:\/\/admin.industriall-union.org\/es\/archive\/imf\/los-sindicatos-se-oponen-al-acuerdo-de-libre-comercio-entre-la-union-europea-y-colombia\/#breadcrumb\",\"itemListElement\":[{\"@type\":\"ListItem\",\"position\":1,\"name\":\"Home\",\"item\":\"https:\/\/admin.industriall-union.org\/\"},{\"@type\":\"ListItem\",\"position\":2,\"name\":\"Archive Imf\",\"item\":\"https:\/\/admin.industriall-union.org\/es\/archive\/imf\/\"},{\"@type\":\"ListItem\",\"position\":3,\"name\":\"Los sindicatos se oponen al Acuerdo de Libre Comercio entre la Uni\u00f3n Europea y Colombia\"}]},{\"@type\":\"WebSite\",\"@id\":\"https:\/\/admin.industriall-union.org\/#website\",\"url\":\"https:\/\/admin.industriall-union.org\/\",\"name\":\"industriall-union\",\"description\":\"\",\"potentialAction\":[{\"@type\":\"SearchAction\",\"target\":{\"@type\":\"EntryPoint\",\"urlTemplate\":\"https:\/\/admin.industriall-union.org\/?s={search_term_string}\"},\"query-input\":{\"@type\":\"PropertyValueSpecification\",\"valueRequired\":true,\"valueName\":\"search_term_string\"}}],\"inLanguage\":\"es-ES\"}]}<\/script>\n<!-- \/ Yoast SEO Premium plugin. -->","yoast_head_json":{"title":"Los sindicatos se oponen al Acuerdo de Libre Comercio entre la Uni\u00f3n Europea y Colombia - industriall-union","robots":{"index":"index","follow":"follow","max-snippet":"max-snippet:-1","max-image-preview":"max-image-preview:large","max-video-preview":"max-video-preview:-1"},"canonical":"https:\/\/admin.industriall-union.org\/es\/archive\/imf\/los-sindicatos-se-oponen-al-acuerdo-de-libre-comercio-entre-la-union-europea-y-colombia\/","og_locale":"es_ES","og_type":"article","og_title":"Los sindicatos se oponen al Acuerdo de Libre Comercio entre la Uni\u00f3n Europea y Colombia","og_description":"EUROPA: La Federaci\u00f3n Europea de Metal\u00fargicos (FEM) escribi\u00f3 a miembros del Parlamento Europeo pidi\u00e9ndoles que no firmen el Acuerdo de Libre Comercio entre la Uni\u00f3n Europea y Colombia y les inform\u00f3 de una audiencia especial sobre el asunto que tendr\u00e1 lugar en el Parlamento Europeo el 9 de diciembre. Colombia sigue siendo el pa\u00eds m\u00e1s [&hellip;]","og_url":"https:\/\/admin.industriall-union.org\/es\/archive\/imf\/los-sindicatos-se-oponen-al-acuerdo-de-libre-comercio-entre-la-union-europea-y-colombia\/","og_site_name":"industriall-union","article_modified_time":"2025-01-31T10:10:07+00:00","twitter_card":"summary_large_image","twitter_misc":{"Est. reading time":"1 minute"},"schema":{"@context":"https:\/\/schema.org","@graph":[{"@type":"WebPage","@id":"https:\/\/admin.industriall-union.org\/es\/archive\/imf\/los-sindicatos-se-oponen-al-acuerdo-de-libre-comercio-entre-la-union-europea-y-colombia\/","url":"https:\/\/admin.industriall-union.org\/es\/archive\/imf\/los-sindicatos-se-oponen-al-acuerdo-de-libre-comercio-entre-la-union-europea-y-colombia\/","name":"Los sindicatos se oponen al Acuerdo de Libre Comercio entre la Uni\u00f3n Europea y Colombia - industriall-union","isPartOf":{"@id":"https:\/\/admin.industriall-union.org\/#website"},"datePublished":"2009-11-27T10:38:00+00:00","dateModified":"2025-01-31T10:10:07+00:00","breadcrumb":{"@id":"https:\/\/admin.industriall-union.org\/es\/archive\/imf\/los-sindicatos-se-oponen-al-acuerdo-de-libre-comercio-entre-la-union-europea-y-colombia\/#breadcrumb"},"inLanguage":"es-ES","potentialAction":[{"@type":"ReadAction","target":["https:\/\/admin.industriall-union.org\/es\/archive\/imf\/los-sindicatos-se-oponen-al-acuerdo-de-libre-comercio-entre-la-union-europea-y-colombia\/"]}]},{"@type":"BreadcrumbList","@id":"https:\/\/admin.industriall-union.org\/es\/archive\/imf\/los-sindicatos-se-oponen-al-acuerdo-de-libre-comercio-entre-la-union-europea-y-colombia\/#breadcrumb","itemListElement":[{"@type":"ListItem","position":1,"name":"Home","item":"https:\/\/admin.industriall-union.org\/"},{"@type":"ListItem","position":2,"name":"Archive Imf","item":"https:\/\/admin.industriall-union.org\/es\/archive\/imf\/"},{"@type":"ListItem","position":3,"name":"Los sindicatos se oponen al Acuerdo de Libre Comercio entre la Uni\u00f3n Europea y Colombia"}]},{"@type":"WebSite","@id":"https:\/\/admin.industriall-union.org\/#website","url":"https:\/\/admin.industriall-union.org\/","name":"industriall-union","description":"","potentialAction":[{"@type":"SearchAction","target":{"@type":"EntryPoint","urlTemplate":"https:\/\/admin.industriall-union.org\/?s={search_term_string}"},"query-input":{"@type":"PropertyValueSpecification","valueRequired":true,"valueName":"search_term_string"}}],"inLanguage":"es-ES"}]}},"_links":{"self":[{"href":"https:\/\/admin.industriall-union.org\/es\/wp-json\/wp\/v2\/archive_imf\/202214","targetHints":{"allow":["GET"]}}],"collection":[{"href":"https:\/\/admin.industriall-union.org\/es\/wp-json\/wp\/v2\/archive_imf"}],"about":[{"href":"https:\/\/admin.industriall-union.org\/es\/wp-json\/wp\/v2\/types\/archive_imf"}],"wp:attachment":[{"href":"https:\/\/admin.industriall-union.org\/es\/wp-json\/wp\/v2\/media?parent=202214"}],"curies":[{"name":"wp","href":"https:\/\/api.w.org\/{rel}","templated":true}]}}

Los sindicatos se oponen al Acuerdo de Libre Comercio entre la Unión Europea y Colombia

EUROPA: La Federación Europea de Metalúrgicos (FEM) escribió a miembros del Parlamento Europeo pidiéndoles que no firmen el Acuerdo de Libre Comercio entre la Unión Europea y Colombia y les informó de una audiencia especial sobre el asunto que tendrá lugar en el Parlamento Europeo el 9 de diciembre.<br /><br />Colombia sigue siendo el país más peligroso del mundo para los sindicalistas. En 2007 fueron asesinados 39 sindicalistas, y el año pasado, 49.<br /><br />Desde 1986 han sido matados 2.712, y sólo ha habido enjuiciamiento en el 4,4 por ciento de los casos. El Comisionado de las Naciones Unidas para los Derechos Humanos ha identificado numerosas violaciones graves de los derechos humanos, y la Organizaciòn Internacional del Trabajo, en su conferencia más reciente, rechazó propuestas para conceder a Colombia la condición de &#8220;pruebas de progreso&#8221;. Este año se ha asesinado ya a cerca de 30 sindicalistas.<br /><br />A pesar de ello, la Comisión Europea está negociando un acuerdo de libre comercio con Colombia.<br /><br />La Federación Internacional de Trabajadores de las Industrias Metalúrgicas se une a la Confederación Sindical Internacional y a los sindicatos colombianos para expresar su oposición a un acuerdo comercial entre la UE y Colombia.<br /><br />Oponiéndose a las actuales negociaciones entre la Comisión Europea y Colombia sobre el acuerdo comercial, sindicatos del Reino Unido e Irlanda han publicado un informe sobre la situación en Colombia. El informe, publicado conjuntamente por el Congreso de Sindicatos Británicos, el Congreso Irlandés de Sindicatos, Unite, Workers Uniting y Justicia para Colombia está disponible en el sitio web de la FITIM, <a href="../files/09112711354966/EU-Colombia-FTA-Report.pdf">aquí</a>.<br /><br />Puede obtenerse más información sobre la audiencia que tendrá lugar en el Parlamento Europeo y sobre la campaña en: <a href="http://www.justiceforcolombia.org/">http://www.justiceforcolombia.org/</a>

<!-- This site is optimized with the Yoast SEO Premium plugin v27.1 (Yoast SEO v27.1) - https://yoast.com/product/yoast-seo-premium-wordpress/ -->
<title>Los sindicatos se oponen al Acuerdo de Libre Comercio entre la Unión Europea y Colombia - industriall-union</title>
<meta name="robots" content="index, follow, max-snippet:-1, max-image-preview:large, max-video-preview:-1" />
<link rel="canonical" href="https://admin.industriall-union.org/es/archive/imf/los-sindicatos-se-oponen-al-acuerdo-de-libre-comercio-entre-la-union-europea-y-colombia/" />
<meta property="og:locale" content="es_ES" />
<meta property="og:type" content="article" />
<meta property="og:title" content="Los sindicatos se oponen al Acuerdo de Libre Comercio entre la Unión Europea y Colombia" />
<meta property="og:description" content="EUROPA: La Federación Europea de Metalúrgicos (FEM) escribió a miembros del Parlamento Europeo pidiéndoles que no firmen el Acuerdo de Libre Comercio entre la Unión Europea y Colombia y les informó de una audiencia especial sobre el asunto que tendrá lugar en el Parlamento Europeo el 9 de diciembre. Colombia sigue siendo el país más [&hellip;]" />
<meta property="og:url" content="https://admin.industriall-union.org/es/archive/imf/los-sindicatos-se-oponen-al-acuerdo-de-libre-comercio-entre-la-union-europea-y-colombia/" />
<meta property="og:site_name" content="industriall-union" />
<meta property="article:modified_time" content="2025-01-31T10:10:07+00:00" />
<meta name="twitter:card" content="summary_large_image" />
<meta name="twitter:label1" content="Est. reading time" />
	<meta name="twitter:data1" content="1 minute" />
<script type="application/ld+json" class="yoast-schema-graph">{"@context":"https://schema.org","@graph":[{"@type":"WebPage","@id":"https://admin.industriall-union.org/es/archive/imf/los-sindicatos-se-oponen-al-acuerdo-de-libre-comercio-entre-la-union-europea-y-colombia/","url":"https://admin.industriall-union.org/es/archive/imf/los-sindicatos-se-oponen-al-acuerdo-de-libre-comercio-entre-la-union-europea-y-colombia/","name":"Los sindicatos se oponen al Acuerdo de Libre Comercio entre la Unión Europea y Colombia - industriall-union","isPartOf":{"@id":"https://admin.industriall-union.org/#website"},"datePublished":"2009-11-27T10:38:00+00:00","dateModified":"2025-01-31T10:10:07+00:00","breadcrumb":{"@id":"https://admin.industriall-union.org/es/archive/imf/los-sindicatos-se-oponen-al-acuerdo-de-libre-comercio-entre-la-union-europea-y-colombia/#breadcrumb"},"inLanguage":"es-ES","potentialAction":[{"@type":"ReadAction","target":["https://admin.industriall-union.org/es/archive/imf/los-sindicatos-se-oponen-al-acuerdo-de-libre-comercio-entre-la-union-europea-y-colombia/"]}]},{"@type":"BreadcrumbList","@id":"https://admin.industriall-union.org/es/archive/imf/los-sindicatos-se-oponen-al-acuerdo-de-libre-comercio-entre-la-union-europea-y-colombia/#breadcrumb","itemListElement":[{"@type":"ListItem","position":1,"name":"Home","item":"https://admin.industriall-union.org/"},{"@type":"ListItem","position":2,"name":"Archive Imf","item":"https://admin.industriall-union.org/es/archive/imf/"},{"@type":"ListItem","position":3,"name":"Los sindicatos se oponen al Acuerdo de Libre Comercio entre la Unión Europea y Colombia"}]},{"@type":"WebSite","@id":"https://admin.industriall-union.org/#website","url":"https://admin.industriall-union.org/","name":"industriall-union","description":"","potentialAction":[{"@type":"SearchAction","target":{"@type":"EntryPoint","urlTemplate":"https://admin.industriall-union.org/?s={search_term_string}"},"query-input":{"@type":"PropertyValueSpecification","valueRequired":true,"valueName":"search_term_string"}}],"inLanguage":"es-ES"}]}</script>
<!-- / Yoast SEO Premium plugin. -->

Los sindicatos se oponen al Acuerdo de Libre Comercio entre la Unión Europea y Colombia - industriall-union

EUROPA: La Federación Europea de Metalúrgicos (FEM) escribió a miembros del Parlamento Europeo pidiéndoles que no firmen el Acuerdo de Libre Comercio entre la Unión Europea y Colombia y les informó de una audiencia especial sobre el asunto que tendrá lugar en el Parlamento Europeo el 9 de diciembre. Colombia sigue siendo el país más [&hellip;]
