{"id":202213,"date":"2009-11-27T10:41:00","date_gmt":"2009-11-27T10:41:00","guid":{"rendered":"https:\/\/admin.industriall-union.org\/archive\/imf\/puede-la-omc-promover-el-trabajo-decente\/"},"modified":"2025-01-31T10:10:06","modified_gmt":"2025-01-31T10:10:06","slug":"puede-la-omc-promover-el-trabajo-decente","status":"publish","type":"archive_imf","link":"https:\/\/admin.industriall-union.org\/es\/archive\/imf\/puede-la-omc-promover-el-trabajo-decente\/","title":{"rendered":"\u00bfPuede la OMC promover el trabajo decente?"},"content":{"rendered":"GINEBRA: Organizada con motivo de la S\u00e9ptima Conferencia Ministerial de la Organizaci\u00f3n Mundial del Comercio, la Confederaci\u00f3n Sindical Internacional (CSI) celebra una conferencia p\u00fablica sobre &#8220;Comercio, crecimiento y desarrollo: \u00bfPuede la OMC promover el trabajo decente?&quot;<br \/><br \/>La conferencia tendr\u00e1 lugar de las 15:30 a las 17:30 horas del 29 de noviembre de 2009 en la Organizaci\u00f3n Internacional del Trabajo, Ginebra. (Sala V, ILO, 4 route des Morillons, CH-1211 Ginebra)<br \/><br \/>El secretario general de la CSI, Guy Ryder, estar\u00e1 acompa\u00f1ado por Pascal Lamy, director general de la OMC, Celso Amorim, Ministro de Relaciones Exteriores, Brasil, Rob Davies, ministro de Comercio e Industria, Sud\u00e1frica, Eckart Guth, jefe de delegaci\u00f3n de la Comisi\u00f3n Europea en Ginebra, Alfredo Chiaradia, secretario de Comercio y Relaciones Econ\u00f3micas Internacionales, Argentina, y otros representantes gubernamentales que participar\u00e1n en la Conferencia Ministerial de la OMC.<br \/><br \/>El programa est\u00e1 publicado en el sitio wweb de la FITIM, <a href=\"..\/files\/09112711364766\/Trade_Growth_and_Development_programme.pdf\">aqu\u00ed<\/a>.","protected":false},"featured_media":0,"template":"","class_list":["post-202213","archive_imf","type-archive_imf","status-publish","hentry"],"acf":[],"yoast_head":"<!-- This site is optimized with the Yoast SEO Premium plugin v27.1 (Yoast SEO v27.1) - https:\/\/yoast.com\/product\/yoast-seo-premium-wordpress\/ -->\n<title>\u00bfPuede la OMC promover el trabajo decente? - industriall-union<\/title>\n<meta name=\"robots\" content=\"index, follow, max-snippet:-1, max-image-preview:large, max-video-preview:-1\" \/>\n<link rel=\"canonical\" href=\"https:\/\/admin.industriall-union.org\/es\/archive\/imf\/puede-la-omc-promover-el-trabajo-decente\/\" \/>\n<meta property=\"og:locale\" content=\"es_ES\" \/>\n<meta property=\"og:type\" content=\"article\" \/>\n<meta property=\"og:title\" content=\"\u00bfPuede la OMC promover el trabajo decente?\" \/>\n<meta property=\"og:description\" content=\"GINEBRA: Organizada con motivo de la S\u00e9ptima Conferencia Ministerial de la Organizaci\u00f3n Mundial del Comercio, la Confederaci\u00f3n Sindical Internacional (CSI) celebra una conferencia p\u00fablica sobre &#8220;Comercio, crecimiento y desarrollo: \u00bfPuede la OMC promover el trabajo decente?&quot; La conferencia tendr\u00e1 lugar de las 15:30 a las 17:30 horas del 29 de noviembre de 2009 en la [&hellip;]\" \/>\n<meta property=\"og:url\" content=\"https:\/\/admin.industriall-union.org\/es\/archive\/imf\/puede-la-omc-promover-el-trabajo-decente\/\" \/>\n<meta property=\"og:site_name\" content=\"industriall-union\" \/>\n<meta property=\"article:modified_time\" content=\"2025-01-31T10:10:06+00:00\" \/>\n<meta name=\"twitter:card\" content=\"summary_large_image\" \/>\n<meta name=\"twitter:label1\" content=\"Est. reading time\" \/>\n\t<meta name=\"twitter:data1\" content=\"1 minute\" \/>\n<script type=\"application\/ld+json\" class=\"yoast-schema-graph\">{\"@context\":\"https:\/\/schema.org\",\"@graph\":[{\"@type\":\"WebPage\",\"@id\":\"https:\/\/admin.industriall-union.org\/es\/archive\/imf\/puede-la-omc-promover-el-trabajo-decente\/\",\"url\":\"https:\/\/admin.industriall-union.org\/es\/archive\/imf\/puede-la-omc-promover-el-trabajo-decente\/\",\"name\":\"\u00bfPuede la OMC promover el trabajo decente? - industriall-union\",\"isPartOf\":{\"@id\":\"https:\/\/admin.industriall-union.org\/#website\"},\"datePublished\":\"2009-11-27T10:41:00+00:00\",\"dateModified\":\"2025-01-31T10:10:06+00:00\",\"breadcrumb\":{\"@id\":\"https:\/\/admin.industriall-union.org\/es\/archive\/imf\/puede-la-omc-promover-el-trabajo-decente\/#breadcrumb\"},\"inLanguage\":\"es-ES\",\"potentialAction\":[{\"@type\":\"ReadAction\",\"target\":[\"https:\/\/admin.industriall-union.org\/es\/archive\/imf\/puede-la-omc-promover-el-trabajo-decente\/\"]}]},{\"@type\":\"BreadcrumbList\",\"@id\":\"https:\/\/admin.industriall-union.org\/es\/archive\/imf\/puede-la-omc-promover-el-trabajo-decente\/#breadcrumb\",\"itemListElement\":[{\"@type\":\"ListItem\",\"position\":1,\"name\":\"Home\",\"item\":\"https:\/\/admin.industriall-union.org\/\"},{\"@type\":\"ListItem\",\"position\":2,\"name\":\"Archive Imf\",\"item\":\"https:\/\/admin.industriall-union.org\/es\/archive\/imf\/\"},{\"@type\":\"ListItem\",\"position\":3,\"name\":\"\u00bfPuede la OMC promover el trabajo decente?\"}]},{\"@type\":\"WebSite\",\"@id\":\"https:\/\/admin.industriall-union.org\/#website\",\"url\":\"https:\/\/admin.industriall-union.org\/\",\"name\":\"industriall-union\",\"description\":\"\",\"potentialAction\":[{\"@type\":\"SearchAction\",\"target\":{\"@type\":\"EntryPoint\",\"urlTemplate\":\"https:\/\/admin.industriall-union.org\/?s={search_term_string}\"},\"query-input\":{\"@type\":\"PropertyValueSpecification\",\"valueRequired\":true,\"valueName\":\"search_term_string\"}}],\"inLanguage\":\"es-ES\"}]}<\/script>\n<!-- \/ Yoast SEO Premium plugin. -->","yoast_head_json":{"title":"\u00bfPuede la OMC promover el trabajo decente? - industriall-union","robots":{"index":"index","follow":"follow","max-snippet":"max-snippet:-1","max-image-preview":"max-image-preview:large","max-video-preview":"max-video-preview:-1"},"canonical":"https:\/\/admin.industriall-union.org\/es\/archive\/imf\/puede-la-omc-promover-el-trabajo-decente\/","og_locale":"es_ES","og_type":"article","og_title":"\u00bfPuede la OMC promover el trabajo decente?","og_description":"GINEBRA: Organizada con motivo de la S\u00e9ptima Conferencia Ministerial de la Organizaci\u00f3n Mundial del Comercio, la Confederaci\u00f3n Sindical Internacional (CSI) celebra una conferencia p\u00fablica sobre &#8220;Comercio, crecimiento y desarrollo: \u00bfPuede la OMC promover el trabajo decente?&quot; La conferencia tendr\u00e1 lugar de las 15:30 a las 17:30 horas del 29 de noviembre de 2009 en la [&hellip;]","og_url":"https:\/\/admin.industriall-union.org\/es\/archive\/imf\/puede-la-omc-promover-el-trabajo-decente\/","og_site_name":"industriall-union","article_modified_time":"2025-01-31T10:10:06+00:00","twitter_card":"summary_large_image","twitter_misc":{"Est. reading time":"1 minute"},"schema":{"@context":"https:\/\/schema.org","@graph":[{"@type":"WebPage","@id":"https:\/\/admin.industriall-union.org\/es\/archive\/imf\/puede-la-omc-promover-el-trabajo-decente\/","url":"https:\/\/admin.industriall-union.org\/es\/archive\/imf\/puede-la-omc-promover-el-trabajo-decente\/","name":"\u00bfPuede la OMC promover el trabajo decente? - industriall-union","isPartOf":{"@id":"https:\/\/admin.industriall-union.org\/#website"},"datePublished":"2009-11-27T10:41:00+00:00","dateModified":"2025-01-31T10:10:06+00:00","breadcrumb":{"@id":"https:\/\/admin.industriall-union.org\/es\/archive\/imf\/puede-la-omc-promover-el-trabajo-decente\/#breadcrumb"},"inLanguage":"es-ES","potentialAction":[{"@type":"ReadAction","target":["https:\/\/admin.industriall-union.org\/es\/archive\/imf\/puede-la-omc-promover-el-trabajo-decente\/"]}]},{"@type":"BreadcrumbList","@id":"https:\/\/admin.industriall-union.org\/es\/archive\/imf\/puede-la-omc-promover-el-trabajo-decente\/#breadcrumb","itemListElement":[{"@type":"ListItem","position":1,"name":"Home","item":"https:\/\/admin.industriall-union.org\/"},{"@type":"ListItem","position":2,"name":"Archive Imf","item":"https:\/\/admin.industriall-union.org\/es\/archive\/imf\/"},{"@type":"ListItem","position":3,"name":"\u00bfPuede la OMC promover el trabajo decente?"}]},{"@type":"WebSite","@id":"https:\/\/admin.industriall-union.org\/#website","url":"https:\/\/admin.industriall-union.org\/","name":"industriall-union","description":"","potentialAction":[{"@type":"SearchAction","target":{"@type":"EntryPoint","urlTemplate":"https:\/\/admin.industriall-union.org\/?s={search_term_string}"},"query-input":{"@type":"PropertyValueSpecification","valueRequired":true,"valueName":"search_term_string"}}],"inLanguage":"es-ES"}]}},"_links":{"self":[{"href":"https:\/\/admin.industriall-union.org\/es\/wp-json\/wp\/v2\/archive_imf\/202213","targetHints":{"allow":["GET"]}}],"collection":[{"href":"https:\/\/admin.industriall-union.org\/es\/wp-json\/wp\/v2\/archive_imf"}],"about":[{"href":"https:\/\/admin.industriall-union.org\/es\/wp-json\/wp\/v2\/types\/archive_imf"}],"wp:attachment":[{"href":"https:\/\/admin.industriall-union.org\/es\/wp-json\/wp\/v2\/media?parent=202213"}],"curies":[{"name":"wp","href":"https:\/\/api.w.org\/{rel}","templated":true}]}}

GINEBRA: Organizada con motivo de la Séptima Conferencia Ministerial de la Organización Mundial del Comercio, la Confederación Sindical Internacional (CSI) celebra una conferencia pública sobre &#8220;Comercio, crecimiento y desarrollo: ¿Puede la OMC promover el trabajo decente?&quot;<br /><br />La conferencia tendrá lugar de las 15:30 a las 17:30 horas del 29 de noviembre de 2009 en la Organización Internacional del Trabajo, Ginebra. (Sala V, ILO, 4 route des Morillons, CH-1211 Ginebra)<br /><br />El secretario general de la CSI, Guy Ryder, estará acompañado por Pascal Lamy, director general de la OMC, Celso Amorim, Ministro de Relaciones Exteriores, Brasil, Rob Davies, ministro de Comercio e Industria, Sudáfrica, Eckart Guth, jefe de delegación de la Comisión Europea en Ginebra, Alfredo Chiaradia, secretario de Comercio y Relaciones Económicas Internacionales, Argentina, y otros representantes gubernamentales que participarán en la Conferencia Ministerial de la OMC.<br /><br />El programa está publicado en el sitio wweb de la FITIM, <a href="../files/09112711364766/Trade_Growth_and_Development_programme.pdf">aquí</a>.

<!-- This site is optimized with the Yoast SEO Premium plugin v27.1 (Yoast SEO v27.1) - https://yoast.com/product/yoast-seo-premium-wordpress/ -->
<title>¿Puede la OMC promover el trabajo decente? - industriall-union</title>
<meta name="robots" content="index, follow, max-snippet:-1, max-image-preview:large, max-video-preview:-1" />
<link rel="canonical" href="https://admin.industriall-union.org/es/archive/imf/puede-la-omc-promover-el-trabajo-decente/" />
<meta property="og:locale" content="es_ES" />
<meta property="og:type" content="article" />
<meta property="og:title" content="¿Puede la OMC promover el trabajo decente?" />
<meta property="og:description" content="GINEBRA: Organizada con motivo de la Séptima Conferencia Ministerial de la Organización Mundial del Comercio, la Confederación Sindical Internacional (CSI) celebra una conferencia pública sobre &#8220;Comercio, crecimiento y desarrollo: ¿Puede la OMC promover el trabajo decente?&quot; La conferencia tendrá lugar de las 15:30 a las 17:30 horas del 29 de noviembre de 2009 en la [&hellip;]" />
<meta property="og:url" content="https://admin.industriall-union.org/es/archive/imf/puede-la-omc-promover-el-trabajo-decente/" />
<meta property="og:site_name" content="industriall-union" />
<meta property="article:modified_time" content="2025-01-31T10:10:06+00:00" />
<meta name="twitter:card" content="summary_large_image" />
<meta name="twitter:label1" content="Est. reading time" />
	<meta name="twitter:data1" content="1 minute" />
<script type="application/ld+json" class="yoast-schema-graph">{"@context":"https://schema.org","@graph":[{"@type":"WebPage","@id":"https://admin.industriall-union.org/es/archive/imf/puede-la-omc-promover-el-trabajo-decente/","url":"https://admin.industriall-union.org/es/archive/imf/puede-la-omc-promover-el-trabajo-decente/","name":"¿Puede la OMC promover el trabajo decente? - industriall-union","isPartOf":{"@id":"https://admin.industriall-union.org/#website"},"datePublished":"2009-11-27T10:41:00+00:00","dateModified":"2025-01-31T10:10:06+00:00","breadcrumb":{"@id":"https://admin.industriall-union.org/es/archive/imf/puede-la-omc-promover-el-trabajo-decente/#breadcrumb"},"inLanguage":"es-ES","potentialAction":[{"@type":"ReadAction","target":["https://admin.industriall-union.org/es/archive/imf/puede-la-omc-promover-el-trabajo-decente/"]}]},{"@type":"BreadcrumbList","@id":"https://admin.industriall-union.org/es/archive/imf/puede-la-omc-promover-el-trabajo-decente/#breadcrumb","itemListElement":[{"@type":"ListItem","position":1,"name":"Home","item":"https://admin.industriall-union.org/"},{"@type":"ListItem","position":2,"name":"Archive Imf","item":"https://admin.industriall-union.org/es/archive/imf/"},{"@type":"ListItem","position":3,"name":"¿Puede la OMC promover el trabajo decente?"}]},{"@type":"WebSite","@id":"https://admin.industriall-union.org/#website","url":"https://admin.industriall-union.org/","name":"industriall-union","description":"","potentialAction":[{"@type":"SearchAction","target":{"@type":"EntryPoint","urlTemplate":"https://admin.industriall-union.org/?s={search_term_string}"},"query-input":{"@type":"PropertyValueSpecification","valueRequired":true,"valueName":"search_term_string"}}],"inLanguage":"es-ES"}]}</script>
<!-- / Yoast SEO Premium plugin. -->

GINEBRA: Organizada con motivo de la Séptima Conferencia Ministerial de la Organización Mundial del Comercio, la Confederación Sindical Internacional (CSI) celebra una conferencia pública sobre &#8220;Comercio, crecimiento y desarrollo: ¿Puede la OMC promover el trabajo decente?&quot; La conferencia tendrá lugar de las 15:30 a las 17:30 horas del 29 de noviembre de 2009 en la [&hellip;]
