{"id":202094,"date":"2010-01-14T09:37:00","date_gmt":"2010-01-14T09:37:00","guid":{"rendered":"https:\/\/admin.industriall-union.org\/archive\/imf\/salvemos-la-saab-en-suecia\/"},"modified":"2025-01-31T10:09:33","modified_gmt":"2025-01-31T10:09:33","slug":"salvemos-la-saab-en-suecia","status":"publish","type":"archive_imf","link":"https:\/\/admin.industriall-union.org\/es\/archive\/imf\/salvemos-la-saab-en-suecia\/","title":{"rendered":"Salvemos la Saab en Suecia"},"content":{"rendered":"<p>SUECIA: Unos 4.000 empleados de Saab suspendieron el trabajo y llevaron a cabo una acci\u00f3n en la f\u00e1brica de Trollh\u00e4ttan, el 12 de enero de 2010, como protesta por los planes de GM de cerrar ese centro de producci\u00f3n, a pesar de que existen ofertas potenciales para Saab Automobile AB y la marca Saab.<br \/><br \/>&quot;La mejor soluci\u00f3n econ\u00f3mica que tiene General Motors para ahorrar dinero y evitar costes, es vender la Saab, en lugar de reducir la empresa&#8221;, dice un folleto elaborado por los cuatro sindicatos que han emprendido la acci\u00f3n en Saab.<br \/><br \/>&quot;La propietaria, General Motors, est\u00e1 actuando en forma irresponsable al dar se\u00f1ales en dos sentidos diferentes: iniciar la liquidaci\u00f3n de Saab al mismo tiempo que est\u00e1n presentando ofertas algunos compradores potenciales&#8221;, declar\u00f3 el presidente de IF Metall, Stefan L\u00f6ven, en apoyo de la protesta de los trabajadores. <br \/><br \/>&quot;No es s\u00f3lo una cuesti\u00f3n de transacci\u00f3n comercial, sino tambi\u00e9n del futuro y la calidad de vida de un gran n\u00famero de personas&#8221;, dijo L\u00f6ven.<br \/><br \/>GM ha venido tratando de vender la Saab desde enero del a\u00f1o pasado. Saab, que fue fundada en 1937, emplea 3.400 personas en Suecia. La empresa fue comprada por GM en 1989.<\/p><p>&nbsp;<\/p>","protected":false},"featured_media":0,"template":"","class_list":["post-202094","archive_imf","type-archive_imf","status-publish","hentry"],"acf":[],"yoast_head":"<!-- This site is optimized with the Yoast SEO Premium plugin v27.1 (Yoast SEO v27.1) - https:\/\/yoast.com\/product\/yoast-seo-premium-wordpress\/ -->\n<title>Salvemos la Saab en Suecia - industriall-union<\/title>\n<meta name=\"robots\" content=\"index, follow, max-snippet:-1, max-image-preview:large, max-video-preview:-1\" \/>\n<link rel=\"canonical\" href=\"https:\/\/admin.industriall-union.org\/es\/archive\/imf\/salvemos-la-saab-en-suecia\/\" \/>\n<meta property=\"og:locale\" content=\"es_ES\" \/>\n<meta property=\"og:type\" content=\"article\" \/>\n<meta property=\"og:title\" content=\"Salvemos la Saab en Suecia\" \/>\n<meta property=\"og:description\" content=\"SUECIA: Unos 4.000 empleados de Saab suspendieron el trabajo y llevaron a cabo una acci\u00f3n en la f\u00e1brica de Trollh\u00e4ttan, el 12 de enero de 2010, como protesta por los planes de GM de cerrar ese centro de producci\u00f3n, a pesar de que existen ofertas potenciales para Saab Automobile AB y la marca Saab. &quot;La [&hellip;]\" \/>\n<meta property=\"og:url\" content=\"https:\/\/admin.industriall-union.org\/es\/archive\/imf\/salvemos-la-saab-en-suecia\/\" \/>\n<meta property=\"og:site_name\" content=\"industriall-union\" \/>\n<meta property=\"article:modified_time\" content=\"2025-01-31T10:09:33+00:00\" \/>\n<meta name=\"twitter:card\" content=\"summary_large_image\" \/>\n<meta name=\"twitter:label1\" content=\"Est. reading time\" \/>\n\t<meta name=\"twitter:data1\" content=\"1 minute\" \/>\n<script type=\"application\/ld+json\" class=\"yoast-schema-graph\">{\"@context\":\"https:\/\/schema.org\",\"@graph\":[{\"@type\":\"WebPage\",\"@id\":\"https:\/\/admin.industriall-union.org\/es\/archive\/imf\/salvemos-la-saab-en-suecia\/\",\"url\":\"https:\/\/admin.industriall-union.org\/es\/archive\/imf\/salvemos-la-saab-en-suecia\/\",\"name\":\"Salvemos la Saab en Suecia - industriall-union\",\"isPartOf\":{\"@id\":\"https:\/\/admin.industriall-union.org\/#website\"},\"datePublished\":\"2010-01-14T09:37:00+00:00\",\"dateModified\":\"2025-01-31T10:09:33+00:00\",\"breadcrumb\":{\"@id\":\"https:\/\/admin.industriall-union.org\/es\/archive\/imf\/salvemos-la-saab-en-suecia\/#breadcrumb\"},\"inLanguage\":\"es-ES\",\"potentialAction\":[{\"@type\":\"ReadAction\",\"target\":[\"https:\/\/admin.industriall-union.org\/es\/archive\/imf\/salvemos-la-saab-en-suecia\/\"]}]},{\"@type\":\"BreadcrumbList\",\"@id\":\"https:\/\/admin.industriall-union.org\/es\/archive\/imf\/salvemos-la-saab-en-suecia\/#breadcrumb\",\"itemListElement\":[{\"@type\":\"ListItem\",\"position\":1,\"name\":\"Home\",\"item\":\"https:\/\/admin.industriall-union.org\/\"},{\"@type\":\"ListItem\",\"position\":2,\"name\":\"Archive Imf\",\"item\":\"https:\/\/admin.industriall-union.org\/es\/archive\/imf\/\"},{\"@type\":\"ListItem\",\"position\":3,\"name\":\"Salvemos la Saab en Suecia\"}]},{\"@type\":\"WebSite\",\"@id\":\"https:\/\/admin.industriall-union.org\/#website\",\"url\":\"https:\/\/admin.industriall-union.org\/\",\"name\":\"industriall-union\",\"description\":\"\",\"potentialAction\":[{\"@type\":\"SearchAction\",\"target\":{\"@type\":\"EntryPoint\",\"urlTemplate\":\"https:\/\/admin.industriall-union.org\/?s={search_term_string}\"},\"query-input\":{\"@type\":\"PropertyValueSpecification\",\"valueRequired\":true,\"valueName\":\"search_term_string\"}}],\"inLanguage\":\"es-ES\"}]}<\/script>\n<!-- \/ Yoast SEO Premium plugin. -->","yoast_head_json":{"title":"Salvemos la Saab en Suecia - industriall-union","robots":{"index":"index","follow":"follow","max-snippet":"max-snippet:-1","max-image-preview":"max-image-preview:large","max-video-preview":"max-video-preview:-1"},"canonical":"https:\/\/admin.industriall-union.org\/es\/archive\/imf\/salvemos-la-saab-en-suecia\/","og_locale":"es_ES","og_type":"article","og_title":"Salvemos la Saab en Suecia","og_description":"SUECIA: Unos 4.000 empleados de Saab suspendieron el trabajo y llevaron a cabo una acci\u00f3n en la f\u00e1brica de Trollh\u00e4ttan, el 12 de enero de 2010, como protesta por los planes de GM de cerrar ese centro de producci\u00f3n, a pesar de que existen ofertas potenciales para Saab Automobile AB y la marca Saab. &quot;La [&hellip;]","og_url":"https:\/\/admin.industriall-union.org\/es\/archive\/imf\/salvemos-la-saab-en-suecia\/","og_site_name":"industriall-union","article_modified_time":"2025-01-31T10:09:33+00:00","twitter_card":"summary_large_image","twitter_misc":{"Est. reading time":"1 minute"},"schema":{"@context":"https:\/\/schema.org","@graph":[{"@type":"WebPage","@id":"https:\/\/admin.industriall-union.org\/es\/archive\/imf\/salvemos-la-saab-en-suecia\/","url":"https:\/\/admin.industriall-union.org\/es\/archive\/imf\/salvemos-la-saab-en-suecia\/","name":"Salvemos la Saab en Suecia - industriall-union","isPartOf":{"@id":"https:\/\/admin.industriall-union.org\/#website"},"datePublished":"2010-01-14T09:37:00+00:00","dateModified":"2025-01-31T10:09:33+00:00","breadcrumb":{"@id":"https:\/\/admin.industriall-union.org\/es\/archive\/imf\/salvemos-la-saab-en-suecia\/#breadcrumb"},"inLanguage":"es-ES","potentialAction":[{"@type":"ReadAction","target":["https:\/\/admin.industriall-union.org\/es\/archive\/imf\/salvemos-la-saab-en-suecia\/"]}]},{"@type":"BreadcrumbList","@id":"https:\/\/admin.industriall-union.org\/es\/archive\/imf\/salvemos-la-saab-en-suecia\/#breadcrumb","itemListElement":[{"@type":"ListItem","position":1,"name":"Home","item":"https:\/\/admin.industriall-union.org\/"},{"@type":"ListItem","position":2,"name":"Archive Imf","item":"https:\/\/admin.industriall-union.org\/es\/archive\/imf\/"},{"@type":"ListItem","position":3,"name":"Salvemos la Saab en Suecia"}]},{"@type":"WebSite","@id":"https:\/\/admin.industriall-union.org\/#website","url":"https:\/\/admin.industriall-union.org\/","name":"industriall-union","description":"","potentialAction":[{"@type":"SearchAction","target":{"@type":"EntryPoint","urlTemplate":"https:\/\/admin.industriall-union.org\/?s={search_term_string}"},"query-input":{"@type":"PropertyValueSpecification","valueRequired":true,"valueName":"search_term_string"}}],"inLanguage":"es-ES"}]}},"_links":{"self":[{"href":"https:\/\/admin.industriall-union.org\/es\/wp-json\/wp\/v2\/archive_imf\/202094","targetHints":{"allow":["GET"]}}],"collection":[{"href":"https:\/\/admin.industriall-union.org\/es\/wp-json\/wp\/v2\/archive_imf"}],"about":[{"href":"https:\/\/admin.industriall-union.org\/es\/wp-json\/wp\/v2\/types\/archive_imf"}],"wp:attachment":[{"href":"https:\/\/admin.industriall-union.org\/es\/wp-json\/wp\/v2\/media?parent=202094"}],"curies":[{"name":"wp","href":"https:\/\/api.w.org\/{rel}","templated":true}]}}

<p>SUECIA: Unos 4.000 empleados de Saab suspendieron el trabajo y llevaron a cabo una acción en la fábrica de Trollhättan, el 12 de enero de 2010, como protesta por los planes de GM de cerrar ese centro de producción, a pesar de que existen ofertas potenciales para Saab Automobile AB y la marca Saab.<br /><br />&quot;La mejor solución económica que tiene General Motors para ahorrar dinero y evitar costes, es vender la Saab, en lugar de reducir la empresa&#8221;, dice un folleto elaborado por los cuatro sindicatos que han emprendido la acción en Saab.<br /><br />&quot;La propietaria, General Motors, está actuando en forma irresponsable al dar señales en dos sentidos diferentes: iniciar la liquidación de Saab al mismo tiempo que están presentando ofertas algunos compradores potenciales&#8221;, declaró el presidente de IF Metall, Stefan Löven, en apoyo de la protesta de los trabajadores. <br /><br />&quot;No es sólo una cuestión de transacción comercial, sino también del futuro y la calidad de vida de un gran número de personas&#8221;, dijo Löven.<br /><br />GM ha venido tratando de vender la Saab desde enero del año pasado. Saab, que fue fundada en 1937, emplea 3.400 personas en Suecia. La empresa fue comprada por GM en 1989.</p><p>&nbsp;</p>

<!-- This site is optimized with the Yoast SEO Premium plugin v27.1 (Yoast SEO v27.1) - https://yoast.com/product/yoast-seo-premium-wordpress/ -->
<title>Salvemos la Saab en Suecia - industriall-union</title>
<meta name="robots" content="index, follow, max-snippet:-1, max-image-preview:large, max-video-preview:-1" />
<link rel="canonical" href="https://admin.industriall-union.org/es/archive/imf/salvemos-la-saab-en-suecia/" />
<meta property="og:locale" content="es_ES" />
<meta property="og:type" content="article" />
<meta property="og:title" content="Salvemos la Saab en Suecia" />
<meta property="og:description" content="SUECIA: Unos 4.000 empleados de Saab suspendieron el trabajo y llevaron a cabo una acción en la fábrica de Trollhättan, el 12 de enero de 2010, como protesta por los planes de GM de cerrar ese centro de producción, a pesar de que existen ofertas potenciales para Saab Automobile AB y la marca Saab. &quot;La [&hellip;]" />
<meta property="og:url" content="https://admin.industriall-union.org/es/archive/imf/salvemos-la-saab-en-suecia/" />
<meta property="og:site_name" content="industriall-union" />
<meta property="article:modified_time" content="2025-01-31T10:09:33+00:00" />
<meta name="twitter:card" content="summary_large_image" />
<meta name="twitter:label1" content="Est. reading time" />
	<meta name="twitter:data1" content="1 minute" />
<script type="application/ld+json" class="yoast-schema-graph">{"@context":"https://schema.org","@graph":[{"@type":"WebPage","@id":"https://admin.industriall-union.org/es/archive/imf/salvemos-la-saab-en-suecia/","url":"https://admin.industriall-union.org/es/archive/imf/salvemos-la-saab-en-suecia/","name":"Salvemos la Saab en Suecia - industriall-union","isPartOf":{"@id":"https://admin.industriall-union.org/#website"},"datePublished":"2010-01-14T09:37:00+00:00","dateModified":"2025-01-31T10:09:33+00:00","breadcrumb":{"@id":"https://admin.industriall-union.org/es/archive/imf/salvemos-la-saab-en-suecia/#breadcrumb"},"inLanguage":"es-ES","potentialAction":[{"@type":"ReadAction","target":["https://admin.industriall-union.org/es/archive/imf/salvemos-la-saab-en-suecia/"]}]},{"@type":"BreadcrumbList","@id":"https://admin.industriall-union.org/es/archive/imf/salvemos-la-saab-en-suecia/#breadcrumb","itemListElement":[{"@type":"ListItem","position":1,"name":"Home","item":"https://admin.industriall-union.org/"},{"@type":"ListItem","position":2,"name":"Archive Imf","item":"https://admin.industriall-union.org/es/archive/imf/"},{"@type":"ListItem","position":3,"name":"Salvemos la Saab en Suecia"}]},{"@type":"WebSite","@id":"https://admin.industriall-union.org/#website","url":"https://admin.industriall-union.org/","name":"industriall-union","description":"","potentialAction":[{"@type":"SearchAction","target":{"@type":"EntryPoint","urlTemplate":"https://admin.industriall-union.org/?s={search_term_string}"},"query-input":{"@type":"PropertyValueSpecification","valueRequired":true,"valueName":"search_term_string"}}],"inLanguage":"es-ES"}]}</script>
<!-- / Yoast SEO Premium plugin. -->

SUECIA: Unos 4.000 empleados de Saab suspendieron el trabajo y llevaron a cabo una acción en la fábrica de Trollhättan, el 12 de enero de 2010, como protesta por los planes de GM de cerrar ese centro de producción, a pesar de que existen ofertas potenciales para Saab Automobile AB y la marca Saab. &quot;La [&hellip;]
