{"id":202040,"date":"2010-01-14T10:01:00","date_gmt":"2010-01-14T10:01:00","guid":{"rendered":"https:\/\/admin.industriall-union.org\/archive\/imf\/la-huelga-de-vale-entra-en-su-septimo-mes\/"},"modified":"2025-01-31T10:09:32","modified_gmt":"2025-01-31T10:09:32","slug":"la-huelga-de-vale-entra-en-su-septimo-mes","status":"publish","type":"archive_imf","link":"https:\/\/admin.industriall-union.org\/es\/archive\/imf\/la-huelga-de-vale-entra-en-su-septimo-mes\/","title":{"rendered":"La huelga de Vale entra en su s\u00e9ptimo mes"},"content":{"rendered":"<p>CANAD\u00c1: El sindicato United Steelworkers (USW) ha presentado una queja contra Vale Inco por mala fe en la negociaci\u00f3n colectiva, por negarse la empresa a entablar una negociaci\u00f3n genuina, de buena fe, para dar t\u00e9rmino a la huelga que han sostenido 3.500 trabajadores canadienses durante seis meses.<br \/><br \/>Funcionarios del USW han presentado la queja al Consejo de Relaciones Laborales de Ontario, en Toronto, al cumplirse los seis meses de la huelga, el 13 de enero, dando relieve a la fecha con un mitin y una marcha. <br \/><br \/>En Sudbury y Port Colborne, Canad\u00e1, 3.500 miembros del USW han estado en huelga desde el 13 de julio de 2009, despu\u00e9s de que la empresa declar\u00f3 que s\u00f3lo renovar\u00eda su convenio colectivo si los trabajadores aceptaban una reducci\u00f3n dr\u00e1stica de las condiciones y una mayor inseguridad de empleo. A pesar de haber logrado ganancias por USD 13.200 millones el a\u00f1o pasado, Vale insiste en crear un plan de pensiones de dos niveles, eliminando la bonificaci\u00f3n de aluminio y degradando gravemente los derechos de antig\u00fcedad, al mismo tiempo que emplea trabajadores sustitutos de los que est\u00e1n en huelga para continuar la producci\u00f3n. Los miembros de USW en Voisey&#8217;s Bay se unieron a la huelga el 1 de agosto.<br \/><br \/>&quot;La Ley de Relaciones Laborales de Ontario exige que los empleadores y los sindicatos hagan todos los esfuerzos razonables posibles para llegar a un convenio colectivo&#8221;, explic\u00f3 Brian Shell, abogado de USW. &#8220;Como m\u00ednimo, esto significa que las empresas se deben reunir con los sindicatos con el prop\u00f3sito de estudiar a fondo todos los temas y ambos deben esforzarse por encontrar una v\u00eda aceptable.&#8221; <br \/><br \/>&quot;La conducta de Vale Inco indica que no est\u00e1 interesada en ninguna negociaci\u00f3n adecuada&#8221;, dice John Fera, presidente de USW Local 6500 en Sudbury. &quot;Est\u00e1 utilizando su enorme poder econ\u00f3mico para tratar de doblegar a trabajadores canadienses y a nuestras comunidades.&#8221; <br \/><br \/>La huelga ha recibido un apoyo masivo de todo el mundo en meses recientes, gracias, en parte, a la ayuda de afiliados de la Federaci\u00f3n Internacional de Trabajadores de las Industrias Metal\u00fargicas (FITIM) y de la Federaci\u00f3n Internacional de Sindicatos de la Qu\u00edmica, Energ\u00eda, Minas e Industrias Diversas (ICEM). Trabajadores de Vale de Canad\u00e1 y Brasil han viajado por todo el mundo, informando de su experiencia a compa\u00f1eros mineros y metal\u00fargicos de establecimientos de Vale, lo mismo que en laminadoras de acero y funder\u00edas que compran productos de Vale. Los sindicatos han venido exigiendo a Vale que vuelva a la mesa de negociaciones y llegue a un convenio justo INMEDIATAMENTE. <br \/><br \/>&quot;Consideramos que Vale est\u00e1 tratando de destruir su mayor convenio colectivo con el fin de establecer un precedente para debilitar otros convenios en todo el mundo: una estrategia que la FITIM y nuestros afiliados y organizaciones interlocutoras de todo el mundo no aceptaremos. Y lucharemos&#8221;, escribi\u00f3 Jyrki Raina, secretario general de la FITIM, en un mensaje de solidaridad para la ocasi\u00f3n. <br \/><br \/>&quot;Mientras que Vale no cambie de pr\u00e1cticas, la FITIM seguir\u00e1 oponi\u00e9ndose a sus actividades e inversiones movilizando afiliados de la FITIM en todo el mundo, e insistiremos ante empresas y gobiernos de todo el mundo para que suspendan sus relaciones comerciales con Vale hasta que se llegue a una soluci\u00f3n&#8221;, agreg\u00f3 Raina.<\/p><p>&nbsp;<\/p>","protected":false},"featured_media":0,"template":"","class_list":["post-202040","archive_imf","type-archive_imf","status-publish","hentry"],"acf":[],"yoast_head":"<!-- This site is optimized with the Yoast SEO Premium plugin v27.1 (Yoast SEO v27.1) - https:\/\/yoast.com\/product\/yoast-seo-premium-wordpress\/ -->\n<title>La huelga de Vale entra en su s\u00e9ptimo mes - industriall-union<\/title>\n<meta name=\"robots\" content=\"index, follow, max-snippet:-1, max-image-preview:large, max-video-preview:-1\" \/>\n<link rel=\"canonical\" href=\"https:\/\/admin.industriall-union.org\/es\/archive\/imf\/la-huelga-de-vale-entra-en-su-septimo-mes\/\" \/>\n<meta property=\"og:locale\" content=\"es_ES\" \/>\n<meta property=\"og:type\" content=\"article\" \/>\n<meta property=\"og:title\" content=\"La huelga de Vale entra en su s\u00e9ptimo mes\" \/>\n<meta property=\"og:description\" content=\"CANAD\u00c1: El sindicato United Steelworkers (USW) ha presentado una queja contra Vale Inco por mala fe en la negociaci\u00f3n colectiva, por negarse la empresa a entablar una negociaci\u00f3n genuina, de buena fe, para dar t\u00e9rmino a la huelga que han sostenido 3.500 trabajadores canadienses durante seis meses. Funcionarios del USW han presentado la queja al [&hellip;]\" \/>\n<meta property=\"og:url\" content=\"https:\/\/admin.industriall-union.org\/es\/archive\/imf\/la-huelga-de-vale-entra-en-su-septimo-mes\/\" \/>\n<meta property=\"og:site_name\" content=\"industriall-union\" \/>\n<meta property=\"article:modified_time\" content=\"2025-01-31T10:09:32+00:00\" \/>\n<meta name=\"twitter:card\" content=\"summary_large_image\" \/>\n<meta name=\"twitter:label1\" content=\"Est. reading time\" \/>\n\t<meta name=\"twitter:data1\" content=\"3 minutes\" \/>\n<script type=\"application\/ld+json\" class=\"yoast-schema-graph\">{\"@context\":\"https:\/\/schema.org\",\"@graph\":[{\"@type\":\"WebPage\",\"@id\":\"https:\/\/admin.industriall-union.org\/es\/archive\/imf\/la-huelga-de-vale-entra-en-su-septimo-mes\/\",\"url\":\"https:\/\/admin.industriall-union.org\/es\/archive\/imf\/la-huelga-de-vale-entra-en-su-septimo-mes\/\",\"name\":\"La huelga de Vale entra en su s\u00e9ptimo mes - industriall-union\",\"isPartOf\":{\"@id\":\"https:\/\/admin.industriall-union.org\/#website\"},\"datePublished\":\"2010-01-14T10:01:00+00:00\",\"dateModified\":\"2025-01-31T10:09:32+00:00\",\"breadcrumb\":{\"@id\":\"https:\/\/admin.industriall-union.org\/es\/archive\/imf\/la-huelga-de-vale-entra-en-su-septimo-mes\/#breadcrumb\"},\"inLanguage\":\"es-ES\",\"potentialAction\":[{\"@type\":\"ReadAction\",\"target\":[\"https:\/\/admin.industriall-union.org\/es\/archive\/imf\/la-huelga-de-vale-entra-en-su-septimo-mes\/\"]}]},{\"@type\":\"BreadcrumbList\",\"@id\":\"https:\/\/admin.industriall-union.org\/es\/archive\/imf\/la-huelga-de-vale-entra-en-su-septimo-mes\/#breadcrumb\",\"itemListElement\":[{\"@type\":\"ListItem\",\"position\":1,\"name\":\"Home\",\"item\":\"https:\/\/admin.industriall-union.org\/\"},{\"@type\":\"ListItem\",\"position\":2,\"name\":\"Archive Imf\",\"item\":\"https:\/\/admin.industriall-union.org\/es\/archive\/imf\/\"},{\"@type\":\"ListItem\",\"position\":3,\"name\":\"La huelga de Vale entra en su s\u00e9ptimo mes\"}]},{\"@type\":\"WebSite\",\"@id\":\"https:\/\/admin.industriall-union.org\/#website\",\"url\":\"https:\/\/admin.industriall-union.org\/\",\"name\":\"industriall-union\",\"description\":\"\",\"potentialAction\":[{\"@type\":\"SearchAction\",\"target\":{\"@type\":\"EntryPoint\",\"urlTemplate\":\"https:\/\/admin.industriall-union.org\/?s={search_term_string}\"},\"query-input\":{\"@type\":\"PropertyValueSpecification\",\"valueRequired\":true,\"valueName\":\"search_term_string\"}}],\"inLanguage\":\"es-ES\"}]}<\/script>\n<!-- \/ Yoast SEO Premium plugin. -->","yoast_head_json":{"title":"La huelga de Vale entra en su s\u00e9ptimo mes - industriall-union","robots":{"index":"index","follow":"follow","max-snippet":"max-snippet:-1","max-image-preview":"max-image-preview:large","max-video-preview":"max-video-preview:-1"},"canonical":"https:\/\/admin.industriall-union.org\/es\/archive\/imf\/la-huelga-de-vale-entra-en-su-septimo-mes\/","og_locale":"es_ES","og_type":"article","og_title":"La huelga de Vale entra en su s\u00e9ptimo mes","og_description":"CANAD\u00c1: El sindicato United Steelworkers (USW) ha presentado una queja contra Vale Inco por mala fe en la negociaci\u00f3n colectiva, por negarse la empresa a entablar una negociaci\u00f3n genuina, de buena fe, para dar t\u00e9rmino a la huelga que han sostenido 3.500 trabajadores canadienses durante seis meses. Funcionarios del USW han presentado la queja al [&hellip;]","og_url":"https:\/\/admin.industriall-union.org\/es\/archive\/imf\/la-huelga-de-vale-entra-en-su-septimo-mes\/","og_site_name":"industriall-union","article_modified_time":"2025-01-31T10:09:32+00:00","twitter_card":"summary_large_image","twitter_misc":{"Est. reading time":"3 minutes"},"schema":{"@context":"https:\/\/schema.org","@graph":[{"@type":"WebPage","@id":"https:\/\/admin.industriall-union.org\/es\/archive\/imf\/la-huelga-de-vale-entra-en-su-septimo-mes\/","url":"https:\/\/admin.industriall-union.org\/es\/archive\/imf\/la-huelga-de-vale-entra-en-su-septimo-mes\/","name":"La huelga de Vale entra en su s\u00e9ptimo mes - industriall-union","isPartOf":{"@id":"https:\/\/admin.industriall-union.org\/#website"},"datePublished":"2010-01-14T10:01:00+00:00","dateModified":"2025-01-31T10:09:32+00:00","breadcrumb":{"@id":"https:\/\/admin.industriall-union.org\/es\/archive\/imf\/la-huelga-de-vale-entra-en-su-septimo-mes\/#breadcrumb"},"inLanguage":"es-ES","potentialAction":[{"@type":"ReadAction","target":["https:\/\/admin.industriall-union.org\/es\/archive\/imf\/la-huelga-de-vale-entra-en-su-septimo-mes\/"]}]},{"@type":"BreadcrumbList","@id":"https:\/\/admin.industriall-union.org\/es\/archive\/imf\/la-huelga-de-vale-entra-en-su-septimo-mes\/#breadcrumb","itemListElement":[{"@type":"ListItem","position":1,"name":"Home","item":"https:\/\/admin.industriall-union.org\/"},{"@type":"ListItem","position":2,"name":"Archive Imf","item":"https:\/\/admin.industriall-union.org\/es\/archive\/imf\/"},{"@type":"ListItem","position":3,"name":"La huelga de Vale entra en su s\u00e9ptimo mes"}]},{"@type":"WebSite","@id":"https:\/\/admin.industriall-union.org\/#website","url":"https:\/\/admin.industriall-union.org\/","name":"industriall-union","description":"","potentialAction":[{"@type":"SearchAction","target":{"@type":"EntryPoint","urlTemplate":"https:\/\/admin.industriall-union.org\/?s={search_term_string}"},"query-input":{"@type":"PropertyValueSpecification","valueRequired":true,"valueName":"search_term_string"}}],"inLanguage":"es-ES"}]}},"_links":{"self":[{"href":"https:\/\/admin.industriall-union.org\/es\/wp-json\/wp\/v2\/archive_imf\/202040","targetHints":{"allow":["GET"]}}],"collection":[{"href":"https:\/\/admin.industriall-union.org\/es\/wp-json\/wp\/v2\/archive_imf"}],"about":[{"href":"https:\/\/admin.industriall-union.org\/es\/wp-json\/wp\/v2\/types\/archive_imf"}],"wp:attachment":[{"href":"https:\/\/admin.industriall-union.org\/es\/wp-json\/wp\/v2\/media?parent=202040"}],"curies":[{"name":"wp","href":"https:\/\/api.w.org\/{rel}","templated":true}]}}

La huelga de Vale entra en su séptimo mes

<p>CANADÁ: El sindicato United Steelworkers (USW) ha presentado una queja contra Vale Inco por mala fe en la negociación colectiva, por negarse la empresa a entablar una negociación genuina, de buena fe, para dar término a la huelga que han sostenido 3.500 trabajadores canadienses durante seis meses.<br /><br />Funcionarios del USW han presentado la queja al Consejo de Relaciones Laborales de Ontario, en Toronto, al cumplirse los seis meses de la huelga, el 13 de enero, dando relieve a la fecha con un mitin y una marcha. <br /><br />En Sudbury y Port Colborne, Canadá, 3.500 miembros del USW han estado en huelga desde el 13 de julio de 2009, después de que la empresa declaró que sólo renovaría su convenio colectivo si los trabajadores aceptaban una reducción drástica de las condiciones y una mayor inseguridad de empleo. A pesar de haber logrado ganancias por USD 13.200 millones el año pasado, Vale insiste en crear un plan de pensiones de dos niveles, eliminando la bonificación de aluminio y degradando gravemente los derechos de antigüedad, al mismo tiempo que emplea trabajadores sustitutos de los que están en huelga para continuar la producción. Los miembros de USW en Voisey&#8217;s Bay se unieron a la huelga el 1 de agosto.<br /><br />&quot;La Ley de Relaciones Laborales de Ontario exige que los empleadores y los sindicatos hagan todos los esfuerzos razonables posibles para llegar a un convenio colectivo&#8221;, explicó Brian Shell, abogado de USW. &#8220;Como mínimo, esto significa que las empresas se deben reunir con los sindicatos con el propósito de estudiar a fondo todos los temas y ambos deben esforzarse por encontrar una vía aceptable.&#8221; <br /><br />&quot;La conducta de Vale Inco indica que no está interesada en ninguna negociación adecuada&#8221;, dice John Fera, presidente de USW Local 6500 en Sudbury. &quot;Está utilizando su enorme poder económico para tratar de doblegar a trabajadores canadienses y a nuestras comunidades.&#8221; <br /><br />La huelga ha recibido un apoyo masivo de todo el mundo en meses recientes, gracias, en parte, a la ayuda de afiliados de la Federación Internacional de Trabajadores de las Industrias Metalúrgicas (FITIM) y de la Federación Internacional de Sindicatos de la Química, Energía, Minas e Industrias Diversas (ICEM). Trabajadores de Vale de Canadá y Brasil han viajado por todo el mundo, informando de su experiencia a compañeros mineros y metalúrgicos de establecimientos de Vale, lo mismo que en laminadoras de acero y funderías que compran productos de Vale. Los sindicatos han venido exigiendo a Vale que vuelva a la mesa de negociaciones y llegue a un convenio justo INMEDIATAMENTE. <br /><br />&quot;Consideramos que Vale está tratando de destruir su mayor convenio colectivo con el fin de establecer un precedente para debilitar otros convenios en todo el mundo: una estrategia que la FITIM y nuestros afiliados y organizaciones interlocutoras de todo el mundo no aceptaremos. Y lucharemos&#8221;, escribió Jyrki Raina, secretario general de la FITIM, en un mensaje de solidaridad para la ocasión. <br /><br />&quot;Mientras que Vale no cambie de prácticas, la FITIM seguirá oponiéndose a sus actividades e inversiones movilizando afiliados de la FITIM en todo el mundo, e insistiremos ante empresas y gobiernos de todo el mundo para que suspendan sus relaciones comerciales con Vale hasta que se llegue a una solución&#8221;, agregó Raina.</p><p>&nbsp;</p>

<!-- This site is optimized with the Yoast SEO Premium plugin v27.1 (Yoast SEO v27.1) - https://yoast.com/product/yoast-seo-premium-wordpress/ -->
<title>La huelga de Vale entra en su séptimo mes - industriall-union</title>
<meta name="robots" content="index, follow, max-snippet:-1, max-image-preview:large, max-video-preview:-1" />
<link rel="canonical" href="https://admin.industriall-union.org/es/archive/imf/la-huelga-de-vale-entra-en-su-septimo-mes/" />
<meta property="og:locale" content="es_ES" />
<meta property="og:type" content="article" />
<meta property="og:title" content="La huelga de Vale entra en su séptimo mes" />
<meta property="og:description" content="CANADÁ: El sindicato United Steelworkers (USW) ha presentado una queja contra Vale Inco por mala fe en la negociación colectiva, por negarse la empresa a entablar una negociación genuina, de buena fe, para dar término a la huelga que han sostenido 3.500 trabajadores canadienses durante seis meses. Funcionarios del USW han presentado la queja al [&hellip;]" />
<meta property="og:url" content="https://admin.industriall-union.org/es/archive/imf/la-huelga-de-vale-entra-en-su-septimo-mes/" />
<meta property="og:site_name" content="industriall-union" />
<meta property="article:modified_time" content="2025-01-31T10:09:32+00:00" />
<meta name="twitter:card" content="summary_large_image" />
<meta name="twitter:label1" content="Est. reading time" />
	<meta name="twitter:data1" content="3 minutes" />
<script type="application/ld+json" class="yoast-schema-graph">{"@context":"https://schema.org","@graph":[{"@type":"WebPage","@id":"https://admin.industriall-union.org/es/archive/imf/la-huelga-de-vale-entra-en-su-septimo-mes/","url":"https://admin.industriall-union.org/es/archive/imf/la-huelga-de-vale-entra-en-su-septimo-mes/","name":"La huelga de Vale entra en su séptimo mes - industriall-union","isPartOf":{"@id":"https://admin.industriall-union.org/#website"},"datePublished":"2010-01-14T10:01:00+00:00","dateModified":"2025-01-31T10:09:32+00:00","breadcrumb":{"@id":"https://admin.industriall-union.org/es/archive/imf/la-huelga-de-vale-entra-en-su-septimo-mes/#breadcrumb"},"inLanguage":"es-ES","potentialAction":[{"@type":"ReadAction","target":["https://admin.industriall-union.org/es/archive/imf/la-huelga-de-vale-entra-en-su-septimo-mes/"]}]},{"@type":"BreadcrumbList","@id":"https://admin.industriall-union.org/es/archive/imf/la-huelga-de-vale-entra-en-su-septimo-mes/#breadcrumb","itemListElement":[{"@type":"ListItem","position":1,"name":"Home","item":"https://admin.industriall-union.org/"},{"@type":"ListItem","position":2,"name":"Archive Imf","item":"https://admin.industriall-union.org/es/archive/imf/"},{"@type":"ListItem","position":3,"name":"La huelga de Vale entra en su séptimo mes"}]},{"@type":"WebSite","@id":"https://admin.industriall-union.org/#website","url":"https://admin.industriall-union.org/","name":"industriall-union","description":"","potentialAction":[{"@type":"SearchAction","target":{"@type":"EntryPoint","urlTemplate":"https://admin.industriall-union.org/?s={search_term_string}"},"query-input":{"@type":"PropertyValueSpecification","valueRequired":true,"valueName":"search_term_string"}}],"inLanguage":"es-ES"}]}</script>
<!-- / Yoast SEO Premium plugin. -->

La huelga de Vale entra en su séptimo mes - industriall-union

CANADÁ: El sindicato United Steelworkers (USW) ha presentado una queja contra Vale Inco por mala fe en la negociación colectiva, por negarse la empresa a entablar una negociación genuina, de buena fe, para dar término a la huelga que han sostenido 3.500 trabajadores canadienses durante seis meses. Funcionarios del USW han presentado la queja al [&hellip;]
