{"id":202030,"date":"2010-01-19T10:47:00","date_gmt":"2010-01-19T10:47:00","guid":{"rendered":"https:\/\/admin.industriall-union.org\/archive\/imf\/grupos-de-defensa-de-los-derechos-laborales-protestan-por-las-violaciones-de-gold-peak\/"},"modified":"2025-01-31T10:09:28","modified_gmt":"2025-01-31T10:09:28","slug":"grupos-de-defensa-de-los-derechos-laborales-protestan-por-las-violaciones-de-gold-peak","status":"publish","type":"archive_imf","link":"https:\/\/admin.industriall-union.org\/es\/archive\/imf\/grupos-de-defensa-de-los-derechos-laborales-protestan-por-las-violaciones-de-gold-peak\/","title":{"rendered":"Grupos de defensa de los derechos laborales protestan por las violaciones de Gold Peak"},"content":{"rendered":"CHINA: En su urgente llamamiento a enviar cartas de protesta a Gold Peak, Good Electronics informa que se est\u00e1 exigiendo una encuesta sobre la violencia ejercida contra los trabajadores por los guardias de seguridad de Power Pack, una subsidiaria de Gold Peak en Huizhou, China, durante una huelga el mes de diciembre. <br \/><br \/>Grupos chinos de defensa de los derechos laborales, incluidos el Globalization Monitor [Observador de la mundializaci\u00f3n] y el Asia Monitor Resource Centre [Centro de Observaci\u00f3n de Asia], tambi\u00e9n est\u00e1n exigiendo a Gold Peak que sufrague todos los gastos de hospitalizaci\u00f3n de los trabajadores lesionados por la violencia, y compense a los trabajadores despedidos en relaci\u00f3n con el incidente. <br \/><br \/>En diciembre de 2009, la creciente insatisfacci\u00f3n por los bajos salarios en la planta condujo a una huelga de dos d\u00edas, que se exacerb\u00f3 cuando tres trabajadores fueron encerrados y maltratados por los guardias de seguridad de la empresa. Durante la huelga, los trabajadores bloquearon las entradas y la principal v\u00eda de acceso al complejo. <br \/><br \/>Cuatro empleados de Power Pack fueron luego citados a la estaci\u00f3n de polic\u00eda local, para participar en una investigaci\u00f3n sobre el bloqueo de la calle. Entre los cuatro se contaba la Sra. Wang Fengping, ingeniera de 45 a\u00f1os de edad empleada de Gold Peak desde 1995. La Sra. Wang sufre de una grave deficiencia renal causada por su exposici\u00f3n al cadmio en su trabajo en Gold Peak. La Sra.Wang fue puesta en libertad tras un interrogatorio de m\u00e1s de 10 horas, teniendo en cuenta su condici\u00f3n de salud, mientras que se mantuvo detenidos a los tres restantes hasta el 2 de enero de 2010. Tras su detenci\u00f3n en la estaci\u00f3n de polic\u00eda, la Sra. Wang fue despedida por Gold Peak.<br \/><br \/>Estos problemas recientes en Power Pack deben verse en relaci\u00f3n con la cuesti\u00f3n irresuelta de la compensaci\u00f3n debida a los trabajadores de Gold Peak que se han expuesto al cadmio. A lo largo de los \u00faltimos a\u00f1os, a cientos de trabajadores que participan en la producci\u00f3n de bater\u00edas de cadmio, se les ha diagnosticado intoxicaci\u00f3n por ese metal o exceso de cadmio en la orina. Hasta hoy, la direcci\u00f3n y los trabajadores de Gold Peak no han podido llegar a un acuerdo sobre la metodolog\u00eda diagn\u00f3stica y las compensaciones. <br \/><br \/>Las pilas y bater\u00edas de Gold Peak se usan en todo tipo de juguetes y productos electr\u00f3nicos.  <br \/><br \/>Pulsar aqu\u00ed para suscribir el llamamiento urgente de Good Electronics a Gold Peak, para que mejore su conducta de empresa: <a href=\"http:\/\/goodelectronics.org\/urgent-appeals\/letters\/gold-peak\/\">http:\/\/goodelectronics.org\/urgent-appeals\/letters\/gold-peak\/<\/a>","protected":false},"featured_media":0,"template":"","class_list":["post-202030","archive_imf","type-archive_imf","status-publish","hentry"],"acf":[],"yoast_head":"<!-- This site is optimized with the Yoast SEO Premium plugin v27.1 (Yoast SEO v27.1) - https:\/\/yoast.com\/product\/yoast-seo-premium-wordpress\/ -->\n<title>Grupos de defensa de los derechos laborales protestan por las violaciones de Gold Peak - industriall-union<\/title>\n<meta name=\"robots\" content=\"index, follow, max-snippet:-1, max-image-preview:large, max-video-preview:-1\" \/>\n<link rel=\"canonical\" href=\"https:\/\/admin.industriall-union.org\/es\/archive\/imf\/grupos-de-defensa-de-los-derechos-laborales-protestan-por-las-violaciones-de-gold-peak\/\" \/>\n<meta property=\"og:locale\" content=\"es_ES\" \/>\n<meta property=\"og:type\" content=\"article\" \/>\n<meta property=\"og:title\" content=\"Grupos de defensa de los derechos laborales protestan por las violaciones de Gold Peak\" \/>\n<meta property=\"og:description\" content=\"CHINA: En su urgente llamamiento a enviar cartas de protesta a Gold Peak, Good Electronics informa que se est\u00e1 exigiendo una encuesta sobre la violencia ejercida contra los trabajadores por los guardias de seguridad de Power Pack, una subsidiaria de Gold Peak en Huizhou, China, durante una huelga el mes de diciembre. Grupos chinos de [&hellip;]\" \/>\n<meta property=\"og:url\" content=\"https:\/\/admin.industriall-union.org\/es\/archive\/imf\/grupos-de-defensa-de-los-derechos-laborales-protestan-por-las-violaciones-de-gold-peak\/\" \/>\n<meta property=\"og:site_name\" content=\"industriall-union\" \/>\n<meta property=\"article:modified_time\" content=\"2025-01-31T10:09:28+00:00\" \/>\n<meta name=\"twitter:card\" content=\"summary_large_image\" \/>\n<meta name=\"twitter:label1\" content=\"Est. reading time\" \/>\n\t<meta name=\"twitter:data1\" content=\"2 minutes\" \/>\n<script type=\"application\/ld+json\" class=\"yoast-schema-graph\">{\"@context\":\"https:\/\/schema.org\",\"@graph\":[{\"@type\":\"WebPage\",\"@id\":\"https:\/\/admin.industriall-union.org\/es\/archive\/imf\/grupos-de-defensa-de-los-derechos-laborales-protestan-por-las-violaciones-de-gold-peak\/\",\"url\":\"https:\/\/admin.industriall-union.org\/es\/archive\/imf\/grupos-de-defensa-de-los-derechos-laborales-protestan-por-las-violaciones-de-gold-peak\/\",\"name\":\"Grupos de defensa de los derechos laborales protestan por las violaciones de Gold Peak - industriall-union\",\"isPartOf\":{\"@id\":\"https:\/\/admin.industriall-union.org\/#website\"},\"datePublished\":\"2010-01-19T10:47:00+00:00\",\"dateModified\":\"2025-01-31T10:09:28+00:00\",\"breadcrumb\":{\"@id\":\"https:\/\/admin.industriall-union.org\/es\/archive\/imf\/grupos-de-defensa-de-los-derechos-laborales-protestan-por-las-violaciones-de-gold-peak\/#breadcrumb\"},\"inLanguage\":\"es-ES\",\"potentialAction\":[{\"@type\":\"ReadAction\",\"target\":[\"https:\/\/admin.industriall-union.org\/es\/archive\/imf\/grupos-de-defensa-de-los-derechos-laborales-protestan-por-las-violaciones-de-gold-peak\/\"]}]},{\"@type\":\"BreadcrumbList\",\"@id\":\"https:\/\/admin.industriall-union.org\/es\/archive\/imf\/grupos-de-defensa-de-los-derechos-laborales-protestan-por-las-violaciones-de-gold-peak\/#breadcrumb\",\"itemListElement\":[{\"@type\":\"ListItem\",\"position\":1,\"name\":\"Home\",\"item\":\"https:\/\/admin.industriall-union.org\/\"},{\"@type\":\"ListItem\",\"position\":2,\"name\":\"Archive Imf\",\"item\":\"https:\/\/admin.industriall-union.org\/es\/archive\/imf\/\"},{\"@type\":\"ListItem\",\"position\":3,\"name\":\"Grupos de defensa de los derechos laborales protestan por las violaciones de Gold Peak\"}]},{\"@type\":\"WebSite\",\"@id\":\"https:\/\/admin.industriall-union.org\/#website\",\"url\":\"https:\/\/admin.industriall-union.org\/\",\"name\":\"industriall-union\",\"description\":\"\",\"potentialAction\":[{\"@type\":\"SearchAction\",\"target\":{\"@type\":\"EntryPoint\",\"urlTemplate\":\"https:\/\/admin.industriall-union.org\/?s={search_term_string}\"},\"query-input\":{\"@type\":\"PropertyValueSpecification\",\"valueRequired\":true,\"valueName\":\"search_term_string\"}}],\"inLanguage\":\"es-ES\"}]}<\/script>\n<!-- \/ Yoast SEO Premium plugin. -->","yoast_head_json":{"title":"Grupos de defensa de los derechos laborales protestan por las violaciones de Gold Peak - industriall-union","robots":{"index":"index","follow":"follow","max-snippet":"max-snippet:-1","max-image-preview":"max-image-preview:large","max-video-preview":"max-video-preview:-1"},"canonical":"https:\/\/admin.industriall-union.org\/es\/archive\/imf\/grupos-de-defensa-de-los-derechos-laborales-protestan-por-las-violaciones-de-gold-peak\/","og_locale":"es_ES","og_type":"article","og_title":"Grupos de defensa de los derechos laborales protestan por las violaciones de Gold Peak","og_description":"CHINA: En su urgente llamamiento a enviar cartas de protesta a Gold Peak, Good Electronics informa que se est\u00e1 exigiendo una encuesta sobre la violencia ejercida contra los trabajadores por los guardias de seguridad de Power Pack, una subsidiaria de Gold Peak en Huizhou, China, durante una huelga el mes de diciembre. Grupos chinos de [&hellip;]","og_url":"https:\/\/admin.industriall-union.org\/es\/archive\/imf\/grupos-de-defensa-de-los-derechos-laborales-protestan-por-las-violaciones-de-gold-peak\/","og_site_name":"industriall-union","article_modified_time":"2025-01-31T10:09:28+00:00","twitter_card":"summary_large_image","twitter_misc":{"Est. reading time":"2 minutes"},"schema":{"@context":"https:\/\/schema.org","@graph":[{"@type":"WebPage","@id":"https:\/\/admin.industriall-union.org\/es\/archive\/imf\/grupos-de-defensa-de-los-derechos-laborales-protestan-por-las-violaciones-de-gold-peak\/","url":"https:\/\/admin.industriall-union.org\/es\/archive\/imf\/grupos-de-defensa-de-los-derechos-laborales-protestan-por-las-violaciones-de-gold-peak\/","name":"Grupos de defensa de los derechos laborales protestan por las violaciones de Gold Peak - industriall-union","isPartOf":{"@id":"https:\/\/admin.industriall-union.org\/#website"},"datePublished":"2010-01-19T10:47:00+00:00","dateModified":"2025-01-31T10:09:28+00:00","breadcrumb":{"@id":"https:\/\/admin.industriall-union.org\/es\/archive\/imf\/grupos-de-defensa-de-los-derechos-laborales-protestan-por-las-violaciones-de-gold-peak\/#breadcrumb"},"inLanguage":"es-ES","potentialAction":[{"@type":"ReadAction","target":["https:\/\/admin.industriall-union.org\/es\/archive\/imf\/grupos-de-defensa-de-los-derechos-laborales-protestan-por-las-violaciones-de-gold-peak\/"]}]},{"@type":"BreadcrumbList","@id":"https:\/\/admin.industriall-union.org\/es\/archive\/imf\/grupos-de-defensa-de-los-derechos-laborales-protestan-por-las-violaciones-de-gold-peak\/#breadcrumb","itemListElement":[{"@type":"ListItem","position":1,"name":"Home","item":"https:\/\/admin.industriall-union.org\/"},{"@type":"ListItem","position":2,"name":"Archive Imf","item":"https:\/\/admin.industriall-union.org\/es\/archive\/imf\/"},{"@type":"ListItem","position":3,"name":"Grupos de defensa de los derechos laborales protestan por las violaciones de Gold Peak"}]},{"@type":"WebSite","@id":"https:\/\/admin.industriall-union.org\/#website","url":"https:\/\/admin.industriall-union.org\/","name":"industriall-union","description":"","potentialAction":[{"@type":"SearchAction","target":{"@type":"EntryPoint","urlTemplate":"https:\/\/admin.industriall-union.org\/?s={search_term_string}"},"query-input":{"@type":"PropertyValueSpecification","valueRequired":true,"valueName":"search_term_string"}}],"inLanguage":"es-ES"}]}},"_links":{"self":[{"href":"https:\/\/admin.industriall-union.org\/es\/wp-json\/wp\/v2\/archive_imf\/202030","targetHints":{"allow":["GET"]}}],"collection":[{"href":"https:\/\/admin.industriall-union.org\/es\/wp-json\/wp\/v2\/archive_imf"}],"about":[{"href":"https:\/\/admin.industriall-union.org\/es\/wp-json\/wp\/v2\/types\/archive_imf"}],"wp:attachment":[{"href":"https:\/\/admin.industriall-union.org\/es\/wp-json\/wp\/v2\/media?parent=202030"}],"curies":[{"name":"wp","href":"https:\/\/api.w.org\/{rel}","templated":true}]}}

CHINA: En su urgente llamamiento a enviar cartas de protesta a Gold Peak, Good Electronics informa que se está exigiendo una encuesta sobre la violencia ejercida contra los trabajadores por los guardias de seguridad de Power Pack, una subsidiaria de Gold Peak en Huizhou, China, durante una huelga el mes de diciembre. <br /><br />Grupos chinos de defensa de los derechos laborales, incluidos el Globalization Monitor [Observador de la mundialización] y el Asia Monitor Resource Centre [Centro de Observación de Asia], también están exigiendo a Gold Peak que sufrague todos los gastos de hospitalización de los trabajadores lesionados por la violencia, y compense a los trabajadores despedidos en relación con el incidente. <br /><br />En diciembre de 2009, la creciente insatisfacción por los bajos salarios en la planta condujo a una huelga de dos días, que se exacerbó cuando tres trabajadores fueron encerrados y maltratados por los guardias de seguridad de la empresa. Durante la huelga, los trabajadores bloquearon las entradas y la principal vía de acceso al complejo. <br /><br />Cuatro empleados de Power Pack fueron luego citados a la estación de policía local, para participar en una investigación sobre el bloqueo de la calle. Entre los cuatro se contaba la Sra. Wang Fengping, ingeniera de 45 años de edad empleada de Gold Peak desde 1995. La Sra. Wang sufre de una grave deficiencia renal causada por su exposición al cadmio en su trabajo en Gold Peak. La Sra.Wang fue puesta en libertad tras un interrogatorio de más de 10 horas, teniendo en cuenta su condición de salud, mientras que se mantuvo detenidos a los tres restantes hasta el 2 de enero de 2010. Tras su detención en la estación de policía, la Sra. Wang fue despedida por Gold Peak.<br /><br />Estos problemas recientes en Power Pack deben verse en relación con la cuestión irresuelta de la compensación debida a los trabajadores de Gold Peak que se han expuesto al cadmio. A lo largo de los últimos años, a cientos de trabajadores que participan en la producción de baterías de cadmio, se les ha diagnosticado intoxicación por ese metal o exceso de cadmio en la orina. Hasta hoy, la dirección y los trabajadores de Gold Peak no han podido llegar a un acuerdo sobre la metodología diagnóstica y las compensaciones. <br /><br />Las pilas y baterías de Gold Peak se usan en todo tipo de juguetes y productos electrónicos.  <br /><br />Pulsar aquí para suscribir el llamamiento urgente de Good Electronics a Gold Peak, para que mejore su conducta de empresa: <a href="http://goodelectronics.org/urgent-appeals/letters/gold-peak/">http://goodelectronics.org/urgent-appeals/letters/gold-peak/</a>

<!-- This site is optimized with the Yoast SEO Premium plugin v27.1 (Yoast SEO v27.1) - https://yoast.com/product/yoast-seo-premium-wordpress/ -->
<title>Grupos de defensa de los derechos laborales protestan por las violaciones de Gold Peak - industriall-union</title>
<meta name="robots" content="index, follow, max-snippet:-1, max-image-preview:large, max-video-preview:-1" />
<link rel="canonical" href="https://admin.industriall-union.org/es/archive/imf/grupos-de-defensa-de-los-derechos-laborales-protestan-por-las-violaciones-de-gold-peak/" />
<meta property="og:locale" content="es_ES" />
<meta property="og:type" content="article" />
<meta property="og:title" content="Grupos de defensa de los derechos laborales protestan por las violaciones de Gold Peak" />
<meta property="og:description" content="CHINA: En su urgente llamamiento a enviar cartas de protesta a Gold Peak, Good Electronics informa que se está exigiendo una encuesta sobre la violencia ejercida contra los trabajadores por los guardias de seguridad de Power Pack, una subsidiaria de Gold Peak en Huizhou, China, durante una huelga el mes de diciembre. Grupos chinos de [&hellip;]" />
<meta property="og:url" content="https://admin.industriall-union.org/es/archive/imf/grupos-de-defensa-de-los-derechos-laborales-protestan-por-las-violaciones-de-gold-peak/" />
<meta property="og:site_name" content="industriall-union" />
<meta property="article:modified_time" content="2025-01-31T10:09:28+00:00" />
<meta name="twitter:card" content="summary_large_image" />
<meta name="twitter:label1" content="Est. reading time" />
	<meta name="twitter:data1" content="2 minutes" />
<script type="application/ld+json" class="yoast-schema-graph">{"@context":"https://schema.org","@graph":[{"@type":"WebPage","@id":"https://admin.industriall-union.org/es/archive/imf/grupos-de-defensa-de-los-derechos-laborales-protestan-por-las-violaciones-de-gold-peak/","url":"https://admin.industriall-union.org/es/archive/imf/grupos-de-defensa-de-los-derechos-laborales-protestan-por-las-violaciones-de-gold-peak/","name":"Grupos de defensa de los derechos laborales protestan por las violaciones de Gold Peak - industriall-union","isPartOf":{"@id":"https://admin.industriall-union.org/#website"},"datePublished":"2010-01-19T10:47:00+00:00","dateModified":"2025-01-31T10:09:28+00:00","breadcrumb":{"@id":"https://admin.industriall-union.org/es/archive/imf/grupos-de-defensa-de-los-derechos-laborales-protestan-por-las-violaciones-de-gold-peak/#breadcrumb"},"inLanguage":"es-ES","potentialAction":[{"@type":"ReadAction","target":["https://admin.industriall-union.org/es/archive/imf/grupos-de-defensa-de-los-derechos-laborales-protestan-por-las-violaciones-de-gold-peak/"]}]},{"@type":"BreadcrumbList","@id":"https://admin.industriall-union.org/es/archive/imf/grupos-de-defensa-de-los-derechos-laborales-protestan-por-las-violaciones-de-gold-peak/#breadcrumb","itemListElement":[{"@type":"ListItem","position":1,"name":"Home","item":"https://admin.industriall-union.org/"},{"@type":"ListItem","position":2,"name":"Archive Imf","item":"https://admin.industriall-union.org/es/archive/imf/"},{"@type":"ListItem","position":3,"name":"Grupos de defensa de los derechos laborales protestan por las violaciones de Gold Peak"}]},{"@type":"WebSite","@id":"https://admin.industriall-union.org/#website","url":"https://admin.industriall-union.org/","name":"industriall-union","description":"","potentialAction":[{"@type":"SearchAction","target":{"@type":"EntryPoint","urlTemplate":"https://admin.industriall-union.org/?s={search_term_string}"},"query-input":{"@type":"PropertyValueSpecification","valueRequired":true,"valueName":"search_term_string"}}],"inLanguage":"es-ES"}]}</script>
<!-- / Yoast SEO Premium plugin. -->

CHINA: En su urgente llamamiento a enviar cartas de protesta a Gold Peak, Good Electronics informa que se está exigiendo una encuesta sobre la violencia ejercida contra los trabajadores por los guardias de seguridad de Power Pack, una subsidiaria de Gold Peak en Huizhou, China, durante una huelga el mes de diciembre. Grupos chinos de [&hellip;]
