{"id":201910,"date":"2010-02-24T15:44:00","date_gmt":"2010-02-24T15:44:00","guid":{"rendered":"https:\/\/admin.industriall-union.org\/archive\/imf\/solidaridad-con-los-trabajadores-de-tenaris-en-colombia\/"},"modified":"2025-01-31T10:03:16","modified_gmt":"2025-01-31T10:03:16","slug":"solidaridad-con-los-trabajadores-de-tenaris-en-colombia","status":"publish","type":"archive_imf","link":"https:\/\/admin.industriall-union.org\/es\/archive\/imf\/solidaridad-con-los-trabajadores-de-tenaris-en-colombia\/","title":{"rendered":"Solidaridad con los trabajadores de Tenaris en Colombia"},"content":{"rendered":"COLOMBIA\/MUNDO: Una delegaci\u00f3n de la Federaci\u00f3n Internacional de Trabajadores de las Industrias Metal\u00fargicas integrada por delegados y representantes sindicales de Tenaris, se desplazar\u00e1 a Colombia para ofrecer apoyo de solidaridad a los trabajadores y su sindicato en las instalaciones de Tenaris en Cartagena (Colombia), del 26 de febrero al 2 de marzo de 2010.<br \/><br \/>El Comit\u00e9 de Empresa de Trabajadores de Tenaris decidi\u00f3 en su reuni\u00f3n de septiembre de 2009 en Bergamo (Italia) llevar a cabo esta acci\u00f3n despu\u00e9s de escuchar un informe de Jairo del Rio, presidente de SINTRATUCAR, un nuevo sindicato de empresa constituido en Colombia. <br \/><br \/>En la reuni\u00f3n de septiembre, Rio inform\u00f3 de la dif\u00edcil situaci\u00f3n que afrontan los trabajadores con la direcci\u00f3n de la compa\u00f1\u00eda en la planta de Cartagena, y las numerosas amenazas de muerte recibidas por los miembros de la junta del sindicato SINTRATUCAR.<br \/><br \/>Para expresar su activa solidaridad con los trabajadores y el sindicato colombianos en la planta de Tenaris en Cartagena, la delegaci\u00f3n participar\u00e1 en una marcha convocada por los sindicatos en todas las grandes ciudades de Colombia el 26 de febrero, se reunir\u00e1 con el sindicato SINTRATUCAR y tratar\u00e1 de exponer a la direcci\u00f3n local de Tenaris las razones de su visita.<br \/><br \/>Forman parte de la delegaci\u00f3n representantes sindicales y de los trabajadores de plantas de Tenaris en Canad\u00e1, Argentina, Brasil e Italia, y un representante de la FITIM de la regi\u00f3n de Am\u00e9rica Latina y el Caribe.","protected":false},"featured_media":0,"template":"","class_list":["post-201910","archive_imf","type-archive_imf","status-publish","hentry"],"acf":[],"yoast_head":"<!-- This site is optimized with the Yoast SEO Premium plugin v27.1 (Yoast SEO v27.1) - https:\/\/yoast.com\/product\/yoast-seo-premium-wordpress\/ -->\n<title>Solidaridad con los trabajadores de Tenaris en Colombia - industriall-union<\/title>\n<meta name=\"robots\" content=\"index, follow, max-snippet:-1, max-image-preview:large, max-video-preview:-1\" \/>\n<link rel=\"canonical\" href=\"https:\/\/admin.industriall-union.org\/es\/archive\/imf\/solidaridad-con-los-trabajadores-de-tenaris-en-colombia\/\" \/>\n<meta property=\"og:locale\" content=\"es_ES\" \/>\n<meta property=\"og:type\" content=\"article\" \/>\n<meta property=\"og:title\" content=\"Solidaridad con los trabajadores de Tenaris en Colombia\" \/>\n<meta property=\"og:description\" content=\"COLOMBIA\/MUNDO: Una delegaci\u00f3n de la Federaci\u00f3n Internacional de Trabajadores de las Industrias Metal\u00fargicas integrada por delegados y representantes sindicales de Tenaris, se desplazar\u00e1 a Colombia para ofrecer apoyo de solidaridad a los trabajadores y su sindicato en las instalaciones de Tenaris en Cartagena (Colombia), del 26 de febrero al 2 de marzo de 2010. El [&hellip;]\" \/>\n<meta property=\"og:url\" content=\"https:\/\/admin.industriall-union.org\/es\/archive\/imf\/solidaridad-con-los-trabajadores-de-tenaris-en-colombia\/\" \/>\n<meta property=\"og:site_name\" content=\"industriall-union\" \/>\n<meta property=\"article:modified_time\" content=\"2025-01-31T10:03:16+00:00\" \/>\n<meta name=\"twitter:card\" content=\"summary_large_image\" \/>\n<meta name=\"twitter:label1\" content=\"Est. reading time\" \/>\n\t<meta name=\"twitter:data1\" content=\"1 minute\" \/>\n<script type=\"application\/ld+json\" class=\"yoast-schema-graph\">{\"@context\":\"https:\/\/schema.org\",\"@graph\":[{\"@type\":\"WebPage\",\"@id\":\"https:\/\/admin.industriall-union.org\/es\/archive\/imf\/solidaridad-con-los-trabajadores-de-tenaris-en-colombia\/\",\"url\":\"https:\/\/admin.industriall-union.org\/es\/archive\/imf\/solidaridad-con-los-trabajadores-de-tenaris-en-colombia\/\",\"name\":\"Solidaridad con los trabajadores de Tenaris en Colombia - industriall-union\",\"isPartOf\":{\"@id\":\"https:\/\/admin.industriall-union.org\/#website\"},\"datePublished\":\"2010-02-24T15:44:00+00:00\",\"dateModified\":\"2025-01-31T10:03:16+00:00\",\"breadcrumb\":{\"@id\":\"https:\/\/admin.industriall-union.org\/es\/archive\/imf\/solidaridad-con-los-trabajadores-de-tenaris-en-colombia\/#breadcrumb\"},\"inLanguage\":\"es-ES\",\"potentialAction\":[{\"@type\":\"ReadAction\",\"target\":[\"https:\/\/admin.industriall-union.org\/es\/archive\/imf\/solidaridad-con-los-trabajadores-de-tenaris-en-colombia\/\"]}]},{\"@type\":\"BreadcrumbList\",\"@id\":\"https:\/\/admin.industriall-union.org\/es\/archive\/imf\/solidaridad-con-los-trabajadores-de-tenaris-en-colombia\/#breadcrumb\",\"itemListElement\":[{\"@type\":\"ListItem\",\"position\":1,\"name\":\"Home\",\"item\":\"https:\/\/admin.industriall-union.org\/\"},{\"@type\":\"ListItem\",\"position\":2,\"name\":\"Archive Imf\",\"item\":\"https:\/\/admin.industriall-union.org\/es\/archive\/imf\/\"},{\"@type\":\"ListItem\",\"position\":3,\"name\":\"Solidaridad con los trabajadores de Tenaris en Colombia\"}]},{\"@type\":\"WebSite\",\"@id\":\"https:\/\/admin.industriall-union.org\/#website\",\"url\":\"https:\/\/admin.industriall-union.org\/\",\"name\":\"industriall-union\",\"description\":\"\",\"potentialAction\":[{\"@type\":\"SearchAction\",\"target\":{\"@type\":\"EntryPoint\",\"urlTemplate\":\"https:\/\/admin.industriall-union.org\/?s={search_term_string}\"},\"query-input\":{\"@type\":\"PropertyValueSpecification\",\"valueRequired\":true,\"valueName\":\"search_term_string\"}}],\"inLanguage\":\"es-ES\"}]}<\/script>\n<!-- \/ Yoast SEO Premium plugin. -->","yoast_head_json":{"title":"Solidaridad con los trabajadores de Tenaris en Colombia - industriall-union","robots":{"index":"index","follow":"follow","max-snippet":"max-snippet:-1","max-image-preview":"max-image-preview:large","max-video-preview":"max-video-preview:-1"},"canonical":"https:\/\/admin.industriall-union.org\/es\/archive\/imf\/solidaridad-con-los-trabajadores-de-tenaris-en-colombia\/","og_locale":"es_ES","og_type":"article","og_title":"Solidaridad con los trabajadores de Tenaris en Colombia","og_description":"COLOMBIA\/MUNDO: Una delegaci\u00f3n de la Federaci\u00f3n Internacional de Trabajadores de las Industrias Metal\u00fargicas integrada por delegados y representantes sindicales de Tenaris, se desplazar\u00e1 a Colombia para ofrecer apoyo de solidaridad a los trabajadores y su sindicato en las instalaciones de Tenaris en Cartagena (Colombia), del 26 de febrero al 2 de marzo de 2010. El [&hellip;]","og_url":"https:\/\/admin.industriall-union.org\/es\/archive\/imf\/solidaridad-con-los-trabajadores-de-tenaris-en-colombia\/","og_site_name":"industriall-union","article_modified_time":"2025-01-31T10:03:16+00:00","twitter_card":"summary_large_image","twitter_misc":{"Est. reading time":"1 minute"},"schema":{"@context":"https:\/\/schema.org","@graph":[{"@type":"WebPage","@id":"https:\/\/admin.industriall-union.org\/es\/archive\/imf\/solidaridad-con-los-trabajadores-de-tenaris-en-colombia\/","url":"https:\/\/admin.industriall-union.org\/es\/archive\/imf\/solidaridad-con-los-trabajadores-de-tenaris-en-colombia\/","name":"Solidaridad con los trabajadores de Tenaris en Colombia - industriall-union","isPartOf":{"@id":"https:\/\/admin.industriall-union.org\/#website"},"datePublished":"2010-02-24T15:44:00+00:00","dateModified":"2025-01-31T10:03:16+00:00","breadcrumb":{"@id":"https:\/\/admin.industriall-union.org\/es\/archive\/imf\/solidaridad-con-los-trabajadores-de-tenaris-en-colombia\/#breadcrumb"},"inLanguage":"es-ES","potentialAction":[{"@type":"ReadAction","target":["https:\/\/admin.industriall-union.org\/es\/archive\/imf\/solidaridad-con-los-trabajadores-de-tenaris-en-colombia\/"]}]},{"@type":"BreadcrumbList","@id":"https:\/\/admin.industriall-union.org\/es\/archive\/imf\/solidaridad-con-los-trabajadores-de-tenaris-en-colombia\/#breadcrumb","itemListElement":[{"@type":"ListItem","position":1,"name":"Home","item":"https:\/\/admin.industriall-union.org\/"},{"@type":"ListItem","position":2,"name":"Archive Imf","item":"https:\/\/admin.industriall-union.org\/es\/archive\/imf\/"},{"@type":"ListItem","position":3,"name":"Solidaridad con los trabajadores de Tenaris en Colombia"}]},{"@type":"WebSite","@id":"https:\/\/admin.industriall-union.org\/#website","url":"https:\/\/admin.industriall-union.org\/","name":"industriall-union","description":"","potentialAction":[{"@type":"SearchAction","target":{"@type":"EntryPoint","urlTemplate":"https:\/\/admin.industriall-union.org\/?s={search_term_string}"},"query-input":{"@type":"PropertyValueSpecification","valueRequired":true,"valueName":"search_term_string"}}],"inLanguage":"es-ES"}]}},"_links":{"self":[{"href":"https:\/\/admin.industriall-union.org\/es\/wp-json\/wp\/v2\/archive_imf\/201910","targetHints":{"allow":["GET"]}}],"collection":[{"href":"https:\/\/admin.industriall-union.org\/es\/wp-json\/wp\/v2\/archive_imf"}],"about":[{"href":"https:\/\/admin.industriall-union.org\/es\/wp-json\/wp\/v2\/types\/archive_imf"}],"wp:attachment":[{"href":"https:\/\/admin.industriall-union.org\/es\/wp-json\/wp\/v2\/media?parent=201910"}],"curies":[{"name":"wp","href":"https:\/\/api.w.org\/{rel}","templated":true}]}}

COLOMBIA/MUNDO: Una delegación de la Federación Internacional de Trabajadores de las Industrias Metalúrgicas integrada por delegados y representantes sindicales de Tenaris, se desplazará a Colombia para ofrecer apoyo de solidaridad a los trabajadores y su sindicato en las instalaciones de Tenaris en Cartagena (Colombia), del 26 de febrero al 2 de marzo de 2010.<br /><br />El Comité de Empresa de Trabajadores de Tenaris decidió en su reunión de septiembre de 2009 en Bergamo (Italia) llevar a cabo esta acción después de escuchar un informe de Jairo del Rio, presidente de SINTRATUCAR, un nuevo sindicato de empresa constituido en Colombia. <br /><br />En la reunión de septiembre, Rio informó de la difícil situación que afrontan los trabajadores con la dirección de la compañía en la planta de Cartagena, y las numerosas amenazas de muerte recibidas por los miembros de la junta del sindicato SINTRATUCAR.<br /><br />Para expresar su activa solidaridad con los trabajadores y el sindicato colombianos en la planta de Tenaris en Cartagena, la delegación participará en una marcha convocada por los sindicatos en todas las grandes ciudades de Colombia el 26 de febrero, se reunirá con el sindicato SINTRATUCAR y tratará de exponer a la dirección local de Tenaris las razones de su visita.<br /><br />Forman parte de la delegación representantes sindicales y de los trabajadores de plantas de Tenaris en Canadá, Argentina, Brasil e Italia, y un representante de la FITIM de la región de América Latina y el Caribe.

<!-- This site is optimized with the Yoast SEO Premium plugin v27.1 (Yoast SEO v27.1) - https://yoast.com/product/yoast-seo-premium-wordpress/ -->
<title>Solidaridad con los trabajadores de Tenaris en Colombia - industriall-union</title>
<meta name="robots" content="index, follow, max-snippet:-1, max-image-preview:large, max-video-preview:-1" />
<link rel="canonical" href="https://admin.industriall-union.org/es/archive/imf/solidaridad-con-los-trabajadores-de-tenaris-en-colombia/" />
<meta property="og:locale" content="es_ES" />
<meta property="og:type" content="article" />
<meta property="og:title" content="Solidaridad con los trabajadores de Tenaris en Colombia" />
<meta property="og:description" content="COLOMBIA/MUNDO: Una delegación de la Federación Internacional de Trabajadores de las Industrias Metalúrgicas integrada por delegados y representantes sindicales de Tenaris, se desplazará a Colombia para ofrecer apoyo de solidaridad a los trabajadores y su sindicato en las instalaciones de Tenaris en Cartagena (Colombia), del 26 de febrero al 2 de marzo de 2010. El [&hellip;]" />
<meta property="og:url" content="https://admin.industriall-union.org/es/archive/imf/solidaridad-con-los-trabajadores-de-tenaris-en-colombia/" />
<meta property="og:site_name" content="industriall-union" />
<meta property="article:modified_time" content="2025-01-31T10:03:16+00:00" />
<meta name="twitter:card" content="summary_large_image" />
<meta name="twitter:label1" content="Est. reading time" />
	<meta name="twitter:data1" content="1 minute" />
<script type="application/ld+json" class="yoast-schema-graph">{"@context":"https://schema.org","@graph":[{"@type":"WebPage","@id":"https://admin.industriall-union.org/es/archive/imf/solidaridad-con-los-trabajadores-de-tenaris-en-colombia/","url":"https://admin.industriall-union.org/es/archive/imf/solidaridad-con-los-trabajadores-de-tenaris-en-colombia/","name":"Solidaridad con los trabajadores de Tenaris en Colombia - industriall-union","isPartOf":{"@id":"https://admin.industriall-union.org/#website"},"datePublished":"2010-02-24T15:44:00+00:00","dateModified":"2025-01-31T10:03:16+00:00","breadcrumb":{"@id":"https://admin.industriall-union.org/es/archive/imf/solidaridad-con-los-trabajadores-de-tenaris-en-colombia/#breadcrumb"},"inLanguage":"es-ES","potentialAction":[{"@type":"ReadAction","target":["https://admin.industriall-union.org/es/archive/imf/solidaridad-con-los-trabajadores-de-tenaris-en-colombia/"]}]},{"@type":"BreadcrumbList","@id":"https://admin.industriall-union.org/es/archive/imf/solidaridad-con-los-trabajadores-de-tenaris-en-colombia/#breadcrumb","itemListElement":[{"@type":"ListItem","position":1,"name":"Home","item":"https://admin.industriall-union.org/"},{"@type":"ListItem","position":2,"name":"Archive Imf","item":"https://admin.industriall-union.org/es/archive/imf/"},{"@type":"ListItem","position":3,"name":"Solidaridad con los trabajadores de Tenaris en Colombia"}]},{"@type":"WebSite","@id":"https://admin.industriall-union.org/#website","url":"https://admin.industriall-union.org/","name":"industriall-union","description":"","potentialAction":[{"@type":"SearchAction","target":{"@type":"EntryPoint","urlTemplate":"https://admin.industriall-union.org/?s={search_term_string}"},"query-input":{"@type":"PropertyValueSpecification","valueRequired":true,"valueName":"search_term_string"}}],"inLanguage":"es-ES"}]}</script>
<!-- / Yoast SEO Premium plugin. -->

COLOMBIA/MUNDO: Una delegación de la Federación Internacional de Trabajadores de las Industrias Metalúrgicas integrada por delegados y representantes sindicales de Tenaris, se desplazará a Colombia para ofrecer apoyo de solidaridad a los trabajadores y su sindicato en las instalaciones de Tenaris en Cartagena (Colombia), del 26 de febrero al 2 de marzo de 2010. El [&hellip;]
