{"id":201896,"date":"2010-03-04T18:26:00","date_gmt":"2010-03-04T18:26:00","guid":{"rendered":"https:\/\/admin.industriall-union.org\/archive\/imf\/el-tribunal-aplaza-la-vista-sobre-sinter-metal\/"},"modified":"2025-01-31T10:03:11","modified_gmt":"2025-01-31T10:03:11","slug":"el-tribunal-aplaza-la-vista-sobre-sinter-metal","status":"publish","type":"archive_imf","link":"https:\/\/admin.industriall-union.org\/es\/archive\/imf\/el-tribunal-aplaza-la-vista-sobre-sinter-metal\/","title":{"rendered":"El tribunal aplaza la vista sobre Sinter Metal"},"content":{"rendered":"TURQUIA: El largo juicio se reanud\u00f3 el 1 de marzo y se supon\u00eda que el tribunal decidir\u00eda la suerte de los 350 trabajadores de Sinter Metal que luchan por su readmisi\u00f3n desde diciembre de 2008, tras ser despedidos por unirse al sindicato Birlesik Metal &#8211; IS, afiliado a la Federaci\u00f3n Internacional de Trabajadores de las Industrias Metal\u00fargicas (FITIM). Asisti\u00f3 al juicio, en calidad de observador internacional, un representante de la FITIM.<br \/><br \/>Inmediatamente despu\u00e9s de iniciarse la vista, el 1 de marzo, el equipo jur\u00eddico de la compa\u00f1\u00eda argument\u00f3 diciendo que sus testigos no se hab\u00edan presentado y solicit\u00f3 al tribunal una nueva fecha. Uno de los testigos del sindicato, el director de organizaci\u00f3n de DISK, expres\u00f3 en\u00e9rgicamente su frustraci\u00f3n, llevado por la emoci\u00f3n y la frustraci\u00f3n. Tras su expulsi\u00f3n forzosa, el abogado de la compa\u00f1\u00eda pidi\u00f3 que se suspendiera el juicio porque no se sent\u00eda seguro. Sin embargo, la vista continu\u00f3, pero dur\u00f3 s\u00f3lo 30 minutos. Despu\u00e9s de escuchar a algunos testigos y las reacciones de la compa\u00f1\u00eda, la juez dijo que necesitaba o\u00edr m\u00e1s testimonios y anunci\u00f3 que la pr\u00f3xima vista se celebrar\u00eda dentro de seis meses, el 4 de agosto de 2010.<br \/><br \/>El tribunal ha aplazado reiteradamente su decisi\u00f3n, a pesar de que en la legislaci\u00f3n laboral turca se determina que esos casos se resuelvan en un plazo de dos meses. La larga demora sorprendi\u00f3 al equipo jur\u00eddico del sindicato, que pensaba que la causa se reanudar\u00eda el pr\u00f3ximo mes y que la decisi\u00f3n se pronunciar\u00eda en unos meses. El sindicato tiene serias reservas en cuanto a la objetividad de la juez.<br \/><br \/>La compa\u00f1\u00eda alega que los trabajadores fueron despedidos por razones econ\u00f3micas, pero la compa\u00f1\u00eda ha contratado a trabajadores de sustituci\u00f3n para cubrir los puestos, y una investigaci\u00f3n realizada por el Ministerio de Trabajo turco result\u00f3 favorable a los trabajadores, al declarar el ministerio que estaba claro que los despidos no se hab\u00edan debido a la crisis econ\u00f3mica y financiera.<br \/><br \/>El deterioro del historial del pa\u00eds en cuanto a los derechos laborales y humanos ha provocado la indignaci\u00f3n y los esfuerzos de movilizaci\u00f3n de la comunidad sindical internacional. El 26 de febrero, una delegaci\u00f3n de seis Federaciones Sindicales Internacionales, entre ellas la FITIM, y de la Confederaci\u00f3n Sindical Internacional, se desplaz\u00f3 a la misi\u00f3n de Turqu\u00eda en Ginebra para entregar una declaraci\u00f3n de protesta contra el trato dispensado a los trabajadores por el Gobierno.<br \/><br \/>La Organizaci\u00f3n Internacional del Trabajo tambi\u00e9n va a enviar a primeros de marzo una misi\u00f3n a Turqu\u00eda para discutir la erosi\u00f3n de los derechos laborales en el pa\u00eds.<br \/><br \/>Puede obtenerse m\u00e1s informaci\u00f3n sobre la campa\u00f1a conjunta FITIM\/FEM en: <a href=\"..\/SinterMetal\">www.imfmetal.org\/SinterMetal<\/a>","protected":false},"featured_media":0,"template":"","class_list":["post-201896","archive_imf","type-archive_imf","status-publish","hentry"],"acf":[],"yoast_head":"<!-- This site is optimized with the Yoast SEO Premium plugin v27.1 (Yoast SEO v27.1) - https:\/\/yoast.com\/product\/yoast-seo-premium-wordpress\/ -->\n<title>El tribunal aplaza la vista sobre Sinter Metal - industriall-union<\/title>\n<meta name=\"robots\" content=\"index, follow, max-snippet:-1, max-image-preview:large, max-video-preview:-1\" \/>\n<link rel=\"canonical\" href=\"https:\/\/admin.industriall-union.org\/es\/archive\/imf\/el-tribunal-aplaza-la-vista-sobre-sinter-metal\/\" \/>\n<meta property=\"og:locale\" content=\"es_ES\" \/>\n<meta property=\"og:type\" content=\"article\" \/>\n<meta property=\"og:title\" content=\"El tribunal aplaza la vista sobre Sinter Metal\" \/>\n<meta property=\"og:description\" content=\"TURQUIA: El largo juicio se reanud\u00f3 el 1 de marzo y se supon\u00eda que el tribunal decidir\u00eda la suerte de los 350 trabajadores de Sinter Metal que luchan por su readmisi\u00f3n desde diciembre de 2008, tras ser despedidos por unirse al sindicato Birlesik Metal &#8211; IS, afiliado a la Federaci\u00f3n Internacional de Trabajadores de las [&hellip;]\" \/>\n<meta property=\"og:url\" content=\"https:\/\/admin.industriall-union.org\/es\/archive\/imf\/el-tribunal-aplaza-la-vista-sobre-sinter-metal\/\" \/>\n<meta property=\"og:site_name\" content=\"industriall-union\" \/>\n<meta property=\"article:modified_time\" content=\"2025-01-31T10:03:11+00:00\" \/>\n<meta name=\"twitter:card\" content=\"summary_large_image\" \/>\n<meta name=\"twitter:label1\" content=\"Est. reading time\" \/>\n\t<meta name=\"twitter:data1\" content=\"2 minutes\" \/>\n<script type=\"application\/ld+json\" class=\"yoast-schema-graph\">{\"@context\":\"https:\/\/schema.org\",\"@graph\":[{\"@type\":\"WebPage\",\"@id\":\"https:\/\/admin.industriall-union.org\/es\/archive\/imf\/el-tribunal-aplaza-la-vista-sobre-sinter-metal\/\",\"url\":\"https:\/\/admin.industriall-union.org\/es\/archive\/imf\/el-tribunal-aplaza-la-vista-sobre-sinter-metal\/\",\"name\":\"El tribunal aplaza la vista sobre Sinter Metal - industriall-union\",\"isPartOf\":{\"@id\":\"https:\/\/admin.industriall-union.org\/#website\"},\"datePublished\":\"2010-03-04T18:26:00+00:00\",\"dateModified\":\"2025-01-31T10:03:11+00:00\",\"breadcrumb\":{\"@id\":\"https:\/\/admin.industriall-union.org\/es\/archive\/imf\/el-tribunal-aplaza-la-vista-sobre-sinter-metal\/#breadcrumb\"},\"inLanguage\":\"es-ES\",\"potentialAction\":[{\"@type\":\"ReadAction\",\"target\":[\"https:\/\/admin.industriall-union.org\/es\/archive\/imf\/el-tribunal-aplaza-la-vista-sobre-sinter-metal\/\"]}]},{\"@type\":\"BreadcrumbList\",\"@id\":\"https:\/\/admin.industriall-union.org\/es\/archive\/imf\/el-tribunal-aplaza-la-vista-sobre-sinter-metal\/#breadcrumb\",\"itemListElement\":[{\"@type\":\"ListItem\",\"position\":1,\"name\":\"Home\",\"item\":\"https:\/\/admin.industriall-union.org\/\"},{\"@type\":\"ListItem\",\"position\":2,\"name\":\"Archive Imf\",\"item\":\"https:\/\/admin.industriall-union.org\/es\/archive\/imf\/\"},{\"@type\":\"ListItem\",\"position\":3,\"name\":\"El tribunal aplaza la vista sobre Sinter Metal\"}]},{\"@type\":\"WebSite\",\"@id\":\"https:\/\/admin.industriall-union.org\/#website\",\"url\":\"https:\/\/admin.industriall-union.org\/\",\"name\":\"industriall-union\",\"description\":\"\",\"potentialAction\":[{\"@type\":\"SearchAction\",\"target\":{\"@type\":\"EntryPoint\",\"urlTemplate\":\"https:\/\/admin.industriall-union.org\/?s={search_term_string}\"},\"query-input\":{\"@type\":\"PropertyValueSpecification\",\"valueRequired\":true,\"valueName\":\"search_term_string\"}}],\"inLanguage\":\"es-ES\"}]}<\/script>\n<!-- \/ Yoast SEO Premium plugin. -->","yoast_head_json":{"title":"El tribunal aplaza la vista sobre Sinter Metal - industriall-union","robots":{"index":"index","follow":"follow","max-snippet":"max-snippet:-1","max-image-preview":"max-image-preview:large","max-video-preview":"max-video-preview:-1"},"canonical":"https:\/\/admin.industriall-union.org\/es\/archive\/imf\/el-tribunal-aplaza-la-vista-sobre-sinter-metal\/","og_locale":"es_ES","og_type":"article","og_title":"El tribunal aplaza la vista sobre Sinter Metal","og_description":"TURQUIA: El largo juicio se reanud\u00f3 el 1 de marzo y se supon\u00eda que el tribunal decidir\u00eda la suerte de los 350 trabajadores de Sinter Metal que luchan por su readmisi\u00f3n desde diciembre de 2008, tras ser despedidos por unirse al sindicato Birlesik Metal &#8211; IS, afiliado a la Federaci\u00f3n Internacional de Trabajadores de las [&hellip;]","og_url":"https:\/\/admin.industriall-union.org\/es\/archive\/imf\/el-tribunal-aplaza-la-vista-sobre-sinter-metal\/","og_site_name":"industriall-union","article_modified_time":"2025-01-31T10:03:11+00:00","twitter_card":"summary_large_image","twitter_misc":{"Est. reading time":"2 minutes"},"schema":{"@context":"https:\/\/schema.org","@graph":[{"@type":"WebPage","@id":"https:\/\/admin.industriall-union.org\/es\/archive\/imf\/el-tribunal-aplaza-la-vista-sobre-sinter-metal\/","url":"https:\/\/admin.industriall-union.org\/es\/archive\/imf\/el-tribunal-aplaza-la-vista-sobre-sinter-metal\/","name":"El tribunal aplaza la vista sobre Sinter Metal - industriall-union","isPartOf":{"@id":"https:\/\/admin.industriall-union.org\/#website"},"datePublished":"2010-03-04T18:26:00+00:00","dateModified":"2025-01-31T10:03:11+00:00","breadcrumb":{"@id":"https:\/\/admin.industriall-union.org\/es\/archive\/imf\/el-tribunal-aplaza-la-vista-sobre-sinter-metal\/#breadcrumb"},"inLanguage":"es-ES","potentialAction":[{"@type":"ReadAction","target":["https:\/\/admin.industriall-union.org\/es\/archive\/imf\/el-tribunal-aplaza-la-vista-sobre-sinter-metal\/"]}]},{"@type":"BreadcrumbList","@id":"https:\/\/admin.industriall-union.org\/es\/archive\/imf\/el-tribunal-aplaza-la-vista-sobre-sinter-metal\/#breadcrumb","itemListElement":[{"@type":"ListItem","position":1,"name":"Home","item":"https:\/\/admin.industriall-union.org\/"},{"@type":"ListItem","position":2,"name":"Archive Imf","item":"https:\/\/admin.industriall-union.org\/es\/archive\/imf\/"},{"@type":"ListItem","position":3,"name":"El tribunal aplaza la vista sobre Sinter Metal"}]},{"@type":"WebSite","@id":"https:\/\/admin.industriall-union.org\/#website","url":"https:\/\/admin.industriall-union.org\/","name":"industriall-union","description":"","potentialAction":[{"@type":"SearchAction","target":{"@type":"EntryPoint","urlTemplate":"https:\/\/admin.industriall-union.org\/?s={search_term_string}"},"query-input":{"@type":"PropertyValueSpecification","valueRequired":true,"valueName":"search_term_string"}}],"inLanguage":"es-ES"}]}},"_links":{"self":[{"href":"https:\/\/admin.industriall-union.org\/es\/wp-json\/wp\/v2\/archive_imf\/201896","targetHints":{"allow":["GET"]}}],"collection":[{"href":"https:\/\/admin.industriall-union.org\/es\/wp-json\/wp\/v2\/archive_imf"}],"about":[{"href":"https:\/\/admin.industriall-union.org\/es\/wp-json\/wp\/v2\/types\/archive_imf"}],"wp:attachment":[{"href":"https:\/\/admin.industriall-union.org\/es\/wp-json\/wp\/v2\/media?parent=201896"}],"curies":[{"name":"wp","href":"https:\/\/api.w.org\/{rel}","templated":true}]}}

TURQUIA: El largo juicio se reanudó el 1 de marzo y se suponía que el tribunal decidiría la suerte de los 350 trabajadores de Sinter Metal que luchan por su readmisión desde diciembre de 2008, tras ser despedidos por unirse al sindicato Birlesik Metal &#8211; IS, afiliado a la Federación Internacional de Trabajadores de las Industrias Metalúrgicas (FITIM). Asistió al juicio, en calidad de observador internacional, un representante de la FITIM.<br /><br />Inmediatamente después de iniciarse la vista, el 1 de marzo, el equipo jurídico de la compañía argumentó diciendo que sus testigos no se habían presentado y solicitó al tribunal una nueva fecha. Uno de los testigos del sindicato, el director de organización de DISK, expresó enérgicamente su frustración, llevado por la emoción y la frustración. Tras su expulsión forzosa, el abogado de la compañía pidió que se suspendiera el juicio porque no se sentía seguro. Sin embargo, la vista continuó, pero duró sólo 30 minutos. Después de escuchar a algunos testigos y las reacciones de la compañía, la juez dijo que necesitaba oír más testimonios y anunció que la próxima vista se celebraría dentro de seis meses, el 4 de agosto de 2010.<br /><br />El tribunal ha aplazado reiteradamente su decisión, a pesar de que en la legislación laboral turca se determina que esos casos se resuelvan en un plazo de dos meses. La larga demora sorprendió al equipo jurídico del sindicato, que pensaba que la causa se reanudaría el próximo mes y que la decisión se pronunciaría en unos meses. El sindicato tiene serias reservas en cuanto a la objetividad de la juez.<br /><br />La compañía alega que los trabajadores fueron despedidos por razones económicas, pero la compañía ha contratado a trabajadores de sustitución para cubrir los puestos, y una investigación realizada por el Ministerio de Trabajo turco resultó favorable a los trabajadores, al declarar el ministerio que estaba claro que los despidos no se habían debido a la crisis económica y financiera.<br /><br />El deterioro del historial del país en cuanto a los derechos laborales y humanos ha provocado la indignación y los esfuerzos de movilización de la comunidad sindical internacional. El 26 de febrero, una delegación de seis Federaciones Sindicales Internacionales, entre ellas la FITIM, y de la Confederación Sindical Internacional, se desplazó a la misión de Turquía en Ginebra para entregar una declaración de protesta contra el trato dispensado a los trabajadores por el Gobierno.<br /><br />La Organización Internacional del Trabajo también va a enviar a primeros de marzo una misión a Turquía para discutir la erosión de los derechos laborales en el país.<br /><br />Puede obtenerse más información sobre la campaña conjunta FITIM/FEM en: <a href="../SinterMetal">www.imfmetal.org/SinterMetal</a>

<!-- This site is optimized with the Yoast SEO Premium plugin v27.1 (Yoast SEO v27.1) - https://yoast.com/product/yoast-seo-premium-wordpress/ -->
<title>El tribunal aplaza la vista sobre Sinter Metal - industriall-union</title>
<meta name="robots" content="index, follow, max-snippet:-1, max-image-preview:large, max-video-preview:-1" />
<link rel="canonical" href="https://admin.industriall-union.org/es/archive/imf/el-tribunal-aplaza-la-vista-sobre-sinter-metal/" />
<meta property="og:locale" content="es_ES" />
<meta property="og:type" content="article" />
<meta property="og:title" content="El tribunal aplaza la vista sobre Sinter Metal" />
<meta property="og:description" content="TURQUIA: El largo juicio se reanudó el 1 de marzo y se suponía que el tribunal decidiría la suerte de los 350 trabajadores de Sinter Metal que luchan por su readmisión desde diciembre de 2008, tras ser despedidos por unirse al sindicato Birlesik Metal &#8211; IS, afiliado a la Federación Internacional de Trabajadores de las [&hellip;]" />
<meta property="og:url" content="https://admin.industriall-union.org/es/archive/imf/el-tribunal-aplaza-la-vista-sobre-sinter-metal/" />
<meta property="og:site_name" content="industriall-union" />
<meta property="article:modified_time" content="2025-01-31T10:03:11+00:00" />
<meta name="twitter:card" content="summary_large_image" />
<meta name="twitter:label1" content="Est. reading time" />
	<meta name="twitter:data1" content="2 minutes" />
<script type="application/ld+json" class="yoast-schema-graph">{"@context":"https://schema.org","@graph":[{"@type":"WebPage","@id":"https://admin.industriall-union.org/es/archive/imf/el-tribunal-aplaza-la-vista-sobre-sinter-metal/","url":"https://admin.industriall-union.org/es/archive/imf/el-tribunal-aplaza-la-vista-sobre-sinter-metal/","name":"El tribunal aplaza la vista sobre Sinter Metal - industriall-union","isPartOf":{"@id":"https://admin.industriall-union.org/#website"},"datePublished":"2010-03-04T18:26:00+00:00","dateModified":"2025-01-31T10:03:11+00:00","breadcrumb":{"@id":"https://admin.industriall-union.org/es/archive/imf/el-tribunal-aplaza-la-vista-sobre-sinter-metal/#breadcrumb"},"inLanguage":"es-ES","potentialAction":[{"@type":"ReadAction","target":["https://admin.industriall-union.org/es/archive/imf/el-tribunal-aplaza-la-vista-sobre-sinter-metal/"]}]},{"@type":"BreadcrumbList","@id":"https://admin.industriall-union.org/es/archive/imf/el-tribunal-aplaza-la-vista-sobre-sinter-metal/#breadcrumb","itemListElement":[{"@type":"ListItem","position":1,"name":"Home","item":"https://admin.industriall-union.org/"},{"@type":"ListItem","position":2,"name":"Archive Imf","item":"https://admin.industriall-union.org/es/archive/imf/"},{"@type":"ListItem","position":3,"name":"El tribunal aplaza la vista sobre Sinter Metal"}]},{"@type":"WebSite","@id":"https://admin.industriall-union.org/#website","url":"https://admin.industriall-union.org/","name":"industriall-union","description":"","potentialAction":[{"@type":"SearchAction","target":{"@type":"EntryPoint","urlTemplate":"https://admin.industriall-union.org/?s={search_term_string}"},"query-input":{"@type":"PropertyValueSpecification","valueRequired":true,"valueName":"search_term_string"}}],"inLanguage":"es-ES"}]}</script>
<!-- / Yoast SEO Premium plugin. -->

TURQUIA: El largo juicio se reanudó el 1 de marzo y se suponía que el tribunal decidiría la suerte de los 350 trabajadores de Sinter Metal que luchan por su readmisión desde diciembre de 2008, tras ser despedidos por unirse al sindicato Birlesik Metal &#8211; IS, afiliado a la Federación Internacional de Trabajadores de las [&hellip;]
