{"id":201822,"date":"2010-03-24T13:24:00","date_gmt":"2010-03-24T13:24:00","guid":{"rendered":"https:\/\/admin.industriall-union.org\/archive\/imf\/semana-de-accion-mundial-contra-vale-5-a-11-de-abril\/"},"modified":"2025-01-31T09:59:20","modified_gmt":"2025-01-31T09:59:20","slug":"semana-de-accion-mundial-contra-vale-5-a-11-de-abril","status":"publish","type":"archive_imf","link":"https:\/\/admin.industriall-union.org\/es\/archive\/imf\/semana-de-accion-mundial-contra-vale-5-a-11-de-abril\/","title":{"rendered":"Semana de acci\u00f3n mundial contra Vale: 5 a 11 de abril"},"content":{"rendered":"CANADA: Decenas de l\u00edderes sindicales de todo el mundo se reunieron en una concentraci\u00f3n en Sudbury, el 23 de marzo, para apoyar a los trabajadores en huelga en las operaciones de Vale Inco en Port Colborne, Sudbury, y Voisey&#8217;s Bay en Canad\u00e1.<br \/><br \/>Representantes de la Federaci\u00f3n Internacional de Trabajadores de las Industrias Metal\u00fargicas (FITIM) y de la Federaci\u00f3n Internacional de Sindicatos de Trabajadores de la Qu\u00edmica, Energ\u00eda, Minas e Industrias Diversas (ICEM) formaron parte de la delegaci\u00f3n que denunci\u00f3 la negativa de Vale a negociar un acuerdo justo y pidi\u00f3 a la compa\u00f1\u00eda que ponga fin a sus agresivas y destructivas acciones contra los trabajadores.<br \/><br \/>En la concentraci\u00f3n, el United Steelworkers, el sindicato de los huelguistas de Vale en Canad\u00e1, anunci\u00f3 su llamamiento a una Semana de acci\u00f3n mundial contra Vale la semana del 5 al 11 de abril de 2010.<br \/><br \/>Durante la Semana de acci\u00f3n mundial, los sindicatos que representan a trabajadores de Vale en diferentes pa\u00edses realizar\u00e1n acciones de solidaridad destinadas a mostrar a Vale que los trabajadores permanecen unidos. Revestir\u00e1n distintas formas, seg\u00fan la cultura y las tradiciones de las comunidades y de los sindicatos, pero todas transmitir\u00e1n el mismo mensaje: Justicia en Vale.<br \/><br \/>Entre los sindicatos que trabajan conjuntamente sobre Vale figuran docenas de sindicatos de Australia, Brasil, Alemania, Francia, Indonesia, Mozambique, Nueva Caledonia, Noruega, Per\u00fa, Suecia, Sud\u00e1frica, Reino Unido, Zambia, y otros pa\u00edses, adem\u00e1s de la Federaci\u00f3n Internacional de Trabajadores de las Industrias Metal\u00fargicas (FITIM), la Federaci\u00f3n Internacional de Sindicatos de Trabajadores de la Qu\u00edmica, Energ\u00eda, Minas e Industrias Diversas (ICEM), la Ontario Federation of Labour (OFL), el Canadian Labour Congress (CLC), y las Centrales de Sindicatos Brasile\u00f1os CUT (Central Unica dos Trabalhadores) y Conlutas (Coordenacao Nacional de Lutas).<br \/><br \/>Puede obtenerse m\u00e1s informaci\u00f3n en el sitio web de la FITIM, <a href=\"..\/index.cfm?n=738&amp;l=2\">aqu\u00ed<\/a>, y en el sitio web Fair Deal Now en: <a href=\"http:\/\/www.fairdealnow.ca\/\">http:\/\/www.fairdealnow.ca\/.<\/a>","protected":false},"featured_media":0,"template":"","class_list":["post-201822","archive_imf","type-archive_imf","status-publish","hentry"],"acf":[],"yoast_head":"<!-- This site is optimized with the Yoast SEO Premium plugin v27.1 (Yoast SEO v27.1) - https:\/\/yoast.com\/product\/yoast-seo-premium-wordpress\/ -->\n<title>Semana de acci\u00f3n mundial contra Vale: 5 a 11 de abril - industriall-union<\/title>\n<meta name=\"robots\" content=\"index, follow, max-snippet:-1, max-image-preview:large, max-video-preview:-1\" \/>\n<link rel=\"canonical\" href=\"https:\/\/admin.industriall-union.org\/es\/archive\/imf\/semana-de-accion-mundial-contra-vale-5-a-11-de-abril\/\" \/>\n<meta property=\"og:locale\" content=\"es_ES\" \/>\n<meta property=\"og:type\" content=\"article\" \/>\n<meta property=\"og:title\" content=\"Semana de acci\u00f3n mundial contra Vale: 5 a 11 de abril\" \/>\n<meta property=\"og:description\" content=\"CANADA: Decenas de l\u00edderes sindicales de todo el mundo se reunieron en una concentraci\u00f3n en Sudbury, el 23 de marzo, para apoyar a los trabajadores en huelga en las operaciones de Vale Inco en Port Colborne, Sudbury, y Voisey&#8217;s Bay en Canad\u00e1. Representantes de la Federaci\u00f3n Internacional de Trabajadores de las Industrias Metal\u00fargicas (FITIM) y [&hellip;]\" \/>\n<meta property=\"og:url\" content=\"https:\/\/admin.industriall-union.org\/es\/archive\/imf\/semana-de-accion-mundial-contra-vale-5-a-11-de-abril\/\" \/>\n<meta property=\"og:site_name\" content=\"industriall-union\" \/>\n<meta property=\"article:modified_time\" content=\"2025-01-31T09:59:20+00:00\" \/>\n<meta name=\"twitter:card\" content=\"summary_large_image\" \/>\n<meta name=\"twitter:label1\" content=\"Est. reading time\" \/>\n\t<meta name=\"twitter:data1\" content=\"2 minutes\" \/>\n<script type=\"application\/ld+json\" class=\"yoast-schema-graph\">{\"@context\":\"https:\/\/schema.org\",\"@graph\":[{\"@type\":\"WebPage\",\"@id\":\"https:\/\/admin.industriall-union.org\/es\/archive\/imf\/semana-de-accion-mundial-contra-vale-5-a-11-de-abril\/\",\"url\":\"https:\/\/admin.industriall-union.org\/es\/archive\/imf\/semana-de-accion-mundial-contra-vale-5-a-11-de-abril\/\",\"name\":\"Semana de acci\u00f3n mundial contra Vale: 5 a 11 de abril - industriall-union\",\"isPartOf\":{\"@id\":\"https:\/\/admin.industriall-union.org\/#website\"},\"datePublished\":\"2010-03-24T13:24:00+00:00\",\"dateModified\":\"2025-01-31T09:59:20+00:00\",\"breadcrumb\":{\"@id\":\"https:\/\/admin.industriall-union.org\/es\/archive\/imf\/semana-de-accion-mundial-contra-vale-5-a-11-de-abril\/#breadcrumb\"},\"inLanguage\":\"es-ES\",\"potentialAction\":[{\"@type\":\"ReadAction\",\"target\":[\"https:\/\/admin.industriall-union.org\/es\/archive\/imf\/semana-de-accion-mundial-contra-vale-5-a-11-de-abril\/\"]}]},{\"@type\":\"BreadcrumbList\",\"@id\":\"https:\/\/admin.industriall-union.org\/es\/archive\/imf\/semana-de-accion-mundial-contra-vale-5-a-11-de-abril\/#breadcrumb\",\"itemListElement\":[{\"@type\":\"ListItem\",\"position\":1,\"name\":\"Home\",\"item\":\"https:\/\/admin.industriall-union.org\/\"},{\"@type\":\"ListItem\",\"position\":2,\"name\":\"Archive Imf\",\"item\":\"https:\/\/admin.industriall-union.org\/es\/archive\/imf\/\"},{\"@type\":\"ListItem\",\"position\":3,\"name\":\"Semana de acci\u00f3n mundial contra Vale: 5 a 11 de abril\"}]},{\"@type\":\"WebSite\",\"@id\":\"https:\/\/admin.industriall-union.org\/#website\",\"url\":\"https:\/\/admin.industriall-union.org\/\",\"name\":\"industriall-union\",\"description\":\"\",\"potentialAction\":[{\"@type\":\"SearchAction\",\"target\":{\"@type\":\"EntryPoint\",\"urlTemplate\":\"https:\/\/admin.industriall-union.org\/?s={search_term_string}\"},\"query-input\":{\"@type\":\"PropertyValueSpecification\",\"valueRequired\":true,\"valueName\":\"search_term_string\"}}],\"inLanguage\":\"es-ES\"}]}<\/script>\n<!-- \/ Yoast SEO Premium plugin. -->","yoast_head_json":{"title":"Semana de acci\u00f3n mundial contra Vale: 5 a 11 de abril - industriall-union","robots":{"index":"index","follow":"follow","max-snippet":"max-snippet:-1","max-image-preview":"max-image-preview:large","max-video-preview":"max-video-preview:-1"},"canonical":"https:\/\/admin.industriall-union.org\/es\/archive\/imf\/semana-de-accion-mundial-contra-vale-5-a-11-de-abril\/","og_locale":"es_ES","og_type":"article","og_title":"Semana de acci\u00f3n mundial contra Vale: 5 a 11 de abril","og_description":"CANADA: Decenas de l\u00edderes sindicales de todo el mundo se reunieron en una concentraci\u00f3n en Sudbury, el 23 de marzo, para apoyar a los trabajadores en huelga en las operaciones de Vale Inco en Port Colborne, Sudbury, y Voisey&#8217;s Bay en Canad\u00e1. Representantes de la Federaci\u00f3n Internacional de Trabajadores de las Industrias Metal\u00fargicas (FITIM) y [&hellip;]","og_url":"https:\/\/admin.industriall-union.org\/es\/archive\/imf\/semana-de-accion-mundial-contra-vale-5-a-11-de-abril\/","og_site_name":"industriall-union","article_modified_time":"2025-01-31T09:59:20+00:00","twitter_card":"summary_large_image","twitter_misc":{"Est. reading time":"2 minutes"},"schema":{"@context":"https:\/\/schema.org","@graph":[{"@type":"WebPage","@id":"https:\/\/admin.industriall-union.org\/es\/archive\/imf\/semana-de-accion-mundial-contra-vale-5-a-11-de-abril\/","url":"https:\/\/admin.industriall-union.org\/es\/archive\/imf\/semana-de-accion-mundial-contra-vale-5-a-11-de-abril\/","name":"Semana de acci\u00f3n mundial contra Vale: 5 a 11 de abril - industriall-union","isPartOf":{"@id":"https:\/\/admin.industriall-union.org\/#website"},"datePublished":"2010-03-24T13:24:00+00:00","dateModified":"2025-01-31T09:59:20+00:00","breadcrumb":{"@id":"https:\/\/admin.industriall-union.org\/es\/archive\/imf\/semana-de-accion-mundial-contra-vale-5-a-11-de-abril\/#breadcrumb"},"inLanguage":"es-ES","potentialAction":[{"@type":"ReadAction","target":["https:\/\/admin.industriall-union.org\/es\/archive\/imf\/semana-de-accion-mundial-contra-vale-5-a-11-de-abril\/"]}]},{"@type":"BreadcrumbList","@id":"https:\/\/admin.industriall-union.org\/es\/archive\/imf\/semana-de-accion-mundial-contra-vale-5-a-11-de-abril\/#breadcrumb","itemListElement":[{"@type":"ListItem","position":1,"name":"Home","item":"https:\/\/admin.industriall-union.org\/"},{"@type":"ListItem","position":2,"name":"Archive Imf","item":"https:\/\/admin.industriall-union.org\/es\/archive\/imf\/"},{"@type":"ListItem","position":3,"name":"Semana de acci\u00f3n mundial contra Vale: 5 a 11 de abril"}]},{"@type":"WebSite","@id":"https:\/\/admin.industriall-union.org\/#website","url":"https:\/\/admin.industriall-union.org\/","name":"industriall-union","description":"","potentialAction":[{"@type":"SearchAction","target":{"@type":"EntryPoint","urlTemplate":"https:\/\/admin.industriall-union.org\/?s={search_term_string}"},"query-input":{"@type":"PropertyValueSpecification","valueRequired":true,"valueName":"search_term_string"}}],"inLanguage":"es-ES"}]}},"_links":{"self":[{"href":"https:\/\/admin.industriall-union.org\/es\/wp-json\/wp\/v2\/archive_imf\/201822","targetHints":{"allow":["GET"]}}],"collection":[{"href":"https:\/\/admin.industriall-union.org\/es\/wp-json\/wp\/v2\/archive_imf"}],"about":[{"href":"https:\/\/admin.industriall-union.org\/es\/wp-json\/wp\/v2\/types\/archive_imf"}],"wp:attachment":[{"href":"https:\/\/admin.industriall-union.org\/es\/wp-json\/wp\/v2\/media?parent=201822"}],"curies":[{"name":"wp","href":"https:\/\/api.w.org\/{rel}","templated":true}]}}

Semana de acción mundial contra Vale: 5 a 11 de abril

CANADA: Decenas de líderes sindicales de todo el mundo se reunieron en una concentración en Sudbury, el 23 de marzo, para apoyar a los trabajadores en huelga en las operaciones de Vale Inco en Port Colborne, Sudbury, y Voisey&#8217;s Bay en Canadá.<br /><br />Representantes de la Federación Internacional de Trabajadores de las Industrias Metalúrgicas (FITIM) y de la Federación Internacional de Sindicatos de Trabajadores de la Química, Energía, Minas e Industrias Diversas (ICEM) formaron parte de la delegación que denunció la negativa de Vale a negociar un acuerdo justo y pidió a la compañía que ponga fin a sus agresivas y destructivas acciones contra los trabajadores.<br /><br />En la concentración, el United Steelworkers, el sindicato de los huelguistas de Vale en Canadá, anunció su llamamiento a una Semana de acción mundial contra Vale la semana del 5 al 11 de abril de 2010.<br /><br />Durante la Semana de acción mundial, los sindicatos que representan a trabajadores de Vale en diferentes países realizarán acciones de solidaridad destinadas a mostrar a Vale que los trabajadores permanecen unidos. Revestirán distintas formas, según la cultura y las tradiciones de las comunidades y de los sindicatos, pero todas transmitirán el mismo mensaje: Justicia en Vale.<br /><br />Entre los sindicatos que trabajan conjuntamente sobre Vale figuran docenas de sindicatos de Australia, Brasil, Alemania, Francia, Indonesia, Mozambique, Nueva Caledonia, Noruega, Perú, Suecia, Sudáfrica, Reino Unido, Zambia, y otros países, además de la Federación Internacional de Trabajadores de las Industrias Metalúrgicas (FITIM), la Federación Internacional de Sindicatos de Trabajadores de la Química, Energía, Minas e Industrias Diversas (ICEM), la Ontario Federation of Labour (OFL), el Canadian Labour Congress (CLC), y las Centrales de Sindicatos Brasileños CUT (Central Unica dos Trabalhadores) y Conlutas (Coordenacao Nacional de Lutas).<br /><br />Puede obtenerse más información en el sitio web de la FITIM, <a href="../index.cfm?n=738&amp;l=2">aquí</a>, y en el sitio web Fair Deal Now en: <a href="http://www.fairdealnow.ca/">http://www.fairdealnow.ca/.</a>

<!-- This site is optimized with the Yoast SEO Premium plugin v27.1 (Yoast SEO v27.1) - https://yoast.com/product/yoast-seo-premium-wordpress/ -->
<title>Semana de acción mundial contra Vale: 5 a 11 de abril - industriall-union</title>
<meta name="robots" content="index, follow, max-snippet:-1, max-image-preview:large, max-video-preview:-1" />
<link rel="canonical" href="https://admin.industriall-union.org/es/archive/imf/semana-de-accion-mundial-contra-vale-5-a-11-de-abril/" />
<meta property="og:locale" content="es_ES" />
<meta property="og:type" content="article" />
<meta property="og:title" content="Semana de acción mundial contra Vale: 5 a 11 de abril" />
<meta property="og:description" content="CANADA: Decenas de líderes sindicales de todo el mundo se reunieron en una concentración en Sudbury, el 23 de marzo, para apoyar a los trabajadores en huelga en las operaciones de Vale Inco en Port Colborne, Sudbury, y Voisey&#8217;s Bay en Canadá. Representantes de la Federación Internacional de Trabajadores de las Industrias Metalúrgicas (FITIM) y [&hellip;]" />
<meta property="og:url" content="https://admin.industriall-union.org/es/archive/imf/semana-de-accion-mundial-contra-vale-5-a-11-de-abril/" />
<meta property="og:site_name" content="industriall-union" />
<meta property="article:modified_time" content="2025-01-31T09:59:20+00:00" />
<meta name="twitter:card" content="summary_large_image" />
<meta name="twitter:label1" content="Est. reading time" />
	<meta name="twitter:data1" content="2 minutes" />
<script type="application/ld+json" class="yoast-schema-graph">{"@context":"https://schema.org","@graph":[{"@type":"WebPage","@id":"https://admin.industriall-union.org/es/archive/imf/semana-de-accion-mundial-contra-vale-5-a-11-de-abril/","url":"https://admin.industriall-union.org/es/archive/imf/semana-de-accion-mundial-contra-vale-5-a-11-de-abril/","name":"Semana de acción mundial contra Vale: 5 a 11 de abril - industriall-union","isPartOf":{"@id":"https://admin.industriall-union.org/#website"},"datePublished":"2010-03-24T13:24:00+00:00","dateModified":"2025-01-31T09:59:20+00:00","breadcrumb":{"@id":"https://admin.industriall-union.org/es/archive/imf/semana-de-accion-mundial-contra-vale-5-a-11-de-abril/#breadcrumb"},"inLanguage":"es-ES","potentialAction":[{"@type":"ReadAction","target":["https://admin.industriall-union.org/es/archive/imf/semana-de-accion-mundial-contra-vale-5-a-11-de-abril/"]}]},{"@type":"BreadcrumbList","@id":"https://admin.industriall-union.org/es/archive/imf/semana-de-accion-mundial-contra-vale-5-a-11-de-abril/#breadcrumb","itemListElement":[{"@type":"ListItem","position":1,"name":"Home","item":"https://admin.industriall-union.org/"},{"@type":"ListItem","position":2,"name":"Archive Imf","item":"https://admin.industriall-union.org/es/archive/imf/"},{"@type":"ListItem","position":3,"name":"Semana de acción mundial contra Vale: 5 a 11 de abril"}]},{"@type":"WebSite","@id":"https://admin.industriall-union.org/#website","url":"https://admin.industriall-union.org/","name":"industriall-union","description":"","potentialAction":[{"@type":"SearchAction","target":{"@type":"EntryPoint","urlTemplate":"https://admin.industriall-union.org/?s={search_term_string}"},"query-input":{"@type":"PropertyValueSpecification","valueRequired":true,"valueName":"search_term_string"}}],"inLanguage":"es-ES"}]}</script>
<!-- / Yoast SEO Premium plugin. -->

Semana de acción mundial contra Vale: 5 a 11 de abril - industriall-union

CANADA: Decenas de líderes sindicales de todo el mundo se reunieron en una concentración en Sudbury, el 23 de marzo, para apoyar a los trabajadores en huelga en las operaciones de Vale Inco en Port Colborne, Sudbury, y Voisey&#8217;s Bay en Canadá. Representantes de la Federación Internacional de Trabajadores de las Industrias Metalúrgicas (FITIM) y [&hellip;]
