{"id":201698,"date":"2010-05-02T14:20:00","date_gmt":"2010-05-02T14:20:00","guid":{"rendered":"https:\/\/admin.industriall-union.org\/archive\/imf\/protesta-de-trabajadores-turcos-en-la-plaza-taksim-el-primero-de-mayo\/"},"modified":"2025-01-31T09:54:05","modified_gmt":"2025-01-31T09:54:05","slug":"protesta-de-trabajadores-turcos-en-la-plaza-taksim-el-primero-de-mayo","status":"publish","type":"archive_imf","link":"https:\/\/admin.industriall-union.org\/es\/archive\/imf\/protesta-de-trabajadores-turcos-en-la-plaza-taksim-el-primero-de-mayo\/","title":{"rendered":"Protesta de trabajadores turcos en la Plaza Taksim el Primero de Mayo"},"content":{"rendered":"TURQU\u00cdA: Unos 200.000 trabajadores y sindicalistas concurrieron  en la Plaza Taksim de Estambul el Primero de Mayo, por primera vez desde  1977, cuando fueron muertas 37 personas por un pistolero que abri\u00f3  fuego contra la multitud. Nunca ha sido enjuiciado nadie por esos  asesinatos. Desde entonces, la polic\u00eda ha usado con frecuencia gases  lacrim\u00f3genos, camiones lanzaagua y porras para dispersar manifestaciones  del Primero de Mayo en la Plaza Taksim.      <br \/><br \/>Aunque el gobierno  turco decidi\u00f3  el a\u00f1o pasado declarar el Primero de Mayo d\u00eda feriado  oficial y este a\u00f1o reabrir la plaza, contin\u00faa la lucha para los  sindicatos y trabajadores de Turqu\u00eda.   <br \/><br \/>Los sindicatos reunidos  en la Plaza Taksim exigieron su libertad sindical y de asociaci\u00f3n,  seguridad de empleo en todos los sectores y una vida segura para todo el  pueblo. Al regresar a la Plaza Taksim los trabajadores de las seis  confederaciones sindicales turcas, los trabajadores de Sinter Metal y  los miembros del afiliado de la FITIM, Birlesik Metal Is, reflexionaron  sobre su larga lucha y la importancia hist\u00f3rica de este d\u00eda para el  movimiento obrero turco. <br \/><br \/>&quot;La falta de justicia es una farsa. La  ley turca sobre sindicatos no deber\u00eda tomar partido por los empleadores,  pero en todo el pa\u00eds los trabajadores que se sindican se enfrentan al  mismo problema de trato injusto con despido. Nuestro caso fue de gran  magnitud, 350  trabajadores despedidos para impedir la aceptaci\u00f3n del  sindicato; pero este problema est\u00e1 muy generalizado y la justicia  depende de un solo juez.       <br \/><br \/>&quot;En nuestro caso, ese juez de  tribunal laboral retras\u00f3 la tramitaci\u00f3n de nuestro despido injusto siete  veces, y estamos sufriendo una grave situaci\u00f3n econ\u00f3mica. Pero he  aprendido que nada se puede obtener en la vida sin luchar, y que solo se  pueden obtener los derechos si uno lucha por ellos. El Primero de Mayo  de este a\u00f1o es estimulante y bueno. El a\u00f1o pasado, solo 3.000  trabajadores vinieron a la Plaza Taksim, atravesando nubes de gases  lacrim\u00f3genos, y muchos trabajadores ten\u00edan miedo de venir este a\u00f1o. Pero  este a\u00f1o estamos en la Plaza Taksim. Es emocionante ver a los  trabajadores mostrar su poder ante todos. Espero que el a\u00f1o entrante  seamos m\u00e1s aqu\u00ed&#8221;, dijo uno de los trabajadores de Sinter Metal.<br \/><br \/>Los  trabajadores de Sinter Metal han llevado a cabo muchas acciones de  protesta, y por \u00faltimo se declararon en huelga del 2 al 6 de marzo de  2010, exigiendo que se reintegrara a los despedidos y se pronunciara el  fallo judicial relativo a la causa de su despido injusto, de diciembre  de 2008. Contrariamente a las afirmaciones de la empresa, el Ministerio  de Trabajo turco juzg\u00f3 que los despidos no estaban motivados por la  crisis econ\u00f3mica. El juez pospuso el veredicto sobre el despido injusto  por s\u00e9ptima vez, hasta agosto de 2010, y la lucha contin\u00faa.      <br \/><br \/>El  movimiento sindical mundial est\u00e1 preocupado por la situaci\u00f3n en cuanto a  los derechos laborales y sindicales en Turqu\u00eda, donde se dan despidos y  violencia f\u00edsica y una tendencia inquietante al acoso judicial de los  sindicatos, siendo los sindicalistas acusados de delitos &#8220;terroristas&#8221;,  incluida Seher T\u00fcmer, secretaria del sindicato de educadores afiliado a  la Internacional de Servicios P\u00fablicos.     <br \/><br \/>El 30 de abril,  representantes de siete federaciones sindicales internacionales,  incluida la FITIM, y la Confederaci\u00f3n Sindical Internacional y la  Confederaci\u00f3n Europea de Sindicatos, se reunieron con diversos  sindicatos afiliados en Turqu\u00eda para coordinar las acciones de  solidaridad y poner de relieve la determinaci\u00f3n del movimiento sindical  mundial de defender los derechos de los trabajadores de Turqu\u00eda.      <br \/><br \/>Las  federaciones sindicales internacionales que participaron, y que tambi\u00e9n  se unieron a los sindicatos turcos en su marcha a la Plaza Taksim, son  las siguientes: la Federaci\u00f3n Internacional de Trabajadores del  Transporte (ITF), la Internacional de la Educaci\u00f3n (IE), la UNI (Red  Sindical Internacional), la Federaci\u00f3n Internacional de Sindicatos de  Trabajadores de la Qu\u00edmica, Energ\u00eda, Minas e Industrias Diversas (ICEM),  la Uni\u00f3n Internacional de Trabajadores de la Alimentaci\u00f3n, Agr\u00edcolas,  Hoteles, Restaurantes, Tabaco y Afines (UITA), la Federaci\u00f3n  Internacional de Trabajadores de las Industrias Metal\u00fargicas (FITIM), la  Federaci\u00f3n Internacional de Trabajadores del Textil, Vestuario y Cuero  (FITTVC) y la Internacional de Servicios P\u00fablicos (ISP).   ","protected":false},"featured_media":0,"template":"","class_list":["post-201698","archive_imf","type-archive_imf","status-publish","hentry"],"acf":[],"yoast_head":"<!-- This site is optimized with the Yoast SEO Premium plugin v27.1 (Yoast SEO v27.1) - https:\/\/yoast.com\/product\/yoast-seo-premium-wordpress\/ -->\n<title>Protesta de trabajadores turcos en la Plaza Taksim el Primero de Mayo - industriall-union<\/title>\n<meta name=\"robots\" content=\"index, follow, max-snippet:-1, max-image-preview:large, max-video-preview:-1\" \/>\n<link rel=\"canonical\" href=\"https:\/\/admin.industriall-union.org\/es\/archive\/imf\/protesta-de-trabajadores-turcos-en-la-plaza-taksim-el-primero-de-mayo\/\" \/>\n<meta property=\"og:locale\" content=\"es_ES\" \/>\n<meta property=\"og:type\" content=\"article\" \/>\n<meta property=\"og:title\" content=\"Protesta de trabajadores turcos en la Plaza Taksim el Primero de Mayo\" \/>\n<meta property=\"og:description\" content=\"TURQU\u00cdA: Unos 200.000 trabajadores y sindicalistas concurrieron en la Plaza Taksim de Estambul el Primero de Mayo, por primera vez desde 1977, cuando fueron muertas 37 personas por un pistolero que abri\u00f3 fuego contra la multitud. Nunca ha sido enjuiciado nadie por esos asesinatos. Desde entonces, la polic\u00eda ha usado con frecuencia gases lacrim\u00f3genos, camiones [&hellip;]\" \/>\n<meta property=\"og:url\" content=\"https:\/\/admin.industriall-union.org\/es\/archive\/imf\/protesta-de-trabajadores-turcos-en-la-plaza-taksim-el-primero-de-mayo\/\" \/>\n<meta property=\"og:site_name\" content=\"industriall-union\" \/>\n<meta property=\"article:modified_time\" content=\"2025-01-31T09:54:05+00:00\" \/>\n<meta name=\"twitter:card\" content=\"summary_large_image\" \/>\n<meta name=\"twitter:label1\" content=\"Est. reading time\" \/>\n\t<meta name=\"twitter:data1\" content=\"4 minutes\" \/>\n<script type=\"application\/ld+json\" class=\"yoast-schema-graph\">{\"@context\":\"https:\/\/schema.org\",\"@graph\":[{\"@type\":\"WebPage\",\"@id\":\"https:\/\/admin.industriall-union.org\/es\/archive\/imf\/protesta-de-trabajadores-turcos-en-la-plaza-taksim-el-primero-de-mayo\/\",\"url\":\"https:\/\/admin.industriall-union.org\/es\/archive\/imf\/protesta-de-trabajadores-turcos-en-la-plaza-taksim-el-primero-de-mayo\/\",\"name\":\"Protesta de trabajadores turcos en la Plaza Taksim el Primero de Mayo - industriall-union\",\"isPartOf\":{\"@id\":\"https:\/\/admin.industriall-union.org\/#website\"},\"datePublished\":\"2010-05-02T14:20:00+00:00\",\"dateModified\":\"2025-01-31T09:54:05+00:00\",\"breadcrumb\":{\"@id\":\"https:\/\/admin.industriall-union.org\/es\/archive\/imf\/protesta-de-trabajadores-turcos-en-la-plaza-taksim-el-primero-de-mayo\/#breadcrumb\"},\"inLanguage\":\"es-ES\",\"potentialAction\":[{\"@type\":\"ReadAction\",\"target\":[\"https:\/\/admin.industriall-union.org\/es\/archive\/imf\/protesta-de-trabajadores-turcos-en-la-plaza-taksim-el-primero-de-mayo\/\"]}]},{\"@type\":\"BreadcrumbList\",\"@id\":\"https:\/\/admin.industriall-union.org\/es\/archive\/imf\/protesta-de-trabajadores-turcos-en-la-plaza-taksim-el-primero-de-mayo\/#breadcrumb\",\"itemListElement\":[{\"@type\":\"ListItem\",\"position\":1,\"name\":\"Home\",\"item\":\"https:\/\/admin.industriall-union.org\/\"},{\"@type\":\"ListItem\",\"position\":2,\"name\":\"Archive Imf\",\"item\":\"https:\/\/admin.industriall-union.org\/es\/archive\/imf\/\"},{\"@type\":\"ListItem\",\"position\":3,\"name\":\"Protesta de trabajadores turcos en la Plaza Taksim el Primero de Mayo\"}]},{\"@type\":\"WebSite\",\"@id\":\"https:\/\/admin.industriall-union.org\/#website\",\"url\":\"https:\/\/admin.industriall-union.org\/\",\"name\":\"industriall-union\",\"description\":\"\",\"potentialAction\":[{\"@type\":\"SearchAction\",\"target\":{\"@type\":\"EntryPoint\",\"urlTemplate\":\"https:\/\/admin.industriall-union.org\/?s={search_term_string}\"},\"query-input\":{\"@type\":\"PropertyValueSpecification\",\"valueRequired\":true,\"valueName\":\"search_term_string\"}}],\"inLanguage\":\"es-ES\"}]}<\/script>\n<!-- \/ Yoast SEO Premium plugin. -->","yoast_head_json":{"title":"Protesta de trabajadores turcos en la Plaza Taksim el Primero de Mayo - industriall-union","robots":{"index":"index","follow":"follow","max-snippet":"max-snippet:-1","max-image-preview":"max-image-preview:large","max-video-preview":"max-video-preview:-1"},"canonical":"https:\/\/admin.industriall-union.org\/es\/archive\/imf\/protesta-de-trabajadores-turcos-en-la-plaza-taksim-el-primero-de-mayo\/","og_locale":"es_ES","og_type":"article","og_title":"Protesta de trabajadores turcos en la Plaza Taksim el Primero de Mayo","og_description":"TURQU\u00cdA: Unos 200.000 trabajadores y sindicalistas concurrieron en la Plaza Taksim de Estambul el Primero de Mayo, por primera vez desde 1977, cuando fueron muertas 37 personas por un pistolero que abri\u00f3 fuego contra la multitud. Nunca ha sido enjuiciado nadie por esos asesinatos. Desde entonces, la polic\u00eda ha usado con frecuencia gases lacrim\u00f3genos, camiones [&hellip;]","og_url":"https:\/\/admin.industriall-union.org\/es\/archive\/imf\/protesta-de-trabajadores-turcos-en-la-plaza-taksim-el-primero-de-mayo\/","og_site_name":"industriall-union","article_modified_time":"2025-01-31T09:54:05+00:00","twitter_card":"summary_large_image","twitter_misc":{"Est. reading time":"4 minutes"},"schema":{"@context":"https:\/\/schema.org","@graph":[{"@type":"WebPage","@id":"https:\/\/admin.industriall-union.org\/es\/archive\/imf\/protesta-de-trabajadores-turcos-en-la-plaza-taksim-el-primero-de-mayo\/","url":"https:\/\/admin.industriall-union.org\/es\/archive\/imf\/protesta-de-trabajadores-turcos-en-la-plaza-taksim-el-primero-de-mayo\/","name":"Protesta de trabajadores turcos en la Plaza Taksim el Primero de Mayo - industriall-union","isPartOf":{"@id":"https:\/\/admin.industriall-union.org\/#website"},"datePublished":"2010-05-02T14:20:00+00:00","dateModified":"2025-01-31T09:54:05+00:00","breadcrumb":{"@id":"https:\/\/admin.industriall-union.org\/es\/archive\/imf\/protesta-de-trabajadores-turcos-en-la-plaza-taksim-el-primero-de-mayo\/#breadcrumb"},"inLanguage":"es-ES","potentialAction":[{"@type":"ReadAction","target":["https:\/\/admin.industriall-union.org\/es\/archive\/imf\/protesta-de-trabajadores-turcos-en-la-plaza-taksim-el-primero-de-mayo\/"]}]},{"@type":"BreadcrumbList","@id":"https:\/\/admin.industriall-union.org\/es\/archive\/imf\/protesta-de-trabajadores-turcos-en-la-plaza-taksim-el-primero-de-mayo\/#breadcrumb","itemListElement":[{"@type":"ListItem","position":1,"name":"Home","item":"https:\/\/admin.industriall-union.org\/"},{"@type":"ListItem","position":2,"name":"Archive Imf","item":"https:\/\/admin.industriall-union.org\/es\/archive\/imf\/"},{"@type":"ListItem","position":3,"name":"Protesta de trabajadores turcos en la Plaza Taksim el Primero de Mayo"}]},{"@type":"WebSite","@id":"https:\/\/admin.industriall-union.org\/#website","url":"https:\/\/admin.industriall-union.org\/","name":"industriall-union","description":"","potentialAction":[{"@type":"SearchAction","target":{"@type":"EntryPoint","urlTemplate":"https:\/\/admin.industriall-union.org\/?s={search_term_string}"},"query-input":{"@type":"PropertyValueSpecification","valueRequired":true,"valueName":"search_term_string"}}],"inLanguage":"es-ES"}]}},"_links":{"self":[{"href":"https:\/\/admin.industriall-union.org\/es\/wp-json\/wp\/v2\/archive_imf\/201698","targetHints":{"allow":["GET"]}}],"collection":[{"href":"https:\/\/admin.industriall-union.org\/es\/wp-json\/wp\/v2\/archive_imf"}],"about":[{"href":"https:\/\/admin.industriall-union.org\/es\/wp-json\/wp\/v2\/types\/archive_imf"}],"wp:attachment":[{"href":"https:\/\/admin.industriall-union.org\/es\/wp-json\/wp\/v2\/media?parent=201698"}],"curies":[{"name":"wp","href":"https:\/\/api.w.org\/{rel}","templated":true}]}}

TURQUÍA: Unos 200.000 trabajadores y sindicalistas concurrieron  en la Plaza Taksim de Estambul el Primero de Mayo, por primera vez desde  1977, cuando fueron muertas 37 personas por un pistolero que abrió  fuego contra la multitud. Nunca ha sido enjuiciado nadie por esos  asesinatos. Desde entonces, la policía ha usado con frecuencia gases  lacrimógenos, camiones lanzaagua y porras para dispersar manifestaciones  del Primero de Mayo en la Plaza Taksim.      <br /><br />Aunque el gobierno  turco decidió  el año pasado declarar el Primero de Mayo día feriado  oficial y este año reabrir la plaza, continúa la lucha para los  sindicatos y trabajadores de Turquía.   <br /><br />Los sindicatos reunidos  en la Plaza Taksim exigieron su libertad sindical y de asociación,  seguridad de empleo en todos los sectores y una vida segura para todo el  pueblo. Al regresar a la Plaza Taksim los trabajadores de las seis  confederaciones sindicales turcas, los trabajadores de Sinter Metal y  los miembros del afiliado de la FITIM, Birlesik Metal Is, reflexionaron  sobre su larga lucha y la importancia histórica de este día para el  movimiento obrero turco. <br /><br />&quot;La falta de justicia es una farsa. La  ley turca sobre sindicatos no debería tomar partido por los empleadores,  pero en todo el país los trabajadores que se sindican se enfrentan al  mismo problema de trato injusto con despido. Nuestro caso fue de gran  magnitud, 350  trabajadores despedidos para impedir la aceptación del  sindicato; pero este problema está muy generalizado y la justicia  depende de un solo juez.       <br /><br />&quot;En nuestro caso, ese juez de  tribunal laboral retrasó la tramitación de nuestro despido injusto siete  veces, y estamos sufriendo una grave situación económica. Pero he  aprendido que nada se puede obtener en la vida sin luchar, y que solo se  pueden obtener los derechos si uno lucha por ellos. El Primero de Mayo  de este año es estimulante y bueno. El año pasado, solo 3.000  trabajadores vinieron a la Plaza Taksim, atravesando nubes de gases  lacrimógenos, y muchos trabajadores tenían miedo de venir este año. Pero  este año estamos en la Plaza Taksim. Es emocionante ver a los  trabajadores mostrar su poder ante todos. Espero que el año entrante  seamos más aquí&#8221;, dijo uno de los trabajadores de Sinter Metal.<br /><br />Los  trabajadores de Sinter Metal han llevado a cabo muchas acciones de  protesta, y por último se declararon en huelga del 2 al 6 de marzo de  2010, exigiendo que se reintegrara a los despedidos y se pronunciara el  fallo judicial relativo a la causa de su despido injusto, de diciembre  de 2008. Contrariamente a las afirmaciones de la empresa, el Ministerio  de Trabajo turco juzgó que los despidos no estaban motivados por la  crisis económica. El juez pospuso el veredicto sobre el despido injusto  por séptima vez, hasta agosto de 2010, y la lucha continúa.      <br /><br />El  movimiento sindical mundial está preocupado por la situación en cuanto a  los derechos laborales y sindicales en Turquía, donde se dan despidos y  violencia física y una tendencia inquietante al acoso judicial de los  sindicatos, siendo los sindicalistas acusados de delitos &#8220;terroristas&#8221;,  incluida Seher Tümer, secretaria del sindicato de educadores afiliado a  la Internacional de Servicios Públicos.     <br /><br />El 30 de abril,  representantes de siete federaciones sindicales internacionales,  incluida la FITIM, y la Confederación Sindical Internacional y la  Confederación Europea de Sindicatos, se reunieron con diversos  sindicatos afiliados en Turquía para coordinar las acciones de  solidaridad y poner de relieve la determinación del movimiento sindical  mundial de defender los derechos de los trabajadores de Turquía.      <br /><br />Las  federaciones sindicales internacionales que participaron, y que también  se unieron a los sindicatos turcos en su marcha a la Plaza Taksim, son  las siguientes: la Federación Internacional de Trabajadores del  Transporte (ITF), la Internacional de la Educación (IE), la UNI (Red  Sindical Internacional), la Federación Internacional de Sindicatos de  Trabajadores de la Química, Energía, Minas e Industrias Diversas (ICEM),  la Unión Internacional de Trabajadores de la Alimentación, Agrícolas,  Hoteles, Restaurantes, Tabaco y Afines (UITA), la Federación  Internacional de Trabajadores de las Industrias Metalúrgicas (FITIM), la  Federación Internacional de Trabajadores del Textil, Vestuario y Cuero  (FITTVC) y la Internacional de Servicios Públicos (ISP).

<!-- This site is optimized with the Yoast SEO Premium plugin v27.1 (Yoast SEO v27.1) - https://yoast.com/product/yoast-seo-premium-wordpress/ -->
<title>Protesta de trabajadores turcos en la Plaza Taksim el Primero de Mayo - industriall-union</title>
<meta name="robots" content="index, follow, max-snippet:-1, max-image-preview:large, max-video-preview:-1" />
<link rel="canonical" href="https://admin.industriall-union.org/es/archive/imf/protesta-de-trabajadores-turcos-en-la-plaza-taksim-el-primero-de-mayo/" />
<meta property="og:locale" content="es_ES" />
<meta property="og:type" content="article" />
<meta property="og:title" content="Protesta de trabajadores turcos en la Plaza Taksim el Primero de Mayo" />
<meta property="og:description" content="TURQUÍA: Unos 200.000 trabajadores y sindicalistas concurrieron en la Plaza Taksim de Estambul el Primero de Mayo, por primera vez desde 1977, cuando fueron muertas 37 personas por un pistolero que abrió fuego contra la multitud. Nunca ha sido enjuiciado nadie por esos asesinatos. Desde entonces, la policía ha usado con frecuencia gases lacrimógenos, camiones [&hellip;]" />
<meta property="og:url" content="https://admin.industriall-union.org/es/archive/imf/protesta-de-trabajadores-turcos-en-la-plaza-taksim-el-primero-de-mayo/" />
<meta property="og:site_name" content="industriall-union" />
<meta property="article:modified_time" content="2025-01-31T09:54:05+00:00" />
<meta name="twitter:card" content="summary_large_image" />
<meta name="twitter:label1" content="Est. reading time" />
	<meta name="twitter:data1" content="4 minutes" />
<script type="application/ld+json" class="yoast-schema-graph">{"@context":"https://schema.org","@graph":[{"@type":"WebPage","@id":"https://admin.industriall-union.org/es/archive/imf/protesta-de-trabajadores-turcos-en-la-plaza-taksim-el-primero-de-mayo/","url":"https://admin.industriall-union.org/es/archive/imf/protesta-de-trabajadores-turcos-en-la-plaza-taksim-el-primero-de-mayo/","name":"Protesta de trabajadores turcos en la Plaza Taksim el Primero de Mayo - industriall-union","isPartOf":{"@id":"https://admin.industriall-union.org/#website"},"datePublished":"2010-05-02T14:20:00+00:00","dateModified":"2025-01-31T09:54:05+00:00","breadcrumb":{"@id":"https://admin.industriall-union.org/es/archive/imf/protesta-de-trabajadores-turcos-en-la-plaza-taksim-el-primero-de-mayo/#breadcrumb"},"inLanguage":"es-ES","potentialAction":[{"@type":"ReadAction","target":["https://admin.industriall-union.org/es/archive/imf/protesta-de-trabajadores-turcos-en-la-plaza-taksim-el-primero-de-mayo/"]}]},{"@type":"BreadcrumbList","@id":"https://admin.industriall-union.org/es/archive/imf/protesta-de-trabajadores-turcos-en-la-plaza-taksim-el-primero-de-mayo/#breadcrumb","itemListElement":[{"@type":"ListItem","position":1,"name":"Home","item":"https://admin.industriall-union.org/"},{"@type":"ListItem","position":2,"name":"Archive Imf","item":"https://admin.industriall-union.org/es/archive/imf/"},{"@type":"ListItem","position":3,"name":"Protesta de trabajadores turcos en la Plaza Taksim el Primero de Mayo"}]},{"@type":"WebSite","@id":"https://admin.industriall-union.org/#website","url":"https://admin.industriall-union.org/","name":"industriall-union","description":"","potentialAction":[{"@type":"SearchAction","target":{"@type":"EntryPoint","urlTemplate":"https://admin.industriall-union.org/?s={search_term_string}"},"query-input":{"@type":"PropertyValueSpecification","valueRequired":true,"valueName":"search_term_string"}}],"inLanguage":"es-ES"}]}</script>
<!-- / Yoast SEO Premium plugin. -->

TURQUÍA: Unos 200.000 trabajadores y sindicalistas concurrieron en la Plaza Taksim de Estambul el Primero de Mayo, por primera vez desde 1977, cuando fueron muertas 37 personas por un pistolero que abrió fuego contra la multitud. Nunca ha sido enjuiciado nadie por esos asesinatos. Desde entonces, la policía ha usado con frecuencia gases lacrimógenos, camiones [&hellip;]
