{"id":201617,"date":"2010-05-20T08:34:00","date_gmt":"2010-05-20T08:34:00","guid":{"rendered":"https:\/\/admin.industriall-union.org\/archive\/imf\/festival-de-ginebra-de-cortometrajes-sobre-los-trabajadores-de-2010\/"},"modified":"2025-01-31T09:53:26","modified_gmt":"2025-01-31T09:53:26","slug":"festival-de-ginebra-de-cortometrajes-sobre-los-trabajadores-de-2010","status":"publish","type":"archive_imf","link":"https:\/\/admin.industriall-union.org\/es\/archive\/imf\/festival-de-ginebra-de-cortometrajes-sobre-los-trabajadores-de-2010\/","title":{"rendered":"Festival de Ginebra de cortometrajes sobre los trabajadores de 2010"},"content":{"rendered":"<img loading=\"lazy\" decoding=\"async\" style=\"margin-right: 7px\" src=\"\" alt=\"\" width=\"225\" height=\"325\" align=\"left\" \/>El cuarto Festival (anual) de Ginebra de  cortometrajes sobre los trabajadores &#8212; de los sindicatos y la clase  trabajadora, para ellos y sobre ellos &#8212; describe historias de  confrontaci\u00f3n de los trabajadores a los desaf\u00edos causados por el extremo  desequilibrio de fuerzas entre la \u00e9lite de las empresas transnacionales  y la clase laboriosa.<br \/><br \/>Entre otras cuestiones, la actual  crisis financiera sit\u00faa en el centro de la escena los 15 cortometrajes  de este a\u00f1o, destacando especialmente la voz de los trabajadores y de  sus sindicatos, sus luchas y sus triunfos. Desde las condiciones de los  trabajadores de desguace de buques en Bangladesh y las atrocidades  cometidas contra los agricultores en Zimbabwe hasta la lucha de los  camioneros independientes en Estados Unidos, el programa comprende una  mezcla diversa de cortometrajes. En el festival se proyectan  convincentes historias de trabajadores de todo el mundo, utilizando  ocasionalmente la comedia o la tragedia para atraer la atenci\u00f3n de los  espectadores.<br \/><br \/>Organiza este acontecimiento el Grupo Especial de  Comunicadores de los Sindicatos Mundiales, que representa a todas las  federaciones sindicales internacionales, la Confederaci\u00f3n Sindical  Internacional y la CSC.<br \/><p style=\"margin: 5pt 0pt\"><strong>QUE<\/strong>:  Festival de Ginebra de cortometrajes sobre los trabajadores<br \/><strong>DONDE<\/strong>:  Teatro Gr\u00fctli, Rue du General-Dufour 16, Ginebra<br \/><strong>CUANDO<\/strong>: 15 de junio  de las 20.00 a las 22.00 horas; apertura de la recepci\u00f3n a las 19.00  horas<br \/><br \/>Subt\u00edtulos en ingl\u00e9s y en franc\u00e9s<br \/>Entrada libre<br \/><font face=\"'times new roman'\"><strong><font size=\"3\">________________________________<\/font><\/strong><\/font><\/p><br \/>El  programa del Festival de Ginebra de cortometrajes sobre los  trabajadores comprende:<p style=\"margin: 0pt\">&nbsp;<\/p><p style=\"margin: 5pt 0pt\"><font face=\"'times new roman'\"><strong><font size=\"3\">PRESENTACION  DE LA PELICULA<\/font><\/strong><\/font><\/p><p style=\"margin: 5pt 0pt\"><strong><img loading=\"lazy\" decoding=\"async\" style=\"margin-right: 7px\" src=\"\" alt=\"\" title=\"Like a Bird in a Cage (Kafesteki Ku\u015f Gibiydik)\" width=\"159\" height=\"134\" align=\"left\" \/><\/strong>Like  a Bird in a Cage (Kafesteki Ku\u015f Gibiydik)<br \/>Dirigida por G\u00fcliz Sa\u011flam y  Feryal Sayg\u0131l\u0131gil, Turqu\u00eda, 2009 (30 minutos)<br \/>Despedida por sus  actividades sindicales, Emine Arslan, trabajadora turca del textil en la  factor\u00eda de Desa Safak\u00f6y, inspir\u00f3 la resistencia de otras trabajadoras  en la factor\u00eda. La pel\u00edcula relata las esperanzas y las expectativas de  las mujeres, su relaci\u00f3n con los sindicatos y la creaci\u00f3n de la  Plataforma de Mujeres de Estambul.<\/p>","protected":false},"featured_media":0,"template":"","class_list":["post-201617","archive_imf","type-archive_imf","status-publish","hentry"],"acf":[],"yoast_head":"<!-- This site is optimized with the Yoast SEO Premium plugin v27.1 (Yoast SEO v27.1) - https:\/\/yoast.com\/product\/yoast-seo-premium-wordpress\/ -->\n<title>Festival de Ginebra de cortometrajes sobre los trabajadores de 2010 - industriall-union<\/title>\n<meta name=\"robots\" content=\"index, follow, max-snippet:-1, max-image-preview:large, max-video-preview:-1\" \/>\n<link rel=\"canonical\" href=\"https:\/\/admin.industriall-union.org\/es\/archive\/imf\/festival-de-ginebra-de-cortometrajes-sobre-los-trabajadores-de-2010\/\" \/>\n<meta property=\"og:locale\" content=\"es_ES\" \/>\n<meta property=\"og:type\" content=\"article\" \/>\n<meta property=\"og:title\" content=\"Festival de Ginebra de cortometrajes sobre los trabajadores de 2010\" \/>\n<meta property=\"og:description\" content=\"El cuarto Festival (anual) de Ginebra de cortometrajes sobre los trabajadores &#8212; de los sindicatos y la clase trabajadora, para ellos y sobre ellos &#8212; describe historias de confrontaci\u00f3n de los trabajadores a los desaf\u00edos causados por el extremo desequilibrio de fuerzas entre la \u00e9lite de las empresas transnacionales y la clase laboriosa. Entre otras [&hellip;]\" \/>\n<meta property=\"og:url\" content=\"https:\/\/admin.industriall-union.org\/es\/archive\/imf\/festival-de-ginebra-de-cortometrajes-sobre-los-trabajadores-de-2010\/\" \/>\n<meta property=\"og:site_name\" content=\"industriall-union\" \/>\n<meta property=\"article:modified_time\" content=\"2025-01-31T09:53:26+00:00\" \/>\n<meta name=\"twitter:card\" content=\"summary_large_image\" \/>\n<meta name=\"twitter:label1\" content=\"Est. reading time\" \/>\n\t<meta name=\"twitter:data1\" content=\"2 minutes\" \/>\n<script type=\"application\/ld+json\" class=\"yoast-schema-graph\">{\"@context\":\"https:\/\/schema.org\",\"@graph\":[{\"@type\":\"WebPage\",\"@id\":\"https:\/\/admin.industriall-union.org\/es\/archive\/imf\/festival-de-ginebra-de-cortometrajes-sobre-los-trabajadores-de-2010\/\",\"url\":\"https:\/\/admin.industriall-union.org\/es\/archive\/imf\/festival-de-ginebra-de-cortometrajes-sobre-los-trabajadores-de-2010\/\",\"name\":\"Festival de Ginebra de cortometrajes sobre los trabajadores de 2010 - industriall-union\",\"isPartOf\":{\"@id\":\"https:\/\/admin.industriall-union.org\/#website\"},\"datePublished\":\"2010-05-20T08:34:00+00:00\",\"dateModified\":\"2025-01-31T09:53:26+00:00\",\"breadcrumb\":{\"@id\":\"https:\/\/admin.industriall-union.org\/es\/archive\/imf\/festival-de-ginebra-de-cortometrajes-sobre-los-trabajadores-de-2010\/#breadcrumb\"},\"inLanguage\":\"es-ES\",\"potentialAction\":[{\"@type\":\"ReadAction\",\"target\":[\"https:\/\/admin.industriall-union.org\/es\/archive\/imf\/festival-de-ginebra-de-cortometrajes-sobre-los-trabajadores-de-2010\/\"]}]},{\"@type\":\"BreadcrumbList\",\"@id\":\"https:\/\/admin.industriall-union.org\/es\/archive\/imf\/festival-de-ginebra-de-cortometrajes-sobre-los-trabajadores-de-2010\/#breadcrumb\",\"itemListElement\":[{\"@type\":\"ListItem\",\"position\":1,\"name\":\"Home\",\"item\":\"https:\/\/admin.industriall-union.org\/\"},{\"@type\":\"ListItem\",\"position\":2,\"name\":\"Archive Imf\",\"item\":\"https:\/\/admin.industriall-union.org\/es\/archive\/imf\/\"},{\"@type\":\"ListItem\",\"position\":3,\"name\":\"Festival de Ginebra de cortometrajes sobre los trabajadores de 2010\"}]},{\"@type\":\"WebSite\",\"@id\":\"https:\/\/admin.industriall-union.org\/#website\",\"url\":\"https:\/\/admin.industriall-union.org\/\",\"name\":\"industriall-union\",\"description\":\"\",\"potentialAction\":[{\"@type\":\"SearchAction\",\"target\":{\"@type\":\"EntryPoint\",\"urlTemplate\":\"https:\/\/admin.industriall-union.org\/?s={search_term_string}\"},\"query-input\":{\"@type\":\"PropertyValueSpecification\",\"valueRequired\":true,\"valueName\":\"search_term_string\"}}],\"inLanguage\":\"es-ES\"}]}<\/script>\n<!-- \/ Yoast SEO Premium plugin. -->","yoast_head_json":{"title":"Festival de Ginebra de cortometrajes sobre los trabajadores de 2010 - industriall-union","robots":{"index":"index","follow":"follow","max-snippet":"max-snippet:-1","max-image-preview":"max-image-preview:large","max-video-preview":"max-video-preview:-1"},"canonical":"https:\/\/admin.industriall-union.org\/es\/archive\/imf\/festival-de-ginebra-de-cortometrajes-sobre-los-trabajadores-de-2010\/","og_locale":"es_ES","og_type":"article","og_title":"Festival de Ginebra de cortometrajes sobre los trabajadores de 2010","og_description":"El cuarto Festival (anual) de Ginebra de cortometrajes sobre los trabajadores &#8212; de los sindicatos y la clase trabajadora, para ellos y sobre ellos &#8212; describe historias de confrontaci\u00f3n de los trabajadores a los desaf\u00edos causados por el extremo desequilibrio de fuerzas entre la \u00e9lite de las empresas transnacionales y la clase laboriosa. Entre otras [&hellip;]","og_url":"https:\/\/admin.industriall-union.org\/es\/archive\/imf\/festival-de-ginebra-de-cortometrajes-sobre-los-trabajadores-de-2010\/","og_site_name":"industriall-union","article_modified_time":"2025-01-31T09:53:26+00:00","twitter_card":"summary_large_image","twitter_misc":{"Est. reading time":"2 minutes"},"schema":{"@context":"https:\/\/schema.org","@graph":[{"@type":"WebPage","@id":"https:\/\/admin.industriall-union.org\/es\/archive\/imf\/festival-de-ginebra-de-cortometrajes-sobre-los-trabajadores-de-2010\/","url":"https:\/\/admin.industriall-union.org\/es\/archive\/imf\/festival-de-ginebra-de-cortometrajes-sobre-los-trabajadores-de-2010\/","name":"Festival de Ginebra de cortometrajes sobre los trabajadores de 2010 - industriall-union","isPartOf":{"@id":"https:\/\/admin.industriall-union.org\/#website"},"datePublished":"2010-05-20T08:34:00+00:00","dateModified":"2025-01-31T09:53:26+00:00","breadcrumb":{"@id":"https:\/\/admin.industriall-union.org\/es\/archive\/imf\/festival-de-ginebra-de-cortometrajes-sobre-los-trabajadores-de-2010\/#breadcrumb"},"inLanguage":"es-ES","potentialAction":[{"@type":"ReadAction","target":["https:\/\/admin.industriall-union.org\/es\/archive\/imf\/festival-de-ginebra-de-cortometrajes-sobre-los-trabajadores-de-2010\/"]}]},{"@type":"BreadcrumbList","@id":"https:\/\/admin.industriall-union.org\/es\/archive\/imf\/festival-de-ginebra-de-cortometrajes-sobre-los-trabajadores-de-2010\/#breadcrumb","itemListElement":[{"@type":"ListItem","position":1,"name":"Home","item":"https:\/\/admin.industriall-union.org\/"},{"@type":"ListItem","position":2,"name":"Archive Imf","item":"https:\/\/admin.industriall-union.org\/es\/archive\/imf\/"},{"@type":"ListItem","position":3,"name":"Festival de Ginebra de cortometrajes sobre los trabajadores de 2010"}]},{"@type":"WebSite","@id":"https:\/\/admin.industriall-union.org\/#website","url":"https:\/\/admin.industriall-union.org\/","name":"industriall-union","description":"","potentialAction":[{"@type":"SearchAction","target":{"@type":"EntryPoint","urlTemplate":"https:\/\/admin.industriall-union.org\/?s={search_term_string}"},"query-input":{"@type":"PropertyValueSpecification","valueRequired":true,"valueName":"search_term_string"}}],"inLanguage":"es-ES"}]}},"_links":{"self":[{"href":"https:\/\/admin.industriall-union.org\/es\/wp-json\/wp\/v2\/archive_imf\/201617","targetHints":{"allow":["GET"]}}],"collection":[{"href":"https:\/\/admin.industriall-union.org\/es\/wp-json\/wp\/v2\/archive_imf"}],"about":[{"href":"https:\/\/admin.industriall-union.org\/es\/wp-json\/wp\/v2\/types\/archive_imf"}],"wp:attachment":[{"href":"https:\/\/admin.industriall-union.org\/es\/wp-json\/wp\/v2\/media?parent=201617"}],"curies":[{"name":"wp","href":"https:\/\/api.w.org\/{rel}","templated":true}]}}

<img loading="lazy" decoding="async" style="margin-right: 7px" src="" alt="" width="225" height="325" align="left" />El cuarto Festival (anual) de Ginebra de  cortometrajes sobre los trabajadores &#8212; de los sindicatos y la clase  trabajadora, para ellos y sobre ellos &#8212; describe historias de  confrontación de los trabajadores a los desafíos causados por el extremo  desequilibrio de fuerzas entre la élite de las empresas transnacionales  y la clase laboriosa.<br /><br />Entre otras cuestiones, la actual  crisis financiera sitúa en el centro de la escena los 15 cortometrajes  de este año, destacando especialmente la voz de los trabajadores y de  sus sindicatos, sus luchas y sus triunfos. Desde las condiciones de los  trabajadores de desguace de buques en Bangladesh y las atrocidades  cometidas contra los agricultores en Zimbabwe hasta la lucha de los  camioneros independientes en Estados Unidos, el programa comprende una  mezcla diversa de cortometrajes. En el festival se proyectan  convincentes historias de trabajadores de todo el mundo, utilizando  ocasionalmente la comedia o la tragedia para atraer la atención de los  espectadores.<br /><br />Organiza este acontecimiento el Grupo Especial de  Comunicadores de los Sindicatos Mundiales, que representa a todas las  federaciones sindicales internacionales, la Confederación Sindical  Internacional y la CSC.<br /><p style="margin: 5pt 0pt"><strong>QUE</strong>:  Festival de Ginebra de cortometrajes sobre los trabajadores<br /><strong>DONDE</strong>:  Teatro Grütli, Rue du General-Dufour 16, Ginebra<br /><strong>CUANDO</strong>: 15 de junio  de las 20.00 a las 22.00 horas; apertura de la recepción a las 19.00  horas<br /><br />Subtítulos en inglés y en francés<br />Entrada libre<br /><font face="'times new roman'"><strong><font size="3">________________________________</font></strong></font></p><br />El  programa del Festival de Ginebra de cortometrajes sobre los  trabajadores comprende:<p style="margin: 0pt">&nbsp;</p><p style="margin: 5pt 0pt"><font face="'times new roman'"><strong><font size="3">PRESENTACION  DE LA PELICULA</font></strong></font></p><p style="margin: 5pt 0pt"><strong><img loading="lazy" decoding="async" style="margin-right: 7px" src="" alt="" title="Like a Bird in a Cage (Kafesteki Kuş Gibiydik)" width="159" height="134" align="left" /></strong>Like  a Bird in a Cage (Kafesteki Kuş Gibiydik)<br />Dirigida por Güliz Sağlam y  Feryal Saygılıgil, Turquía, 2009 (30 minutos)<br />Despedida por sus  actividades sindicales, Emine Arslan, trabajadora turca del textil en la  factoría de Desa Safaköy, inspiró la resistencia de otras trabajadoras  en la factoría. La película relata las esperanzas y las expectativas de  las mujeres, su relación con los sindicatos y la creación de la  Plataforma de Mujeres de Estambul.</p>

<!-- This site is optimized with the Yoast SEO Premium plugin v27.1 (Yoast SEO v27.1) - https://yoast.com/product/yoast-seo-premium-wordpress/ -->
<title>Festival de Ginebra de cortometrajes sobre los trabajadores de 2010 - industriall-union</title>
<meta name="robots" content="index, follow, max-snippet:-1, max-image-preview:large, max-video-preview:-1" />
<link rel="canonical" href="https://admin.industriall-union.org/es/archive/imf/festival-de-ginebra-de-cortometrajes-sobre-los-trabajadores-de-2010/" />
<meta property="og:locale" content="es_ES" />
<meta property="og:type" content="article" />
<meta property="og:title" content="Festival de Ginebra de cortometrajes sobre los trabajadores de 2010" />
<meta property="og:description" content="El cuarto Festival (anual) de Ginebra de cortometrajes sobre los trabajadores &#8212; de los sindicatos y la clase trabajadora, para ellos y sobre ellos &#8212; describe historias de confrontación de los trabajadores a los desafíos causados por el extremo desequilibrio de fuerzas entre la élite de las empresas transnacionales y la clase laboriosa. Entre otras [&hellip;]" />
<meta property="og:url" content="https://admin.industriall-union.org/es/archive/imf/festival-de-ginebra-de-cortometrajes-sobre-los-trabajadores-de-2010/" />
<meta property="og:site_name" content="industriall-union" />
<meta property="article:modified_time" content="2025-01-31T09:53:26+00:00" />
<meta name="twitter:card" content="summary_large_image" />
<meta name="twitter:label1" content="Est. reading time" />
	<meta name="twitter:data1" content="2 minutes" />
<script type="application/ld+json" class="yoast-schema-graph">{"@context":"https://schema.org","@graph":[{"@type":"WebPage","@id":"https://admin.industriall-union.org/es/archive/imf/festival-de-ginebra-de-cortometrajes-sobre-los-trabajadores-de-2010/","url":"https://admin.industriall-union.org/es/archive/imf/festival-de-ginebra-de-cortometrajes-sobre-los-trabajadores-de-2010/","name":"Festival de Ginebra de cortometrajes sobre los trabajadores de 2010 - industriall-union","isPartOf":{"@id":"https://admin.industriall-union.org/#website"},"datePublished":"2010-05-20T08:34:00+00:00","dateModified":"2025-01-31T09:53:26+00:00","breadcrumb":{"@id":"https://admin.industriall-union.org/es/archive/imf/festival-de-ginebra-de-cortometrajes-sobre-los-trabajadores-de-2010/#breadcrumb"},"inLanguage":"es-ES","potentialAction":[{"@type":"ReadAction","target":["https://admin.industriall-union.org/es/archive/imf/festival-de-ginebra-de-cortometrajes-sobre-los-trabajadores-de-2010/"]}]},{"@type":"BreadcrumbList","@id":"https://admin.industriall-union.org/es/archive/imf/festival-de-ginebra-de-cortometrajes-sobre-los-trabajadores-de-2010/#breadcrumb","itemListElement":[{"@type":"ListItem","position":1,"name":"Home","item":"https://admin.industriall-union.org/"},{"@type":"ListItem","position":2,"name":"Archive Imf","item":"https://admin.industriall-union.org/es/archive/imf/"},{"@type":"ListItem","position":3,"name":"Festival de Ginebra de cortometrajes sobre los trabajadores de 2010"}]},{"@type":"WebSite","@id":"https://admin.industriall-union.org/#website","url":"https://admin.industriall-union.org/","name":"industriall-union","description":"","potentialAction":[{"@type":"SearchAction","target":{"@type":"EntryPoint","urlTemplate":"https://admin.industriall-union.org/?s={search_term_string}"},"query-input":{"@type":"PropertyValueSpecification","valueRequired":true,"valueName":"search_term_string"}}],"inLanguage":"es-ES"}]}</script>
<!-- / Yoast SEO Premium plugin. -->

El cuarto Festival (anual) de Ginebra de cortometrajes sobre los trabajadores &#8212; de los sindicatos y la clase trabajadora, para ellos y sobre ellos &#8212; describe historias de confrontación de los trabajadores a los desafíos causados por el extremo desequilibrio de fuerzas entre la élite de las empresas transnacionales y la clase laboriosa. Entre otras [&hellip;]
