{"id":201591,"date":"2010-05-25T15:27:00","date_gmt":"2010-05-25T15:27:00","guid":{"rendered":"https:\/\/admin.industriall-union.org\/archive\/imf\/sindicatos-belgas-piden-que-no-se-ratifique-el-tratado-de-libre-comercio-entre-la-union-europea-y-colombia\/"},"modified":"2025-01-31T09:53:23","modified_gmt":"2025-01-31T09:53:23","slug":"sindicatos-belgas-piden-que-no-se-ratifique-el-tratado-de-libre-comercio-entre-la-union-europea-y-colombia","status":"publish","type":"archive_imf","link":"https:\/\/admin.industriall-union.org\/es\/archive\/imf\/sindicatos-belgas-piden-que-no-se-ratifique-el-tratado-de-libre-comercio-entre-la-union-europea-y-colombia\/","title":{"rendered":"Sindicatos belgas piden que no se ratifique el Tratado de Libre Comercio entre la Uni\u00f3n Europea y Colombia"},"content":{"rendered":"BELGICA: En vista de un acuerdo comercial bilateral negociado  entre la Uni\u00f3n Europea y Colombia, las organizaciones sindicales belgas  CSC, FGTB y CGSLB, as\u00ed como numerosas organizaciones no gubernamentales  pertenecientes a la coalici\u00f3n belga por el trabajo decente, piden que se  investiguen debidamente casos de espionaje cometidos por el servicio de  inteligencia colombiano DAS en B\u00e9lgica que han revelado recientemente  medios de informaci\u00f3n mundiales.<br \/><br \/>La coalici\u00f3n de organizaciones  sindicales y de ONG ha planteado tambi\u00e9n la cuesti\u00f3n del atroz historial  de Colombia sobre derechos humanos y sindicales, con 2.742 asesinatos  de sindicalistas en los \u00faltimos 15 a\u00f1os y la impunidad en el 95 por  ciento de los cr\u00edmenes cometidos contra sindicalistas, adem\u00e1s de  numerosos casos de ataques a las libertades fundamentales de la  poblaci\u00f3n en Colombia.<br \/><br \/>Considerando la terrible situaci\u00f3n de los  derechos sindicales y humanos en Colombia y los d\u00e9biles t\u00e9rminos de las  cl\u00e1usulas relativas al trabajo decente en el acuerdo bilateral negociado  entre la UE y Colombia, los sindicatos belgas se oponen firmemente a la  ratificaci\u00f3n del acuerdo bilateral sobre inversiones entre la UE y  Colombia, firmado por el ministro belga de relaciones exteriores en  2009, bloqueado luego por el Parlamento de Flandes y Valonia y despu\u00e9s  por el Gobierno federal belga.<br \/><br \/>Sin embargo, a pesar del rechazo  de acuerdos similares con Colombia por Estados Unidos, Canad\u00e1 y Noruega  en raz\u00f3n de graves violaciones de derechos humanos y sindicales, la UE  sigue negociando con Colombia.<br \/><br \/>Los sindicalistas belgas se  dirigen a sus pol\u00edticos, pidi\u00e9ndoles que hagan uso de su poder y que  bloqueen el acuerdo, y apoyen las opiniones de John Monks, secretario  general de la Confederaci\u00f3n Europea de Sindicatos, quien dijo: &#8220;Ahora  que algunos gobiernos suspenden incluso las transferencias de ayuda a  Colombia, en reacci\u00f3n a las actividades ilegales de DAS, est\u00e1  meridianamente claro que no hay forma cre\u00edble de poder concluir tales  negociaciones de esta manera.&#8221;","protected":false},"featured_media":0,"template":"","class_list":["post-201591","archive_imf","type-archive_imf","status-publish","hentry"],"acf":[],"yoast_head":"<!-- This site is optimized with the Yoast SEO Premium plugin v27.1 (Yoast SEO v27.1) - https:\/\/yoast.com\/product\/yoast-seo-premium-wordpress\/ -->\n<title>Sindicatos belgas piden que no se ratifique el Tratado de Libre Comercio entre la Uni\u00f3n Europea y Colombia - industriall-union<\/title>\n<meta name=\"robots\" content=\"index, follow, max-snippet:-1, max-image-preview:large, max-video-preview:-1\" \/>\n<link rel=\"canonical\" href=\"https:\/\/admin.industriall-union.org\/es\/archive\/imf\/sindicatos-belgas-piden-que-no-se-ratifique-el-tratado-de-libre-comercio-entre-la-union-europea-y-colombia\/\" \/>\n<meta property=\"og:locale\" content=\"es_ES\" \/>\n<meta property=\"og:type\" content=\"article\" \/>\n<meta property=\"og:title\" content=\"Sindicatos belgas piden que no se ratifique el Tratado de Libre Comercio entre la Uni\u00f3n Europea y Colombia\" \/>\n<meta property=\"og:description\" content=\"BELGICA: En vista de un acuerdo comercial bilateral negociado entre la Uni\u00f3n Europea y Colombia, las organizaciones sindicales belgas CSC, FGTB y CGSLB, as\u00ed como numerosas organizaciones no gubernamentales pertenecientes a la coalici\u00f3n belga por el trabajo decente, piden que se investiguen debidamente casos de espionaje cometidos por el servicio de inteligencia colombiano DAS en [&hellip;]\" \/>\n<meta property=\"og:url\" content=\"https:\/\/admin.industriall-union.org\/es\/archive\/imf\/sindicatos-belgas-piden-que-no-se-ratifique-el-tratado-de-libre-comercio-entre-la-union-europea-y-colombia\/\" \/>\n<meta property=\"og:site_name\" content=\"industriall-union\" \/>\n<meta property=\"article:modified_time\" content=\"2025-01-31T09:53:23+00:00\" \/>\n<meta name=\"twitter:card\" content=\"summary_large_image\" \/>\n<meta name=\"twitter:label1\" content=\"Est. reading time\" \/>\n\t<meta name=\"twitter:data1\" content=\"2 minutes\" \/>\n<script type=\"application\/ld+json\" class=\"yoast-schema-graph\">{\"@context\":\"https:\/\/schema.org\",\"@graph\":[{\"@type\":\"WebPage\",\"@id\":\"https:\/\/admin.industriall-union.org\/es\/archive\/imf\/sindicatos-belgas-piden-que-no-se-ratifique-el-tratado-de-libre-comercio-entre-la-union-europea-y-colombia\/\",\"url\":\"https:\/\/admin.industriall-union.org\/es\/archive\/imf\/sindicatos-belgas-piden-que-no-se-ratifique-el-tratado-de-libre-comercio-entre-la-union-europea-y-colombia\/\",\"name\":\"Sindicatos belgas piden que no se ratifique el Tratado de Libre Comercio entre la Uni\u00f3n Europea y Colombia - industriall-union\",\"isPartOf\":{\"@id\":\"https:\/\/admin.industriall-union.org\/#website\"},\"datePublished\":\"2010-05-25T15:27:00+00:00\",\"dateModified\":\"2025-01-31T09:53:23+00:00\",\"breadcrumb\":{\"@id\":\"https:\/\/admin.industriall-union.org\/es\/archive\/imf\/sindicatos-belgas-piden-que-no-se-ratifique-el-tratado-de-libre-comercio-entre-la-union-europea-y-colombia\/#breadcrumb\"},\"inLanguage\":\"es-ES\",\"potentialAction\":[{\"@type\":\"ReadAction\",\"target\":[\"https:\/\/admin.industriall-union.org\/es\/archive\/imf\/sindicatos-belgas-piden-que-no-se-ratifique-el-tratado-de-libre-comercio-entre-la-union-europea-y-colombia\/\"]}]},{\"@type\":\"BreadcrumbList\",\"@id\":\"https:\/\/admin.industriall-union.org\/es\/archive\/imf\/sindicatos-belgas-piden-que-no-se-ratifique-el-tratado-de-libre-comercio-entre-la-union-europea-y-colombia\/#breadcrumb\",\"itemListElement\":[{\"@type\":\"ListItem\",\"position\":1,\"name\":\"Home\",\"item\":\"https:\/\/admin.industriall-union.org\/\"},{\"@type\":\"ListItem\",\"position\":2,\"name\":\"Archive Imf\",\"item\":\"https:\/\/admin.industriall-union.org\/es\/archive\/imf\/\"},{\"@type\":\"ListItem\",\"position\":3,\"name\":\"Sindicatos belgas piden que no se ratifique el Tratado de Libre Comercio entre la Uni\u00f3n Europea y Colombia\"}]},{\"@type\":\"WebSite\",\"@id\":\"https:\/\/admin.industriall-union.org\/#website\",\"url\":\"https:\/\/admin.industriall-union.org\/\",\"name\":\"industriall-union\",\"description\":\"\",\"potentialAction\":[{\"@type\":\"SearchAction\",\"target\":{\"@type\":\"EntryPoint\",\"urlTemplate\":\"https:\/\/admin.industriall-union.org\/?s={search_term_string}\"},\"query-input\":{\"@type\":\"PropertyValueSpecification\",\"valueRequired\":true,\"valueName\":\"search_term_string\"}}],\"inLanguage\":\"es-ES\"}]}<\/script>\n<!-- \/ Yoast SEO Premium plugin. -->","yoast_head_json":{"title":"Sindicatos belgas piden que no se ratifique el Tratado de Libre Comercio entre la Uni\u00f3n Europea y Colombia - industriall-union","robots":{"index":"index","follow":"follow","max-snippet":"max-snippet:-1","max-image-preview":"max-image-preview:large","max-video-preview":"max-video-preview:-1"},"canonical":"https:\/\/admin.industriall-union.org\/es\/archive\/imf\/sindicatos-belgas-piden-que-no-se-ratifique-el-tratado-de-libre-comercio-entre-la-union-europea-y-colombia\/","og_locale":"es_ES","og_type":"article","og_title":"Sindicatos belgas piden que no se ratifique el Tratado de Libre Comercio entre la Uni\u00f3n Europea y Colombia","og_description":"BELGICA: En vista de un acuerdo comercial bilateral negociado entre la Uni\u00f3n Europea y Colombia, las organizaciones sindicales belgas CSC, FGTB y CGSLB, as\u00ed como numerosas organizaciones no gubernamentales pertenecientes a la coalici\u00f3n belga por el trabajo decente, piden que se investiguen debidamente casos de espionaje cometidos por el servicio de inteligencia colombiano DAS en [&hellip;]","og_url":"https:\/\/admin.industriall-union.org\/es\/archive\/imf\/sindicatos-belgas-piden-que-no-se-ratifique-el-tratado-de-libre-comercio-entre-la-union-europea-y-colombia\/","og_site_name":"industriall-union","article_modified_time":"2025-01-31T09:53:23+00:00","twitter_card":"summary_large_image","twitter_misc":{"Est. reading time":"2 minutes"},"schema":{"@context":"https:\/\/schema.org","@graph":[{"@type":"WebPage","@id":"https:\/\/admin.industriall-union.org\/es\/archive\/imf\/sindicatos-belgas-piden-que-no-se-ratifique-el-tratado-de-libre-comercio-entre-la-union-europea-y-colombia\/","url":"https:\/\/admin.industriall-union.org\/es\/archive\/imf\/sindicatos-belgas-piden-que-no-se-ratifique-el-tratado-de-libre-comercio-entre-la-union-europea-y-colombia\/","name":"Sindicatos belgas piden que no se ratifique el Tratado de Libre Comercio entre la Uni\u00f3n Europea y Colombia - industriall-union","isPartOf":{"@id":"https:\/\/admin.industriall-union.org\/#website"},"datePublished":"2010-05-25T15:27:00+00:00","dateModified":"2025-01-31T09:53:23+00:00","breadcrumb":{"@id":"https:\/\/admin.industriall-union.org\/es\/archive\/imf\/sindicatos-belgas-piden-que-no-se-ratifique-el-tratado-de-libre-comercio-entre-la-union-europea-y-colombia\/#breadcrumb"},"inLanguage":"es-ES","potentialAction":[{"@type":"ReadAction","target":["https:\/\/admin.industriall-union.org\/es\/archive\/imf\/sindicatos-belgas-piden-que-no-se-ratifique-el-tratado-de-libre-comercio-entre-la-union-europea-y-colombia\/"]}]},{"@type":"BreadcrumbList","@id":"https:\/\/admin.industriall-union.org\/es\/archive\/imf\/sindicatos-belgas-piden-que-no-se-ratifique-el-tratado-de-libre-comercio-entre-la-union-europea-y-colombia\/#breadcrumb","itemListElement":[{"@type":"ListItem","position":1,"name":"Home","item":"https:\/\/admin.industriall-union.org\/"},{"@type":"ListItem","position":2,"name":"Archive Imf","item":"https:\/\/admin.industriall-union.org\/es\/archive\/imf\/"},{"@type":"ListItem","position":3,"name":"Sindicatos belgas piden que no se ratifique el Tratado de Libre Comercio entre la Uni\u00f3n Europea y Colombia"}]},{"@type":"WebSite","@id":"https:\/\/admin.industriall-union.org\/#website","url":"https:\/\/admin.industriall-union.org\/","name":"industriall-union","description":"","potentialAction":[{"@type":"SearchAction","target":{"@type":"EntryPoint","urlTemplate":"https:\/\/admin.industriall-union.org\/?s={search_term_string}"},"query-input":{"@type":"PropertyValueSpecification","valueRequired":true,"valueName":"search_term_string"}}],"inLanguage":"es-ES"}]}},"_links":{"self":[{"href":"https:\/\/admin.industriall-union.org\/es\/wp-json\/wp\/v2\/archive_imf\/201591","targetHints":{"allow":["GET"]}}],"collection":[{"href":"https:\/\/admin.industriall-union.org\/es\/wp-json\/wp\/v2\/archive_imf"}],"about":[{"href":"https:\/\/admin.industriall-union.org\/es\/wp-json\/wp\/v2\/types\/archive_imf"}],"wp:attachment":[{"href":"https:\/\/admin.industriall-union.org\/es\/wp-json\/wp\/v2\/media?parent=201591"}],"curies":[{"name":"wp","href":"https:\/\/api.w.org\/{rel}","templated":true}]}}

Sindicatos belgas piden que no se ratifique el Tratado de Libre Comercio entre la Unión Europea y Colombia

BELGICA: En vista de un acuerdo comercial bilateral negociado  entre la Unión Europea y Colombia, las organizaciones sindicales belgas  CSC, FGTB y CGSLB, así como numerosas organizaciones no gubernamentales  pertenecientes a la coalición belga por el trabajo decente, piden que se  investiguen debidamente casos de espionaje cometidos por el servicio de  inteligencia colombiano DAS en Bélgica que han revelado recientemente  medios de información mundiales.<br /><br />La coalición de organizaciones  sindicales y de ONG ha planteado también la cuestión del atroz historial  de Colombia sobre derechos humanos y sindicales, con 2.742 asesinatos  de sindicalistas en los últimos 15 años y la impunidad en el 95 por  ciento de los crímenes cometidos contra sindicalistas, además de  numerosos casos de ataques a las libertades fundamentales de la  población en Colombia.<br /><br />Considerando la terrible situación de los  derechos sindicales y humanos en Colombia y los débiles términos de las  cláusulas relativas al trabajo decente en el acuerdo bilateral negociado  entre la UE y Colombia, los sindicatos belgas se oponen firmemente a la  ratificación del acuerdo bilateral sobre inversiones entre la UE y  Colombia, firmado por el ministro belga de relaciones exteriores en  2009, bloqueado luego por el Parlamento de Flandes y Valonia y después  por el Gobierno federal belga.<br /><br />Sin embargo, a pesar del rechazo  de acuerdos similares con Colombia por Estados Unidos, Canadá y Noruega  en razón de graves violaciones de derechos humanos y sindicales, la UE  sigue negociando con Colombia.<br /><br />Los sindicalistas belgas se  dirigen a sus políticos, pidiéndoles que hagan uso de su poder y que  bloqueen el acuerdo, y apoyen las opiniones de John Monks, secretario  general de la Confederación Europea de Sindicatos, quien dijo: &#8220;Ahora  que algunos gobiernos suspenden incluso las transferencias de ayuda a  Colombia, en reacción a las actividades ilegales de DAS, está  meridianamente claro que no hay forma creíble de poder concluir tales  negociaciones de esta manera.&#8221;

<!-- This site is optimized with the Yoast SEO Premium plugin v27.1 (Yoast SEO v27.1) - https://yoast.com/product/yoast-seo-premium-wordpress/ -->
<title>Sindicatos belgas piden que no se ratifique el Tratado de Libre Comercio entre la Unión Europea y Colombia - industriall-union</title>
<meta name="robots" content="index, follow, max-snippet:-1, max-image-preview:large, max-video-preview:-1" />
<link rel="canonical" href="https://admin.industriall-union.org/es/archive/imf/sindicatos-belgas-piden-que-no-se-ratifique-el-tratado-de-libre-comercio-entre-la-union-europea-y-colombia/" />
<meta property="og:locale" content="es_ES" />
<meta property="og:type" content="article" />
<meta property="og:title" content="Sindicatos belgas piden que no se ratifique el Tratado de Libre Comercio entre la Unión Europea y Colombia" />
<meta property="og:description" content="BELGICA: En vista de un acuerdo comercial bilateral negociado entre la Unión Europea y Colombia, las organizaciones sindicales belgas CSC, FGTB y CGSLB, así como numerosas organizaciones no gubernamentales pertenecientes a la coalición belga por el trabajo decente, piden que se investiguen debidamente casos de espionaje cometidos por el servicio de inteligencia colombiano DAS en [&hellip;]" />
<meta property="og:url" content="https://admin.industriall-union.org/es/archive/imf/sindicatos-belgas-piden-que-no-se-ratifique-el-tratado-de-libre-comercio-entre-la-union-europea-y-colombia/" />
<meta property="og:site_name" content="industriall-union" />
<meta property="article:modified_time" content="2025-01-31T09:53:23+00:00" />
<meta name="twitter:card" content="summary_large_image" />
<meta name="twitter:label1" content="Est. reading time" />
	<meta name="twitter:data1" content="2 minutes" />
<script type="application/ld+json" class="yoast-schema-graph">{"@context":"https://schema.org","@graph":[{"@type":"WebPage","@id":"https://admin.industriall-union.org/es/archive/imf/sindicatos-belgas-piden-que-no-se-ratifique-el-tratado-de-libre-comercio-entre-la-union-europea-y-colombia/","url":"https://admin.industriall-union.org/es/archive/imf/sindicatos-belgas-piden-que-no-se-ratifique-el-tratado-de-libre-comercio-entre-la-union-europea-y-colombia/","name":"Sindicatos belgas piden que no se ratifique el Tratado de Libre Comercio entre la Unión Europea y Colombia - industriall-union","isPartOf":{"@id":"https://admin.industriall-union.org/#website"},"datePublished":"2010-05-25T15:27:00+00:00","dateModified":"2025-01-31T09:53:23+00:00","breadcrumb":{"@id":"https://admin.industriall-union.org/es/archive/imf/sindicatos-belgas-piden-que-no-se-ratifique-el-tratado-de-libre-comercio-entre-la-union-europea-y-colombia/#breadcrumb"},"inLanguage":"es-ES","potentialAction":[{"@type":"ReadAction","target":["https://admin.industriall-union.org/es/archive/imf/sindicatos-belgas-piden-que-no-se-ratifique-el-tratado-de-libre-comercio-entre-la-union-europea-y-colombia/"]}]},{"@type":"BreadcrumbList","@id":"https://admin.industriall-union.org/es/archive/imf/sindicatos-belgas-piden-que-no-se-ratifique-el-tratado-de-libre-comercio-entre-la-union-europea-y-colombia/#breadcrumb","itemListElement":[{"@type":"ListItem","position":1,"name":"Home","item":"https://admin.industriall-union.org/"},{"@type":"ListItem","position":2,"name":"Archive Imf","item":"https://admin.industriall-union.org/es/archive/imf/"},{"@type":"ListItem","position":3,"name":"Sindicatos belgas piden que no se ratifique el Tratado de Libre Comercio entre la Unión Europea y Colombia"}]},{"@type":"WebSite","@id":"https://admin.industriall-union.org/#website","url":"https://admin.industriall-union.org/","name":"industriall-union","description":"","potentialAction":[{"@type":"SearchAction","target":{"@type":"EntryPoint","urlTemplate":"https://admin.industriall-union.org/?s={search_term_string}"},"query-input":{"@type":"PropertyValueSpecification","valueRequired":true,"valueName":"search_term_string"}}],"inLanguage":"es-ES"}]}</script>
<!-- / Yoast SEO Premium plugin. -->

Sindicatos belgas piden que no se ratifique el Tratado de Libre Comercio entre la Unión Europea y Colombia - industriall-union

BELGICA: En vista de un acuerdo comercial bilateral negociado entre la Unión Europea y Colombia, las organizaciones sindicales belgas CSC, FGTB y CGSLB, así como numerosas organizaciones no gubernamentales pertenecientes a la coalición belga por el trabajo decente, piden que se investiguen debidamente casos de espionaje cometidos por el servicio de inteligencia colombiano DAS en [&hellip;]
