{"id":201587,"date":"2010-05-27T09:16:00","date_gmt":"2010-05-27T09:16:00","guid":{"rendered":"https:\/\/admin.industriall-union.org\/archive\/imf\/asia-y-el-pacifico\/"},"modified":"2025-01-31T09:53:21","modified_gmt":"2025-01-31T09:53:21","slug":"asia-y-el-pacifico","status":"publish","type":"archive_imf","link":"https:\/\/admin.industriall-union.org\/es\/archive\/imf\/asia-y-el-pacifico\/","title":{"rendered":"Asia y el Pac\u00edfico"},"content":{"rendered":"<p>Actualmente, la FITIM tiene dos oficinas en la regi\u00f3n, una en Malasia y la otra en India, que, conjuntamente con los afiliados, tanto de sus pa\u00edses de origen como de otros, ejecutan proyectos y actividades de sindicaci\u00f3n, formaci\u00f3n y desarrollo sindical.\u00a0\u00a0\u00a0 <\/p><p>Las actividades de la FITIM en la regi\u00f3n se orientan primordialmente a los sectores metal\u00fargicos, incluidos los de desguace de barcos, electr\u00f3nica, del autom\u00f3vil, sider\u00fargica y metales no ferrosos.\u00a0\u00a0\u00a0\u00a0 <\/p><p>La promoci\u00f3n de la solidaridad y la participaci\u00f3n de los sindicatos nacionales de la regi\u00f3n en el movimiento sindical internacional, es una parte importante del trabajo cotidiano de los representantes de la FITIM en la regi\u00f3n.<\/p><p>Las cuestiones de libre comercio, el aumento del empleo precario y las violaciones de los derechos sindicales, ocupan un lugar principal en el programa de trabajo de la FITIM en la regi\u00f3n. Todas las actividades se coordinan y acuerdan con la oficina principal de Ginebra, y de ellas se informa regularmente a los \u00f3rganos directivos de la FITIM.\u00a0\u00a0\u00a0\u00a0\u00a0\u00a0 <\/p><p>Para establecer contacto con los representantes de la FITIM en la regi\u00f3n, dir\u00edjanse <\/p><p>al representante regional de la FITIM en India, Sr.<strong> Sudharshan Rao Sarde<\/strong><\/p><p>SOUTH ASIA<br \/>IMF South Asia Office<br \/>Linz House<br \/>159-A Gautam Nagar<br \/>NEW DELHI 110 049<br \/>INDIA <br \/>Tel: (91\/11) 2653 7125 &#8211; 5184 1138 &#8211; 2651 4283<br \/>Fax: (91\/11) 2685 2813<br \/>E-mail: <a href=\"mailto:sao@imfmetal.org\">sao@imfmetal.org<\/a><\/p><p>o al representante regional de la FITIM en Malasia, Sr. <strong>P. Arunasalam<\/strong><\/p><p>IMF Southeast Asia and Pacific Office<br \/>No. 10-3, Jalan PJS 8\/4<br \/>Dataran Mentari, Bandar Sunway<br \/>46150 PETALING JAYA<br \/>Selangor Darul Ehsan<br \/>MALAYSIA <br \/>Tel: (60\/3) 5638 7904<br \/>Fax: (60\/3) 5638 7902<br \/>E-mail: <a href=\"mailto:seao@imfmetal.org\">seao@imfmetal.org<\/a><\/p>","protected":false},"featured_media":0,"template":"","class_list":["post-201587","archive_imf","type-archive_imf","status-publish","hentry"],"acf":[],"yoast_head":"<!-- This site is optimized with the Yoast SEO Premium plugin v27.1 (Yoast SEO v27.1) - https:\/\/yoast.com\/product\/yoast-seo-premium-wordpress\/ -->\n<title>Asia y el Pac\u00edfico - industriall-union<\/title>\n<meta name=\"robots\" content=\"index, follow, max-snippet:-1, max-image-preview:large, max-video-preview:-1\" \/>\n<link rel=\"canonical\" href=\"https:\/\/admin.industriall-union.org\/es\/archive\/imf\/asia-y-el-pacifico\/\" \/>\n<meta property=\"og:locale\" content=\"es_ES\" \/>\n<meta property=\"og:type\" content=\"article\" \/>\n<meta property=\"og:title\" content=\"Asia y el Pac\u00edfico\" \/>\n<meta property=\"og:description\" content=\"Actualmente, la FITIM tiene dos oficinas en la regi\u00f3n, una en Malasia y la otra en India, que, conjuntamente con los afiliados, tanto de sus pa\u00edses de origen como de otros, ejecutan proyectos y actividades de sindicaci\u00f3n, formaci\u00f3n y desarrollo sindical.\u00a0\u00a0\u00a0 Las actividades de la FITIM en la regi\u00f3n se orientan primordialmente a los sectores [&hellip;]\" \/>\n<meta property=\"og:url\" content=\"https:\/\/admin.industriall-union.org\/es\/archive\/imf\/asia-y-el-pacifico\/\" \/>\n<meta property=\"og:site_name\" content=\"industriall-union\" \/>\n<meta property=\"article:modified_time\" content=\"2025-01-31T09:53:21+00:00\" \/>\n<meta name=\"twitter:card\" content=\"summary_large_image\" \/>\n<meta name=\"twitter:label1\" content=\"Est. reading time\" \/>\n\t<meta name=\"twitter:data1\" content=\"1 minute\" \/>\n<script type=\"application\/ld+json\" class=\"yoast-schema-graph\">{\"@context\":\"https:\/\/schema.org\",\"@graph\":[{\"@type\":\"WebPage\",\"@id\":\"https:\/\/admin.industriall-union.org\/es\/archive\/imf\/asia-y-el-pacifico\/\",\"url\":\"https:\/\/admin.industriall-union.org\/es\/archive\/imf\/asia-y-el-pacifico\/\",\"name\":\"Asia y el Pac\u00edfico - industriall-union\",\"isPartOf\":{\"@id\":\"https:\/\/admin.industriall-union.org\/#website\"},\"datePublished\":\"2010-05-27T09:16:00+00:00\",\"dateModified\":\"2025-01-31T09:53:21+00:00\",\"breadcrumb\":{\"@id\":\"https:\/\/admin.industriall-union.org\/es\/archive\/imf\/asia-y-el-pacifico\/#breadcrumb\"},\"inLanguage\":\"es-ES\",\"potentialAction\":[{\"@type\":\"ReadAction\",\"target\":[\"https:\/\/admin.industriall-union.org\/es\/archive\/imf\/asia-y-el-pacifico\/\"]}]},{\"@type\":\"BreadcrumbList\",\"@id\":\"https:\/\/admin.industriall-union.org\/es\/archive\/imf\/asia-y-el-pacifico\/#breadcrumb\",\"itemListElement\":[{\"@type\":\"ListItem\",\"position\":1,\"name\":\"Home\",\"item\":\"https:\/\/admin.industriall-union.org\/\"},{\"@type\":\"ListItem\",\"position\":2,\"name\":\"Archive Imf\",\"item\":\"https:\/\/admin.industriall-union.org\/es\/archive\/imf\/\"},{\"@type\":\"ListItem\",\"position\":3,\"name\":\"Asia y el Pac\u00edfico\"}]},{\"@type\":\"WebSite\",\"@id\":\"https:\/\/admin.industriall-union.org\/#website\",\"url\":\"https:\/\/admin.industriall-union.org\/\",\"name\":\"industriall-union\",\"description\":\"\",\"potentialAction\":[{\"@type\":\"SearchAction\",\"target\":{\"@type\":\"EntryPoint\",\"urlTemplate\":\"https:\/\/admin.industriall-union.org\/?s={search_term_string}\"},\"query-input\":{\"@type\":\"PropertyValueSpecification\",\"valueRequired\":true,\"valueName\":\"search_term_string\"}}],\"inLanguage\":\"es-ES\"}]}<\/script>\n<!-- \/ Yoast SEO Premium plugin. -->","yoast_head_json":{"title":"Asia y el Pac\u00edfico - industriall-union","robots":{"index":"index","follow":"follow","max-snippet":"max-snippet:-1","max-image-preview":"max-image-preview:large","max-video-preview":"max-video-preview:-1"},"canonical":"https:\/\/admin.industriall-union.org\/es\/archive\/imf\/asia-y-el-pacifico\/","og_locale":"es_ES","og_type":"article","og_title":"Asia y el Pac\u00edfico","og_description":"Actualmente, la FITIM tiene dos oficinas en la regi\u00f3n, una en Malasia y la otra en India, que, conjuntamente con los afiliados, tanto de sus pa\u00edses de origen como de otros, ejecutan proyectos y actividades de sindicaci\u00f3n, formaci\u00f3n y desarrollo sindical.\u00a0\u00a0\u00a0 Las actividades de la FITIM en la regi\u00f3n se orientan primordialmente a los sectores [&hellip;]","og_url":"https:\/\/admin.industriall-union.org\/es\/archive\/imf\/asia-y-el-pacifico\/","og_site_name":"industriall-union","article_modified_time":"2025-01-31T09:53:21+00:00","twitter_card":"summary_large_image","twitter_misc":{"Est. reading time":"1 minute"},"schema":{"@context":"https:\/\/schema.org","@graph":[{"@type":"WebPage","@id":"https:\/\/admin.industriall-union.org\/es\/archive\/imf\/asia-y-el-pacifico\/","url":"https:\/\/admin.industriall-union.org\/es\/archive\/imf\/asia-y-el-pacifico\/","name":"Asia y el Pac\u00edfico - industriall-union","isPartOf":{"@id":"https:\/\/admin.industriall-union.org\/#website"},"datePublished":"2010-05-27T09:16:00+00:00","dateModified":"2025-01-31T09:53:21+00:00","breadcrumb":{"@id":"https:\/\/admin.industriall-union.org\/es\/archive\/imf\/asia-y-el-pacifico\/#breadcrumb"},"inLanguage":"es-ES","potentialAction":[{"@type":"ReadAction","target":["https:\/\/admin.industriall-union.org\/es\/archive\/imf\/asia-y-el-pacifico\/"]}]},{"@type":"BreadcrumbList","@id":"https:\/\/admin.industriall-union.org\/es\/archive\/imf\/asia-y-el-pacifico\/#breadcrumb","itemListElement":[{"@type":"ListItem","position":1,"name":"Home","item":"https:\/\/admin.industriall-union.org\/"},{"@type":"ListItem","position":2,"name":"Archive Imf","item":"https:\/\/admin.industriall-union.org\/es\/archive\/imf\/"},{"@type":"ListItem","position":3,"name":"Asia y el Pac\u00edfico"}]},{"@type":"WebSite","@id":"https:\/\/admin.industriall-union.org\/#website","url":"https:\/\/admin.industriall-union.org\/","name":"industriall-union","description":"","potentialAction":[{"@type":"SearchAction","target":{"@type":"EntryPoint","urlTemplate":"https:\/\/admin.industriall-union.org\/?s={search_term_string}"},"query-input":{"@type":"PropertyValueSpecification","valueRequired":true,"valueName":"search_term_string"}}],"inLanguage":"es-ES"}]}},"_links":{"self":[{"href":"https:\/\/admin.industriall-union.org\/es\/wp-json\/wp\/v2\/archive_imf\/201587","targetHints":{"allow":["GET"]}}],"collection":[{"href":"https:\/\/admin.industriall-union.org\/es\/wp-json\/wp\/v2\/archive_imf"}],"about":[{"href":"https:\/\/admin.industriall-union.org\/es\/wp-json\/wp\/v2\/types\/archive_imf"}],"wp:attachment":[{"href":"https:\/\/admin.industriall-union.org\/es\/wp-json\/wp\/v2\/media?parent=201587"}],"curies":[{"name":"wp","href":"https:\/\/api.w.org\/{rel}","templated":true}]}}

Asia y el Pacífico

<p>Actualmente, la FITIM tiene dos oficinas en la región, una en Malasia y la otra en India, que, conjuntamente con los afiliados, tanto de sus países de origen como de otros, ejecutan proyectos y actividades de sindicación, formación y desarrollo sindical.    </p><p>Las actividades de la FITIM en la región se orientan primordialmente a los sectores metalúrgicos, incluidos los de desguace de barcos, electrónica, del automóvil, siderúrgica y metales no ferrosos.     </p><p>La promoción de la solidaridad y la participación de los sindicatos nacionales de la región en el movimiento sindical internacional, es una parte importante del trabajo cotidiano de los representantes de la FITIM en la región.</p><p>Las cuestiones de libre comercio, el aumento del empleo precario y las violaciones de los derechos sindicales, ocupan un lugar principal en el programa de trabajo de la FITIM en la región. Todas las actividades se coordinan y acuerdan con la oficina principal de Ginebra, y de ellas se informa regularmente a los órganos directivos de la FITIM.       </p><p>Para establecer contacto con los representantes de la FITIM en la región, diríjanse </p><p>al representante regional de la FITIM en India, Sr.<strong> Sudharshan Rao Sarde</strong></p><p>SOUTH ASIA<br />IMF South Asia Office<br />Linz House<br />159-A Gautam Nagar<br />NEW DELHI 110 049<br />INDIA <br />Tel: (91/11) 2653 7125 &#8211; 5184 1138 &#8211; 2651 4283<br />Fax: (91/11) 2685 2813<br />E-mail: <a href="mailto:sao@imfmetal.org">sao@imfmetal.org</a></p><p>o al representante regional de la FITIM en Malasia, Sr. <strong>P. Arunasalam</strong></p><p>IMF Southeast Asia and Pacific Office<br />No. 10-3, Jalan PJS 8/4<br />Dataran Mentari, Bandar Sunway<br />46150 PETALING JAYA<br />Selangor Darul Ehsan<br />MALAYSIA <br />Tel: (60/3) 5638 7904<br />Fax: (60/3) 5638 7902<br />E-mail: <a href="mailto:seao@imfmetal.org">seao@imfmetal.org</a></p>

<!-- This site is optimized with the Yoast SEO Premium plugin v27.1 (Yoast SEO v27.1) - https://yoast.com/product/yoast-seo-premium-wordpress/ -->
<title>Asia y el Pacífico - industriall-union</title>
<meta name="robots" content="index, follow, max-snippet:-1, max-image-preview:large, max-video-preview:-1" />
<link rel="canonical" href="https://admin.industriall-union.org/es/archive/imf/asia-y-el-pacifico/" />
<meta property="og:locale" content="es_ES" />
<meta property="og:type" content="article" />
<meta property="og:title" content="Asia y el Pacífico" />
<meta property="og:description" content="Actualmente, la FITIM tiene dos oficinas en la región, una en Malasia y la otra en India, que, conjuntamente con los afiliados, tanto de sus países de origen como de otros, ejecutan proyectos y actividades de sindicación, formación y desarrollo sindical.    Las actividades de la FITIM en la región se orientan primordialmente a los sectores [&hellip;]" />
<meta property="og:url" content="https://admin.industriall-union.org/es/archive/imf/asia-y-el-pacifico/" />
<meta property="og:site_name" content="industriall-union" />
<meta property="article:modified_time" content="2025-01-31T09:53:21+00:00" />
<meta name="twitter:card" content="summary_large_image" />
<meta name="twitter:label1" content="Est. reading time" />
	<meta name="twitter:data1" content="1 minute" />
<script type="application/ld+json" class="yoast-schema-graph">{"@context":"https://schema.org","@graph":[{"@type":"WebPage","@id":"https://admin.industriall-union.org/es/archive/imf/asia-y-el-pacifico/","url":"https://admin.industriall-union.org/es/archive/imf/asia-y-el-pacifico/","name":"Asia y el Pacífico - industriall-union","isPartOf":{"@id":"https://admin.industriall-union.org/#website"},"datePublished":"2010-05-27T09:16:00+00:00","dateModified":"2025-01-31T09:53:21+00:00","breadcrumb":{"@id":"https://admin.industriall-union.org/es/archive/imf/asia-y-el-pacifico/#breadcrumb"},"inLanguage":"es-ES","potentialAction":[{"@type":"ReadAction","target":["https://admin.industriall-union.org/es/archive/imf/asia-y-el-pacifico/"]}]},{"@type":"BreadcrumbList","@id":"https://admin.industriall-union.org/es/archive/imf/asia-y-el-pacifico/#breadcrumb","itemListElement":[{"@type":"ListItem","position":1,"name":"Home","item":"https://admin.industriall-union.org/"},{"@type":"ListItem","position":2,"name":"Archive Imf","item":"https://admin.industriall-union.org/es/archive/imf/"},{"@type":"ListItem","position":3,"name":"Asia y el Pacífico"}]},{"@type":"WebSite","@id":"https://admin.industriall-union.org/#website","url":"https://admin.industriall-union.org/","name":"industriall-union","description":"","potentialAction":[{"@type":"SearchAction","target":{"@type":"EntryPoint","urlTemplate":"https://admin.industriall-union.org/?s={search_term_string}"},"query-input":{"@type":"PropertyValueSpecification","valueRequired":true,"valueName":"search_term_string"}}],"inLanguage":"es-ES"}]}</script>
<!-- / Yoast SEO Premium plugin. -->

Asia y el Pacífico - industriall-union

Actualmente, la FITIM tiene dos oficinas en la región, una en Malasia y la otra en India, que, conjuntamente con los afiliados, tanto de sus países de origen como de otros, ejecutan proyectos y actividades de sindicación, formación y desarrollo sindical.    Las actividades de la FITIM en la región se orientan primordialmente a los sectores [&hellip;]
