{"id":201583,"date":"2010-05-27T07:55:00","date_gmt":"2010-05-27T07:55:00","guid":{"rendered":"https:\/\/admin.industriall-union.org\/archive\/imf\/registro-ilegal-en-la-oficina-del-repam-en-brest\/"},"modified":"2025-01-31T09:53:20","modified_gmt":"2025-01-31T09:53:20","slug":"registro-ilegal-en-la-oficina-del-repam-en-brest","status":"publish","type":"archive_imf","link":"https:\/\/admin.industriall-union.org\/es\/archive\/imf\/registro-ilegal-en-la-oficina-del-repam-en-brest\/","title":{"rendered":"Registro ilegal en la oficina del REPAM en  Brest"},"content":{"rendered":"BELARUS: El 18 de mayo, el teniente de polic\u00eda O.O. Stepanchuk  abri\u00f3 la oficina del Sindicato de Trabajadores de la Industria  Radioel\u00e9ctrica y Electr\u00f3nica (REPAM) de Belar\u00fas en la regi\u00f3n de Brest,  cuyos locales tiene alquilados el sindicato en la direcci\u00f3n de ul. 17  sentyabrya, Brest. <br \/><br \/>Durante el registro de los locales, adem\u00e1s de  documentos, se confiscaron varios art\u00edculos de equipo de oficina:  computadores y un minicomputador port\u00e1til perteneciente a empleados  permanentes del sindicato y utilizados para los fines de \u00e9ste. Despu\u00e9s  del registro, la oficina fue precintada.<br \/><br \/>No se invit\u00f3 a los  empleados de la oficina a estar presentes en el registro,  ni pudieron  dar ninguna explicaci\u00f3n. La caja fuerte de la organizaci\u00f3n fue abierta  en ausencia de los empleados de la oficina, y se confiscaron documentos.<br \/><br \/>El  REPAM protesta firmemente contra los actos ilegales de la polic\u00eda de  Brest, y pide que se devuelva al sindicato el equipo de oficina  confiscado.<br \/><br \/>El REPAM ha sido muchas veces objeto de persecuciones  por las autoridades belarusas. En 2000 se present\u00f3 una queja ante la  OIT por violaciones de los derechos sindicales en Belar\u00fas.  Representantes del REPAM declararon que conservan el derecho a agregar  el registro ilegal al caso no. 2090 sobre la violaci\u00f3n de los derechos  sindicales en Belar\u00fas.<br \/><br \/>Estos escandalosos actos de las  autoridades belarusas no pueden quedar sin respuesta. La FITIM pide a  sus organizaciones miembros que env\u00eden cartas de protesta a la  Administraci\u00f3n Presidencial y a la Fiscal\u00eda General de la Rep\u00fablica de  Belar\u00fas.<br \/><br \/><strong>Administraci\u00f3n Presidencial:<\/strong> + 375 17 2260610 (fax)<br \/><br \/><strong>Fiscal\u00eda  General:<\/strong> +375 17 3285727 (tel\/fax)<br \/><br \/>Se ruega enviar copias de las  cartas a la Oficina Regional de la FITIM para los pa\u00edses de la CEI en  Mosc\u00fa: +7(495) 974-16-22 (fax).","protected":false},"featured_media":0,"template":"","class_list":["post-201583","archive_imf","type-archive_imf","status-publish","hentry"],"acf":[],"yoast_head":"<!-- This site is optimized with the Yoast SEO Premium plugin v27.1 (Yoast SEO v27.1) - https:\/\/yoast.com\/product\/yoast-seo-premium-wordpress\/ -->\n<title>Registro ilegal en la oficina del REPAM en Brest - industriall-union<\/title>\n<meta name=\"robots\" content=\"index, follow, max-snippet:-1, max-image-preview:large, max-video-preview:-1\" \/>\n<link rel=\"canonical\" href=\"https:\/\/admin.industriall-union.org\/es\/archive\/imf\/registro-ilegal-en-la-oficina-del-repam-en-brest\/\" \/>\n<meta property=\"og:locale\" content=\"es_ES\" \/>\n<meta property=\"og:type\" content=\"article\" \/>\n<meta property=\"og:title\" content=\"Registro ilegal en la oficina del REPAM en Brest\" \/>\n<meta property=\"og:description\" content=\"BELARUS: El 18 de mayo, el teniente de polic\u00eda O.O. Stepanchuk abri\u00f3 la oficina del Sindicato de Trabajadores de la Industria Radioel\u00e9ctrica y Electr\u00f3nica (REPAM) de Belar\u00fas en la regi\u00f3n de Brest, cuyos locales tiene alquilados el sindicato en la direcci\u00f3n de ul. 17 sentyabrya, Brest. Durante el registro de los locales, adem\u00e1s de documentos, [&hellip;]\" \/>\n<meta property=\"og:url\" content=\"https:\/\/admin.industriall-union.org\/es\/archive\/imf\/registro-ilegal-en-la-oficina-del-repam-en-brest\/\" \/>\n<meta property=\"og:site_name\" content=\"industriall-union\" \/>\n<meta property=\"article:modified_time\" content=\"2025-01-31T09:53:20+00:00\" \/>\n<meta name=\"twitter:card\" content=\"summary_large_image\" \/>\n<meta name=\"twitter:label1\" content=\"Est. reading time\" \/>\n\t<meta name=\"twitter:data1\" content=\"2 minutes\" \/>\n<script type=\"application\/ld+json\" class=\"yoast-schema-graph\">{\"@context\":\"https:\/\/schema.org\",\"@graph\":[{\"@type\":\"WebPage\",\"@id\":\"https:\/\/admin.industriall-union.org\/es\/archive\/imf\/registro-ilegal-en-la-oficina-del-repam-en-brest\/\",\"url\":\"https:\/\/admin.industriall-union.org\/es\/archive\/imf\/registro-ilegal-en-la-oficina-del-repam-en-brest\/\",\"name\":\"Registro ilegal en la oficina del REPAM en Brest - industriall-union\",\"isPartOf\":{\"@id\":\"https:\/\/admin.industriall-union.org\/#website\"},\"datePublished\":\"2010-05-27T07:55:00+00:00\",\"dateModified\":\"2025-01-31T09:53:20+00:00\",\"breadcrumb\":{\"@id\":\"https:\/\/admin.industriall-union.org\/es\/archive\/imf\/registro-ilegal-en-la-oficina-del-repam-en-brest\/#breadcrumb\"},\"inLanguage\":\"es-ES\",\"potentialAction\":[{\"@type\":\"ReadAction\",\"target\":[\"https:\/\/admin.industriall-union.org\/es\/archive\/imf\/registro-ilegal-en-la-oficina-del-repam-en-brest\/\"]}]},{\"@type\":\"BreadcrumbList\",\"@id\":\"https:\/\/admin.industriall-union.org\/es\/archive\/imf\/registro-ilegal-en-la-oficina-del-repam-en-brest\/#breadcrumb\",\"itemListElement\":[{\"@type\":\"ListItem\",\"position\":1,\"name\":\"Home\",\"item\":\"https:\/\/admin.industriall-union.org\/\"},{\"@type\":\"ListItem\",\"position\":2,\"name\":\"Archive Imf\",\"item\":\"https:\/\/admin.industriall-union.org\/es\/archive\/imf\/\"},{\"@type\":\"ListItem\",\"position\":3,\"name\":\"Registro ilegal en la oficina del REPAM en Brest\"}]},{\"@type\":\"WebSite\",\"@id\":\"https:\/\/admin.industriall-union.org\/#website\",\"url\":\"https:\/\/admin.industriall-union.org\/\",\"name\":\"industriall-union\",\"description\":\"\",\"potentialAction\":[{\"@type\":\"SearchAction\",\"target\":{\"@type\":\"EntryPoint\",\"urlTemplate\":\"https:\/\/admin.industriall-union.org\/?s={search_term_string}\"},\"query-input\":{\"@type\":\"PropertyValueSpecification\",\"valueRequired\":true,\"valueName\":\"search_term_string\"}}],\"inLanguage\":\"es-ES\"}]}<\/script>\n<!-- \/ Yoast SEO Premium plugin. -->","yoast_head_json":{"title":"Registro ilegal en la oficina del REPAM en Brest - industriall-union","robots":{"index":"index","follow":"follow","max-snippet":"max-snippet:-1","max-image-preview":"max-image-preview:large","max-video-preview":"max-video-preview:-1"},"canonical":"https:\/\/admin.industriall-union.org\/es\/archive\/imf\/registro-ilegal-en-la-oficina-del-repam-en-brest\/","og_locale":"es_ES","og_type":"article","og_title":"Registro ilegal en la oficina del REPAM en Brest","og_description":"BELARUS: El 18 de mayo, el teniente de polic\u00eda O.O. Stepanchuk abri\u00f3 la oficina del Sindicato de Trabajadores de la Industria Radioel\u00e9ctrica y Electr\u00f3nica (REPAM) de Belar\u00fas en la regi\u00f3n de Brest, cuyos locales tiene alquilados el sindicato en la direcci\u00f3n de ul. 17 sentyabrya, Brest. Durante el registro de los locales, adem\u00e1s de documentos, [&hellip;]","og_url":"https:\/\/admin.industriall-union.org\/es\/archive\/imf\/registro-ilegal-en-la-oficina-del-repam-en-brest\/","og_site_name":"industriall-union","article_modified_time":"2025-01-31T09:53:20+00:00","twitter_card":"summary_large_image","twitter_misc":{"Est. reading time":"2 minutes"},"schema":{"@context":"https:\/\/schema.org","@graph":[{"@type":"WebPage","@id":"https:\/\/admin.industriall-union.org\/es\/archive\/imf\/registro-ilegal-en-la-oficina-del-repam-en-brest\/","url":"https:\/\/admin.industriall-union.org\/es\/archive\/imf\/registro-ilegal-en-la-oficina-del-repam-en-brest\/","name":"Registro ilegal en la oficina del REPAM en Brest - industriall-union","isPartOf":{"@id":"https:\/\/admin.industriall-union.org\/#website"},"datePublished":"2010-05-27T07:55:00+00:00","dateModified":"2025-01-31T09:53:20+00:00","breadcrumb":{"@id":"https:\/\/admin.industriall-union.org\/es\/archive\/imf\/registro-ilegal-en-la-oficina-del-repam-en-brest\/#breadcrumb"},"inLanguage":"es-ES","potentialAction":[{"@type":"ReadAction","target":["https:\/\/admin.industriall-union.org\/es\/archive\/imf\/registro-ilegal-en-la-oficina-del-repam-en-brest\/"]}]},{"@type":"BreadcrumbList","@id":"https:\/\/admin.industriall-union.org\/es\/archive\/imf\/registro-ilegal-en-la-oficina-del-repam-en-brest\/#breadcrumb","itemListElement":[{"@type":"ListItem","position":1,"name":"Home","item":"https:\/\/admin.industriall-union.org\/"},{"@type":"ListItem","position":2,"name":"Archive Imf","item":"https:\/\/admin.industriall-union.org\/es\/archive\/imf\/"},{"@type":"ListItem","position":3,"name":"Registro ilegal en la oficina del REPAM en Brest"}]},{"@type":"WebSite","@id":"https:\/\/admin.industriall-union.org\/#website","url":"https:\/\/admin.industriall-union.org\/","name":"industriall-union","description":"","potentialAction":[{"@type":"SearchAction","target":{"@type":"EntryPoint","urlTemplate":"https:\/\/admin.industriall-union.org\/?s={search_term_string}"},"query-input":{"@type":"PropertyValueSpecification","valueRequired":true,"valueName":"search_term_string"}}],"inLanguage":"es-ES"}]}},"_links":{"self":[{"href":"https:\/\/admin.industriall-union.org\/es\/wp-json\/wp\/v2\/archive_imf\/201583","targetHints":{"allow":["GET"]}}],"collection":[{"href":"https:\/\/admin.industriall-union.org\/es\/wp-json\/wp\/v2\/archive_imf"}],"about":[{"href":"https:\/\/admin.industriall-union.org\/es\/wp-json\/wp\/v2\/types\/archive_imf"}],"wp:attachment":[{"href":"https:\/\/admin.industriall-union.org\/es\/wp-json\/wp\/v2\/media?parent=201583"}],"curies":[{"name":"wp","href":"https:\/\/api.w.org\/{rel}","templated":true}]}}

BELARUS: El 18 de mayo, el teniente de policía O.O. Stepanchuk  abrió la oficina del Sindicato de Trabajadores de la Industria  Radioeléctrica y Electrónica (REPAM) de Belarús en la región de Brest,  cuyos locales tiene alquilados el sindicato en la dirección de ul. 17  sentyabrya, Brest. <br /><br />Durante el registro de los locales, además de  documentos, se confiscaron varios artículos de equipo de oficina:  computadores y un minicomputador portátil perteneciente a empleados  permanentes del sindicato y utilizados para los fines de éste. Después  del registro, la oficina fue precintada.<br /><br />No se invitó a los  empleados de la oficina a estar presentes en el registro,  ni pudieron  dar ninguna explicación. La caja fuerte de la organización fue abierta  en ausencia de los empleados de la oficina, y se confiscaron documentos.<br /><br />El  REPAM protesta firmemente contra los actos ilegales de la policía de  Brest, y pide que se devuelva al sindicato el equipo de oficina  confiscado.<br /><br />El REPAM ha sido muchas veces objeto de persecuciones  por las autoridades belarusas. En 2000 se presentó una queja ante la  OIT por violaciones de los derechos sindicales en Belarús.  Representantes del REPAM declararon que conservan el derecho a agregar  el registro ilegal al caso no. 2090 sobre la violación de los derechos  sindicales en Belarús.<br /><br />Estos escandalosos actos de las  autoridades belarusas no pueden quedar sin respuesta. La FITIM pide a  sus organizaciones miembros que envíen cartas de protesta a la  Administración Presidencial y a la Fiscalía General de la República de  Belarús.<br /><br /><strong>Administración Presidencial:</strong> + 375 17 2260610 (fax)<br /><br /><strong>Fiscalía  General:</strong> +375 17 3285727 (tel/fax)<br /><br />Se ruega enviar copias de las  cartas a la Oficina Regional de la FITIM para los países de la CEI en  Moscú: +7(495) 974-16-22 (fax).

<!-- This site is optimized with the Yoast SEO Premium plugin v27.1 (Yoast SEO v27.1) - https://yoast.com/product/yoast-seo-premium-wordpress/ -->
<title>Registro ilegal en la oficina del REPAM en Brest - industriall-union</title>
<meta name="robots" content="index, follow, max-snippet:-1, max-image-preview:large, max-video-preview:-1" />
<link rel="canonical" href="https://admin.industriall-union.org/es/archive/imf/registro-ilegal-en-la-oficina-del-repam-en-brest/" />
<meta property="og:locale" content="es_ES" />
<meta property="og:type" content="article" />
<meta property="og:title" content="Registro ilegal en la oficina del REPAM en Brest" />
<meta property="og:description" content="BELARUS: El 18 de mayo, el teniente de policía O.O. Stepanchuk abrió la oficina del Sindicato de Trabajadores de la Industria Radioeléctrica y Electrónica (REPAM) de Belarús en la región de Brest, cuyos locales tiene alquilados el sindicato en la dirección de ul. 17 sentyabrya, Brest. Durante el registro de los locales, además de documentos, [&hellip;]" />
<meta property="og:url" content="https://admin.industriall-union.org/es/archive/imf/registro-ilegal-en-la-oficina-del-repam-en-brest/" />
<meta property="og:site_name" content="industriall-union" />
<meta property="article:modified_time" content="2025-01-31T09:53:20+00:00" />
<meta name="twitter:card" content="summary_large_image" />
<meta name="twitter:label1" content="Est. reading time" />
	<meta name="twitter:data1" content="2 minutes" />
<script type="application/ld+json" class="yoast-schema-graph">{"@context":"https://schema.org","@graph":[{"@type":"WebPage","@id":"https://admin.industriall-union.org/es/archive/imf/registro-ilegal-en-la-oficina-del-repam-en-brest/","url":"https://admin.industriall-union.org/es/archive/imf/registro-ilegal-en-la-oficina-del-repam-en-brest/","name":"Registro ilegal en la oficina del REPAM en Brest - industriall-union","isPartOf":{"@id":"https://admin.industriall-union.org/#website"},"datePublished":"2010-05-27T07:55:00+00:00","dateModified":"2025-01-31T09:53:20+00:00","breadcrumb":{"@id":"https://admin.industriall-union.org/es/archive/imf/registro-ilegal-en-la-oficina-del-repam-en-brest/#breadcrumb"},"inLanguage":"es-ES","potentialAction":[{"@type":"ReadAction","target":["https://admin.industriall-union.org/es/archive/imf/registro-ilegal-en-la-oficina-del-repam-en-brest/"]}]},{"@type":"BreadcrumbList","@id":"https://admin.industriall-union.org/es/archive/imf/registro-ilegal-en-la-oficina-del-repam-en-brest/#breadcrumb","itemListElement":[{"@type":"ListItem","position":1,"name":"Home","item":"https://admin.industriall-union.org/"},{"@type":"ListItem","position":2,"name":"Archive Imf","item":"https://admin.industriall-union.org/es/archive/imf/"},{"@type":"ListItem","position":3,"name":"Registro ilegal en la oficina del REPAM en Brest"}]},{"@type":"WebSite","@id":"https://admin.industriall-union.org/#website","url":"https://admin.industriall-union.org/","name":"industriall-union","description":"","potentialAction":[{"@type":"SearchAction","target":{"@type":"EntryPoint","urlTemplate":"https://admin.industriall-union.org/?s={search_term_string}"},"query-input":{"@type":"PropertyValueSpecification","valueRequired":true,"valueName":"search_term_string"}}],"inLanguage":"es-ES"}]}</script>
<!-- / Yoast SEO Premium plugin. -->

BELARUS: El 18 de mayo, el teniente de policía O.O. Stepanchuk abrió la oficina del Sindicato de Trabajadores de la Industria Radioeléctrica y Electrónica (REPAM) de Belarús en la región de Brest, cuyos locales tiene alquilados el sindicato en la dirección de ul. 17 sentyabrya, Brest. Durante el registro de los locales, además de documentos, [&hellip;]
