{"id":201489,"date":"2010-06-02T13:03:00","date_gmt":"2010-06-02T13:03:00","guid":{"rendered":"https:\/\/admin.industriall-union.org\/archive\/imf\/los-ejecutivos-de-vale-rechazan-e-ignoran-las-preocupaciones-de-los-trabajadores\/"},"modified":"2025-01-31T09:49:04","modified_gmt":"2025-01-31T09:49:04","slug":"los-ejecutivos-de-vale-rechazan-e-ignoran-las-preocupaciones-de-los-trabajadores","status":"publish","type":"archive_imf","link":"https:\/\/admin.industriall-union.org\/es\/archive\/imf\/los-ejecutivos-de-vale-rechazan-e-ignoran-las-preocupaciones-de-los-trabajadores\/","title":{"rendered":"Los ejecutivos de Vale rechazan e ignoran las preocupaciones de los trabajadores"},"content":{"rendered":"BRASIL: En la junta general de accionistas de Vale celebrada en  R\u00edo de Janeiro el 19 de mayo, Danilo Chammas, de los Misioneros  Combonianos de Brasil nororiental no \u00fanicamente expres\u00f3 preocupaciones  por el actual conflicto de la compa\u00f1\u00eda con trabajadores canadienses, que  est\u00e1n en huelga desde hace ya m\u00e1s de diez meses, sino tambi\u00e9n por los  da\u00f1os sociales y ambientales que ha causado en Brasil, y sus planes para  invertir y operar en Liberia.<br \/><br \/>Las pr\u00e1cticas empresariales  mundiales de Vale y su programa de expansi\u00f3n agresiva han tenido  importantes repercusiones ambientales y sociales en Brasil. Para  resaltar esta cuesti\u00f3n, Chammas ofreci\u00f3 a cada uno de los asistentes a  la junta una copia de un DVD de 76 minutos en el que se documenta el  impacto de los planes de la compa\u00f1\u00eda para las comunidades que viven a lo  largo del Eje Caraj\u00e1s, en Maranh\u00e3o y Par\u00e1 (Brasil). Chammas resumi\u00f3  luego la carta enviada al presidente liberiano por el secretario general  del Forestry and Industrial Workers&#8217; Union of Liberia (FLIWUL). En la  carta se advert\u00eda firmemente al presidente que tomara en consideraci\u00f3n  las continuas violaciones de Vale y los conflictos con los trabajadores.<br \/><br \/>Por  \u00faltimo, record\u00f3 a los accionistas las consecuencias del conflicto de  Vale con los 3.500 trabajadores canadienses sobre la producci\u00f3n, lo que  supone a su vez p\u00e9rdidas financieras. Chammas declar\u00f3 que \u00abno es  aconsejable que Vale contrate a trabajadores no sindicados para  sustituir a los huelguistas, porque esos empleos requieren calificaci\u00f3n y  experiencia.&quot; <br \/><br \/>Seg\u00fan el informe de Cammas relativo a la junta de  accionistas, <a href=\"..\/files\/10060214574910005\/Report_on_Vale_Shareholders_meeting_ENG.pdf\" target=\"_blank\">publicado  aqu\u00ed<\/a>, despu\u00e9s de pedir que sus observaciones constaran en acta, el  secretario de la reuni\u00f3n, Sr. Fabio Eduardo de Pieri Spina, declar\u00f3 que  sus observaciones &#8220;no figurar\u00edan en el acta, sobre todo porque era  inconcebible que en una reuni\u00f3n de esa \u00edndole pudiera haber informaci\u00f3n  de un accionista que podr\u00eda constituir un obst\u00e1culo a la participaci\u00f3n  de la compa\u00f1\u00eda en un acuerdo econ\u00f3mico con inmensas posibilidades de  rentabilidad, como el que se desarrollar\u00e1 en Africa, con la intervenci\u00f3n  de Liberia&#8221;.","protected":false},"featured_media":0,"template":"","class_list":["post-201489","archive_imf","type-archive_imf","status-publish","hentry"],"acf":[],"yoast_head":"<!-- This site is optimized with the Yoast SEO Premium plugin v27.1 (Yoast SEO v27.1) - https:\/\/yoast.com\/product\/yoast-seo-premium-wordpress\/ -->\n<title>Los ejecutivos de Vale rechazan e ignoran las preocupaciones de los trabajadores - industriall-union<\/title>\n<meta name=\"robots\" content=\"index, follow, max-snippet:-1, max-image-preview:large, max-video-preview:-1\" \/>\n<link rel=\"canonical\" href=\"https:\/\/admin.industriall-union.org\/es\/archive\/imf\/los-ejecutivos-de-vale-rechazan-e-ignoran-las-preocupaciones-de-los-trabajadores\/\" \/>\n<meta property=\"og:locale\" content=\"es_ES\" \/>\n<meta property=\"og:type\" content=\"article\" \/>\n<meta property=\"og:title\" content=\"Los ejecutivos de Vale rechazan e ignoran las preocupaciones de los trabajadores\" \/>\n<meta property=\"og:description\" content=\"BRASIL: En la junta general de accionistas de Vale celebrada en R\u00edo de Janeiro el 19 de mayo, Danilo Chammas, de los Misioneros Combonianos de Brasil nororiental no \u00fanicamente expres\u00f3 preocupaciones por el actual conflicto de la compa\u00f1\u00eda con trabajadores canadienses, que est\u00e1n en huelga desde hace ya m\u00e1s de diez meses, sino tambi\u00e9n por [&hellip;]\" \/>\n<meta property=\"og:url\" content=\"https:\/\/admin.industriall-union.org\/es\/archive\/imf\/los-ejecutivos-de-vale-rechazan-e-ignoran-las-preocupaciones-de-los-trabajadores\/\" \/>\n<meta property=\"og:site_name\" content=\"industriall-union\" \/>\n<meta property=\"article:modified_time\" content=\"2025-01-31T09:49:04+00:00\" \/>\n<meta name=\"twitter:card\" content=\"summary_large_image\" \/>\n<meta name=\"twitter:label1\" content=\"Est. reading time\" \/>\n\t<meta name=\"twitter:data1\" content=\"2 minutes\" \/>\n<script type=\"application\/ld+json\" class=\"yoast-schema-graph\">{\"@context\":\"https:\/\/schema.org\",\"@graph\":[{\"@type\":\"WebPage\",\"@id\":\"https:\/\/admin.industriall-union.org\/es\/archive\/imf\/los-ejecutivos-de-vale-rechazan-e-ignoran-las-preocupaciones-de-los-trabajadores\/\",\"url\":\"https:\/\/admin.industriall-union.org\/es\/archive\/imf\/los-ejecutivos-de-vale-rechazan-e-ignoran-las-preocupaciones-de-los-trabajadores\/\",\"name\":\"Los ejecutivos de Vale rechazan e ignoran las preocupaciones de los trabajadores - industriall-union\",\"isPartOf\":{\"@id\":\"https:\/\/admin.industriall-union.org\/#website\"},\"datePublished\":\"2010-06-02T13:03:00+00:00\",\"dateModified\":\"2025-01-31T09:49:04+00:00\",\"breadcrumb\":{\"@id\":\"https:\/\/admin.industriall-union.org\/es\/archive\/imf\/los-ejecutivos-de-vale-rechazan-e-ignoran-las-preocupaciones-de-los-trabajadores\/#breadcrumb\"},\"inLanguage\":\"es-ES\",\"potentialAction\":[{\"@type\":\"ReadAction\",\"target\":[\"https:\/\/admin.industriall-union.org\/es\/archive\/imf\/los-ejecutivos-de-vale-rechazan-e-ignoran-las-preocupaciones-de-los-trabajadores\/\"]}]},{\"@type\":\"BreadcrumbList\",\"@id\":\"https:\/\/admin.industriall-union.org\/es\/archive\/imf\/los-ejecutivos-de-vale-rechazan-e-ignoran-las-preocupaciones-de-los-trabajadores\/#breadcrumb\",\"itemListElement\":[{\"@type\":\"ListItem\",\"position\":1,\"name\":\"Home\",\"item\":\"https:\/\/admin.industriall-union.org\/\"},{\"@type\":\"ListItem\",\"position\":2,\"name\":\"Archive Imf\",\"item\":\"https:\/\/admin.industriall-union.org\/es\/archive\/imf\/\"},{\"@type\":\"ListItem\",\"position\":3,\"name\":\"Los ejecutivos de Vale rechazan e ignoran las preocupaciones de los trabajadores\"}]},{\"@type\":\"WebSite\",\"@id\":\"https:\/\/admin.industriall-union.org\/#website\",\"url\":\"https:\/\/admin.industriall-union.org\/\",\"name\":\"industriall-union\",\"description\":\"\",\"potentialAction\":[{\"@type\":\"SearchAction\",\"target\":{\"@type\":\"EntryPoint\",\"urlTemplate\":\"https:\/\/admin.industriall-union.org\/?s={search_term_string}\"},\"query-input\":{\"@type\":\"PropertyValueSpecification\",\"valueRequired\":true,\"valueName\":\"search_term_string\"}}],\"inLanguage\":\"es-ES\"}]}<\/script>\n<!-- \/ Yoast SEO Premium plugin. -->","yoast_head_json":{"title":"Los ejecutivos de Vale rechazan e ignoran las preocupaciones de los trabajadores - industriall-union","robots":{"index":"index","follow":"follow","max-snippet":"max-snippet:-1","max-image-preview":"max-image-preview:large","max-video-preview":"max-video-preview:-1"},"canonical":"https:\/\/admin.industriall-union.org\/es\/archive\/imf\/los-ejecutivos-de-vale-rechazan-e-ignoran-las-preocupaciones-de-los-trabajadores\/","og_locale":"es_ES","og_type":"article","og_title":"Los ejecutivos de Vale rechazan e ignoran las preocupaciones de los trabajadores","og_description":"BRASIL: En la junta general de accionistas de Vale celebrada en R\u00edo de Janeiro el 19 de mayo, Danilo Chammas, de los Misioneros Combonianos de Brasil nororiental no \u00fanicamente expres\u00f3 preocupaciones por el actual conflicto de la compa\u00f1\u00eda con trabajadores canadienses, que est\u00e1n en huelga desde hace ya m\u00e1s de diez meses, sino tambi\u00e9n por [&hellip;]","og_url":"https:\/\/admin.industriall-union.org\/es\/archive\/imf\/los-ejecutivos-de-vale-rechazan-e-ignoran-las-preocupaciones-de-los-trabajadores\/","og_site_name":"industriall-union","article_modified_time":"2025-01-31T09:49:04+00:00","twitter_card":"summary_large_image","twitter_misc":{"Est. reading time":"2 minutes"},"schema":{"@context":"https:\/\/schema.org","@graph":[{"@type":"WebPage","@id":"https:\/\/admin.industriall-union.org\/es\/archive\/imf\/los-ejecutivos-de-vale-rechazan-e-ignoran-las-preocupaciones-de-los-trabajadores\/","url":"https:\/\/admin.industriall-union.org\/es\/archive\/imf\/los-ejecutivos-de-vale-rechazan-e-ignoran-las-preocupaciones-de-los-trabajadores\/","name":"Los ejecutivos de Vale rechazan e ignoran las preocupaciones de los trabajadores - industriall-union","isPartOf":{"@id":"https:\/\/admin.industriall-union.org\/#website"},"datePublished":"2010-06-02T13:03:00+00:00","dateModified":"2025-01-31T09:49:04+00:00","breadcrumb":{"@id":"https:\/\/admin.industriall-union.org\/es\/archive\/imf\/los-ejecutivos-de-vale-rechazan-e-ignoran-las-preocupaciones-de-los-trabajadores\/#breadcrumb"},"inLanguage":"es-ES","potentialAction":[{"@type":"ReadAction","target":["https:\/\/admin.industriall-union.org\/es\/archive\/imf\/los-ejecutivos-de-vale-rechazan-e-ignoran-las-preocupaciones-de-los-trabajadores\/"]}]},{"@type":"BreadcrumbList","@id":"https:\/\/admin.industriall-union.org\/es\/archive\/imf\/los-ejecutivos-de-vale-rechazan-e-ignoran-las-preocupaciones-de-los-trabajadores\/#breadcrumb","itemListElement":[{"@type":"ListItem","position":1,"name":"Home","item":"https:\/\/admin.industriall-union.org\/"},{"@type":"ListItem","position":2,"name":"Archive Imf","item":"https:\/\/admin.industriall-union.org\/es\/archive\/imf\/"},{"@type":"ListItem","position":3,"name":"Los ejecutivos de Vale rechazan e ignoran las preocupaciones de los trabajadores"}]},{"@type":"WebSite","@id":"https:\/\/admin.industriall-union.org\/#website","url":"https:\/\/admin.industriall-union.org\/","name":"industriall-union","description":"","potentialAction":[{"@type":"SearchAction","target":{"@type":"EntryPoint","urlTemplate":"https:\/\/admin.industriall-union.org\/?s={search_term_string}"},"query-input":{"@type":"PropertyValueSpecification","valueRequired":true,"valueName":"search_term_string"}}],"inLanguage":"es-ES"}]}},"_links":{"self":[{"href":"https:\/\/admin.industriall-union.org\/es\/wp-json\/wp\/v2\/archive_imf\/201489","targetHints":{"allow":["GET"]}}],"collection":[{"href":"https:\/\/admin.industriall-union.org\/es\/wp-json\/wp\/v2\/archive_imf"}],"about":[{"href":"https:\/\/admin.industriall-union.org\/es\/wp-json\/wp\/v2\/types\/archive_imf"}],"wp:attachment":[{"href":"https:\/\/admin.industriall-union.org\/es\/wp-json\/wp\/v2\/media?parent=201489"}],"curies":[{"name":"wp","href":"https:\/\/api.w.org\/{rel}","templated":true}]}}

BRASIL: En la junta general de accionistas de Vale celebrada en  Río de Janeiro el 19 de mayo, Danilo Chammas, de los Misioneros  Combonianos de Brasil nororiental no únicamente expresó preocupaciones  por el actual conflicto de la compañía con trabajadores canadienses, que  están en huelga desde hace ya más de diez meses, sino también por los  daños sociales y ambientales que ha causado en Brasil, y sus planes para  invertir y operar en Liberia.<br /><br />Las prácticas empresariales  mundiales de Vale y su programa de expansión agresiva han tenido  importantes repercusiones ambientales y sociales en Brasil. Para  resaltar esta cuestión, Chammas ofreció a cada uno de los asistentes a  la junta una copia de un DVD de 76 minutos en el que se documenta el  impacto de los planes de la compañía para las comunidades que viven a lo  largo del Eje Carajás, en Maranhão y Pará (Brasil). Chammas resumió  luego la carta enviada al presidente liberiano por el secretario general  del Forestry and Industrial Workers&#8217; Union of Liberia (FLIWUL). En la  carta se advertía firmemente al presidente que tomara en consideración  las continuas violaciones de Vale y los conflictos con los trabajadores.<br /><br />Por  último, recordó a los accionistas las consecuencias del conflicto de  Vale con los 3.500 trabajadores canadienses sobre la producción, lo que  supone a su vez pérdidas financieras. Chammas declaró que «no es  aconsejable que Vale contrate a trabajadores no sindicados para  sustituir a los huelguistas, porque esos empleos requieren calificación y  experiencia.&quot; <br /><br />Según el informe de Cammas relativo a la junta de  accionistas, <a href="../files/10060214574910005/Report_on_Vale_Shareholders_meeting_ENG.pdf" target="_blank">publicado  aquí</a>, después de pedir que sus observaciones constaran en acta, el  secretario de la reunión, Sr. Fabio Eduardo de Pieri Spina, declaró que  sus observaciones &#8220;no figurarían en el acta, sobre todo porque era  inconcebible que en una reunión de esa índole pudiera haber información  de un accionista que podría constituir un obstáculo a la participación  de la compañía en un acuerdo económico con inmensas posibilidades de  rentabilidad, como el que se desarrollará en Africa, con la intervención  de Liberia&#8221;.

<!-- This site is optimized with the Yoast SEO Premium plugin v27.1 (Yoast SEO v27.1) - https://yoast.com/product/yoast-seo-premium-wordpress/ -->
<title>Los ejecutivos de Vale rechazan e ignoran las preocupaciones de los trabajadores - industriall-union</title>
<meta name="robots" content="index, follow, max-snippet:-1, max-image-preview:large, max-video-preview:-1" />
<link rel="canonical" href="https://admin.industriall-union.org/es/archive/imf/los-ejecutivos-de-vale-rechazan-e-ignoran-las-preocupaciones-de-los-trabajadores/" />
<meta property="og:locale" content="es_ES" />
<meta property="og:type" content="article" />
<meta property="og:title" content="Los ejecutivos de Vale rechazan e ignoran las preocupaciones de los trabajadores" />
<meta property="og:description" content="BRASIL: En la junta general de accionistas de Vale celebrada en Río de Janeiro el 19 de mayo, Danilo Chammas, de los Misioneros Combonianos de Brasil nororiental no únicamente expresó preocupaciones por el actual conflicto de la compañía con trabajadores canadienses, que están en huelga desde hace ya más de diez meses, sino también por [&hellip;]" />
<meta property="og:url" content="https://admin.industriall-union.org/es/archive/imf/los-ejecutivos-de-vale-rechazan-e-ignoran-las-preocupaciones-de-los-trabajadores/" />
<meta property="og:site_name" content="industriall-union" />
<meta property="article:modified_time" content="2025-01-31T09:49:04+00:00" />
<meta name="twitter:card" content="summary_large_image" />
<meta name="twitter:label1" content="Est. reading time" />
	<meta name="twitter:data1" content="2 minutes" />
<script type="application/ld+json" class="yoast-schema-graph">{"@context":"https://schema.org","@graph":[{"@type":"WebPage","@id":"https://admin.industriall-union.org/es/archive/imf/los-ejecutivos-de-vale-rechazan-e-ignoran-las-preocupaciones-de-los-trabajadores/","url":"https://admin.industriall-union.org/es/archive/imf/los-ejecutivos-de-vale-rechazan-e-ignoran-las-preocupaciones-de-los-trabajadores/","name":"Los ejecutivos de Vale rechazan e ignoran las preocupaciones de los trabajadores - industriall-union","isPartOf":{"@id":"https://admin.industriall-union.org/#website"},"datePublished":"2010-06-02T13:03:00+00:00","dateModified":"2025-01-31T09:49:04+00:00","breadcrumb":{"@id":"https://admin.industriall-union.org/es/archive/imf/los-ejecutivos-de-vale-rechazan-e-ignoran-las-preocupaciones-de-los-trabajadores/#breadcrumb"},"inLanguage":"es-ES","potentialAction":[{"@type":"ReadAction","target":["https://admin.industriall-union.org/es/archive/imf/los-ejecutivos-de-vale-rechazan-e-ignoran-las-preocupaciones-de-los-trabajadores/"]}]},{"@type":"BreadcrumbList","@id":"https://admin.industriall-union.org/es/archive/imf/los-ejecutivos-de-vale-rechazan-e-ignoran-las-preocupaciones-de-los-trabajadores/#breadcrumb","itemListElement":[{"@type":"ListItem","position":1,"name":"Home","item":"https://admin.industriall-union.org/"},{"@type":"ListItem","position":2,"name":"Archive Imf","item":"https://admin.industriall-union.org/es/archive/imf/"},{"@type":"ListItem","position":3,"name":"Los ejecutivos de Vale rechazan e ignoran las preocupaciones de los trabajadores"}]},{"@type":"WebSite","@id":"https://admin.industriall-union.org/#website","url":"https://admin.industriall-union.org/","name":"industriall-union","description":"","potentialAction":[{"@type":"SearchAction","target":{"@type":"EntryPoint","urlTemplate":"https://admin.industriall-union.org/?s={search_term_string}"},"query-input":{"@type":"PropertyValueSpecification","valueRequired":true,"valueName":"search_term_string"}}],"inLanguage":"es-ES"}]}</script>
<!-- / Yoast SEO Premium plugin. -->

BRASIL: En la junta general de accionistas de Vale celebrada en Río de Janeiro el 19 de mayo, Danilo Chammas, de los Misioneros Combonianos de Brasil nororiental no únicamente expresó preocupaciones por el actual conflicto de la compañía con trabajadores canadienses, que están en huelga desde hace ya más de diez meses, sino también por [&hellip;]
