{"id":201472,"date":"2010-06-17T14:01:00","date_gmt":"2010-06-17T14:01:00","guid":{"rendered":"https:\/\/admin.industriall-union.org\/archive\/imf\/federaciones-sindicales-internacionales-se-reunen-en-toronto-en-la-conferencia-sobre-sosteniblidad\/"},"modified":"2025-01-31T09:48:52","modified_gmt":"2025-01-31T09:48:52","slug":"federaciones-sindicales-internacionales-se-reunen-en-toronto-en-la-conferencia-sobre-sosteniblidad","status":"publish","type":"archive_imf","link":"https:\/\/admin.industriall-union.org\/es\/archive\/imf\/federaciones-sindicales-internacionales-se-reunen-en-toronto-en-la-conferencia-sobre-sosteniblidad\/","title":{"rendered":"Federaciones Sindicales Internacionales se re\u00fanen en Toronto en la Conferencia sobre Sosteniblidad"},"content":{"rendered":"MUNDO: La Conferencia sobre la &quot;Triple crisis de sostenibilidad&quot; est\u00e1 patrocinada por la Federaci\u00f3n Internacional de Sindicatos de Trabajadores de la Qu\u00edmica, Energ\u00eda, Minas e Industrias Diversas (ICEM) y la Federaci\u00f3n Internacional de Trabajadores de las Industrias Metal\u00fargicas (FITIM), con sede en Ginebra (Suiza), y asistir\u00e1n a ella representantes de 270 sindicatos y otros l\u00edderes de m\u00e1s de 50 pa\u00edses.<br \/><br \/>Durar\u00e1 de las 9.00 h a las 17.30 h, los d\u00edas 18 y 19 de junio en la Dominion Ballroom del Sheraton Centre Toronto Hotel, 123 Queen Street West.<br \/><br \/>&quot;Es preciso corregir la crisis financiera que ha puesto a la econom\u00eda mundial de rodillas, y para ello tienen que resonar las voces de los m\u00e1s afectados por la desmedida avidez y las calamidades de la banca&#8221;, dijo el secretario general de la ICEM, Manfred Warda. &quot;Las cat\u00e1strofes ambientales, las disparidades monetarias y las sociedades desestabilizadas tienen or\u00edgenes conexos, y es el momento de que los l\u00edderes econ\u00f3micos y pol\u00edticos del mundo corrijan los desequilirios&#8221;.<br \/><br \/>Jyrki Raina, secretario general de la FITIM, agreg\u00f3: &#8220;Las incertidumbres que afrontan los trabajadores y sus familias no tienen precedentes. Deseamos garant\u00edas de que las cumbres del G8 y el G20 abordar\u00e1n las preocupaciones leg\u00edtimas de los trabajadores por la justicia social y el empleo sostenible a largo plazo, y de que incluir\u00e1n la introducci\u00f3n de una tasa mundial a las instituciones financieras&#8221;.<br \/><br \/>Las dos FSI creen que las crisis de las econom\u00edas en declive, la inacci\u00f3n sobre el medio ambiente y el desorden social est\u00e1n correlacionadas. La ICEM y la FITIM tambi\u00e9n piensan que las crisis se han producido por la falta de reglamentaci\u00f3n financiera y ambiental global, as\u00ed como por la inepta gobernanza financiera de los mercados. La conferencia garantizar\u00e1 que se escuche la voz de los trabajadores mundiales sobre estas cuestiones antes de convocarse las cumbres del G8 y el G20.<br \/><br \/>Los empleos, los derechos de los trabajadores, las protecciones sociales, los servicios p\u00fablicos de calidad y la sostenibilidad &#8212; tanto respecto a la gesti\u00f3n del medio ambiente como a proporcionar trabajo decente- servir\u00e1n de base para una declaraci\u00f3n com\u00fan de la conferencia al G8 y al G20.<br \/><br \/>El 18 de junio pronunciar\u00e1 un importante discurso el presidente del United Steelworkers, Leo Gerard, cuyo sindicato ha sido v\u00edctima de la despiadada globalizaci\u00f3n y de una de las compa\u00f1\u00edas mineras mayores y m\u00e1 rentables del mundo, en Ontario. Un grupo especial tratar\u00e1 de la crisis econ\u00f3mica el d\u00eda de la apertura.<br \/><br \/>Otros grupos se ocupar\u00e1n de temas como el desarrollo sostenible y el cambio clim\u00e1tico, y sobre la gobernanza de las empresas. El d\u00eda de clausura, 19 de junio, hablar\u00e1n David Donnelly, destacado abogado especializado en medio ambiente, vinculado con la Blue-Green Alliance de Canad\u00e1, y John Evans, secretario general de la Comisi\u00f3n Sindical Consultiva (CSC), con sede en Par\u00eds, ante la Organizaci\u00f3n de Cooperaci\u00f3n y Desarrollo Econ\u00f3micos (OCDE).<br \/><br \/>El programa de la conferencia se ha confeccionado de manera que los 250 participantes puedan formular el mayor n\u00famero de observaciones, a fin de disponer de un amplio y variado discurso sobre los efectos de las crisis social, ambiental y econ\u00f3mica.<br \/><br \/>La ICEM tiene 467 sindicatos afiliados en 132 pa\u00edses, y representa a 20 millones de trabajadores. La FITIM representa los intereses colectivos de 25 millones de trabajadores metal\u00fargicos de m\u00e1s de 200 sindicatos en 100 pa\u00edses.<br \/><br \/>Para m\u00e1s informaci\u00f3n, cont\u00e1ctese a: Dick Blin, Encargado de informaci\u00f3n de la ICEM en el sitio <a href=\"mailto:dick.blin@icem.org\">dick.blin@icem.org<\/a>, +41 79 734 8994 (m\u00f3vil) o Alexander Ivanou, Comunicaciones de la FITIM, en <a href=\"mailto:aivanou@imfmetal.org\">aivanou@imfmetal.org<\/a>, +41 22 308 5033 (l\u00ednea fija).","protected":false},"featured_media":0,"template":"","class_list":["post-201472","archive_imf","type-archive_imf","status-publish","hentry"],"acf":[],"yoast_head":"<!-- This site is optimized with the Yoast SEO Premium plugin v27.1 (Yoast SEO v27.1) - https:\/\/yoast.com\/product\/yoast-seo-premium-wordpress\/ -->\n<title>Federaciones Sindicales Internacionales se re\u00fanen en Toronto en la Conferencia sobre Sosteniblidad - industriall-union<\/title>\n<meta name=\"robots\" content=\"index, follow, max-snippet:-1, max-image-preview:large, max-video-preview:-1\" \/>\n<link rel=\"canonical\" href=\"https:\/\/admin.industriall-union.org\/es\/archive\/imf\/federaciones-sindicales-internacionales-se-reunen-en-toronto-en-la-conferencia-sobre-sosteniblidad\/\" \/>\n<meta property=\"og:locale\" content=\"es_ES\" \/>\n<meta property=\"og:type\" content=\"article\" \/>\n<meta property=\"og:title\" content=\"Federaciones Sindicales Internacionales se re\u00fanen en Toronto en la Conferencia sobre Sosteniblidad\" \/>\n<meta property=\"og:description\" content=\"MUNDO: La Conferencia sobre la &quot;Triple crisis de sostenibilidad&quot; est\u00e1 patrocinada por la Federaci\u00f3n Internacional de Sindicatos de Trabajadores de la Qu\u00edmica, Energ\u00eda, Minas e Industrias Diversas (ICEM) y la Federaci\u00f3n Internacional de Trabajadores de las Industrias Metal\u00fargicas (FITIM), con sede en Ginebra (Suiza), y asistir\u00e1n a ella representantes de 270 sindicatos y otros l\u00edderes [&hellip;]\" \/>\n<meta property=\"og:url\" content=\"https:\/\/admin.industriall-union.org\/es\/archive\/imf\/federaciones-sindicales-internacionales-se-reunen-en-toronto-en-la-conferencia-sobre-sosteniblidad\/\" \/>\n<meta property=\"og:site_name\" content=\"industriall-union\" \/>\n<meta property=\"article:modified_time\" content=\"2025-01-31T09:48:52+00:00\" \/>\n<meta name=\"twitter:card\" content=\"summary_large_image\" \/>\n<meta name=\"twitter:label1\" content=\"Est. reading time\" \/>\n\t<meta name=\"twitter:data1\" content=\"3 minutes\" \/>\n<script type=\"application\/ld+json\" class=\"yoast-schema-graph\">{\"@context\":\"https:\/\/schema.org\",\"@graph\":[{\"@type\":\"WebPage\",\"@id\":\"https:\/\/admin.industriall-union.org\/es\/archive\/imf\/federaciones-sindicales-internacionales-se-reunen-en-toronto-en-la-conferencia-sobre-sosteniblidad\/\",\"url\":\"https:\/\/admin.industriall-union.org\/es\/archive\/imf\/federaciones-sindicales-internacionales-se-reunen-en-toronto-en-la-conferencia-sobre-sosteniblidad\/\",\"name\":\"Federaciones Sindicales Internacionales se re\u00fanen en Toronto en la Conferencia sobre Sosteniblidad - industriall-union\",\"isPartOf\":{\"@id\":\"https:\/\/admin.industriall-union.org\/#website\"},\"datePublished\":\"2010-06-17T14:01:00+00:00\",\"dateModified\":\"2025-01-31T09:48:52+00:00\",\"breadcrumb\":{\"@id\":\"https:\/\/admin.industriall-union.org\/es\/archive\/imf\/federaciones-sindicales-internacionales-se-reunen-en-toronto-en-la-conferencia-sobre-sosteniblidad\/#breadcrumb\"},\"inLanguage\":\"es-ES\",\"potentialAction\":[{\"@type\":\"ReadAction\",\"target\":[\"https:\/\/admin.industriall-union.org\/es\/archive\/imf\/federaciones-sindicales-internacionales-se-reunen-en-toronto-en-la-conferencia-sobre-sosteniblidad\/\"]}]},{\"@type\":\"BreadcrumbList\",\"@id\":\"https:\/\/admin.industriall-union.org\/es\/archive\/imf\/federaciones-sindicales-internacionales-se-reunen-en-toronto-en-la-conferencia-sobre-sosteniblidad\/#breadcrumb\",\"itemListElement\":[{\"@type\":\"ListItem\",\"position\":1,\"name\":\"Home\",\"item\":\"https:\/\/admin.industriall-union.org\/\"},{\"@type\":\"ListItem\",\"position\":2,\"name\":\"Archive Imf\",\"item\":\"https:\/\/admin.industriall-union.org\/es\/archive\/imf\/\"},{\"@type\":\"ListItem\",\"position\":3,\"name\":\"Federaciones Sindicales Internacionales se re\u00fanen en Toronto en la Conferencia sobre Sosteniblidad\"}]},{\"@type\":\"WebSite\",\"@id\":\"https:\/\/admin.industriall-union.org\/#website\",\"url\":\"https:\/\/admin.industriall-union.org\/\",\"name\":\"industriall-union\",\"description\":\"\",\"potentialAction\":[{\"@type\":\"SearchAction\",\"target\":{\"@type\":\"EntryPoint\",\"urlTemplate\":\"https:\/\/admin.industriall-union.org\/?s={search_term_string}\"},\"query-input\":{\"@type\":\"PropertyValueSpecification\",\"valueRequired\":true,\"valueName\":\"search_term_string\"}}],\"inLanguage\":\"es-ES\"}]}<\/script>\n<!-- \/ Yoast SEO Premium plugin. -->","yoast_head_json":{"title":"Federaciones Sindicales Internacionales se re\u00fanen en Toronto en la Conferencia sobre Sosteniblidad - industriall-union","robots":{"index":"index","follow":"follow","max-snippet":"max-snippet:-1","max-image-preview":"max-image-preview:large","max-video-preview":"max-video-preview:-1"},"canonical":"https:\/\/admin.industriall-union.org\/es\/archive\/imf\/federaciones-sindicales-internacionales-se-reunen-en-toronto-en-la-conferencia-sobre-sosteniblidad\/","og_locale":"es_ES","og_type":"article","og_title":"Federaciones Sindicales Internacionales se re\u00fanen en Toronto en la Conferencia sobre Sosteniblidad","og_description":"MUNDO: La Conferencia sobre la &quot;Triple crisis de sostenibilidad&quot; est\u00e1 patrocinada por la Federaci\u00f3n Internacional de Sindicatos de Trabajadores de la Qu\u00edmica, Energ\u00eda, Minas e Industrias Diversas (ICEM) y la Federaci\u00f3n Internacional de Trabajadores de las Industrias Metal\u00fargicas (FITIM), con sede en Ginebra (Suiza), y asistir\u00e1n a ella representantes de 270 sindicatos y otros l\u00edderes [&hellip;]","og_url":"https:\/\/admin.industriall-union.org\/es\/archive\/imf\/federaciones-sindicales-internacionales-se-reunen-en-toronto-en-la-conferencia-sobre-sosteniblidad\/","og_site_name":"industriall-union","article_modified_time":"2025-01-31T09:48:52+00:00","twitter_card":"summary_large_image","twitter_misc":{"Est. reading time":"3 minutes"},"schema":{"@context":"https:\/\/schema.org","@graph":[{"@type":"WebPage","@id":"https:\/\/admin.industriall-union.org\/es\/archive\/imf\/federaciones-sindicales-internacionales-se-reunen-en-toronto-en-la-conferencia-sobre-sosteniblidad\/","url":"https:\/\/admin.industriall-union.org\/es\/archive\/imf\/federaciones-sindicales-internacionales-se-reunen-en-toronto-en-la-conferencia-sobre-sosteniblidad\/","name":"Federaciones Sindicales Internacionales se re\u00fanen en Toronto en la Conferencia sobre Sosteniblidad - industriall-union","isPartOf":{"@id":"https:\/\/admin.industriall-union.org\/#website"},"datePublished":"2010-06-17T14:01:00+00:00","dateModified":"2025-01-31T09:48:52+00:00","breadcrumb":{"@id":"https:\/\/admin.industriall-union.org\/es\/archive\/imf\/federaciones-sindicales-internacionales-se-reunen-en-toronto-en-la-conferencia-sobre-sosteniblidad\/#breadcrumb"},"inLanguage":"es-ES","potentialAction":[{"@type":"ReadAction","target":["https:\/\/admin.industriall-union.org\/es\/archive\/imf\/federaciones-sindicales-internacionales-se-reunen-en-toronto-en-la-conferencia-sobre-sosteniblidad\/"]}]},{"@type":"BreadcrumbList","@id":"https:\/\/admin.industriall-union.org\/es\/archive\/imf\/federaciones-sindicales-internacionales-se-reunen-en-toronto-en-la-conferencia-sobre-sosteniblidad\/#breadcrumb","itemListElement":[{"@type":"ListItem","position":1,"name":"Home","item":"https:\/\/admin.industriall-union.org\/"},{"@type":"ListItem","position":2,"name":"Archive Imf","item":"https:\/\/admin.industriall-union.org\/es\/archive\/imf\/"},{"@type":"ListItem","position":3,"name":"Federaciones Sindicales Internacionales se re\u00fanen en Toronto en la Conferencia sobre Sosteniblidad"}]},{"@type":"WebSite","@id":"https:\/\/admin.industriall-union.org\/#website","url":"https:\/\/admin.industriall-union.org\/","name":"industriall-union","description":"","potentialAction":[{"@type":"SearchAction","target":{"@type":"EntryPoint","urlTemplate":"https:\/\/admin.industriall-union.org\/?s={search_term_string}"},"query-input":{"@type":"PropertyValueSpecification","valueRequired":true,"valueName":"search_term_string"}}],"inLanguage":"es-ES"}]}},"_links":{"self":[{"href":"https:\/\/admin.industriall-union.org\/es\/wp-json\/wp\/v2\/archive_imf\/201472","targetHints":{"allow":["GET"]}}],"collection":[{"href":"https:\/\/admin.industriall-union.org\/es\/wp-json\/wp\/v2\/archive_imf"}],"about":[{"href":"https:\/\/admin.industriall-union.org\/es\/wp-json\/wp\/v2\/types\/archive_imf"}],"wp:attachment":[{"href":"https:\/\/admin.industriall-union.org\/es\/wp-json\/wp\/v2\/media?parent=201472"}],"curies":[{"name":"wp","href":"https:\/\/api.w.org\/{rel}","templated":true}]}}

Federaciones Sindicales Internacionales se reúnen en Toronto en la Conferencia sobre Sosteniblidad

MUNDO: La Conferencia sobre la &quot;Triple crisis de sostenibilidad&quot; está patrocinada por la Federación Internacional de Sindicatos de Trabajadores de la Química, Energía, Minas e Industrias Diversas (ICEM) y la Federación Internacional de Trabajadores de las Industrias Metalúrgicas (FITIM), con sede en Ginebra (Suiza), y asistirán a ella representantes de 270 sindicatos y otros líderes de más de 50 países.<br /><br />Durará de las 9.00 h a las 17.30 h, los días 18 y 19 de junio en la Dominion Ballroom del Sheraton Centre Toronto Hotel, 123 Queen Street West.<br /><br />&quot;Es preciso corregir la crisis financiera que ha puesto a la economía mundial de rodillas, y para ello tienen que resonar las voces de los más afectados por la desmedida avidez y las calamidades de la banca&#8221;, dijo el secretario general de la ICEM, Manfred Warda. &quot;Las catástrofes ambientales, las disparidades monetarias y las sociedades desestabilizadas tienen orígenes conexos, y es el momento de que los líderes económicos y políticos del mundo corrijan los desequilirios&#8221;.<br /><br />Jyrki Raina, secretario general de la FITIM, agregó: &#8220;Las incertidumbres que afrontan los trabajadores y sus familias no tienen precedentes. Deseamos garantías de que las cumbres del G8 y el G20 abordarán las preocupaciones legítimas de los trabajadores por la justicia social y el empleo sostenible a largo plazo, y de que incluirán la introducción de una tasa mundial a las instituciones financieras&#8221;.<br /><br />Las dos FSI creen que las crisis de las economías en declive, la inacción sobre el medio ambiente y el desorden social están correlacionadas. La ICEM y la FITIM también piensan que las crisis se han producido por la falta de reglamentación financiera y ambiental global, así como por la inepta gobernanza financiera de los mercados. La conferencia garantizará que se escuche la voz de los trabajadores mundiales sobre estas cuestiones antes de convocarse las cumbres del G8 y el G20.<br /><br />Los empleos, los derechos de los trabajadores, las protecciones sociales, los servicios públicos de calidad y la sostenibilidad &#8212; tanto respecto a la gestión del medio ambiente como a proporcionar trabajo decente- servirán de base para una declaración común de la conferencia al G8 y al G20.<br /><br />El 18 de junio pronunciará un importante discurso el presidente del United Steelworkers, Leo Gerard, cuyo sindicato ha sido víctima de la despiadada globalización y de una de las compañías mineras mayores y má rentables del mundo, en Ontario. Un grupo especial tratará de la crisis económica el día de la apertura.<br /><br />Otros grupos se ocuparán de temas como el desarrollo sostenible y el cambio climático, y sobre la gobernanza de las empresas. El día de clausura, 19 de junio, hablarán David Donnelly, destacado abogado especializado en medio ambiente, vinculado con la Blue-Green Alliance de Canadá, y John Evans, secretario general de la Comisión Sindical Consultiva (CSC), con sede en París, ante la Organización de Cooperación y Desarrollo Económicos (OCDE).<br /><br />El programa de la conferencia se ha confeccionado de manera que los 250 participantes puedan formular el mayor número de observaciones, a fin de disponer de un amplio y variado discurso sobre los efectos de las crisis social, ambiental y económica.<br /><br />La ICEM tiene 467 sindicatos afiliados en 132 países, y representa a 20 millones de trabajadores. La FITIM representa los intereses colectivos de 25 millones de trabajadores metalúrgicos de más de 200 sindicatos en 100 países.<br /><br />Para más información, contáctese a: Dick Blin, Encargado de información de la ICEM en el sitio <a href="mailto:dick.blin@icem.org">dick.blin@icem.org</a>, +41 79 734 8994 (móvil) o Alexander Ivanou, Comunicaciones de la FITIM, en <a href="mailto:aivanou@imfmetal.org">aivanou@imfmetal.org</a>, +41 22 308 5033 (línea fija).

<!-- This site is optimized with the Yoast SEO Premium plugin v27.1 (Yoast SEO v27.1) - https://yoast.com/product/yoast-seo-premium-wordpress/ -->
<title>Federaciones Sindicales Internacionales se reúnen en Toronto en la Conferencia sobre Sosteniblidad - industriall-union</title>
<meta name="robots" content="index, follow, max-snippet:-1, max-image-preview:large, max-video-preview:-1" />
<link rel="canonical" href="https://admin.industriall-union.org/es/archive/imf/federaciones-sindicales-internacionales-se-reunen-en-toronto-en-la-conferencia-sobre-sosteniblidad/" />
<meta property="og:locale" content="es_ES" />
<meta property="og:type" content="article" />
<meta property="og:title" content="Federaciones Sindicales Internacionales se reúnen en Toronto en la Conferencia sobre Sosteniblidad" />
<meta property="og:description" content="MUNDO: La Conferencia sobre la &quot;Triple crisis de sostenibilidad&quot; está patrocinada por la Federación Internacional de Sindicatos de Trabajadores de la Química, Energía, Minas e Industrias Diversas (ICEM) y la Federación Internacional de Trabajadores de las Industrias Metalúrgicas (FITIM), con sede en Ginebra (Suiza), y asistirán a ella representantes de 270 sindicatos y otros líderes [&hellip;]" />
<meta property="og:url" content="https://admin.industriall-union.org/es/archive/imf/federaciones-sindicales-internacionales-se-reunen-en-toronto-en-la-conferencia-sobre-sosteniblidad/" />
<meta property="og:site_name" content="industriall-union" />
<meta property="article:modified_time" content="2025-01-31T09:48:52+00:00" />
<meta name="twitter:card" content="summary_large_image" />
<meta name="twitter:label1" content="Est. reading time" />
	<meta name="twitter:data1" content="3 minutes" />
<script type="application/ld+json" class="yoast-schema-graph">{"@context":"https://schema.org","@graph":[{"@type":"WebPage","@id":"https://admin.industriall-union.org/es/archive/imf/federaciones-sindicales-internacionales-se-reunen-en-toronto-en-la-conferencia-sobre-sosteniblidad/","url":"https://admin.industriall-union.org/es/archive/imf/federaciones-sindicales-internacionales-se-reunen-en-toronto-en-la-conferencia-sobre-sosteniblidad/","name":"Federaciones Sindicales Internacionales se reúnen en Toronto en la Conferencia sobre Sosteniblidad - industriall-union","isPartOf":{"@id":"https://admin.industriall-union.org/#website"},"datePublished":"2010-06-17T14:01:00+00:00","dateModified":"2025-01-31T09:48:52+00:00","breadcrumb":{"@id":"https://admin.industriall-union.org/es/archive/imf/federaciones-sindicales-internacionales-se-reunen-en-toronto-en-la-conferencia-sobre-sosteniblidad/#breadcrumb"},"inLanguage":"es-ES","potentialAction":[{"@type":"ReadAction","target":["https://admin.industriall-union.org/es/archive/imf/federaciones-sindicales-internacionales-se-reunen-en-toronto-en-la-conferencia-sobre-sosteniblidad/"]}]},{"@type":"BreadcrumbList","@id":"https://admin.industriall-union.org/es/archive/imf/federaciones-sindicales-internacionales-se-reunen-en-toronto-en-la-conferencia-sobre-sosteniblidad/#breadcrumb","itemListElement":[{"@type":"ListItem","position":1,"name":"Home","item":"https://admin.industriall-union.org/"},{"@type":"ListItem","position":2,"name":"Archive Imf","item":"https://admin.industriall-union.org/es/archive/imf/"},{"@type":"ListItem","position":3,"name":"Federaciones Sindicales Internacionales se reúnen en Toronto en la Conferencia sobre Sosteniblidad"}]},{"@type":"WebSite","@id":"https://admin.industriall-union.org/#website","url":"https://admin.industriall-union.org/","name":"industriall-union","description":"","potentialAction":[{"@type":"SearchAction","target":{"@type":"EntryPoint","urlTemplate":"https://admin.industriall-union.org/?s={search_term_string}"},"query-input":{"@type":"PropertyValueSpecification","valueRequired":true,"valueName":"search_term_string"}}],"inLanguage":"es-ES"}]}</script>
<!-- / Yoast SEO Premium plugin. -->

Federaciones Sindicales Internacionales se reúnen en Toronto en la Conferencia sobre Sosteniblidad - industriall-union

MUNDO: La Conferencia sobre la &quot;Triple crisis de sostenibilidad&quot; está patrocinada por la Federación Internacional de Sindicatos de Trabajadores de la Química, Energía, Minas e Industrias Diversas (ICEM) y la Federación Internacional de Trabajadores de las Industrias Metalúrgicas (FITIM), con sede en Ginebra (Suiza), y asistirán a ella representantes de 270 sindicatos y otros líderes [&hellip;]
