{"id":201463,"date":"2010-06-21T07:07:00","date_gmt":"2010-06-21T07:07:00","guid":{"rendered":"https:\/\/admin.industriall-union.org\/archive\/imf\/federaciones-sindicales-internacionales-demandan-nuevas-prioridades-en-las-cumbres-del-g8-y-del-g20\/"},"modified":"2025-01-31T09:48:49","modified_gmt":"2025-01-31T09:48:49","slug":"federaciones-sindicales-internacionales-demandan-nuevas-prioridades-en-las-cumbres-del-g8-y-del-g20","status":"publish","type":"archive_imf","link":"https:\/\/admin.industriall-union.org\/es\/archive\/imf\/federaciones-sindicales-internacionales-demandan-nuevas-prioridades-en-las-cumbres-del-g8-y-del-g20\/","title":{"rendered":"Federaciones Sindicales Internacionales demandan nuevas prioridades en las Cumbres del G8 y del G20"},"content":{"rendered":"MUNDO: La Declaraci\u00f3n corresponde a un empe\u00f1o conjunto de la  Federaci\u00f3n Internacional de Sindicatos de Trabajadores de la Qu\u00edmica,  Energ\u00eda, Minas e Industrias Diversas (ICEM), la Federaci\u00f3n Internacional  de Trabajadores de las Industrias Metal\u00fargicas (FITIM) y la Federaci\u00f3n  Internacional de Trabajadores del Textil, Vestuario y Cuero (FITTVC). Se  confeccion\u00f3 con la cooperaci\u00f3n local de cinco sindicatos que  representan a los trabajadores industriales y de otros sectores de  Canad\u00e1:: el Communications, Energy, Paperworkers (CEP) Union of Canada,  el Canadian Auto Workers (CAW), el Power Workers Union (PWU), el United  Steelworkers (USW), y la International Association of Machinists (IAM).<br \/><br \/>La  base de la Declaraci\u00f3n es la petici\u00f3n de que los ministros financieros y  pol\u00edticos instauren un sistema estricto de gobernanza financiera  mundial, impongan una tasa sobre las transacciones financieras  internacionales, y lleguen a un acuerdo ambicioso y vinculante sobre las  emisiones de gases de efecto invernadero en la Cop16 que se celebrar\u00e1  en M\u00e9xico m\u00e1s avanzado el a\u00f1o.<br \/><br \/>En la Declaraci\u00f3n de 10 puntos  tambi\u00e9n se solicitan garant\u00edas  de que en los acuerdos sobre comercio e  inversi\u00f3n se respetar\u00e1n los derechos fundamentales de los trabajadores y  de los sindicatos; que el desarrollo sostenible sea un criterio en los  acuerdos sobre comercio e inversi\u00f3n, y que en los acuerdos comerciales  se incorpore una evaluaci\u00f3n completa y la garant\u00eda de un bienestar  social, econ\u00f3mico y ambiental. Puede encontrarse la Declaraci\u00f3n completa  <a href=\"..\/files\/10062108545979\/SustConfDraftDeclaration_1_41.pdf\">aqu\u00ed<\/a>.<br \/><br \/>&quot;Los  trabajadores industriales tienen una funci\u00f3n central que desempe\u00f1ar en  la creaci\u00f3n de un futuro que libere a las personas de la pobreza,  protegiendo al mimo tiempo el medio ambiente&#8221;, se dice en la  Declaraci\u00f3n. &#8220;Nuestras tres federaciones internacionales piden que,  mediante la acci\u00f3n industrial y pol\u00edtica, los l\u00edderes mundiales tomen  medidas decisivas para resolver las crisis econ\u00f3mica, social y  ambiental.&#8221;<br \/><br \/>En cuanto a la oportunidad de la Declaraci\u00f3n, el  secretario general de la ICEM, Manfred Warda, afirm\u00f3: &#8220;La econom\u00eda  mundial sigue necesitando ayuda vital, y un est\u00edmulo continuo. Es  fundamental una nueva regulaci\u00f3n de los mercados, avances hacia el pleno  empleo, y una serie de estabilizadores sociales, a fin de reducir la  r\u00e1pida ca\u00edda en la pobreza de centenares de millones de personas.&#8221;<br \/><br \/>El  secretario general de la               FITIM, Jyrki Raina, agreg\u00f3: &quot;La  industria es la locomotora de las econom\u00edas nacionales, como proveedora  de empleos de buena calidad, con salarios y horas de trabajo decentes, y  el derecho a unirse a un sindicato. Tenemos que limitar el trabajo  precario mediante la legislaci\u00f3n y los convenios colectivos, y que  elaborar pol\u00edticas industriales para el desarrollo sostenible, tanto en  los pa\u00edses industrializados como en desarrollo.<br \/><br \/>La ICEM, con sede  en Ginebra, tiene 467 sindicatos afiliados en 132 pa\u00edses, y representa a  20 millones de trabajadores. La FITIM, tambi\u00e9n con sede en Ginebra,  representa los intereses colectivos de 25 millones de trabajadores  metal\u00fargicos de m\u00e1s de 200 sindicatos en 100 pa\u00edses. La FITTVC, con sede  en Bruselas, abarca 217 sindicatos en 110 pa\u00edses.<br \/><br \/>Para m\u00e1s  informaci\u00f3n, cont\u00e1ctese a: Dick Blin, Encargado de informaci\u00f3n de la  ICEM, <a href=\"mailto:dick.blin@icem.org\">dick.blin@icem.org<\/a>, +1 416  361 1000 Ext. 3344, +41 79 734 8994 (m\u00f3vil); o Alexander Ivanou,  Comunicaciones de la FITIM, <a href=\"mailto:aivanou@imfmetal.org\">aivanou@imfmetal.org<\/a>,  +41 22 308 5033.","protected":false},"featured_media":0,"template":"","class_list":["post-201463","archive_imf","type-archive_imf","status-publish","hentry"],"acf":[],"yoast_head":"<!-- This site is optimized with the Yoast SEO Premium plugin v27.1 (Yoast SEO v27.1) - https:\/\/yoast.com\/product\/yoast-seo-premium-wordpress\/ -->\n<title>Federaciones Sindicales Internacionales demandan nuevas prioridades en las Cumbres del G8 y del G20 - industriall-union<\/title>\n<meta name=\"robots\" content=\"index, follow, max-snippet:-1, max-image-preview:large, max-video-preview:-1\" \/>\n<link rel=\"canonical\" href=\"https:\/\/admin.industriall-union.org\/es\/archive\/imf\/federaciones-sindicales-internacionales-demandan-nuevas-prioridades-en-las-cumbres-del-g8-y-del-g20\/\" \/>\n<meta property=\"og:locale\" content=\"es_ES\" \/>\n<meta property=\"og:type\" content=\"article\" \/>\n<meta property=\"og:title\" content=\"Federaciones Sindicales Internacionales demandan nuevas prioridades en las Cumbres del G8 y del G20\" \/>\n<meta property=\"og:description\" content=\"MUNDO: La Declaraci\u00f3n corresponde a un empe\u00f1o conjunto de la Federaci\u00f3n Internacional de Sindicatos de Trabajadores de la Qu\u00edmica, Energ\u00eda, Minas e Industrias Diversas (ICEM), la Federaci\u00f3n Internacional de Trabajadores de las Industrias Metal\u00fargicas (FITIM) y la Federaci\u00f3n Internacional de Trabajadores del Textil, Vestuario y Cuero (FITTVC). Se confeccion\u00f3 con la cooperaci\u00f3n local de cinco [&hellip;]\" \/>\n<meta property=\"og:url\" content=\"https:\/\/admin.industriall-union.org\/es\/archive\/imf\/federaciones-sindicales-internacionales-demandan-nuevas-prioridades-en-las-cumbres-del-g8-y-del-g20\/\" \/>\n<meta property=\"og:site_name\" content=\"industriall-union\" \/>\n<meta property=\"article:modified_time\" content=\"2025-01-31T09:48:49+00:00\" \/>\n<meta name=\"twitter:card\" content=\"summary_large_image\" \/>\n<meta name=\"twitter:label1\" content=\"Est. reading time\" \/>\n\t<meta name=\"twitter:data1\" content=\"3 minutes\" \/>\n<script type=\"application\/ld+json\" class=\"yoast-schema-graph\">{\"@context\":\"https:\/\/schema.org\",\"@graph\":[{\"@type\":\"WebPage\",\"@id\":\"https:\/\/admin.industriall-union.org\/es\/archive\/imf\/federaciones-sindicales-internacionales-demandan-nuevas-prioridades-en-las-cumbres-del-g8-y-del-g20\/\",\"url\":\"https:\/\/admin.industriall-union.org\/es\/archive\/imf\/federaciones-sindicales-internacionales-demandan-nuevas-prioridades-en-las-cumbres-del-g8-y-del-g20\/\",\"name\":\"Federaciones Sindicales Internacionales demandan nuevas prioridades en las Cumbres del G8 y del G20 - industriall-union\",\"isPartOf\":{\"@id\":\"https:\/\/admin.industriall-union.org\/#website\"},\"datePublished\":\"2010-06-21T07:07:00+00:00\",\"dateModified\":\"2025-01-31T09:48:49+00:00\",\"breadcrumb\":{\"@id\":\"https:\/\/admin.industriall-union.org\/es\/archive\/imf\/federaciones-sindicales-internacionales-demandan-nuevas-prioridades-en-las-cumbres-del-g8-y-del-g20\/#breadcrumb\"},\"inLanguage\":\"es-ES\",\"potentialAction\":[{\"@type\":\"ReadAction\",\"target\":[\"https:\/\/admin.industriall-union.org\/es\/archive\/imf\/federaciones-sindicales-internacionales-demandan-nuevas-prioridades-en-las-cumbres-del-g8-y-del-g20\/\"]}]},{\"@type\":\"BreadcrumbList\",\"@id\":\"https:\/\/admin.industriall-union.org\/es\/archive\/imf\/federaciones-sindicales-internacionales-demandan-nuevas-prioridades-en-las-cumbres-del-g8-y-del-g20\/#breadcrumb\",\"itemListElement\":[{\"@type\":\"ListItem\",\"position\":1,\"name\":\"Home\",\"item\":\"https:\/\/admin.industriall-union.org\/\"},{\"@type\":\"ListItem\",\"position\":2,\"name\":\"Archive Imf\",\"item\":\"https:\/\/admin.industriall-union.org\/es\/archive\/imf\/\"},{\"@type\":\"ListItem\",\"position\":3,\"name\":\"Federaciones Sindicales Internacionales demandan nuevas prioridades en las Cumbres del G8 y del G20\"}]},{\"@type\":\"WebSite\",\"@id\":\"https:\/\/admin.industriall-union.org\/#website\",\"url\":\"https:\/\/admin.industriall-union.org\/\",\"name\":\"industriall-union\",\"description\":\"\",\"potentialAction\":[{\"@type\":\"SearchAction\",\"target\":{\"@type\":\"EntryPoint\",\"urlTemplate\":\"https:\/\/admin.industriall-union.org\/?s={search_term_string}\"},\"query-input\":{\"@type\":\"PropertyValueSpecification\",\"valueRequired\":true,\"valueName\":\"search_term_string\"}}],\"inLanguage\":\"es-ES\"}]}<\/script>\n<!-- \/ Yoast SEO Premium plugin. -->","yoast_head_json":{"title":"Federaciones Sindicales Internacionales demandan nuevas prioridades en las Cumbres del G8 y del G20 - industriall-union","robots":{"index":"index","follow":"follow","max-snippet":"max-snippet:-1","max-image-preview":"max-image-preview:large","max-video-preview":"max-video-preview:-1"},"canonical":"https:\/\/admin.industriall-union.org\/es\/archive\/imf\/federaciones-sindicales-internacionales-demandan-nuevas-prioridades-en-las-cumbres-del-g8-y-del-g20\/","og_locale":"es_ES","og_type":"article","og_title":"Federaciones Sindicales Internacionales demandan nuevas prioridades en las Cumbres del G8 y del G20","og_description":"MUNDO: La Declaraci\u00f3n corresponde a un empe\u00f1o conjunto de la Federaci\u00f3n Internacional de Sindicatos de Trabajadores de la Qu\u00edmica, Energ\u00eda, Minas e Industrias Diversas (ICEM), la Federaci\u00f3n Internacional de Trabajadores de las Industrias Metal\u00fargicas (FITIM) y la Federaci\u00f3n Internacional de Trabajadores del Textil, Vestuario y Cuero (FITTVC). Se confeccion\u00f3 con la cooperaci\u00f3n local de cinco [&hellip;]","og_url":"https:\/\/admin.industriall-union.org\/es\/archive\/imf\/federaciones-sindicales-internacionales-demandan-nuevas-prioridades-en-las-cumbres-del-g8-y-del-g20\/","og_site_name":"industriall-union","article_modified_time":"2025-01-31T09:48:49+00:00","twitter_card":"summary_large_image","twitter_misc":{"Est. reading time":"3 minutes"},"schema":{"@context":"https:\/\/schema.org","@graph":[{"@type":"WebPage","@id":"https:\/\/admin.industriall-union.org\/es\/archive\/imf\/federaciones-sindicales-internacionales-demandan-nuevas-prioridades-en-las-cumbres-del-g8-y-del-g20\/","url":"https:\/\/admin.industriall-union.org\/es\/archive\/imf\/federaciones-sindicales-internacionales-demandan-nuevas-prioridades-en-las-cumbres-del-g8-y-del-g20\/","name":"Federaciones Sindicales Internacionales demandan nuevas prioridades en las Cumbres del G8 y del G20 - industriall-union","isPartOf":{"@id":"https:\/\/admin.industriall-union.org\/#website"},"datePublished":"2010-06-21T07:07:00+00:00","dateModified":"2025-01-31T09:48:49+00:00","breadcrumb":{"@id":"https:\/\/admin.industriall-union.org\/es\/archive\/imf\/federaciones-sindicales-internacionales-demandan-nuevas-prioridades-en-las-cumbres-del-g8-y-del-g20\/#breadcrumb"},"inLanguage":"es-ES","potentialAction":[{"@type":"ReadAction","target":["https:\/\/admin.industriall-union.org\/es\/archive\/imf\/federaciones-sindicales-internacionales-demandan-nuevas-prioridades-en-las-cumbres-del-g8-y-del-g20\/"]}]},{"@type":"BreadcrumbList","@id":"https:\/\/admin.industriall-union.org\/es\/archive\/imf\/federaciones-sindicales-internacionales-demandan-nuevas-prioridades-en-las-cumbres-del-g8-y-del-g20\/#breadcrumb","itemListElement":[{"@type":"ListItem","position":1,"name":"Home","item":"https:\/\/admin.industriall-union.org\/"},{"@type":"ListItem","position":2,"name":"Archive Imf","item":"https:\/\/admin.industriall-union.org\/es\/archive\/imf\/"},{"@type":"ListItem","position":3,"name":"Federaciones Sindicales Internacionales demandan nuevas prioridades en las Cumbres del G8 y del G20"}]},{"@type":"WebSite","@id":"https:\/\/admin.industriall-union.org\/#website","url":"https:\/\/admin.industriall-union.org\/","name":"industriall-union","description":"","potentialAction":[{"@type":"SearchAction","target":{"@type":"EntryPoint","urlTemplate":"https:\/\/admin.industriall-union.org\/?s={search_term_string}"},"query-input":{"@type":"PropertyValueSpecification","valueRequired":true,"valueName":"search_term_string"}}],"inLanguage":"es-ES"}]}},"_links":{"self":[{"href":"https:\/\/admin.industriall-union.org\/es\/wp-json\/wp\/v2\/archive_imf\/201463","targetHints":{"allow":["GET"]}}],"collection":[{"href":"https:\/\/admin.industriall-union.org\/es\/wp-json\/wp\/v2\/archive_imf"}],"about":[{"href":"https:\/\/admin.industriall-union.org\/es\/wp-json\/wp\/v2\/types\/archive_imf"}],"wp:attachment":[{"href":"https:\/\/admin.industriall-union.org\/es\/wp-json\/wp\/v2\/media?parent=201463"}],"curies":[{"name":"wp","href":"https:\/\/api.w.org\/{rel}","templated":true}]}}

MUNDO: La Declaración corresponde a un empeño conjunto de la  Federación Internacional de Sindicatos de Trabajadores de la Química,  Energía, Minas e Industrias Diversas (ICEM), la Federación Internacional  de Trabajadores de las Industrias Metalúrgicas (FITIM) y la Federación  Internacional de Trabajadores del Textil, Vestuario y Cuero (FITTVC). Se  confeccionó con la cooperación local de cinco sindicatos que  representan a los trabajadores industriales y de otros sectores de  Canadá:: el Communications, Energy, Paperworkers (CEP) Union of Canada,  el Canadian Auto Workers (CAW), el Power Workers Union (PWU), el United  Steelworkers (USW), y la International Association of Machinists (IAM).<br /><br />La  base de la Declaración es la petición de que los ministros financieros y  políticos instauren un sistema estricto de gobernanza financiera  mundial, impongan una tasa sobre las transacciones financieras  internacionales, y lleguen a un acuerdo ambicioso y vinculante sobre las  emisiones de gases de efecto invernadero en la Cop16 que se celebrará  en México más avanzado el año.<br /><br />En la Declaración de 10 puntos  también se solicitan garantías  de que en los acuerdos sobre comercio e  inversión se respetarán los derechos fundamentales de los trabajadores y  de los sindicatos; que el desarrollo sostenible sea un criterio en los  acuerdos sobre comercio e inversión, y que en los acuerdos comerciales  se incorpore una evaluación completa y la garantía de un bienestar  social, económico y ambiental. Puede encontrarse la Declaración completa  <a href="../files/10062108545979/SustConfDraftDeclaration_1_41.pdf">aquí</a>.<br /><br />&quot;Los  trabajadores industriales tienen una función central que desempeñar en  la creación de un futuro que libere a las personas de la pobreza,  protegiendo al mimo tiempo el medio ambiente&#8221;, se dice en la  Declaración. &#8220;Nuestras tres federaciones internacionales piden que,  mediante la acción industrial y política, los líderes mundiales tomen  medidas decisivas para resolver las crisis económica, social y  ambiental.&#8221;<br /><br />En cuanto a la oportunidad de la Declaración, el  secretario general de la ICEM, Manfred Warda, afirmó: &#8220;La economía  mundial sigue necesitando ayuda vital, y un estímulo continuo. Es  fundamental una nueva regulación de los mercados, avances hacia el pleno  empleo, y una serie de estabilizadores sociales, a fin de reducir la  rápida caída en la pobreza de centenares de millones de personas.&#8221;<br /><br />El  secretario general de la               FITIM, Jyrki Raina, agregó: &quot;La  industria es la locomotora de las economías nacionales, como proveedora  de empleos de buena calidad, con salarios y horas de trabajo decentes, y  el derecho a unirse a un sindicato. Tenemos que limitar el trabajo  precario mediante la legislación y los convenios colectivos, y que  elaborar políticas industriales para el desarrollo sostenible, tanto en  los países industrializados como en desarrollo.<br /><br />La ICEM, con sede  en Ginebra, tiene 467 sindicatos afiliados en 132 países, y representa a  20 millones de trabajadores. La FITIM, también con sede en Ginebra,  representa los intereses colectivos de 25 millones de trabajadores  metalúrgicos de más de 200 sindicatos en 100 países. La FITTVC, con sede  en Bruselas, abarca 217 sindicatos en 110 países.<br /><br />Para más  información, contáctese a: Dick Blin, Encargado de información de la  ICEM, <a href="mailto:dick.blin@icem.org">dick.blin@icem.org</a>, +1 416  361 1000 Ext. 3344, +41 79 734 8994 (móvil); o Alexander Ivanou,  Comunicaciones de la FITIM, <a href="mailto:aivanou@imfmetal.org">aivanou@imfmetal.org</a>,  +41 22 308 5033.

<!-- This site is optimized with the Yoast SEO Premium plugin v27.1 (Yoast SEO v27.1) - https://yoast.com/product/yoast-seo-premium-wordpress/ -->
<title>Federaciones Sindicales Internacionales demandan nuevas prioridades en las Cumbres del G8 y del G20 - industriall-union</title>
<meta name="robots" content="index, follow, max-snippet:-1, max-image-preview:large, max-video-preview:-1" />
<link rel="canonical" href="https://admin.industriall-union.org/es/archive/imf/federaciones-sindicales-internacionales-demandan-nuevas-prioridades-en-las-cumbres-del-g8-y-del-g20/" />
<meta property="og:locale" content="es_ES" />
<meta property="og:type" content="article" />
<meta property="og:title" content="Federaciones Sindicales Internacionales demandan nuevas prioridades en las Cumbres del G8 y del G20" />
<meta property="og:description" content="MUNDO: La Declaración corresponde a un empeño conjunto de la Federación Internacional de Sindicatos de Trabajadores de la Química, Energía, Minas e Industrias Diversas (ICEM), la Federación Internacional de Trabajadores de las Industrias Metalúrgicas (FITIM) y la Federación Internacional de Trabajadores del Textil, Vestuario y Cuero (FITTVC). Se confeccionó con la cooperación local de cinco [&hellip;]" />
<meta property="og:url" content="https://admin.industriall-union.org/es/archive/imf/federaciones-sindicales-internacionales-demandan-nuevas-prioridades-en-las-cumbres-del-g8-y-del-g20/" />
<meta property="og:site_name" content="industriall-union" />
<meta property="article:modified_time" content="2025-01-31T09:48:49+00:00" />
<meta name="twitter:card" content="summary_large_image" />
<meta name="twitter:label1" content="Est. reading time" />
	<meta name="twitter:data1" content="3 minutes" />
<script type="application/ld+json" class="yoast-schema-graph">{"@context":"https://schema.org","@graph":[{"@type":"WebPage","@id":"https://admin.industriall-union.org/es/archive/imf/federaciones-sindicales-internacionales-demandan-nuevas-prioridades-en-las-cumbres-del-g8-y-del-g20/","url":"https://admin.industriall-union.org/es/archive/imf/federaciones-sindicales-internacionales-demandan-nuevas-prioridades-en-las-cumbres-del-g8-y-del-g20/","name":"Federaciones Sindicales Internacionales demandan nuevas prioridades en las Cumbres del G8 y del G20 - industriall-union","isPartOf":{"@id":"https://admin.industriall-union.org/#website"},"datePublished":"2010-06-21T07:07:00+00:00","dateModified":"2025-01-31T09:48:49+00:00","breadcrumb":{"@id":"https://admin.industriall-union.org/es/archive/imf/federaciones-sindicales-internacionales-demandan-nuevas-prioridades-en-las-cumbres-del-g8-y-del-g20/#breadcrumb"},"inLanguage":"es-ES","potentialAction":[{"@type":"ReadAction","target":["https://admin.industriall-union.org/es/archive/imf/federaciones-sindicales-internacionales-demandan-nuevas-prioridades-en-las-cumbres-del-g8-y-del-g20/"]}]},{"@type":"BreadcrumbList","@id":"https://admin.industriall-union.org/es/archive/imf/federaciones-sindicales-internacionales-demandan-nuevas-prioridades-en-las-cumbres-del-g8-y-del-g20/#breadcrumb","itemListElement":[{"@type":"ListItem","position":1,"name":"Home","item":"https://admin.industriall-union.org/"},{"@type":"ListItem","position":2,"name":"Archive Imf","item":"https://admin.industriall-union.org/es/archive/imf/"},{"@type":"ListItem","position":3,"name":"Federaciones Sindicales Internacionales demandan nuevas prioridades en las Cumbres del G8 y del G20"}]},{"@type":"WebSite","@id":"https://admin.industriall-union.org/#website","url":"https://admin.industriall-union.org/","name":"industriall-union","description":"","potentialAction":[{"@type":"SearchAction","target":{"@type":"EntryPoint","urlTemplate":"https://admin.industriall-union.org/?s={search_term_string}"},"query-input":{"@type":"PropertyValueSpecification","valueRequired":true,"valueName":"search_term_string"}}],"inLanguage":"es-ES"}]}</script>
<!-- / Yoast SEO Premium plugin. -->

MUNDO: La Declaración corresponde a un empeño conjunto de la Federación Internacional de Sindicatos de Trabajadores de la Química, Energía, Minas e Industrias Diversas (ICEM), la Federación Internacional de Trabajadores de las Industrias Metalúrgicas (FITIM) y la Federación Internacional de Trabajadores del Textil, Vestuario y Cuero (FITTVC). Se confeccionó con la cooperación local de cinco [&hellip;]
