{"id":201438,"date":"2010-07-02T11:13:00","date_gmt":"2010-07-02T11:13:00","guid":{"rendered":"https:\/\/admin.industriall-union.org\/archive\/imf\/violaciones-de-derechos-de-los-trabajadores-en-ibm-bulgaria\/"},"modified":"2025-01-31T09:48:41","modified_gmt":"2025-01-31T09:48:41","slug":"violaciones-de-derechos-de-los-trabajadores-en-ibm-bulgaria","status":"publish","type":"archive_imf","link":"https:\/\/admin.industriall-union.org\/es\/archive\/imf\/violaciones-de-derechos-de-los-trabajadores-en-ibm-bulgaria\/","title":{"rendered":"Violaciones de derechos de los trabajadores en IBM Bulgaria"},"content":{"rendered":"<!--[if gte mso 9]&gt;     Normal   0   21         false   false   false                             MicrosoftInternetExplorer4   &lt;![endif]--><!--[if gte mso 9]&gt;     &lt;![endif]-->  <!--[if gte mso 10]&gt;   \/* Style Definitions *\/  table.MsoNormalTable \t{mso-style-name:\"Table Normal\"; \tmso-tstyle-rowband-size:0; \tmso-tstyle-colband-size:0; \tmso-style-noshow:yes; \tmso-style-parent:\"\"; \tmso-padding-alt:0cm 5.4pt 0cm 5.4pt; \tmso-para-margin:0cm; \tmso-para-margin-bottom:.0001pt; \tmso-pagination:widow-orphan; \tfont-size:10.0pt; \tfont-family:\"Times New Roman\"; \tmso-ansi-language:#0400; \tmso-fareast-language:#0400; \tmso-bidi-language:#0400;}  &lt;![endif]-->BULGARIA: NFTINI Podkrepa, que representa a los trabajadores en el sector de TI en Bulgaria, ha informado de graves violaciones de la libertad sindical en IBM Bulgaria, donde trabajadores que intervienen en actividades sindicales son objeto de intimidaci\u00f3n y acoso.  <p>La Federaci\u00f3n Internacional de Trabajadores de las Industrias Metal\u00fargicas se une a la Federaci\u00f3n Europea de Metal\u00fargicos y a la red sindical internacional UNI para expresar su preocupaci\u00f3n por la presi\u00f3n que ejerce IBM sobre los trabajadores y los dirigentes sindicales en la compa\u00f1\u00eda, despu\u00e9s de tener conocimiento de la organizaci\u00f3n sindical en la factor\u00eda.<\/p>  <p>La FEM, la FITIM y la UNI apoyan a sus colegas b\u00falgaros y se oponen firmemente a todo tipo de intimidaci\u00f3n de los trabajadores que participan en actividades sindicales.<\/p>  <p>El sindicato creado en IBM Bulgaria cumple la legislaci\u00f3n local y es reconocido por la administraci\u00f3n p\u00fablica apropiada. Por lo tanto, tiene derecho al reconocimiento por la direcci\u00f3n b\u00falgara de IBM.<\/p><p>&quot;Les instamos a que hagan cuanto est\u00e9 en su poder para garantizar el respeto de los derechos de los trabajadores reconocidos internacionalmente a formar sindicatos y a unirse a ellos, y el derecho a negociar colectivamente en IBM en Bulgaria. La FEM, la FITIM y la UNI piden en particular que IBM Bulgaria aplique su propia reglamentaci\u00f3n interna en que se estipula la estricta aplicaci\u00f3n de la legislaci\u00f3n local, seg\u00fan figura en las Directrices empresariales de IBM Corp,&quot; se dice en la carta.<\/p><p>&nbsp;<\/p>","protected":false},"featured_media":0,"template":"","class_list":["post-201438","archive_imf","type-archive_imf","status-publish","hentry"],"acf":[],"yoast_head":"<!-- This site is optimized with the Yoast SEO Premium plugin v27.1 (Yoast SEO v27.1) - https:\/\/yoast.com\/product\/yoast-seo-premium-wordpress\/ -->\n<title>Violaciones de derechos de los trabajadores en IBM Bulgaria - industriall-union<\/title>\n<meta name=\"robots\" content=\"index, follow, max-snippet:-1, max-image-preview:large, max-video-preview:-1\" \/>\n<link rel=\"canonical\" href=\"https:\/\/admin.industriall-union.org\/es\/archive\/imf\/violaciones-de-derechos-de-los-trabajadores-en-ibm-bulgaria\/\" \/>\n<meta property=\"og:locale\" content=\"es_ES\" \/>\n<meta property=\"og:type\" content=\"article\" \/>\n<meta property=\"og:title\" content=\"Violaciones de derechos de los trabajadores en IBM Bulgaria\" \/>\n<meta property=\"og:description\" content=\"BULGARIA: NFTINI Podkrepa, que representa a los trabajadores en el sector de TI en Bulgaria, ha informado de graves violaciones de la libertad sindical en IBM Bulgaria, donde trabajadores que intervienen en actividades sindicales son objeto de intimidaci\u00f3n y acoso. La Federaci\u00f3n Internacional de Trabajadores de las Industrias Metal\u00fargicas se une a la Federaci\u00f3n Europea [&hellip;]\" \/>\n<meta property=\"og:url\" content=\"https:\/\/admin.industriall-union.org\/es\/archive\/imf\/violaciones-de-derechos-de-los-trabajadores-en-ibm-bulgaria\/\" \/>\n<meta property=\"og:site_name\" content=\"industriall-union\" \/>\n<meta property=\"article:modified_time\" content=\"2025-01-31T09:48:41+00:00\" \/>\n<meta name=\"twitter:card\" content=\"summary_large_image\" \/>\n<meta name=\"twitter:label1\" content=\"Est. reading time\" \/>\n\t<meta name=\"twitter:data1\" content=\"1 minute\" \/>\n<script type=\"application\/ld+json\" class=\"yoast-schema-graph\">{\"@context\":\"https:\/\/schema.org\",\"@graph\":[{\"@type\":\"WebPage\",\"@id\":\"https:\/\/admin.industriall-union.org\/es\/archive\/imf\/violaciones-de-derechos-de-los-trabajadores-en-ibm-bulgaria\/\",\"url\":\"https:\/\/admin.industriall-union.org\/es\/archive\/imf\/violaciones-de-derechos-de-los-trabajadores-en-ibm-bulgaria\/\",\"name\":\"Violaciones de derechos de los trabajadores en IBM Bulgaria - industriall-union\",\"isPartOf\":{\"@id\":\"https:\/\/admin.industriall-union.org\/#website\"},\"datePublished\":\"2010-07-02T11:13:00+00:00\",\"dateModified\":\"2025-01-31T09:48:41+00:00\",\"breadcrumb\":{\"@id\":\"https:\/\/admin.industriall-union.org\/es\/archive\/imf\/violaciones-de-derechos-de-los-trabajadores-en-ibm-bulgaria\/#breadcrumb\"},\"inLanguage\":\"es-ES\",\"potentialAction\":[{\"@type\":\"ReadAction\",\"target\":[\"https:\/\/admin.industriall-union.org\/es\/archive\/imf\/violaciones-de-derechos-de-los-trabajadores-en-ibm-bulgaria\/\"]}]},{\"@type\":\"BreadcrumbList\",\"@id\":\"https:\/\/admin.industriall-union.org\/es\/archive\/imf\/violaciones-de-derechos-de-los-trabajadores-en-ibm-bulgaria\/#breadcrumb\",\"itemListElement\":[{\"@type\":\"ListItem\",\"position\":1,\"name\":\"Home\",\"item\":\"https:\/\/admin.industriall-union.org\/\"},{\"@type\":\"ListItem\",\"position\":2,\"name\":\"Archive Imf\",\"item\":\"https:\/\/admin.industriall-union.org\/es\/archive\/imf\/\"},{\"@type\":\"ListItem\",\"position\":3,\"name\":\"Violaciones de derechos de los trabajadores en IBM Bulgaria\"}]},{\"@type\":\"WebSite\",\"@id\":\"https:\/\/admin.industriall-union.org\/#website\",\"url\":\"https:\/\/admin.industriall-union.org\/\",\"name\":\"industriall-union\",\"description\":\"\",\"potentialAction\":[{\"@type\":\"SearchAction\",\"target\":{\"@type\":\"EntryPoint\",\"urlTemplate\":\"https:\/\/admin.industriall-union.org\/?s={search_term_string}\"},\"query-input\":{\"@type\":\"PropertyValueSpecification\",\"valueRequired\":true,\"valueName\":\"search_term_string\"}}],\"inLanguage\":\"es-ES\"}]}<\/script>\n<!-- \/ Yoast SEO Premium plugin. -->","yoast_head_json":{"title":"Violaciones de derechos de los trabajadores en IBM Bulgaria - industriall-union","robots":{"index":"index","follow":"follow","max-snippet":"max-snippet:-1","max-image-preview":"max-image-preview:large","max-video-preview":"max-video-preview:-1"},"canonical":"https:\/\/admin.industriall-union.org\/es\/archive\/imf\/violaciones-de-derechos-de-los-trabajadores-en-ibm-bulgaria\/","og_locale":"es_ES","og_type":"article","og_title":"Violaciones de derechos de los trabajadores en IBM Bulgaria","og_description":"BULGARIA: NFTINI Podkrepa, que representa a los trabajadores en el sector de TI en Bulgaria, ha informado de graves violaciones de la libertad sindical en IBM Bulgaria, donde trabajadores que intervienen en actividades sindicales son objeto de intimidaci\u00f3n y acoso. La Federaci\u00f3n Internacional de Trabajadores de las Industrias Metal\u00fargicas se une a la Federaci\u00f3n Europea [&hellip;]","og_url":"https:\/\/admin.industriall-union.org\/es\/archive\/imf\/violaciones-de-derechos-de-los-trabajadores-en-ibm-bulgaria\/","og_site_name":"industriall-union","article_modified_time":"2025-01-31T09:48:41+00:00","twitter_card":"summary_large_image","twitter_misc":{"Est. reading time":"1 minute"},"schema":{"@context":"https:\/\/schema.org","@graph":[{"@type":"WebPage","@id":"https:\/\/admin.industriall-union.org\/es\/archive\/imf\/violaciones-de-derechos-de-los-trabajadores-en-ibm-bulgaria\/","url":"https:\/\/admin.industriall-union.org\/es\/archive\/imf\/violaciones-de-derechos-de-los-trabajadores-en-ibm-bulgaria\/","name":"Violaciones de derechos de los trabajadores en IBM Bulgaria - industriall-union","isPartOf":{"@id":"https:\/\/admin.industriall-union.org\/#website"},"datePublished":"2010-07-02T11:13:00+00:00","dateModified":"2025-01-31T09:48:41+00:00","breadcrumb":{"@id":"https:\/\/admin.industriall-union.org\/es\/archive\/imf\/violaciones-de-derechos-de-los-trabajadores-en-ibm-bulgaria\/#breadcrumb"},"inLanguage":"es-ES","potentialAction":[{"@type":"ReadAction","target":["https:\/\/admin.industriall-union.org\/es\/archive\/imf\/violaciones-de-derechos-de-los-trabajadores-en-ibm-bulgaria\/"]}]},{"@type":"BreadcrumbList","@id":"https:\/\/admin.industriall-union.org\/es\/archive\/imf\/violaciones-de-derechos-de-los-trabajadores-en-ibm-bulgaria\/#breadcrumb","itemListElement":[{"@type":"ListItem","position":1,"name":"Home","item":"https:\/\/admin.industriall-union.org\/"},{"@type":"ListItem","position":2,"name":"Archive Imf","item":"https:\/\/admin.industriall-union.org\/es\/archive\/imf\/"},{"@type":"ListItem","position":3,"name":"Violaciones de derechos de los trabajadores en IBM Bulgaria"}]},{"@type":"WebSite","@id":"https:\/\/admin.industriall-union.org\/#website","url":"https:\/\/admin.industriall-union.org\/","name":"industriall-union","description":"","potentialAction":[{"@type":"SearchAction","target":{"@type":"EntryPoint","urlTemplate":"https:\/\/admin.industriall-union.org\/?s={search_term_string}"},"query-input":{"@type":"PropertyValueSpecification","valueRequired":true,"valueName":"search_term_string"}}],"inLanguage":"es-ES"}]}},"_links":{"self":[{"href":"https:\/\/admin.industriall-union.org\/es\/wp-json\/wp\/v2\/archive_imf\/201438","targetHints":{"allow":["GET"]}}],"collection":[{"href":"https:\/\/admin.industriall-union.org\/es\/wp-json\/wp\/v2\/archive_imf"}],"about":[{"href":"https:\/\/admin.industriall-union.org\/es\/wp-json\/wp\/v2\/types\/archive_imf"}],"wp:attachment":[{"href":"https:\/\/admin.industriall-union.org\/es\/wp-json\/wp\/v2\/media?parent=201438"}],"curies":[{"name":"wp","href":"https:\/\/api.w.org\/{rel}","templated":true}]}}

<!--[if gte mso 9]&gt;     Normal   0   21         false   false   false                             MicrosoftInternetExplorer4   &lt;![endif]--><!--[if gte mso 9]&gt;     &lt;![endif]-->  <!--[if gte mso 10]&gt;   /* Style Definitions */  table.MsoNormalTable 	{mso-style-name:"Table Normal"; 	mso-tstyle-rowband-size:0; 	mso-tstyle-colband-size:0; 	mso-style-noshow:yes; 	mso-style-parent:""; 	mso-padding-alt:0cm 5.4pt 0cm 5.4pt; 	mso-para-margin:0cm; 	mso-para-margin-bottom:.0001pt; 	mso-pagination:widow-orphan; 	font-size:10.0pt; 	font-family:"Times New Roman"; 	mso-ansi-language:#0400; 	mso-fareast-language:#0400; 	mso-bidi-language:#0400;}  &lt;![endif]-->BULGARIA: NFTINI Podkrepa, que representa a los trabajadores en el sector de TI en Bulgaria, ha informado de graves violaciones de la libertad sindical en IBM Bulgaria, donde trabajadores que intervienen en actividades sindicales son objeto de intimidación y acoso.  <p>La Federación Internacional de Trabajadores de las Industrias Metalúrgicas se une a la Federación Europea de Metalúrgicos y a la red sindical internacional UNI para expresar su preocupación por la presión que ejerce IBM sobre los trabajadores y los dirigentes sindicales en la compañía, después de tener conocimiento de la organización sindical en la factoría.</p>  <p>La FEM, la FITIM y la UNI apoyan a sus colegas búlgaros y se oponen firmemente a todo tipo de intimidación de los trabajadores que participan en actividades sindicales.</p>  <p>El sindicato creado en IBM Bulgaria cumple la legislación local y es reconocido por la administración pública apropiada. Por lo tanto, tiene derecho al reconocimiento por la dirección búlgara de IBM.</p><p>&quot;Les instamos a que hagan cuanto esté en su poder para garantizar el respeto de los derechos de los trabajadores reconocidos internacionalmente a formar sindicatos y a unirse a ellos, y el derecho a negociar colectivamente en IBM en Bulgaria. La FEM, la FITIM y la UNI piden en particular que IBM Bulgaria aplique su propia reglamentación interna en que se estipula la estricta aplicación de la legislación local, según figura en las Directrices empresariales de IBM Corp,&quot; se dice en la carta.</p><p>&nbsp;</p>

<!-- This site is optimized with the Yoast SEO Premium plugin v27.1 (Yoast SEO v27.1) - https://yoast.com/product/yoast-seo-premium-wordpress/ -->
<title>Violaciones de derechos de los trabajadores en IBM Bulgaria - industriall-union</title>
<meta name="robots" content="index, follow, max-snippet:-1, max-image-preview:large, max-video-preview:-1" />
<link rel="canonical" href="https://admin.industriall-union.org/es/archive/imf/violaciones-de-derechos-de-los-trabajadores-en-ibm-bulgaria/" />
<meta property="og:locale" content="es_ES" />
<meta property="og:type" content="article" />
<meta property="og:title" content="Violaciones de derechos de los trabajadores en IBM Bulgaria" />
<meta property="og:description" content="BULGARIA: NFTINI Podkrepa, que representa a los trabajadores en el sector de TI en Bulgaria, ha informado de graves violaciones de la libertad sindical en IBM Bulgaria, donde trabajadores que intervienen en actividades sindicales son objeto de intimidación y acoso. La Federación Internacional de Trabajadores de las Industrias Metalúrgicas se une a la Federación Europea [&hellip;]" />
<meta property="og:url" content="https://admin.industriall-union.org/es/archive/imf/violaciones-de-derechos-de-los-trabajadores-en-ibm-bulgaria/" />
<meta property="og:site_name" content="industriall-union" />
<meta property="article:modified_time" content="2025-01-31T09:48:41+00:00" />
<meta name="twitter:card" content="summary_large_image" />
<meta name="twitter:label1" content="Est. reading time" />
	<meta name="twitter:data1" content="1 minute" />
<script type="application/ld+json" class="yoast-schema-graph">{"@context":"https://schema.org","@graph":[{"@type":"WebPage","@id":"https://admin.industriall-union.org/es/archive/imf/violaciones-de-derechos-de-los-trabajadores-en-ibm-bulgaria/","url":"https://admin.industriall-union.org/es/archive/imf/violaciones-de-derechos-de-los-trabajadores-en-ibm-bulgaria/","name":"Violaciones de derechos de los trabajadores en IBM Bulgaria - industriall-union","isPartOf":{"@id":"https://admin.industriall-union.org/#website"},"datePublished":"2010-07-02T11:13:00+00:00","dateModified":"2025-01-31T09:48:41+00:00","breadcrumb":{"@id":"https://admin.industriall-union.org/es/archive/imf/violaciones-de-derechos-de-los-trabajadores-en-ibm-bulgaria/#breadcrumb"},"inLanguage":"es-ES","potentialAction":[{"@type":"ReadAction","target":["https://admin.industriall-union.org/es/archive/imf/violaciones-de-derechos-de-los-trabajadores-en-ibm-bulgaria/"]}]},{"@type":"BreadcrumbList","@id":"https://admin.industriall-union.org/es/archive/imf/violaciones-de-derechos-de-los-trabajadores-en-ibm-bulgaria/#breadcrumb","itemListElement":[{"@type":"ListItem","position":1,"name":"Home","item":"https://admin.industriall-union.org/"},{"@type":"ListItem","position":2,"name":"Archive Imf","item":"https://admin.industriall-union.org/es/archive/imf/"},{"@type":"ListItem","position":3,"name":"Violaciones de derechos de los trabajadores en IBM Bulgaria"}]},{"@type":"WebSite","@id":"https://admin.industriall-union.org/#website","url":"https://admin.industriall-union.org/","name":"industriall-union","description":"","potentialAction":[{"@type":"SearchAction","target":{"@type":"EntryPoint","urlTemplate":"https://admin.industriall-union.org/?s={search_term_string}"},"query-input":{"@type":"PropertyValueSpecification","valueRequired":true,"valueName":"search_term_string"}}],"inLanguage":"es-ES"}]}</script>
<!-- / Yoast SEO Premium plugin. -->

BULGARIA: NFTINI Podkrepa, que representa a los trabajadores en el sector de TI en Bulgaria, ha informado de graves violaciones de la libertad sindical en IBM Bulgaria, donde trabajadores que intervienen en actividades sindicales son objeto de intimidación y acoso. La Federación Internacional de Trabajadores de las Industrias Metalúrgicas se une a la Federación Europea [&hellip;]
