{"id":201358,"date":"2010-07-29T15:00:56","date_gmt":"2010-07-29T15:00:56","guid":{"rendered":"https:\/\/admin.industriall-union.org\/archive\/imf\/decision-del-tribunal-supremo-coreano-a-favor-de-los-trabajadores-precarios\/"},"modified":"2025-01-31T09:44:11","modified_gmt":"2025-01-31T09:44:11","slug":"decision-del-tribunal-supremo-coreano-a-favor-de-los-trabajadores-precarios","status":"publish","type":"archive_imf","link":"https:\/\/admin.industriall-union.org\/es\/archive\/imf\/decision-del-tribunal-supremo-coreano-a-favor-de-los-trabajadores-precarios\/","title":{"rendered":"Decisi\u00f3n del Tribunal Supremo coreano a favor de los trabajadores precarios"},"content":{"rendered":"<!--[if gte mso 9]&gt;     Normal   0   21         false   false   false                             MicrosoftInternetExplorer4   &lt;![endif]--><!--[if gte mso 9]&gt;     &lt;![endif]-->  <!--[if gte mso 10]&gt;   \/* Style Definitions *\/  table.MsoNormalTable \t{mso-style-name:\"Table Normal\"; \tmso-tstyle-rowband-size:0; \tmso-tstyle-colband-size:0; \tmso-style-noshow:yes; \tmso-style-parent:\"\"; \tmso-padding-alt:0cm 5.4pt 0cm 5.4pt; \tmso-para-margin:0cm; \tmso-para-margin-bottom:.0001pt; \tmso-pagination:widow-orphan; \tfont-size:10.0pt; \tfont-family:\"Times New Roman\"; \tmso-ansi-language:#0400; \tmso-fareast-language:#0400; \tmso-bidi-language:#0400;}  &lt;![endif]-->  <p>COREA DEL SUR: En lo que representa una importante victoria para los trabajadores precarios y el Sindicato Coreano de Trabajadores Metal\u00fargicos, el Tribunal Supremo del pa\u00eds fall\u00f3 el 22 de julio a favor del Sr. Choi, trabajador de Hyundai Motors, que fue despedido en febrero de 2005 por actividades sindicales, y que trabajaba para un subcontratista interno en la factor\u00eda de Ulsan de Hyundai desde 2002.<\/p>  <p>El Tribunal Supremo determin\u00f3 que Choi no era un trabajador subcontratado, sino cedido ilegalmente, que ha de considerarse trabajador empleado directamente por Hyundai desde el d\u00eda siguiente a llevar m\u00e1s de dos a\u00f1os consecutivos en la planta.<\/p>  <p>Choi present\u00f3 una solicitud de reparaci\u00f3n a la Comisi\u00f3n de Relaciones Laborales (CRL) y una demanda administrativa cuando fue despedido en 2005. Insisti\u00f3 en que se trataba de un despido injusto y en que el verdadero empleador era Hyundai Motors y no la compa\u00f1\u00eda subcontratante. Sin embargo, la CRL y los tribunales inferiores se declararon contrarios a su argumento de que la subcontrataci\u00f3n interna es en realidad cesi\u00f3n de trabajo. Adem\u00e1s, los tribunales inferiores decidieron que la Ley de cesi\u00f3n de trabajadores no se aplicaba a Choi, puesto que la cesi\u00f3n de trabajo estaba prohibida en la industria de fabricaci\u00f3n en 2005.<\/p>  <p>Sin embargo, el Tribunal Supremo dictamin\u00f3 que era un trabajador cedido ilegalmente a Hyundai Motors y no un trabajador subcontratado, puesto que depend\u00eda de la gesti\u00f3n directa de recursos humanos de Hyundai Motors, tras haber sido empleado por una de sus compa\u00f1\u00edas subcontratantes. Adem\u00e1s, tambi\u00e9n dictamin\u00f3 que a la cesi\u00f3n ilegal de trabajo se le aplica la cl\u00e1usula del supuesto &quot;empleo directo&quot; con arreglo a la finalidad de la Ley de cesi\u00f3n de trabajadores. Por lo tanto, el Tribunal Supremo devolvi\u00f3 el caso al tribunal inferior para que vuelva a considerar la demanda presentada por Choi sobre la base del fallo del Tribunal Supremo.<\/p>  <p>Esta decisi\u00f3n sobre el estatus de un trabajador cedido ilegalmente tiene amplias ramificaciones en Corea del Sur, donde las compa\u00f1\u00edas del sector manufacturero utilizan habitualmente a subcontratistas internos para crear un falso empleador. En estos casos de cesi\u00f3n ilegal, los denominados trabajadores &quot;subcontratados&quot; o irregulares trabajan en las instalaciones del empleador principal, junto a los empleados permanentes, regulares, del empleador principal, utilizando materiales fungibles, herramientas y maquinaria pertenecientes al empleador principal, bajo las instrucciones de ese empleador y la subordinaci\u00f3n a \u00e9l, para fabricar productos vendidos por el empleador principal, pero pagados menos de un 50 o un 60 por ciento del sueldo de los empleados directamente.<\/p>  <p>En una conferencia de prensa celebrada el 26 de julio, la Federaci\u00f3n Coreana de Trabajadores Metal\u00fargicos acogi\u00f3 con satisfacci\u00f3n la decisi\u00f3n del tribunal y anunci\u00f3: &quot;El fallo pone freno a la discriminaci\u00f3n y la extorsi\u00f3n por los empleadores de los trabajadores irregulares.&quot;<\/p>  <p>El Sindicato Coreano de Trabajadores Metal\u00fargicos tambi\u00e9n declar\u00f3 que pedir\u00e1 a todos los empleadores que tienen en la actualidad trabajadores cedidos ilegalmente, incluida Hyundai Motors, que se celebre una ronda especial de negociaci\u00f3n colectiva, y proceder\u00e1 a una serie de demandas colectivas en defensa de los derechos de otros trabajadores despedidos ilegalmente.<\/p>  <p>El uso de relaciones de trabajo encubiertas en Hyundai y en otras partes es tambi\u00e9n objeto de una queja ante el Comit\u00e9 de Libertad Sindical de la Organizaci\u00f3n Internacional del Trabajo, presentada en 2006 por el Sindicato Coreano de Trabajadores Metal\u00fargicos, la Federaci\u00f3n Coreana de Sindicatos y la FITIM.<\/p>  <p>En la queja se acusa al Gobierno coreano de falta de protecci\u00f3n y de facilitar la violaci\u00f3n de los derechos de los trabajadores irregulares a la libertad sindical, la negociaci\u00f3n colectiva y la acci\u00f3n colectiva, en incumplimiento de los Convenios n\u00fams. 87 y 98 de la OIT. En la <a href=\"..\/index.cfm?id=622&amp;l=2&amp;cid=17915\" target=\"_blank\">queja<\/a>, caso n\u00famero 2602, se detalla una serie de violaciones en las plantas de Hyundai Motors en Ulsan, Asan y Jeonju y en Hynix\/Magnachip, Kiryung Electronics y KM&amp;I. <\/p>  <p>En sus informes sobre la queja, hechos p\u00fablicos en <a href=\"..\/index.cfm?id=622&amp;l=2&amp;cid=21531\">noviembre de 2009<\/a> y <a href=\"..\/index.cfm?id=622&amp;l=2&amp;cid=17916\">julio de 2008<\/a>, la OIT pide al Gobierno coreano que aplique una verdadera reforma de la legislaci\u00f3n laboral para suprimir los obst\u00e1culos de los trabajadores precarios que tratan de unirse a un sindicato o de negociar colectivamente.<\/p>  <p>La FITIM seguir\u00e1 apoyando al sindicato ejerciendo presi\u00f3n sobre el Gobierno coreano respecto a las cuestiones pendientes de la reforma de la legislaci\u00f3n laboral y para poner las leyes laborales del pa\u00eds en conformidad con las normas internacionales.<\/p>    ","protected":false},"featured_media":0,"template":"","class_list":["post-201358","archive_imf","type-archive_imf","status-publish","hentry"],"acf":[],"yoast_head":"<!-- This site is optimized with the Yoast SEO Premium plugin v27.1 (Yoast SEO v27.1) - https:\/\/yoast.com\/product\/yoast-seo-premium-wordpress\/ -->\n<title>Decisi\u00f3n del Tribunal Supremo coreano a favor de los trabajadores precarios - industriall-union<\/title>\n<meta name=\"robots\" content=\"index, follow, max-snippet:-1, max-image-preview:large, max-video-preview:-1\" \/>\n<link rel=\"canonical\" href=\"https:\/\/admin.industriall-union.org\/es\/archive\/imf\/decision-del-tribunal-supremo-coreano-a-favor-de-los-trabajadores-precarios\/\" \/>\n<meta property=\"og:locale\" content=\"es_ES\" \/>\n<meta property=\"og:type\" content=\"article\" \/>\n<meta property=\"og:title\" content=\"Decisi\u00f3n del Tribunal Supremo coreano a favor de los trabajadores precarios\" \/>\n<meta property=\"og:description\" content=\"COREA DEL SUR: En lo que representa una importante victoria para los trabajadores precarios y el Sindicato Coreano de Trabajadores Metal\u00fargicos, el Tribunal Supremo del pa\u00eds fall\u00f3 el 22 de julio a favor del Sr. Choi, trabajador de Hyundai Motors, que fue despedido en febrero de 2005 por actividades sindicales, y que trabajaba para un [&hellip;]\" \/>\n<meta property=\"og:url\" content=\"https:\/\/admin.industriall-union.org\/es\/archive\/imf\/decision-del-tribunal-supremo-coreano-a-favor-de-los-trabajadores-precarios\/\" \/>\n<meta property=\"og:site_name\" content=\"industriall-union\" \/>\n<meta property=\"article:modified_time\" content=\"2025-01-31T09:44:11+00:00\" \/>\n<meta name=\"twitter:card\" content=\"summary_large_image\" \/>\n<meta name=\"twitter:label1\" content=\"Est. reading time\" \/>\n\t<meta name=\"twitter:data1\" content=\"4 minutes\" \/>\n<script type=\"application\/ld+json\" class=\"yoast-schema-graph\">{\"@context\":\"https:\/\/schema.org\",\"@graph\":[{\"@type\":\"WebPage\",\"@id\":\"https:\/\/admin.industriall-union.org\/es\/archive\/imf\/decision-del-tribunal-supremo-coreano-a-favor-de-los-trabajadores-precarios\/\",\"url\":\"https:\/\/admin.industriall-union.org\/es\/archive\/imf\/decision-del-tribunal-supremo-coreano-a-favor-de-los-trabajadores-precarios\/\",\"name\":\"Decisi\u00f3n del Tribunal Supremo coreano a favor de los trabajadores precarios - industriall-union\",\"isPartOf\":{\"@id\":\"https:\/\/admin.industriall-union.org\/ru\/#website\"},\"datePublished\":\"2010-07-29T15:00:56+00:00\",\"dateModified\":\"2025-01-31T09:44:11+00:00\",\"breadcrumb\":{\"@id\":\"https:\/\/admin.industriall-union.org\/es\/archive\/imf\/decision-del-tribunal-supremo-coreano-a-favor-de-los-trabajadores-precarios\/#breadcrumb\"},\"inLanguage\":\"es-ES\",\"potentialAction\":[{\"@type\":\"ReadAction\",\"target\":[\"https:\/\/admin.industriall-union.org\/es\/archive\/imf\/decision-del-tribunal-supremo-coreano-a-favor-de-los-trabajadores-precarios\/\"]}]},{\"@type\":\"BreadcrumbList\",\"@id\":\"https:\/\/admin.industriall-union.org\/es\/archive\/imf\/decision-del-tribunal-supremo-coreano-a-favor-de-los-trabajadores-precarios\/#breadcrumb\",\"itemListElement\":[{\"@type\":\"ListItem\",\"position\":1,\"name\":\"Home\",\"item\":\"https:\/\/admin.industriall-union.org\/ru\/\"},{\"@type\":\"ListItem\",\"position\":2,\"name\":\"Archive Imf\",\"item\":\"https:\/\/admin.industriall-union.org\/fr\/archive\/imf\/\"},{\"@type\":\"ListItem\",\"position\":3,\"name\":\"Decisi\u00f3n del Tribunal Supremo coreano a favor de los trabajadores precarios\"}]},{\"@type\":\"WebSite\",\"@id\":\"https:\/\/admin.industriall-union.org\/ru\/#website\",\"url\":\"https:\/\/admin.industriall-union.org\/ru\/\",\"name\":\"industriall-union\",\"description\":\"\",\"potentialAction\":[{\"@type\":\"SearchAction\",\"target\":{\"@type\":\"EntryPoint\",\"urlTemplate\":\"https:\/\/admin.industriall-union.org\/ru\/?s={search_term_string}\"},\"query-input\":{\"@type\":\"PropertyValueSpecification\",\"valueRequired\":true,\"valueName\":\"search_term_string\"}}],\"inLanguage\":\"es-ES\"}]}<\/script>\n<!-- \/ Yoast SEO Premium plugin. -->","yoast_head_json":{"title":"Decisi\u00f3n del Tribunal Supremo coreano a favor de los trabajadores precarios - industriall-union","robots":{"index":"index","follow":"follow","max-snippet":"max-snippet:-1","max-image-preview":"max-image-preview:large","max-video-preview":"max-video-preview:-1"},"canonical":"https:\/\/admin.industriall-union.org\/es\/archive\/imf\/decision-del-tribunal-supremo-coreano-a-favor-de-los-trabajadores-precarios\/","og_locale":"es_ES","og_type":"article","og_title":"Decisi\u00f3n del Tribunal Supremo coreano a favor de los trabajadores precarios","og_description":"COREA DEL SUR: En lo que representa una importante victoria para los trabajadores precarios y el Sindicato Coreano de Trabajadores Metal\u00fargicos, el Tribunal Supremo del pa\u00eds fall\u00f3 el 22 de julio a favor del Sr. Choi, trabajador de Hyundai Motors, que fue despedido en febrero de 2005 por actividades sindicales, y que trabajaba para un [&hellip;]","og_url":"https:\/\/admin.industriall-union.org\/es\/archive\/imf\/decision-del-tribunal-supremo-coreano-a-favor-de-los-trabajadores-precarios\/","og_site_name":"industriall-union","article_modified_time":"2025-01-31T09:44:11+00:00","twitter_card":"summary_large_image","twitter_misc":{"Est. reading time":"4 minutes"},"schema":{"@context":"https:\/\/schema.org","@graph":[{"@type":"WebPage","@id":"https:\/\/admin.industriall-union.org\/es\/archive\/imf\/decision-del-tribunal-supremo-coreano-a-favor-de-los-trabajadores-precarios\/","url":"https:\/\/admin.industriall-union.org\/es\/archive\/imf\/decision-del-tribunal-supremo-coreano-a-favor-de-los-trabajadores-precarios\/","name":"Decisi\u00f3n del Tribunal Supremo coreano a favor de los trabajadores precarios - industriall-union","isPartOf":{"@id":"https:\/\/admin.industriall-union.org\/ru\/#website"},"datePublished":"2010-07-29T15:00:56+00:00","dateModified":"2025-01-31T09:44:11+00:00","breadcrumb":{"@id":"https:\/\/admin.industriall-union.org\/es\/archive\/imf\/decision-del-tribunal-supremo-coreano-a-favor-de-los-trabajadores-precarios\/#breadcrumb"},"inLanguage":"es-ES","potentialAction":[{"@type":"ReadAction","target":["https:\/\/admin.industriall-union.org\/es\/archive\/imf\/decision-del-tribunal-supremo-coreano-a-favor-de-los-trabajadores-precarios\/"]}]},{"@type":"BreadcrumbList","@id":"https:\/\/admin.industriall-union.org\/es\/archive\/imf\/decision-del-tribunal-supremo-coreano-a-favor-de-los-trabajadores-precarios\/#breadcrumb","itemListElement":[{"@type":"ListItem","position":1,"name":"Home","item":"https:\/\/admin.industriall-union.org\/ru\/"},{"@type":"ListItem","position":2,"name":"Archive Imf","item":"https:\/\/admin.industriall-union.org\/fr\/archive\/imf\/"},{"@type":"ListItem","position":3,"name":"Decisi\u00f3n del Tribunal Supremo coreano a favor de los trabajadores precarios"}]},{"@type":"WebSite","@id":"https:\/\/admin.industriall-union.org\/ru\/#website","url":"https:\/\/admin.industriall-union.org\/ru\/","name":"industriall-union","description":"","potentialAction":[{"@type":"SearchAction","target":{"@type":"EntryPoint","urlTemplate":"https:\/\/admin.industriall-union.org\/ru\/?s={search_term_string}"},"query-input":{"@type":"PropertyValueSpecification","valueRequired":true,"valueName":"search_term_string"}}],"inLanguage":"es-ES"}]}},"_links":{"self":[{"href":"https:\/\/admin.industriall-union.org\/es\/wp-json\/wp\/v2\/archive_imf\/201358","targetHints":{"allow":["GET"]}}],"collection":[{"href":"https:\/\/admin.industriall-union.org\/es\/wp-json\/wp\/v2\/archive_imf"}],"about":[{"href":"https:\/\/admin.industriall-union.org\/es\/wp-json\/wp\/v2\/types\/archive_imf"}],"wp:attachment":[{"href":"https:\/\/admin.industriall-union.org\/es\/wp-json\/wp\/v2\/media?parent=201358"}],"curies":[{"name":"wp","href":"https:\/\/api.w.org\/{rel}","templated":true}]}}

Decisión del Tribunal Supremo coreano a favor de los trabajadores precarios

<!--[if gte mso 9]&gt;     Normal   0   21         false   false   false                             MicrosoftInternetExplorer4   &lt;![endif]--><!--[if gte mso 9]&gt;     &lt;![endif]-->  <!--[if gte mso 10]&gt;   /* Style Definitions */  table.MsoNormalTable 	{mso-style-name:"Table Normal"; 	mso-tstyle-rowband-size:0; 	mso-tstyle-colband-size:0; 	mso-style-noshow:yes; 	mso-style-parent:""; 	mso-padding-alt:0cm 5.4pt 0cm 5.4pt; 	mso-para-margin:0cm; 	mso-para-margin-bottom:.0001pt; 	mso-pagination:widow-orphan; 	font-size:10.0pt; 	font-family:"Times New Roman"; 	mso-ansi-language:#0400; 	mso-fareast-language:#0400; 	mso-bidi-language:#0400;}  &lt;![endif]-->  <p>COREA DEL SUR: En lo que representa una importante victoria para los trabajadores precarios y el Sindicato Coreano de Trabajadores Metalúrgicos, el Tribunal Supremo del país falló el 22 de julio a favor del Sr. Choi, trabajador de Hyundai Motors, que fue despedido en febrero de 2005 por actividades sindicales, y que trabajaba para un subcontratista interno en la factoría de Ulsan de Hyundai desde 2002.</p>  <p>El Tribunal Supremo determinó que Choi no era un trabajador subcontratado, sino cedido ilegalmente, que ha de considerarse trabajador empleado directamente por Hyundai desde el día siguiente a llevar más de dos años consecutivos en la planta.</p>  <p>Choi presentó una solicitud de reparación a la Comisión de Relaciones Laborales (CRL) y una demanda administrativa cuando fue despedido en 2005. Insistió en que se trataba de un despido injusto y en que el verdadero empleador era Hyundai Motors y no la compañía subcontratante. Sin embargo, la CRL y los tribunales inferiores se declararon contrarios a su argumento de que la subcontratación interna es en realidad cesión de trabajo. Además, los tribunales inferiores decidieron que la Ley de cesión de trabajadores no se aplicaba a Choi, puesto que la cesión de trabajo estaba prohibida en la industria de fabricación en 2005.</p>  <p>Sin embargo, el Tribunal Supremo dictaminó que era un trabajador cedido ilegalmente a Hyundai Motors y no un trabajador subcontratado, puesto que dependía de la gestión directa de recursos humanos de Hyundai Motors, tras haber sido empleado por una de sus compañías subcontratantes. Además, también dictaminó que a la cesión ilegal de trabajo se le aplica la cláusula del supuesto &quot;empleo directo&quot; con arreglo a la finalidad de la Ley de cesión de trabajadores. Por lo tanto, el Tribunal Supremo devolvió el caso al tribunal inferior para que vuelva a considerar la demanda presentada por Choi sobre la base del fallo del Tribunal Supremo.</p>  <p>Esta decisión sobre el estatus de un trabajador cedido ilegalmente tiene amplias ramificaciones en Corea del Sur, donde las compañías del sector manufacturero utilizan habitualmente a subcontratistas internos para crear un falso empleador. En estos casos de cesión ilegal, los denominados trabajadores &quot;subcontratados&quot; o irregulares trabajan en las instalaciones del empleador principal, junto a los empleados permanentes, regulares, del empleador principal, utilizando materiales fungibles, herramientas y maquinaria pertenecientes al empleador principal, bajo las instrucciones de ese empleador y la subordinación a él, para fabricar productos vendidos por el empleador principal, pero pagados menos de un 50 o un 60 por ciento del sueldo de los empleados directamente.</p>  <p>En una conferencia de prensa celebrada el 26 de julio, la Federación Coreana de Trabajadores Metalúrgicos acogió con satisfacción la decisión del tribunal y anunció: &quot;El fallo pone freno a la discriminación y la extorsión por los empleadores de los trabajadores irregulares.&quot;</p>  <p>El Sindicato Coreano de Trabajadores Metalúrgicos también declaró que pedirá a todos los empleadores que tienen en la actualidad trabajadores cedidos ilegalmente, incluida Hyundai Motors, que se celebre una ronda especial de negociación colectiva, y procederá a una serie de demandas colectivas en defensa de los derechos de otros trabajadores despedidos ilegalmente.</p>  <p>El uso de relaciones de trabajo encubiertas en Hyundai y en otras partes es también objeto de una queja ante el Comité de Libertad Sindical de la Organización Internacional del Trabajo, presentada en 2006 por el Sindicato Coreano de Trabajadores Metalúrgicos, la Federación Coreana de Sindicatos y la FITIM.</p>  <p>En la queja se acusa al Gobierno coreano de falta de protección y de facilitar la violación de los derechos de los trabajadores irregulares a la libertad sindical, la negociación colectiva y la acción colectiva, en incumplimiento de los Convenios núms. 87 y 98 de la OIT. En la <a href="../index.cfm?id=622&amp;l=2&amp;cid=17915" target="_blank">queja</a>, caso número 2602, se detalla una serie de violaciones en las plantas de Hyundai Motors en Ulsan, Asan y Jeonju y en Hynix/Magnachip, Kiryung Electronics y KM&amp;I. </p>  <p>En sus informes sobre la queja, hechos públicos en <a href="../index.cfm?id=622&amp;l=2&amp;cid=21531">noviembre de 2009</a> y <a href="../index.cfm?id=622&amp;l=2&amp;cid=17916">julio de 2008</a>, la OIT pide al Gobierno coreano que aplique una verdadera reforma de la legislación laboral para suprimir los obstáculos de los trabajadores precarios que tratan de unirse a un sindicato o de negociar colectivamente.</p>  <p>La FITIM seguirá apoyando al sindicato ejerciendo presión sobre el Gobierno coreano respecto a las cuestiones pendientes de la reforma de la legislación laboral y para poner las leyes laborales del país en conformidad con las normas internacionales.</p>

<!-- This site is optimized with the Yoast SEO Premium plugin v27.1 (Yoast SEO v27.1) - https://yoast.com/product/yoast-seo-premium-wordpress/ -->
<title>Decisión del Tribunal Supremo coreano a favor de los trabajadores precarios - industriall-union</title>
<meta name="robots" content="index, follow, max-snippet:-1, max-image-preview:large, max-video-preview:-1" />
<link rel="canonical" href="https://admin.industriall-union.org/es/archive/imf/decision-del-tribunal-supremo-coreano-a-favor-de-los-trabajadores-precarios/" />
<meta property="og:locale" content="es_ES" />
<meta property="og:type" content="article" />
<meta property="og:title" content="Decisión del Tribunal Supremo coreano a favor de los trabajadores precarios" />
<meta property="og:description" content="COREA DEL SUR: En lo que representa una importante victoria para los trabajadores precarios y el Sindicato Coreano de Trabajadores Metalúrgicos, el Tribunal Supremo del país falló el 22 de julio a favor del Sr. Choi, trabajador de Hyundai Motors, que fue despedido en febrero de 2005 por actividades sindicales, y que trabajaba para un [&hellip;]" />
<meta property="og:url" content="https://admin.industriall-union.org/es/archive/imf/decision-del-tribunal-supremo-coreano-a-favor-de-los-trabajadores-precarios/" />
<meta property="og:site_name" content="industriall-union" />
<meta property="article:modified_time" content="2025-01-31T09:44:11+00:00" />
<meta name="twitter:card" content="summary_large_image" />
<meta name="twitter:label1" content="Est. reading time" />
	<meta name="twitter:data1" content="4 minutes" />
<script type="application/ld+json" class="yoast-schema-graph">{"@context":"https://schema.org","@graph":[{"@type":"WebPage","@id":"https://admin.industriall-union.org/es/archive/imf/decision-del-tribunal-supremo-coreano-a-favor-de-los-trabajadores-precarios/","url":"https://admin.industriall-union.org/es/archive/imf/decision-del-tribunal-supremo-coreano-a-favor-de-los-trabajadores-precarios/","name":"Decisión del Tribunal Supremo coreano a favor de los trabajadores precarios - industriall-union","isPartOf":{"@id":"https://admin.industriall-union.org/ru/#website"},"datePublished":"2010-07-29T15:00:56+00:00","dateModified":"2025-01-31T09:44:11+00:00","breadcrumb":{"@id":"https://admin.industriall-union.org/es/archive/imf/decision-del-tribunal-supremo-coreano-a-favor-de-los-trabajadores-precarios/#breadcrumb"},"inLanguage":"es-ES","potentialAction":[{"@type":"ReadAction","target":["https://admin.industriall-union.org/es/archive/imf/decision-del-tribunal-supremo-coreano-a-favor-de-los-trabajadores-precarios/"]}]},{"@type":"BreadcrumbList","@id":"https://admin.industriall-union.org/es/archive/imf/decision-del-tribunal-supremo-coreano-a-favor-de-los-trabajadores-precarios/#breadcrumb","itemListElement":[{"@type":"ListItem","position":1,"name":"Home","item":"https://admin.industriall-union.org/ru/"},{"@type":"ListItem","position":2,"name":"Archive Imf","item":"https://admin.industriall-union.org/fr/archive/imf/"},{"@type":"ListItem","position":3,"name":"Decisión del Tribunal Supremo coreano a favor de los trabajadores precarios"}]},{"@type":"WebSite","@id":"https://admin.industriall-union.org/ru/#website","url":"https://admin.industriall-union.org/ru/","name":"industriall-union","description":"","potentialAction":[{"@type":"SearchAction","target":{"@type":"EntryPoint","urlTemplate":"https://admin.industriall-union.org/ru/?s={search_term_string}"},"query-input":{"@type":"PropertyValueSpecification","valueRequired":true,"valueName":"search_term_string"}}],"inLanguage":"es-ES"}]}</script>
<!-- / Yoast SEO Premium plugin. -->

Decisión del Tribunal Supremo coreano a favor de los trabajadores precarios - industriall-union

COREA DEL SUR: En lo que representa una importante victoria para los trabajadores precarios y el Sindicato Coreano de Trabajadores Metalúrgicos, el Tribunal Supremo del país falló el 22 de julio a favor del Sr. Choi, trabajador de Hyundai Motors, que fue despedido en febrero de 2005 por actividades sindicales, y que trabajaba para un [&hellip;]
