{"id":201153,"date":"2010-09-15T13:28:00","date_gmt":"2010-09-15T13:28:00","guid":{"rendered":"https:\/\/admin.industriall-union.org\/archive\/imf\/la-oit-dicta-la-039-sentencia-de-muerte-del-asbesto-039\/"},"modified":"2025-01-31T09:39:09","modified_gmt":"2025-01-31T09:39:09","slug":"la-oit-dicta-la-039-sentencia-de-muerte-del-asbesto-039","status":"publish","type":"archive_imf","link":"https:\/\/admin.industriall-union.org\/es\/archive\/imf\/la-oit-dicta-la-039-sentencia-de-muerte-del-asbesto-039\/","title":{"rendered":"La OIT dicta la &#039;sentencia de muerte del asbesto&#039;"},"content":{"rendered":"<!--[if gte mso 9]&gt;     Normal   0   21         false   false   false                             MicrosoftInternetExplorer4   &lt;![endif]--><!--[if gte mso 9]&gt;     &lt;![endif]--><!--[if gte mso 10]&gt;   \/* Style Definitions *\/  table.MsoNormalTable \t{mso-style-name:\"Table Normal\"; \tmso-tstyle-rowband-size:0; \tmso-tstyle-colband-size:0; \tmso-style-noshow:yes; \tmso-style-parent:\"\"; \tmso-padding-alt:0cm 5.4pt 0cm 5.4pt; \tmso-para-margin:0cm; \tmso-para-margin-bottom:.0001pt; \tmso-pagination:widow-orphan; \tfont-size:10.0pt; \tfont-family:\"Times New Roman\"; \tmso-ansi-language:#0400; \tmso-fareast-language:#0400; \tmso-bidi-language:#0400;}  &lt;![endif]-->  <p><span>MUNDO: La Organizaci\u00f3n Internacional del Trabajo (OIT) advirti\u00f3 en una <a href=\"http:\/\/www.ilo.org\/safework\/lang--en\/docName--WCMS_144446\/index.htm\"><u><span style=\"color: #0070c0\">declaraci\u00f3n de<\/span><\/u> <u><span style=\"color: #0070c0\">posici\u00f3n oficial<\/span><\/u><\/a>, el 6 de septiembre que los grupos de presi\u00f3n industriales por el asbesto en el mundo entero no pueden pretender que tienen el apoyo de la OIT.<\/span><\/p>  <p><span>La secretaria general de la CSI, Sharan Burrow, dijo que la declaraci\u00f3n de la OIT aporta un apoyo acogido con la mayor satisfacci\u00f3n a la campa\u00f1a sindical mundial para que se proh\u00edba el asbesto en todas partes y haya una transici\u00f3n justa a empleos m\u00e1s seguros y mejores para los trabajadores desplazados por el asbesto.<\/span><\/p>  <p><span>&quot;La OIT ha confirmado que desea que se elimine el uso del asbesto en el mundo entero, y punto&#8221;, afirm\u00f3.<\/span><\/p>  <p><span>&quot;Como esto viene a sumarse a los llamamientos para la prohibici\u00f3n mundial del uso del asbesto de importantes grupos cient\u00edficos, m\u00e9dicos y de salud en el trabajo, es una sentencia de muerte para la mort\u00edfera fibra, y un golpe fatal para los partidarios del asbesto.&#8221;<\/span><\/p>  <p><span>La declaraci\u00f3n de la OIT llega en un momento en que la industria del asbesto presiona firmemente por una expansi\u00f3n de la producci\u00f3n y la venta de crisotilo (asbesto blanco). Todas las formas de asbesto, exceptuado el crisotilo est\u00e1n ya prohibidas en el mundo entero.<\/span><\/p>  <p><span>El grupo de presi\u00f3n de la industria del Instituto del Crisotilo, que desempe\u00f1a una importante funci\u00f3n en la<\/span><a href=\"http:\/\/www.chrysotile.com\/en\/sfuse\/manual.aspx\" target=\"_blank\"><span> promoci\u00f3n mundial de las exportaciones de asbesto<\/span><\/a><span>, cita habitualmente documentos de la OIT y alega que apoyan su causa sobre el uso continuado del asbesto.<\/span><\/p>  <p><span>Concernida por la reiterada utilizaci\u00f3n indebida del nombre de la OIT por la industria, el organismo radicado en Ginebra public\u00f3 la declaraci\u00f3n de posici\u00f3n en la que destaca el compromiso del organismo de las Naciones Unidas de &#8220;promover la eliminaci\u00f3n del futuro uso de todas las formas de asbesto y de materiales que contengan asbesto.&#8221;<\/span><\/p>  <p><span>La cuesti\u00f3n ha causado una nueva controversia en los \u00faltimos meses, pues el Instituto del Crisotilo ha tratado de obtener fondos oficiales y privados para ampliar espectacularmente la producci\u00f3n de asbesto en Quebec (Canad\u00e1).<\/span><\/p>  <p><span>Sharan Burrow dijo que la declaraci\u00f3n de posici\u00f3n de la OIT puede tener &#8220;consecuencias salvadoras de vidas, al reforzar la posici\u00f3n de la causa sindical sobre la prohibici\u00f3n total del asbesto&#8221;.<\/span><\/p>  <p><span>En el congreso mundial de la CSI, celebrado en junio de 2010 <a href=\"http:\/\/www.ituc-csi.org\/IMG\/pdf\/2CO_12_extending_social_protection_and_ensuring_good_OH_03.pdf\"><u><span style=\"color: #0070c0\">en Vancouver, los delegados<\/span><\/u> <u><span style=\"color: #0070c0\">acordaron presionar por &#8220;una prohibici\u00f3n mundial total<\/span><\/u><\/a> del uso y la comercializaci\u00f3n del asbesto, a cuyo respecto el Congreso, reunido en Canad\u00e1, hace un llamamiento especial al Gobierno canadiense para que se una a la prohibici\u00f3n mundial total del asbesto&#8221;.&quot;<\/span><\/p>  <p><span>Pero eso no significa trasladar a los trabajadores del asbesto al mont\u00f3n de chatarra. Seg\u00fan Sharan Burrow, &quot;Aunque poner fin al uso del asbesto es crucial, representa s\u00f3lo una parte de la ecuaci\u00f3n. Por eso la CSI sigue una pol\u00edtica de transici\u00f3n justa, para sustituir los empleos nocivos y mort\u00edferos por alternativas m\u00e1s seguras.<\/span><\/p>  <p><span>&quot;No deseamos que los trabajadores del asbestos pasen al paro, sino verlos en empleos sindicados y seguros que no les maten. El asbesto es una industria mort\u00edfera; deseamos que pase a la historia y tener en su lugar empleos verdes decentes, en los que no se trabaje para morir, sino para vivir.&#8221;<\/span><\/p>  <p><span>Para m\u00e1s informaci\u00f3n, v\u00e9ase <a href=\"http:\/\/www.hazards.org\/\">www.hazards.org<\/a> en: <\/span><a href=\"http:\/\/www.hazards.org\/greenjobs\/blog\/2010\/09\/14\/ilo-sounds-the-%E2%80%98death-knoll-for-asbestos%E2%80%99\/\"><span>http:\/\/www.hazards.org\/greenjobs\/blog\/2010\/09\/14\/ilo-sounds-the-%E2%80%98death-knoll-for-asbestos%E2%80%99\/<\/span><\/a><\/p>  ","protected":false},"featured_media":0,"template":"","class_list":["post-201153","archive_imf","type-archive_imf","status-publish","hentry"],"acf":[],"yoast_head":"<!-- This site is optimized with the Yoast SEO Premium plugin v27.1 (Yoast SEO v27.1) - https:\/\/yoast.com\/product\/yoast-seo-premium-wordpress\/ -->\n<title>La OIT dicta la &#039;sentencia de muerte del asbesto&#039; - industriall-union<\/title>\n<meta name=\"robots\" content=\"index, follow, max-snippet:-1, max-image-preview:large, max-video-preview:-1\" \/>\n<link rel=\"canonical\" href=\"https:\/\/admin.industriall-union.org\/es\/archive\/imf\/la-oit-dicta-la-039-sentencia-de-muerte-del-asbesto-039\/\" \/>\n<meta property=\"og:locale\" content=\"es_ES\" \/>\n<meta property=\"og:type\" content=\"article\" \/>\n<meta property=\"og:title\" content=\"La OIT dicta la &#039;sentencia de muerte del asbesto&#039;\" \/>\n<meta property=\"og:description\" content=\"MUNDO: La Organizaci\u00f3n Internacional del Trabajo (OIT) advirti\u00f3 en una declaraci\u00f3n de posici\u00f3n oficial, el 6 de septiembre que los grupos de presi\u00f3n industriales por el asbesto en el mundo entero no pueden pretender que tienen el apoyo de la OIT. La secretaria general de la CSI, Sharan Burrow, dijo que la declaraci\u00f3n de la [&hellip;]\" \/>\n<meta property=\"og:url\" content=\"https:\/\/admin.industriall-union.org\/es\/archive\/imf\/la-oit-dicta-la-039-sentencia-de-muerte-del-asbesto-039\/\" \/>\n<meta property=\"og:site_name\" content=\"industriall-union\" \/>\n<meta property=\"article:modified_time\" content=\"2025-01-31T09:39:09+00:00\" \/>\n<meta name=\"twitter:card\" content=\"summary_large_image\" \/>\n<meta name=\"twitter:label1\" content=\"Est. reading time\" \/>\n\t<meta name=\"twitter:data1\" content=\"3 minutes\" \/>\n<script type=\"application\/ld+json\" class=\"yoast-schema-graph\">{\"@context\":\"https:\/\/schema.org\",\"@graph\":[{\"@type\":\"WebPage\",\"@id\":\"https:\/\/admin.industriall-union.org\/es\/archive\/imf\/la-oit-dicta-la-039-sentencia-de-muerte-del-asbesto-039\/\",\"url\":\"https:\/\/admin.industriall-union.org\/es\/archive\/imf\/la-oit-dicta-la-039-sentencia-de-muerte-del-asbesto-039\/\",\"name\":\"La OIT dicta la &#039;sentencia de muerte del asbesto&#039; - industriall-union\",\"isPartOf\":{\"@id\":\"https:\/\/admin.industriall-union.org\/#website\"},\"datePublished\":\"2010-09-15T13:28:00+00:00\",\"dateModified\":\"2025-01-31T09:39:09+00:00\",\"breadcrumb\":{\"@id\":\"https:\/\/admin.industriall-union.org\/es\/archive\/imf\/la-oit-dicta-la-039-sentencia-de-muerte-del-asbesto-039\/#breadcrumb\"},\"inLanguage\":\"es-ES\",\"potentialAction\":[{\"@type\":\"ReadAction\",\"target\":[\"https:\/\/admin.industriall-union.org\/es\/archive\/imf\/la-oit-dicta-la-039-sentencia-de-muerte-del-asbesto-039\/\"]}]},{\"@type\":\"BreadcrumbList\",\"@id\":\"https:\/\/admin.industriall-union.org\/es\/archive\/imf\/la-oit-dicta-la-039-sentencia-de-muerte-del-asbesto-039\/#breadcrumb\",\"itemListElement\":[{\"@type\":\"ListItem\",\"position\":1,\"name\":\"Home\",\"item\":\"https:\/\/admin.industriall-union.org\/\"},{\"@type\":\"ListItem\",\"position\":2,\"name\":\"Archive Imf\",\"item\":\"https:\/\/admin.industriall-union.org\/es\/archive\/imf\/\"},{\"@type\":\"ListItem\",\"position\":3,\"name\":\"La OIT dicta la &#039;sentencia de muerte del asbesto&#039;\"}]},{\"@type\":\"WebSite\",\"@id\":\"https:\/\/admin.industriall-union.org\/#website\",\"url\":\"https:\/\/admin.industriall-union.org\/\",\"name\":\"industriall-union\",\"description\":\"\",\"potentialAction\":[{\"@type\":\"SearchAction\",\"target\":{\"@type\":\"EntryPoint\",\"urlTemplate\":\"https:\/\/admin.industriall-union.org\/?s={search_term_string}\"},\"query-input\":{\"@type\":\"PropertyValueSpecification\",\"valueRequired\":true,\"valueName\":\"search_term_string\"}}],\"inLanguage\":\"es-ES\"}]}<\/script>\n<!-- \/ Yoast SEO Premium plugin. -->","yoast_head_json":{"title":"La OIT dicta la &#039;sentencia de muerte del asbesto&#039; - industriall-union","robots":{"index":"index","follow":"follow","max-snippet":"max-snippet:-1","max-image-preview":"max-image-preview:large","max-video-preview":"max-video-preview:-1"},"canonical":"https:\/\/admin.industriall-union.org\/es\/archive\/imf\/la-oit-dicta-la-039-sentencia-de-muerte-del-asbesto-039\/","og_locale":"es_ES","og_type":"article","og_title":"La OIT dicta la &#039;sentencia de muerte del asbesto&#039;","og_description":"MUNDO: La Organizaci\u00f3n Internacional del Trabajo (OIT) advirti\u00f3 en una declaraci\u00f3n de posici\u00f3n oficial, el 6 de septiembre que los grupos de presi\u00f3n industriales por el asbesto en el mundo entero no pueden pretender que tienen el apoyo de la OIT. La secretaria general de la CSI, Sharan Burrow, dijo que la declaraci\u00f3n de la [&hellip;]","og_url":"https:\/\/admin.industriall-union.org\/es\/archive\/imf\/la-oit-dicta-la-039-sentencia-de-muerte-del-asbesto-039\/","og_site_name":"industriall-union","article_modified_time":"2025-01-31T09:39:09+00:00","twitter_card":"summary_large_image","twitter_misc":{"Est. reading time":"3 minutes"},"schema":{"@context":"https:\/\/schema.org","@graph":[{"@type":"WebPage","@id":"https:\/\/admin.industriall-union.org\/es\/archive\/imf\/la-oit-dicta-la-039-sentencia-de-muerte-del-asbesto-039\/","url":"https:\/\/admin.industriall-union.org\/es\/archive\/imf\/la-oit-dicta-la-039-sentencia-de-muerte-del-asbesto-039\/","name":"La OIT dicta la &#039;sentencia de muerte del asbesto&#039; - industriall-union","isPartOf":{"@id":"https:\/\/admin.industriall-union.org\/#website"},"datePublished":"2010-09-15T13:28:00+00:00","dateModified":"2025-01-31T09:39:09+00:00","breadcrumb":{"@id":"https:\/\/admin.industriall-union.org\/es\/archive\/imf\/la-oit-dicta-la-039-sentencia-de-muerte-del-asbesto-039\/#breadcrumb"},"inLanguage":"es-ES","potentialAction":[{"@type":"ReadAction","target":["https:\/\/admin.industriall-union.org\/es\/archive\/imf\/la-oit-dicta-la-039-sentencia-de-muerte-del-asbesto-039\/"]}]},{"@type":"BreadcrumbList","@id":"https:\/\/admin.industriall-union.org\/es\/archive\/imf\/la-oit-dicta-la-039-sentencia-de-muerte-del-asbesto-039\/#breadcrumb","itemListElement":[{"@type":"ListItem","position":1,"name":"Home","item":"https:\/\/admin.industriall-union.org\/"},{"@type":"ListItem","position":2,"name":"Archive Imf","item":"https:\/\/admin.industriall-union.org\/es\/archive\/imf\/"},{"@type":"ListItem","position":3,"name":"La OIT dicta la &#039;sentencia de muerte del asbesto&#039;"}]},{"@type":"WebSite","@id":"https:\/\/admin.industriall-union.org\/#website","url":"https:\/\/admin.industriall-union.org\/","name":"industriall-union","description":"","potentialAction":[{"@type":"SearchAction","target":{"@type":"EntryPoint","urlTemplate":"https:\/\/admin.industriall-union.org\/?s={search_term_string}"},"query-input":{"@type":"PropertyValueSpecification","valueRequired":true,"valueName":"search_term_string"}}],"inLanguage":"es-ES"}]}},"_links":{"self":[{"href":"https:\/\/admin.industriall-union.org\/es\/wp-json\/wp\/v2\/archive_imf\/201153","targetHints":{"allow":["GET"]}}],"collection":[{"href":"https:\/\/admin.industriall-union.org\/es\/wp-json\/wp\/v2\/archive_imf"}],"about":[{"href":"https:\/\/admin.industriall-union.org\/es\/wp-json\/wp\/v2\/types\/archive_imf"}],"wp:attachment":[{"href":"https:\/\/admin.industriall-union.org\/es\/wp-json\/wp\/v2\/media?parent=201153"}],"curies":[{"name":"wp","href":"https:\/\/api.w.org\/{rel}","templated":true}]}}

<!--[if gte mso 9]&gt;     Normal   0   21         false   false   false                             MicrosoftInternetExplorer4   &lt;![endif]--><!--[if gte mso 9]&gt;     &lt;![endif]--><!--[if gte mso 10]&gt;   /* Style Definitions */  table.MsoNormalTable 	{mso-style-name:"Table Normal"; 	mso-tstyle-rowband-size:0; 	mso-tstyle-colband-size:0; 	mso-style-noshow:yes; 	mso-style-parent:""; 	mso-padding-alt:0cm 5.4pt 0cm 5.4pt; 	mso-para-margin:0cm; 	mso-para-margin-bottom:.0001pt; 	mso-pagination:widow-orphan; 	font-size:10.0pt; 	font-family:"Times New Roman"; 	mso-ansi-language:#0400; 	mso-fareast-language:#0400; 	mso-bidi-language:#0400;}  &lt;![endif]-->  <p><span>MUNDO: La Organización Internacional del Trabajo (OIT) advirtió en una <a href="http://www.ilo.org/safework/lang--en/docName--WCMS_144446/index.htm"><u><span style="color: #0070c0">declaración de</span></u> <u><span style="color: #0070c0">posición oficial</span></u></a>, el 6 de septiembre que los grupos de presión industriales por el asbesto en el mundo entero no pueden pretender que tienen el apoyo de la OIT.</span></p>  <p><span>La secretaria general de la CSI, Sharan Burrow, dijo que la declaración de la OIT aporta un apoyo acogido con la mayor satisfacción a la campaña sindical mundial para que se prohíba el asbesto en todas partes y haya una transición justa a empleos más seguros y mejores para los trabajadores desplazados por el asbesto.</span></p>  <p><span>&quot;La OIT ha confirmado que desea que se elimine el uso del asbesto en el mundo entero, y punto&#8221;, afirmó.</span></p>  <p><span>&quot;Como esto viene a sumarse a los llamamientos para la prohibición mundial del uso del asbesto de importantes grupos científicos, médicos y de salud en el trabajo, es una sentencia de muerte para la mortífera fibra, y un golpe fatal para los partidarios del asbesto.&#8221;</span></p>  <p><span>La declaración de la OIT llega en un momento en que la industria del asbesto presiona firmemente por una expansión de la producción y la venta de crisotilo (asbesto blanco). Todas las formas de asbesto, exceptuado el crisotilo están ya prohibidas en el mundo entero.</span></p>  <p><span>El grupo de presión de la industria del Instituto del Crisotilo, que desempeña una importante función en la</span><a href="http://www.chrysotile.com/en/sfuse/manual.aspx" target="_blank"><span> promoción mundial de las exportaciones de asbesto</span></a><span>, cita habitualmente documentos de la OIT y alega que apoyan su causa sobre el uso continuado del asbesto.</span></p>  <p><span>Concernida por la reiterada utilización indebida del nombre de la OIT por la industria, el organismo radicado en Ginebra publicó la declaración de posición en la que destaca el compromiso del organismo de las Naciones Unidas de &#8220;promover la eliminación del futuro uso de todas las formas de asbesto y de materiales que contengan asbesto.&#8221;</span></p>  <p><span>La cuestión ha causado una nueva controversia en los últimos meses, pues el Instituto del Crisotilo ha tratado de obtener fondos oficiales y privados para ampliar espectacularmente la producción de asbesto en Quebec (Canadá).</span></p>  <p><span>Sharan Burrow dijo que la declaración de posición de la OIT puede tener &#8220;consecuencias salvadoras de vidas, al reforzar la posición de la causa sindical sobre la prohibición total del asbesto&#8221;.</span></p>  <p><span>En el congreso mundial de la CSI, celebrado en junio de 2010 <a href="http://www.ituc-csi.org/IMG/pdf/2CO_12_extending_social_protection_and_ensuring_good_OH_03.pdf"><u><span style="color: #0070c0">en Vancouver, los delegados</span></u> <u><span style="color: #0070c0">acordaron presionar por &#8220;una prohibición mundial total</span></u></a> del uso y la comercialización del asbesto, a cuyo respecto el Congreso, reunido en Canadá, hace un llamamiento especial al Gobierno canadiense para que se una a la prohibición mundial total del asbesto&#8221;.&quot;</span></p>  <p><span>Pero eso no significa trasladar a los trabajadores del asbesto al montón de chatarra. Según Sharan Burrow, &quot;Aunque poner fin al uso del asbesto es crucial, representa sólo una parte de la ecuación. Por eso la CSI sigue una política de transición justa, para sustituir los empleos nocivos y mortíferos por alternativas más seguras.</span></p>  <p><span>&quot;No deseamos que los trabajadores del asbestos pasen al paro, sino verlos en empleos sindicados y seguros que no les maten. El asbesto es una industria mortífera; deseamos que pase a la historia y tener en su lugar empleos verdes decentes, en los que no se trabaje para morir, sino para vivir.&#8221;</span></p>  <p><span>Para más información, véase <a href="http://www.hazards.org/">www.hazards.org</a> en: </span><a href="http://www.hazards.org/greenjobs/blog/2010/09/14/ilo-sounds-the-%E2%80%98death-knoll-for-asbestos%E2%80%99/"><span>http://www.hazards.org/greenjobs/blog/2010/09/14/ilo-sounds-the-%E2%80%98death-knoll-for-asbestos%E2%80%99/</span></a></p>

<!-- This site is optimized with the Yoast SEO Premium plugin v27.1 (Yoast SEO v27.1) - https://yoast.com/product/yoast-seo-premium-wordpress/ -->
<title>La OIT dicta la &#039;sentencia de muerte del asbesto&#039; - industriall-union</title>
<meta name="robots" content="index, follow, max-snippet:-1, max-image-preview:large, max-video-preview:-1" />
<link rel="canonical" href="https://admin.industriall-union.org/es/archive/imf/la-oit-dicta-la-039-sentencia-de-muerte-del-asbesto-039/" />
<meta property="og:locale" content="es_ES" />
<meta property="og:type" content="article" />
<meta property="og:title" content="La OIT dicta la &#039;sentencia de muerte del asbesto&#039;" />
<meta property="og:description" content="MUNDO: La Organización Internacional del Trabajo (OIT) advirtió en una declaración de posición oficial, el 6 de septiembre que los grupos de presión industriales por el asbesto en el mundo entero no pueden pretender que tienen el apoyo de la OIT. La secretaria general de la CSI, Sharan Burrow, dijo que la declaración de la [&hellip;]" />
<meta property="og:url" content="https://admin.industriall-union.org/es/archive/imf/la-oit-dicta-la-039-sentencia-de-muerte-del-asbesto-039/" />
<meta property="og:site_name" content="industriall-union" />
<meta property="article:modified_time" content="2025-01-31T09:39:09+00:00" />
<meta name="twitter:card" content="summary_large_image" />
<meta name="twitter:label1" content="Est. reading time" />
	<meta name="twitter:data1" content="3 minutes" />
<script type="application/ld+json" class="yoast-schema-graph">{"@context":"https://schema.org","@graph":[{"@type":"WebPage","@id":"https://admin.industriall-union.org/es/archive/imf/la-oit-dicta-la-039-sentencia-de-muerte-del-asbesto-039/","url":"https://admin.industriall-union.org/es/archive/imf/la-oit-dicta-la-039-sentencia-de-muerte-del-asbesto-039/","name":"La OIT dicta la &#039;sentencia de muerte del asbesto&#039; - industriall-union","isPartOf":{"@id":"https://admin.industriall-union.org/#website"},"datePublished":"2010-09-15T13:28:00+00:00","dateModified":"2025-01-31T09:39:09+00:00","breadcrumb":{"@id":"https://admin.industriall-union.org/es/archive/imf/la-oit-dicta-la-039-sentencia-de-muerte-del-asbesto-039/#breadcrumb"},"inLanguage":"es-ES","potentialAction":[{"@type":"ReadAction","target":["https://admin.industriall-union.org/es/archive/imf/la-oit-dicta-la-039-sentencia-de-muerte-del-asbesto-039/"]}]},{"@type":"BreadcrumbList","@id":"https://admin.industriall-union.org/es/archive/imf/la-oit-dicta-la-039-sentencia-de-muerte-del-asbesto-039/#breadcrumb","itemListElement":[{"@type":"ListItem","position":1,"name":"Home","item":"https://admin.industriall-union.org/"},{"@type":"ListItem","position":2,"name":"Archive Imf","item":"https://admin.industriall-union.org/es/archive/imf/"},{"@type":"ListItem","position":3,"name":"La OIT dicta la &#039;sentencia de muerte del asbesto&#039;"}]},{"@type":"WebSite","@id":"https://admin.industriall-union.org/#website","url":"https://admin.industriall-union.org/","name":"industriall-union","description":"","potentialAction":[{"@type":"SearchAction","target":{"@type":"EntryPoint","urlTemplate":"https://admin.industriall-union.org/?s={search_term_string}"},"query-input":{"@type":"PropertyValueSpecification","valueRequired":true,"valueName":"search_term_string"}}],"inLanguage":"es-ES"}]}</script>
<!-- / Yoast SEO Premium plugin. -->

MUNDO: La Organización Internacional del Trabajo (OIT) advirtió en una declaración de posición oficial, el 6 de septiembre que los grupos de presión industriales por el asbesto en el mundo entero no pueden pretender que tienen el apoyo de la OIT. La secretaria general de la CSI, Sharan Burrow, dijo que la declaración de la [&hellip;]
