{"id":201130,"date":"2010-09-26T19:20:00","date_gmt":"2010-09-26T19:20:00","guid":{"rendered":"https:\/\/admin.industriall-union.org\/archive\/imf\/trabajadores-metalurgicos-de-africa-y-europa-debaten-sobre-aae-y-empleos-industriales-para-africa\/"},"modified":"2025-01-31T09:39:02","modified_gmt":"2025-01-31T09:39:02","slug":"trabajadores-metalurgicos-de-africa-y-europa-debaten-sobre-aae-y-empleos-industriales-para-africa","status":"publish","type":"archive_imf","link":"https:\/\/admin.industriall-union.org\/es\/archive\/imf\/trabajadores-metalurgicos-de-africa-y-europa-debaten-sobre-aae-y-empleos-industriales-para-africa\/","title":{"rendered":"Trabajadores metal\u00fargicos de Africa y Europa debaten sobre AAE y empleos industriales para Africa"},"content":{"rendered":"  <p>AFRICA: Los l\u00edderes de sindicatos de trabajadores metal\u00fargicos afiliados a la FITIM en Europa y en 14 pa\u00edses africanos de habla inglesa y portuguesa y de la Federaci\u00f3n Europa de Metal\u00fargicos (FEM) se re\u00fanen en Johannesburgo (Sud\u00e1frica) del 21 al 23 de septiembre para discutir las repercusiones de los Acuerdos de Asociaci\u00f3n Econ\u00f3mica (AAE) entre la UE y pa\u00edses africanos sobre los empleos y la industrializaci\u00f3n en los pa\u00edses en desarrollo y emergentes.<\/p>  <p>Se analiz\u00f3 la funci\u00f3n de Africa en el comercio mundial como proveedor esencial de productos b\u00e1sicos &#8211; energ\u00eda y minerales &#8211; y como gran mercado para la creciente expansi\u00f3n de China. Los participantes africanos expresaron preocupaciones acerca de la presi\u00f3n ejercida por la UE sobre los gobiernos africanos en las negociaciones en curso sobre AAE con el fin de obtener aperturas en sectores con gran intensidad de mano de obra o de importancia estrat\u00e9gica para sus pol\u00edticas sociales y de desarrollo. Las consecuencias previsibles ser\u00edan una considerable p\u00e9rdida de libertad de acci\u00f3n para los pa\u00edses africanos, por lo que resultar\u00edan severamente debilitadas sus pol\u00edticas de empleo y desarrollo industrial.<\/p>  <p>Es interesante se\u00f1alar que participantes de pa\u00edses industriales, como Canad\u00e1, manifestaron preocupaciones similares en relaci\u00f3n con la negativa evaluaci\u00f3n de los sindicatos del posible impacto de un AAE entre su pa\u00eds y la UE. Tambi\u00e9n se analiz\u00f3 a fondo la experiencia de la India en la liberaci\u00f3n del comercio, con conclusiones sobre un posible AAE entre la UE y la India que reflejaba las preocupaciones expresadas por los participantes africanos y europeos.<\/p>  <p>Se critic\u00f3 la insistencia de la UE en la inclusi\u00f3n en AAE de cl\u00e1usulas como la de NMF (naci\u00f3n m\u00e1s favorecida), que menoscabar\u00edan seriamente las perspectivas de Africa para la cooperaci\u00f3n Sur-Sur y su elecci\u00f3n de otros asociados comerciales. Adem\u00e1s, la estrategia de la UE para negociar separadamente con pa\u00edses africanos socava los esfuerzos de Africa para una integraci\u00f3n regional tan necesaria que es crucial en particular para la integraci\u00f3n de cadenas productivas y para la industrializaci\u00f3n. A este respecto, se present\u00f3 un profundo an\u00e1lisis de la experiencia de los sindicatos en Am\u00e9rica Latina respecto a los procesos de integraci\u00f3n regional.<\/p>  <p>En una mesa redonda con el Gobierno sudafricano, el representante del Departamento de Comercio e Industria present\u00f3 un nuevo marco de pol\u00edtica comercial que se centra en la integraci\u00f3n estrat\u00e9gica de medidas concretas de liberalizaci\u00f3n del comercio con objetivos de pol\u00edtica industrial. A este respecto, la pol\u00edtica arancelaria se convierte en un instrumento de pol\u00edtica industrial. El marco, basado en la salvaguardia del margen de actuaci\u00f3n de Sud\u00e1frica en negociaciones multilaterales y bilaterales, sobre relaciones Sur-Sur, y sobre la finalidad de trabajo decente, se inspira en un modelo de integraci\u00f3n de regionalismo para el desarrollo. La extensi\u00f3n de cadenas de valor regional con la creaci\u00f3n de complementariedad industrial sigue siendo posible para Africa en la era de la globalizaci\u00f3n. Se est\u00e1 estableciendo un nuevo enfoque en las relaciones econ\u00f3micas con China. El representante del Departamento de Desarrollo Econ\u00f3mico destac\u00f3 la exitosa creaci\u00f3n de dos millones de nuevos empleos, que no corresponden, sin embargo, al sector manufacturero sino al de los servicios, y que son accesibles para los ricos. Esto refleja una disparidad de ingresos cada vez mayor que es preciso abordar urgentemente. Adem\u00e1s, hay que adoptar medidas sociales junto con pol\u00edticas de desarrollo industrial, a fin de garantizar ingresos a los desempleados mientras se crean empleos en la industria, lo que lleva tiempo. Simult\u00e1neamente, hay que abordar asimismo todas las medidas sobre pol\u00edtica de desarrollo en forma integrada, as\u00ed como la desigualdad. Los objetivos de desarrollo regional no puede tratarse mediante esl\u00f3ganes, y es menester adoptar medidas realistas para gestionar la transici\u00f3n sin p\u00e9rdidas de empleos.<\/p>  <p>Todos los participantes, en particular de pa\u00edses africanos y europeos, convinieron en la necesidad de establecer un di\u00e1logo permanente entre los trabajadores metal\u00fargicos que intervienen en negociaciones de AAE, para abordar urgentemente todos los aspectos potencialmente perjudiciales para los trabajadores, y examinar conjuntamente soluciones de compromiso justas de los posibles conflictos de intereses entre los trabajadores de los pa\u00edses concernidos. Se pidi\u00f3 a los organismos sindicales regionales e internacionales que faciliten esa investigaci\u00f3n con fines de solidaridad. Los delegados africanos propusieron que sus contrapartes europeos apoyen mediante iniciativas concretas el derecho de los pa\u00edses africanos a la libre determinaci\u00f3n y que se lleven a cabo acciones conjuntas.<\/p>  <p>Se dispondr\u00e1 pronto de los textos de todas las contribuciones.<\/p>    ","protected":false},"featured_media":0,"template":"","class_list":["post-201130","archive_imf","type-archive_imf","status-publish","hentry"],"acf":[],"yoast_head":"<!-- This site is optimized with the Yoast SEO Premium plugin v27.1 (Yoast SEO v27.1) - https:\/\/yoast.com\/product\/yoast-seo-premium-wordpress\/ -->\n<title>Trabajadores metal\u00fargicos de Africa y Europa debaten sobre AAE y empleos industriales para Africa - industriall-union<\/title>\n<meta name=\"robots\" content=\"index, follow, max-snippet:-1, max-image-preview:large, max-video-preview:-1\" \/>\n<link rel=\"canonical\" href=\"https:\/\/admin.industriall-union.org\/es\/archive\/imf\/trabajadores-metalurgicos-de-africa-y-europa-debaten-sobre-aae-y-empleos-industriales-para-africa\/\" \/>\n<meta property=\"og:locale\" content=\"es_ES\" \/>\n<meta property=\"og:type\" content=\"article\" \/>\n<meta property=\"og:title\" content=\"Trabajadores metal\u00fargicos de Africa y Europa debaten sobre AAE y empleos industriales para Africa\" \/>\n<meta property=\"og:description\" content=\"AFRICA: Los l\u00edderes de sindicatos de trabajadores metal\u00fargicos afiliados a la FITIM en Europa y en 14 pa\u00edses africanos de habla inglesa y portuguesa y de la Federaci\u00f3n Europa de Metal\u00fargicos (FEM) se re\u00fanen en Johannesburgo (Sud\u00e1frica) del 21 al 23 de septiembre para discutir las repercusiones de los Acuerdos de Asociaci\u00f3n Econ\u00f3mica (AAE) entre [&hellip;]\" \/>\n<meta property=\"og:url\" content=\"https:\/\/admin.industriall-union.org\/es\/archive\/imf\/trabajadores-metalurgicos-de-africa-y-europa-debaten-sobre-aae-y-empleos-industriales-para-africa\/\" \/>\n<meta property=\"og:site_name\" content=\"industriall-union\" \/>\n<meta property=\"article:modified_time\" content=\"2025-01-31T09:39:02+00:00\" \/>\n<meta name=\"twitter:card\" content=\"summary_large_image\" \/>\n<meta name=\"twitter:label1\" content=\"Est. reading time\" \/>\n\t<meta name=\"twitter:data1\" content=\"4 minutes\" \/>\n<script type=\"application\/ld+json\" class=\"yoast-schema-graph\">{\"@context\":\"https:\/\/schema.org\",\"@graph\":[{\"@type\":\"WebPage\",\"@id\":\"https:\/\/admin.industriall-union.org\/es\/archive\/imf\/trabajadores-metalurgicos-de-africa-y-europa-debaten-sobre-aae-y-empleos-industriales-para-africa\/\",\"url\":\"https:\/\/admin.industriall-union.org\/es\/archive\/imf\/trabajadores-metalurgicos-de-africa-y-europa-debaten-sobre-aae-y-empleos-industriales-para-africa\/\",\"name\":\"Trabajadores metal\u00fargicos de Africa y Europa debaten sobre AAE y empleos industriales para Africa - industriall-union\",\"isPartOf\":{\"@id\":\"https:\/\/admin.industriall-union.org\/#website\"},\"datePublished\":\"2010-09-26T19:20:00+00:00\",\"dateModified\":\"2025-01-31T09:39:02+00:00\",\"breadcrumb\":{\"@id\":\"https:\/\/admin.industriall-union.org\/es\/archive\/imf\/trabajadores-metalurgicos-de-africa-y-europa-debaten-sobre-aae-y-empleos-industriales-para-africa\/#breadcrumb\"},\"inLanguage\":\"es-ES\",\"potentialAction\":[{\"@type\":\"ReadAction\",\"target\":[\"https:\/\/admin.industriall-union.org\/es\/archive\/imf\/trabajadores-metalurgicos-de-africa-y-europa-debaten-sobre-aae-y-empleos-industriales-para-africa\/\"]}]},{\"@type\":\"BreadcrumbList\",\"@id\":\"https:\/\/admin.industriall-union.org\/es\/archive\/imf\/trabajadores-metalurgicos-de-africa-y-europa-debaten-sobre-aae-y-empleos-industriales-para-africa\/#breadcrumb\",\"itemListElement\":[{\"@type\":\"ListItem\",\"position\":1,\"name\":\"Home\",\"item\":\"https:\/\/admin.industriall-union.org\/\"},{\"@type\":\"ListItem\",\"position\":2,\"name\":\"Archive Imf\",\"item\":\"https:\/\/admin.industriall-union.org\/es\/archive\/imf\/\"},{\"@type\":\"ListItem\",\"position\":3,\"name\":\"Trabajadores metal\u00fargicos de Africa y Europa debaten sobre AAE y empleos industriales para Africa\"}]},{\"@type\":\"WebSite\",\"@id\":\"https:\/\/admin.industriall-union.org\/#website\",\"url\":\"https:\/\/admin.industriall-union.org\/\",\"name\":\"industriall-union\",\"description\":\"\",\"potentialAction\":[{\"@type\":\"SearchAction\",\"target\":{\"@type\":\"EntryPoint\",\"urlTemplate\":\"https:\/\/admin.industriall-union.org\/?s={search_term_string}\"},\"query-input\":{\"@type\":\"PropertyValueSpecification\",\"valueRequired\":true,\"valueName\":\"search_term_string\"}}],\"inLanguage\":\"es-ES\"}]}<\/script>\n<!-- \/ Yoast SEO Premium plugin. -->","yoast_head_json":{"title":"Trabajadores metal\u00fargicos de Africa y Europa debaten sobre AAE y empleos industriales para Africa - industriall-union","robots":{"index":"index","follow":"follow","max-snippet":"max-snippet:-1","max-image-preview":"max-image-preview:large","max-video-preview":"max-video-preview:-1"},"canonical":"https:\/\/admin.industriall-union.org\/es\/archive\/imf\/trabajadores-metalurgicos-de-africa-y-europa-debaten-sobre-aae-y-empleos-industriales-para-africa\/","og_locale":"es_ES","og_type":"article","og_title":"Trabajadores metal\u00fargicos de Africa y Europa debaten sobre AAE y empleos industriales para Africa","og_description":"AFRICA: Los l\u00edderes de sindicatos de trabajadores metal\u00fargicos afiliados a la FITIM en Europa y en 14 pa\u00edses africanos de habla inglesa y portuguesa y de la Federaci\u00f3n Europa de Metal\u00fargicos (FEM) se re\u00fanen en Johannesburgo (Sud\u00e1frica) del 21 al 23 de septiembre para discutir las repercusiones de los Acuerdos de Asociaci\u00f3n Econ\u00f3mica (AAE) entre [&hellip;]","og_url":"https:\/\/admin.industriall-union.org\/es\/archive\/imf\/trabajadores-metalurgicos-de-africa-y-europa-debaten-sobre-aae-y-empleos-industriales-para-africa\/","og_site_name":"industriall-union","article_modified_time":"2025-01-31T09:39:02+00:00","twitter_card":"summary_large_image","twitter_misc":{"Est. reading time":"4 minutes"},"schema":{"@context":"https:\/\/schema.org","@graph":[{"@type":"WebPage","@id":"https:\/\/admin.industriall-union.org\/es\/archive\/imf\/trabajadores-metalurgicos-de-africa-y-europa-debaten-sobre-aae-y-empleos-industriales-para-africa\/","url":"https:\/\/admin.industriall-union.org\/es\/archive\/imf\/trabajadores-metalurgicos-de-africa-y-europa-debaten-sobre-aae-y-empleos-industriales-para-africa\/","name":"Trabajadores metal\u00fargicos de Africa y Europa debaten sobre AAE y empleos industriales para Africa - industriall-union","isPartOf":{"@id":"https:\/\/admin.industriall-union.org\/#website"},"datePublished":"2010-09-26T19:20:00+00:00","dateModified":"2025-01-31T09:39:02+00:00","breadcrumb":{"@id":"https:\/\/admin.industriall-union.org\/es\/archive\/imf\/trabajadores-metalurgicos-de-africa-y-europa-debaten-sobre-aae-y-empleos-industriales-para-africa\/#breadcrumb"},"inLanguage":"es-ES","potentialAction":[{"@type":"ReadAction","target":["https:\/\/admin.industriall-union.org\/es\/archive\/imf\/trabajadores-metalurgicos-de-africa-y-europa-debaten-sobre-aae-y-empleos-industriales-para-africa\/"]}]},{"@type":"BreadcrumbList","@id":"https:\/\/admin.industriall-union.org\/es\/archive\/imf\/trabajadores-metalurgicos-de-africa-y-europa-debaten-sobre-aae-y-empleos-industriales-para-africa\/#breadcrumb","itemListElement":[{"@type":"ListItem","position":1,"name":"Home","item":"https:\/\/admin.industriall-union.org\/"},{"@type":"ListItem","position":2,"name":"Archive Imf","item":"https:\/\/admin.industriall-union.org\/es\/archive\/imf\/"},{"@type":"ListItem","position":3,"name":"Trabajadores metal\u00fargicos de Africa y Europa debaten sobre AAE y empleos industriales para Africa"}]},{"@type":"WebSite","@id":"https:\/\/admin.industriall-union.org\/#website","url":"https:\/\/admin.industriall-union.org\/","name":"industriall-union","description":"","potentialAction":[{"@type":"SearchAction","target":{"@type":"EntryPoint","urlTemplate":"https:\/\/admin.industriall-union.org\/?s={search_term_string}"},"query-input":{"@type":"PropertyValueSpecification","valueRequired":true,"valueName":"search_term_string"}}],"inLanguage":"es-ES"}]}},"_links":{"self":[{"href":"https:\/\/admin.industriall-union.org\/es\/wp-json\/wp\/v2\/archive_imf\/201130","targetHints":{"allow":["GET"]}}],"collection":[{"href":"https:\/\/admin.industriall-union.org\/es\/wp-json\/wp\/v2\/archive_imf"}],"about":[{"href":"https:\/\/admin.industriall-union.org\/es\/wp-json\/wp\/v2\/types\/archive_imf"}],"wp:attachment":[{"href":"https:\/\/admin.industriall-union.org\/es\/wp-json\/wp\/v2\/media?parent=201130"}],"curies":[{"name":"wp","href":"https:\/\/api.w.org\/{rel}","templated":true}]}}

Trabajadores metalúrgicos de Africa y Europa debaten sobre AAE y empleos industriales para Africa

<p>AFRICA: Los líderes de sindicatos de trabajadores metalúrgicos afiliados a la FITIM en Europa y en 14 países africanos de habla inglesa y portuguesa y de la Federación Europa de Metalúrgicos (FEM) se reúnen en Johannesburgo (Sudáfrica) del 21 al 23 de septiembre para discutir las repercusiones de los Acuerdos de Asociación Económica (AAE) entre la UE y países africanos sobre los empleos y la industrialización en los países en desarrollo y emergentes.</p>  <p>Se analizó la función de Africa en el comercio mundial como proveedor esencial de productos básicos &#8211; energía y minerales &#8211; y como gran mercado para la creciente expansión de China. Los participantes africanos expresaron preocupaciones acerca de la presión ejercida por la UE sobre los gobiernos africanos en las negociaciones en curso sobre AAE con el fin de obtener aperturas en sectores con gran intensidad de mano de obra o de importancia estratégica para sus políticas sociales y de desarrollo. Las consecuencias previsibles serían una considerable pérdida de libertad de acción para los países africanos, por lo que resultarían severamente debilitadas sus políticas de empleo y desarrollo industrial.</p>  <p>Es interesante señalar que participantes de países industriales, como Canadá, manifestaron preocupaciones similares en relación con la negativa evaluación de los sindicatos del posible impacto de un AAE entre su país y la UE. También se analizó a fondo la experiencia de la India en la liberación del comercio, con conclusiones sobre un posible AAE entre la UE y la India que reflejaba las preocupaciones expresadas por los participantes africanos y europeos.</p>  <p>Se criticó la insistencia de la UE en la inclusión en AAE de cláusulas como la de NMF (nación más favorecida), que menoscabarían seriamente las perspectivas de Africa para la cooperación Sur-Sur y su elección de otros asociados comerciales. Además, la estrategia de la UE para negociar separadamente con países africanos socava los esfuerzos de Africa para una integración regional tan necesaria que es crucial en particular para la integración de cadenas productivas y para la industrialización. A este respecto, se presentó un profundo análisis de la experiencia de los sindicatos en América Latina respecto a los procesos de integración regional.</p>  <p>En una mesa redonda con el Gobierno sudafricano, el representante del Departamento de Comercio e Industria presentó un nuevo marco de política comercial que se centra en la integración estratégica de medidas concretas de liberalización del comercio con objetivos de política industrial. A este respecto, la política arancelaria se convierte en un instrumento de política industrial. El marco, basado en la salvaguardia del margen de actuación de Sudáfrica en negociaciones multilaterales y bilaterales, sobre relaciones Sur-Sur, y sobre la finalidad de trabajo decente, se inspira en un modelo de integración de regionalismo para el desarrollo. La extensión de cadenas de valor regional con la creación de complementariedad industrial sigue siendo posible para Africa en la era de la globalización. Se está estableciendo un nuevo enfoque en las relaciones económicas con China. El representante del Departamento de Desarrollo Económico destacó la exitosa creación de dos millones de nuevos empleos, que no corresponden, sin embargo, al sector manufacturero sino al de los servicios, y que son accesibles para los ricos. Esto refleja una disparidad de ingresos cada vez mayor que es preciso abordar urgentemente. Además, hay que adoptar medidas sociales junto con políticas de desarrollo industrial, a fin de garantizar ingresos a los desempleados mientras se crean empleos en la industria, lo que lleva tiempo. Simultáneamente, hay que abordar asimismo todas las medidas sobre política de desarrollo en forma integrada, así como la desigualdad. Los objetivos de desarrollo regional no puede tratarse mediante eslóganes, y es menester adoptar medidas realistas para gestionar la transición sin pérdidas de empleos.</p>  <p>Todos los participantes, en particular de países africanos y europeos, convinieron en la necesidad de establecer un diálogo permanente entre los trabajadores metalúrgicos que intervienen en negociaciones de AAE, para abordar urgentemente todos los aspectos potencialmente perjudiciales para los trabajadores, y examinar conjuntamente soluciones de compromiso justas de los posibles conflictos de intereses entre los trabajadores de los países concernidos. Se pidió a los organismos sindicales regionales e internacionales que faciliten esa investigación con fines de solidaridad. Los delegados africanos propusieron que sus contrapartes europeos apoyen mediante iniciativas concretas el derecho de los países africanos a la libre determinación y que se lleven a cabo acciones conjuntas.</p>  <p>Se dispondrá pronto de los textos de todas las contribuciones.</p>

<!-- This site is optimized with the Yoast SEO Premium plugin v27.1 (Yoast SEO v27.1) - https://yoast.com/product/yoast-seo-premium-wordpress/ -->
<title>Trabajadores metalúrgicos de Africa y Europa debaten sobre AAE y empleos industriales para Africa - industriall-union</title>
<meta name="robots" content="index, follow, max-snippet:-1, max-image-preview:large, max-video-preview:-1" />
<link rel="canonical" href="https://admin.industriall-union.org/es/archive/imf/trabajadores-metalurgicos-de-africa-y-europa-debaten-sobre-aae-y-empleos-industriales-para-africa/" />
<meta property="og:locale" content="es_ES" />
<meta property="og:type" content="article" />
<meta property="og:title" content="Trabajadores metalúrgicos de Africa y Europa debaten sobre AAE y empleos industriales para Africa" />
<meta property="og:description" content="AFRICA: Los líderes de sindicatos de trabajadores metalúrgicos afiliados a la FITIM en Europa y en 14 países africanos de habla inglesa y portuguesa y de la Federación Europa de Metalúrgicos (FEM) se reúnen en Johannesburgo (Sudáfrica) del 21 al 23 de septiembre para discutir las repercusiones de los Acuerdos de Asociación Económica (AAE) entre [&hellip;]" />
<meta property="og:url" content="https://admin.industriall-union.org/es/archive/imf/trabajadores-metalurgicos-de-africa-y-europa-debaten-sobre-aae-y-empleos-industriales-para-africa/" />
<meta property="og:site_name" content="industriall-union" />
<meta property="article:modified_time" content="2025-01-31T09:39:02+00:00" />
<meta name="twitter:card" content="summary_large_image" />
<meta name="twitter:label1" content="Est. reading time" />
	<meta name="twitter:data1" content="4 minutes" />
<script type="application/ld+json" class="yoast-schema-graph">{"@context":"https://schema.org","@graph":[{"@type":"WebPage","@id":"https://admin.industriall-union.org/es/archive/imf/trabajadores-metalurgicos-de-africa-y-europa-debaten-sobre-aae-y-empleos-industriales-para-africa/","url":"https://admin.industriall-union.org/es/archive/imf/trabajadores-metalurgicos-de-africa-y-europa-debaten-sobre-aae-y-empleos-industriales-para-africa/","name":"Trabajadores metalúrgicos de Africa y Europa debaten sobre AAE y empleos industriales para Africa - industriall-union","isPartOf":{"@id":"https://admin.industriall-union.org/#website"},"datePublished":"2010-09-26T19:20:00+00:00","dateModified":"2025-01-31T09:39:02+00:00","breadcrumb":{"@id":"https://admin.industriall-union.org/es/archive/imf/trabajadores-metalurgicos-de-africa-y-europa-debaten-sobre-aae-y-empleos-industriales-para-africa/#breadcrumb"},"inLanguage":"es-ES","potentialAction":[{"@type":"ReadAction","target":["https://admin.industriall-union.org/es/archive/imf/trabajadores-metalurgicos-de-africa-y-europa-debaten-sobre-aae-y-empleos-industriales-para-africa/"]}]},{"@type":"BreadcrumbList","@id":"https://admin.industriall-union.org/es/archive/imf/trabajadores-metalurgicos-de-africa-y-europa-debaten-sobre-aae-y-empleos-industriales-para-africa/#breadcrumb","itemListElement":[{"@type":"ListItem","position":1,"name":"Home","item":"https://admin.industriall-union.org/"},{"@type":"ListItem","position":2,"name":"Archive Imf","item":"https://admin.industriall-union.org/es/archive/imf/"},{"@type":"ListItem","position":3,"name":"Trabajadores metalúrgicos de Africa y Europa debaten sobre AAE y empleos industriales para Africa"}]},{"@type":"WebSite","@id":"https://admin.industriall-union.org/#website","url":"https://admin.industriall-union.org/","name":"industriall-union","description":"","potentialAction":[{"@type":"SearchAction","target":{"@type":"EntryPoint","urlTemplate":"https://admin.industriall-union.org/?s={search_term_string}"},"query-input":{"@type":"PropertyValueSpecification","valueRequired":true,"valueName":"search_term_string"}}],"inLanguage":"es-ES"}]}</script>
<!-- / Yoast SEO Premium plugin. -->

Trabajadores metalúrgicos de Africa y Europa debaten sobre AAE y empleos industriales para Africa - industriall-union

AFRICA: Los líderes de sindicatos de trabajadores metalúrgicos afiliados a la FITIM en Europa y en 14 países africanos de habla inglesa y portuguesa y de la Federación Europa de Metalúrgicos (FEM) se reúnen en Johannesburgo (Sudáfrica) del 21 al 23 de septiembre para discutir las repercusiones de los Acuerdos de Asociación Económica (AAE) entre [&hellip;]
