{"id":201118,"date":"2010-09-30T07:13:00","date_gmt":"2010-09-30T07:13:00","guid":{"rendered":"https:\/\/admin.industriall-union.org\/archive\/imf\/millones-de-trabajadores-protestan-en-europa\/"},"modified":"2025-01-31T09:38:57","modified_gmt":"2025-01-31T09:38:57","slug":"millones-de-trabajadores-protestan-en-europa","status":"publish","type":"archive_imf","link":"https:\/\/admin.industriall-union.org\/es\/archive\/imf\/millones-de-trabajadores-protestan-en-europa\/","title":{"rendered":"Millones de trabajadores protestan en Europa"},"content":{"rendered":"<!--[if gte mso 9]&gt;     Normal   0   21         false   false   false                             MicrosoftInternetExplorer4   &lt;![endif]--><!--[if gte mso 9]&gt;     &lt;![endif]--><!--[if gte mso 10]&gt;   \/* Style Definitions *\/  table.MsoNormalTable \t{mso-style-name:\"Table Normal\"; \tmso-tstyle-rowband-size:0; \tmso-tstyle-colband-size:0; \tmso-style-noshow:yes; \tmso-style-parent:\"\"; \tmso-padding-alt:0cm 5.4pt 0cm 5.4pt; \tmso-para-margin:0cm; \tmso-para-margin-bottom:.0001pt; \tmso-pagination:widow-orphan; \tfont-size:10.0pt; \tfont-family:\"Times New Roman\"; \tmso-ansi-language:#0400; \tmso-fareast-language:#0400; \tmso-bidi-language:#0400;}  &lt;![endif]-->  <p><span>MUNDO: Bajo el eslogan &#8220;No a la austeridad, prioridad a los empleos y al crecimiento&#8221;, el D\u00eda de acci\u00f3n europeo tuvo lugar principalmente en las calles de Espa\u00f1a y B\u00e9lgica, e Irlanda, Italia y Polonia, para mostrar las preocupaciones de los trabajadores y luchar por los empleos en las industrias de fabricaci\u00f3n europeas.<\/span><\/p>  <p><span>Las medidas de austeridad actuales son una amenaza para la fr\u00e1gil recuperaci\u00f3n en las industrias y conducen a una mayor desindustrializaci\u00f3n en Europa y a una profunda recesi\u00f3n social. La Federaci\u00f3n Europea de Metal\u00fargicos pidi\u00f3 que se aplique un impuesto a las transacciones financieras (ITF) para la inversi\u00f3n y los empleos, a fin de mantener las industrias a flote.<\/span><\/p>  <p><span>Muchos gobiernos del bloque de 27 miembros han impuesto duras reducciones salariales, de las pensiones y del empleo, para abordar la espiral de las deudas.<\/span><\/p>  <p><span>La protesta incluy\u00f3 la huelga general de los sindicatos espa\u00f1oles, la primera en ocho a\u00f1os, que protestan contra una reducci\u00f3n salarial media del cinco por ciento este a\u00f1o, como parte de los recortes de austeridad del Gobierno espa\u00f1ol por valor de 15.000 millones de euros, aprobados este a\u00f1o por el Gobierno espa\u00f1ol por una mayor\u00eda muy peque\u00f1a.<\/span><\/p>  <p><span>En Espa\u00f1a acudieron a la huelga 10 millones de personas, m\u00e1s del 70 por ciento de la fuerza de trabajo, seg\u00fan los sindicatos UGT y CCOO, afiliados a la FITIM. Se manifestaron en las calles de varias ciudades espa\u00f1olas.<\/span><\/p>  <p><span>Los secretarios de organizaci\u00f3n de CCOO y UGT, Jos\u00e9 Antonio del Campo y Javier Cubillo, han criticado la &#8220;brutalidad&#8221; de las actuaciones de la polic\u00eda contra las l\u00edneas de piquetes sindicales, algo que no hab\u00eda sucedido en huelgas anteriores. En total, fueron detenidas m\u00e1s de 40 personas. Algunas han sido liberadas, pero otras siguen detenidas en espera de prestar declaraci\u00f3n.<\/span><\/p>  <p><span>En Bruselas, al menos 50.000 trabajadores participaron en manifestaciones de la CES. Unos 50 sindicatos europeos de 30 pa\u00edses enviaron representantes a la marcha de Bruselas, y la manifestaci\u00f3n culmin\u00f3 en el barrio europeo de la ciudad, cerca de la sede de la Comisi\u00f3n de la UE y del Consejo de Europa.<\/span><\/p>  <p><span>Algunos trabajadores iban vestidos de negro, con m\u00e1scaras tambi\u00e9n negras, portando paraguas y carteras, simulando el encabezamiento de un cortejo f\u00fanebre, llorando la muerte de Europa. Los trabajadores de la UE pueden ser las principales v\u00edctimas de una crisis financiera causada por banqueros y agentes de bolsa.<\/span><\/p>  <p><span>Tambi\u00e9n hubo acciones en Portugal, Grecia, Italia, Letonia, Lituania, Rep\u00fablica Checa, Chipre, Serbia, Rumania, Polonia, Irlanda y Francia.<\/span><\/p>  <p><span>Los informes de la FEM sobre el d\u00eda pueden verse <\/span><a href=\"http:\/\/www.emf-fem.org\/Areas-of-work\/Industrial-Policy\/No-to-austerity-Priority-for-industrial-jobs-and-growth\" target=\"_blank\"><span>aqu\u00ed.<\/span><\/a><\/p>  ","protected":false},"featured_media":0,"template":"","class_list":["post-201118","archive_imf","type-archive_imf","status-publish","hentry"],"acf":[],"yoast_head":"<!-- This site is optimized with the Yoast SEO Premium plugin v27.1 (Yoast SEO v27.1) - https:\/\/yoast.com\/product\/yoast-seo-premium-wordpress\/ -->\n<title>Millones de trabajadores protestan en Europa - industriall-union<\/title>\n<meta name=\"robots\" content=\"index, follow, max-snippet:-1, max-image-preview:large, max-video-preview:-1\" \/>\n<link rel=\"canonical\" href=\"https:\/\/admin.industriall-union.org\/es\/archive\/imf\/millones-de-trabajadores-protestan-en-europa\/\" \/>\n<meta property=\"og:locale\" content=\"es_ES\" \/>\n<meta property=\"og:type\" content=\"article\" \/>\n<meta property=\"og:title\" content=\"Millones de trabajadores protestan en Europa\" \/>\n<meta property=\"og:description\" content=\"MUNDO: Bajo el eslogan &#8220;No a la austeridad, prioridad a los empleos y al crecimiento&#8221;, el D\u00eda de acci\u00f3n europeo tuvo lugar principalmente en las calles de Espa\u00f1a y B\u00e9lgica, e Irlanda, Italia y Polonia, para mostrar las preocupaciones de los trabajadores y luchar por los empleos en las industrias de fabricaci\u00f3n europeas. Las medidas [&hellip;]\" \/>\n<meta property=\"og:url\" content=\"https:\/\/admin.industriall-union.org\/es\/archive\/imf\/millones-de-trabajadores-protestan-en-europa\/\" \/>\n<meta property=\"og:site_name\" content=\"industriall-union\" \/>\n<meta property=\"article:modified_time\" content=\"2025-01-31T09:38:57+00:00\" \/>\n<meta name=\"twitter:card\" content=\"summary_large_image\" \/>\n<meta name=\"twitter:label1\" content=\"Est. reading time\" \/>\n\t<meta name=\"twitter:data1\" content=\"2 minutes\" \/>\n<script type=\"application\/ld+json\" class=\"yoast-schema-graph\">{\"@context\":\"https:\/\/schema.org\",\"@graph\":[{\"@type\":\"WebPage\",\"@id\":\"https:\/\/admin.industriall-union.org\/es\/archive\/imf\/millones-de-trabajadores-protestan-en-europa\/\",\"url\":\"https:\/\/admin.industriall-union.org\/es\/archive\/imf\/millones-de-trabajadores-protestan-en-europa\/\",\"name\":\"Millones de trabajadores protestan en Europa - industriall-union\",\"isPartOf\":{\"@id\":\"https:\/\/admin.industriall-union.org\/#website\"},\"datePublished\":\"2010-09-30T07:13:00+00:00\",\"dateModified\":\"2025-01-31T09:38:57+00:00\",\"breadcrumb\":{\"@id\":\"https:\/\/admin.industriall-union.org\/es\/archive\/imf\/millones-de-trabajadores-protestan-en-europa\/#breadcrumb\"},\"inLanguage\":\"es-ES\",\"potentialAction\":[{\"@type\":\"ReadAction\",\"target\":[\"https:\/\/admin.industriall-union.org\/es\/archive\/imf\/millones-de-trabajadores-protestan-en-europa\/\"]}]},{\"@type\":\"BreadcrumbList\",\"@id\":\"https:\/\/admin.industriall-union.org\/es\/archive\/imf\/millones-de-trabajadores-protestan-en-europa\/#breadcrumb\",\"itemListElement\":[{\"@type\":\"ListItem\",\"position\":1,\"name\":\"Home\",\"item\":\"https:\/\/admin.industriall-union.org\/\"},{\"@type\":\"ListItem\",\"position\":2,\"name\":\"Archive Imf\",\"item\":\"https:\/\/admin.industriall-union.org\/es\/archive\/imf\/\"},{\"@type\":\"ListItem\",\"position\":3,\"name\":\"Millones de trabajadores protestan en Europa\"}]},{\"@type\":\"WebSite\",\"@id\":\"https:\/\/admin.industriall-union.org\/#website\",\"url\":\"https:\/\/admin.industriall-union.org\/\",\"name\":\"industriall-union\",\"description\":\"\",\"potentialAction\":[{\"@type\":\"SearchAction\",\"target\":{\"@type\":\"EntryPoint\",\"urlTemplate\":\"https:\/\/admin.industriall-union.org\/?s={search_term_string}\"},\"query-input\":{\"@type\":\"PropertyValueSpecification\",\"valueRequired\":true,\"valueName\":\"search_term_string\"}}],\"inLanguage\":\"es-ES\"}]}<\/script>\n<!-- \/ Yoast SEO Premium plugin. -->","yoast_head_json":{"title":"Millones de trabajadores protestan en Europa - industriall-union","robots":{"index":"index","follow":"follow","max-snippet":"max-snippet:-1","max-image-preview":"max-image-preview:large","max-video-preview":"max-video-preview:-1"},"canonical":"https:\/\/admin.industriall-union.org\/es\/archive\/imf\/millones-de-trabajadores-protestan-en-europa\/","og_locale":"es_ES","og_type":"article","og_title":"Millones de trabajadores protestan en Europa","og_description":"MUNDO: Bajo el eslogan &#8220;No a la austeridad, prioridad a los empleos y al crecimiento&#8221;, el D\u00eda de acci\u00f3n europeo tuvo lugar principalmente en las calles de Espa\u00f1a y B\u00e9lgica, e Irlanda, Italia y Polonia, para mostrar las preocupaciones de los trabajadores y luchar por los empleos en las industrias de fabricaci\u00f3n europeas. Las medidas [&hellip;]","og_url":"https:\/\/admin.industriall-union.org\/es\/archive\/imf\/millones-de-trabajadores-protestan-en-europa\/","og_site_name":"industriall-union","article_modified_time":"2025-01-31T09:38:57+00:00","twitter_card":"summary_large_image","twitter_misc":{"Est. reading time":"2 minutes"},"schema":{"@context":"https:\/\/schema.org","@graph":[{"@type":"WebPage","@id":"https:\/\/admin.industriall-union.org\/es\/archive\/imf\/millones-de-trabajadores-protestan-en-europa\/","url":"https:\/\/admin.industriall-union.org\/es\/archive\/imf\/millones-de-trabajadores-protestan-en-europa\/","name":"Millones de trabajadores protestan en Europa - industriall-union","isPartOf":{"@id":"https:\/\/admin.industriall-union.org\/#website"},"datePublished":"2010-09-30T07:13:00+00:00","dateModified":"2025-01-31T09:38:57+00:00","breadcrumb":{"@id":"https:\/\/admin.industriall-union.org\/es\/archive\/imf\/millones-de-trabajadores-protestan-en-europa\/#breadcrumb"},"inLanguage":"es-ES","potentialAction":[{"@type":"ReadAction","target":["https:\/\/admin.industriall-union.org\/es\/archive\/imf\/millones-de-trabajadores-protestan-en-europa\/"]}]},{"@type":"BreadcrumbList","@id":"https:\/\/admin.industriall-union.org\/es\/archive\/imf\/millones-de-trabajadores-protestan-en-europa\/#breadcrumb","itemListElement":[{"@type":"ListItem","position":1,"name":"Home","item":"https:\/\/admin.industriall-union.org\/"},{"@type":"ListItem","position":2,"name":"Archive Imf","item":"https:\/\/admin.industriall-union.org\/es\/archive\/imf\/"},{"@type":"ListItem","position":3,"name":"Millones de trabajadores protestan en Europa"}]},{"@type":"WebSite","@id":"https:\/\/admin.industriall-union.org\/#website","url":"https:\/\/admin.industriall-union.org\/","name":"industriall-union","description":"","potentialAction":[{"@type":"SearchAction","target":{"@type":"EntryPoint","urlTemplate":"https:\/\/admin.industriall-union.org\/?s={search_term_string}"},"query-input":{"@type":"PropertyValueSpecification","valueRequired":true,"valueName":"search_term_string"}}],"inLanguage":"es-ES"}]}},"_links":{"self":[{"href":"https:\/\/admin.industriall-union.org\/es\/wp-json\/wp\/v2\/archive_imf\/201118","targetHints":{"allow":["GET"]}}],"collection":[{"href":"https:\/\/admin.industriall-union.org\/es\/wp-json\/wp\/v2\/archive_imf"}],"about":[{"href":"https:\/\/admin.industriall-union.org\/es\/wp-json\/wp\/v2\/types\/archive_imf"}],"wp:attachment":[{"href":"https:\/\/admin.industriall-union.org\/es\/wp-json\/wp\/v2\/media?parent=201118"}],"curies":[{"name":"wp","href":"https:\/\/api.w.org\/{rel}","templated":true}]}}

<!--[if gte mso 9]&gt;     Normal   0   21         false   false   false                             MicrosoftInternetExplorer4   &lt;![endif]--><!--[if gte mso 9]&gt;     &lt;![endif]--><!--[if gte mso 10]&gt;   /* Style Definitions */  table.MsoNormalTable 	{mso-style-name:"Table Normal"; 	mso-tstyle-rowband-size:0; 	mso-tstyle-colband-size:0; 	mso-style-noshow:yes; 	mso-style-parent:""; 	mso-padding-alt:0cm 5.4pt 0cm 5.4pt; 	mso-para-margin:0cm; 	mso-para-margin-bottom:.0001pt; 	mso-pagination:widow-orphan; 	font-size:10.0pt; 	font-family:"Times New Roman"; 	mso-ansi-language:#0400; 	mso-fareast-language:#0400; 	mso-bidi-language:#0400;}  &lt;![endif]-->  <p><span>MUNDO: Bajo el eslogan &#8220;No a la austeridad, prioridad a los empleos y al crecimiento&#8221;, el Día de acción europeo tuvo lugar principalmente en las calles de España y Bélgica, e Irlanda, Italia y Polonia, para mostrar las preocupaciones de los trabajadores y luchar por los empleos en las industrias de fabricación europeas.</span></p>  <p><span>Las medidas de austeridad actuales son una amenaza para la frágil recuperación en las industrias y conducen a una mayor desindustrialización en Europa y a una profunda recesión social. La Federación Europea de Metalúrgicos pidió que se aplique un impuesto a las transacciones financieras (ITF) para la inversión y los empleos, a fin de mantener las industrias a flote.</span></p>  <p><span>Muchos gobiernos del bloque de 27 miembros han impuesto duras reducciones salariales, de las pensiones y del empleo, para abordar la espiral de las deudas.</span></p>  <p><span>La protesta incluyó la huelga general de los sindicatos españoles, la primera en ocho años, que protestan contra una reducción salarial media del cinco por ciento este año, como parte de los recortes de austeridad del Gobierno español por valor de 15.000 millones de euros, aprobados este año por el Gobierno español por una mayoría muy pequeña.</span></p>  <p><span>En España acudieron a la huelga 10 millones de personas, más del 70 por ciento de la fuerza de trabajo, según los sindicatos UGT y CCOO, afiliados a la FITIM. Se manifestaron en las calles de varias ciudades españolas.</span></p>  <p><span>Los secretarios de organización de CCOO y UGT, José Antonio del Campo y Javier Cubillo, han criticado la &#8220;brutalidad&#8221; de las actuaciones de la policía contra las líneas de piquetes sindicales, algo que no había sucedido en huelgas anteriores. En total, fueron detenidas más de 40 personas. Algunas han sido liberadas, pero otras siguen detenidas en espera de prestar declaración.</span></p>  <p><span>En Bruselas, al menos 50.000 trabajadores participaron en manifestaciones de la CES. Unos 50 sindicatos europeos de 30 países enviaron representantes a la marcha de Bruselas, y la manifestación culminó en el barrio europeo de la ciudad, cerca de la sede de la Comisión de la UE y del Consejo de Europa.</span></p>  <p><span>Algunos trabajadores iban vestidos de negro, con máscaras también negras, portando paraguas y carteras, simulando el encabezamiento de un cortejo fúnebre, llorando la muerte de Europa. Los trabajadores de la UE pueden ser las principales víctimas de una crisis financiera causada por banqueros y agentes de bolsa.</span></p>  <p><span>También hubo acciones en Portugal, Grecia, Italia, Letonia, Lituania, República Checa, Chipre, Serbia, Rumania, Polonia, Irlanda y Francia.</span></p>  <p><span>Los informes de la FEM sobre el día pueden verse </span><a href="http://www.emf-fem.org/Areas-of-work/Industrial-Policy/No-to-austerity-Priority-for-industrial-jobs-and-growth" target="_blank"><span>aquí.</span></a></p>

<!-- This site is optimized with the Yoast SEO Premium plugin v27.1 (Yoast SEO v27.1) - https://yoast.com/product/yoast-seo-premium-wordpress/ -->
<title>Millones de trabajadores protestan en Europa - industriall-union</title>
<meta name="robots" content="index, follow, max-snippet:-1, max-image-preview:large, max-video-preview:-1" />
<link rel="canonical" href="https://admin.industriall-union.org/es/archive/imf/millones-de-trabajadores-protestan-en-europa/" />
<meta property="og:locale" content="es_ES" />
<meta property="og:type" content="article" />
<meta property="og:title" content="Millones de trabajadores protestan en Europa" />
<meta property="og:description" content="MUNDO: Bajo el eslogan &#8220;No a la austeridad, prioridad a los empleos y al crecimiento&#8221;, el Día de acción europeo tuvo lugar principalmente en las calles de España y Bélgica, e Irlanda, Italia y Polonia, para mostrar las preocupaciones de los trabajadores y luchar por los empleos en las industrias de fabricación europeas. Las medidas [&hellip;]" />
<meta property="og:url" content="https://admin.industriall-union.org/es/archive/imf/millones-de-trabajadores-protestan-en-europa/" />
<meta property="og:site_name" content="industriall-union" />
<meta property="article:modified_time" content="2025-01-31T09:38:57+00:00" />
<meta name="twitter:card" content="summary_large_image" />
<meta name="twitter:label1" content="Est. reading time" />
	<meta name="twitter:data1" content="2 minutes" />
<script type="application/ld+json" class="yoast-schema-graph">{"@context":"https://schema.org","@graph":[{"@type":"WebPage","@id":"https://admin.industriall-union.org/es/archive/imf/millones-de-trabajadores-protestan-en-europa/","url":"https://admin.industriall-union.org/es/archive/imf/millones-de-trabajadores-protestan-en-europa/","name":"Millones de trabajadores protestan en Europa - industriall-union","isPartOf":{"@id":"https://admin.industriall-union.org/#website"},"datePublished":"2010-09-30T07:13:00+00:00","dateModified":"2025-01-31T09:38:57+00:00","breadcrumb":{"@id":"https://admin.industriall-union.org/es/archive/imf/millones-de-trabajadores-protestan-en-europa/#breadcrumb"},"inLanguage":"es-ES","potentialAction":[{"@type":"ReadAction","target":["https://admin.industriall-union.org/es/archive/imf/millones-de-trabajadores-protestan-en-europa/"]}]},{"@type":"BreadcrumbList","@id":"https://admin.industriall-union.org/es/archive/imf/millones-de-trabajadores-protestan-en-europa/#breadcrumb","itemListElement":[{"@type":"ListItem","position":1,"name":"Home","item":"https://admin.industriall-union.org/"},{"@type":"ListItem","position":2,"name":"Archive Imf","item":"https://admin.industriall-union.org/es/archive/imf/"},{"@type":"ListItem","position":3,"name":"Millones de trabajadores protestan en Europa"}]},{"@type":"WebSite","@id":"https://admin.industriall-union.org/#website","url":"https://admin.industriall-union.org/","name":"industriall-union","description":"","potentialAction":[{"@type":"SearchAction","target":{"@type":"EntryPoint","urlTemplate":"https://admin.industriall-union.org/?s={search_term_string}"},"query-input":{"@type":"PropertyValueSpecification","valueRequired":true,"valueName":"search_term_string"}}],"inLanguage":"es-ES"}]}</script>
<!-- / Yoast SEO Premium plugin. -->

MUNDO: Bajo el eslogan &#8220;No a la austeridad, prioridad a los empleos y al crecimiento&#8221;, el Día de acción europeo tuvo lugar principalmente en las calles de España y Bélgica, e Irlanda, Italia y Polonia, para mostrar las preocupaciones de los trabajadores y luchar por los empleos en las industrias de fabricación europeas. Las medidas [&hellip;]
