{"id":201110,"date":"2010-09-30T14:03:00","date_gmt":"2010-09-30T14:03:00","guid":{"rendered":"https:\/\/admin.industriall-union.org\/archive\/imf\/se-acerca-el-plazo-para-obtener-un-diploma-sobre-politicas-laborales-y-globalizacion\/"},"modified":"2025-01-31T09:38:55","modified_gmt":"2025-01-31T09:38:55","slug":"se-acerca-el-plazo-para-obtener-un-diploma-sobre-politicas-laborales-y-globalizacion","status":"publish","type":"archive_imf","link":"https:\/\/admin.industriall-union.org\/es\/archive\/imf\/se-acerca-el-plazo-para-obtener-un-diploma-sobre-politicas-laborales-y-globalizacion\/","title":{"rendered":"Se acerca el plazo para obtener un diploma sobre pol\u00edticas laborales y globalizaci\u00f3n"},"content":{"rendered":"<!--[if gte mso 9]&gt;     Normal   0   21         false   false   false                             MicrosoftInternetExplorer4   &lt;![endif]--><!--[if gte mso 9]&gt;     &lt;![endif]--><!--[if gte mso 10]&gt;   \/* Style Definitions *\/  table.MsoNormalTable \t{mso-style-name:\"Table Normal\"; \tmso-tstyle-rowband-size:0; \tmso-tstyle-colband-size:0; \tmso-style-noshow:yes; \tmso-style-parent:\"\"; \tmso-padding-alt:0cm 5.4pt 0cm 5.4pt; \tmso-para-margin:0cm; \tmso-para-margin-bottom:.0001pt; \tmso-pagination:widow-orphan; \tfont-size:10.0pt; \tfont-family:\"Times New Roman\"; \tmso-ansi-language:#0400; \tmso-fareast-language:#0400; \tmso-bidi-language:#0400;}  &lt;![endif]-->  <p><span>ALEMANIA: El diploma en &#8220;Pol\u00edticas laborales y globalizaci\u00f3n&#8221; est\u00e1 destinado a ayudar a los activistas<span>\u00a0 <\/span>laborales y sindicalistas a adquirir conocimientos adicionales y herramientas que les permitan participar activamente en el debate p\u00fablico y en el proceso de formulaci\u00f3n y aplicaci\u00f3n de pol\u00edticas.<\/span><\/p>  <p><span>Para m\u00e1s detalles sobre el programa, gastos de matr\u00edcula, becas y el procedimiento de solicitud, vis\u00edtese el sitio web <a href=\"http:\/\/www.global-labour-university.org\/216.html\">aqu\u00ed<\/a> o env\u00edese un correo electr\u00f3nico a:\u00a0<\/span><a href=\"mailto:engage@uni-kassel.de\"><span>engage@uni-kassel.de<\/span><\/a><span>. Los cursos empiezan todos los a\u00f1os el 1 de abril en la Escuela de Econom\u00eda y Derecho de Berl\u00edn y contin\u00faan en la Universidad de Kassel de mediados de mayo a mediados de julio.<\/span><\/p>  <p><span>El diploma en &quot;Pol\u00edticas laborales y globalizaci\u00f3n&#8221; consiste en un programa acad\u00e9mico de 3,5 meses y en una pasant\u00eda de dos meses. Con el programa se atiende la petici\u00f3n de muchos sindicatos de ofrecer un plan acad\u00e9mico para sindicalistas que no pueden seguir cursos durante un a\u00f1o completo para un programa m\u00e1ster.<\/span><\/p>  <p><span>El curso comprende cinco m\u00f3dulos centrados en pol\u00edticas salariales mundiales, finanzas mundiales, comercio mundial, aspectos econ\u00f3micos del desarrollo, y participaci\u00f3n en la gobernanza mundial, Los cursos ser\u00e1n impartidos por personal docente experimentado en la Universidad de Kassel y en la Escuela de Econom\u00eda y Derecho, en Alemania, que forman parte de la Universidad Laboral Global, y por conferenciantes internacionales invitados.<\/span><\/p>  <p><span>La pasant\u00eda de ocho semanas se har\u00e1 entre mediados de julio y finales de septiembre, dependiendo de las necesidades de la instituci\u00f3n de acogida y del pasante.<\/span><\/p>  ","protected":false},"featured_media":0,"template":"","class_list":["post-201110","archive_imf","type-archive_imf","status-publish","hentry"],"acf":[],"yoast_head":"<!-- This site is optimized with the Yoast SEO Premium plugin v27.1 (Yoast SEO v27.1) - https:\/\/yoast.com\/product\/yoast-seo-premium-wordpress\/ -->\n<title>Se acerca el plazo para obtener un diploma sobre pol\u00edticas laborales y globalizaci\u00f3n - industriall-union<\/title>\n<meta name=\"robots\" content=\"index, follow, max-snippet:-1, max-image-preview:large, max-video-preview:-1\" \/>\n<link rel=\"canonical\" href=\"https:\/\/admin.industriall-union.org\/es\/archive\/imf\/se-acerca-el-plazo-para-obtener-un-diploma-sobre-politicas-laborales-y-globalizacion\/\" \/>\n<meta property=\"og:locale\" content=\"es_ES\" \/>\n<meta property=\"og:type\" content=\"article\" \/>\n<meta property=\"og:title\" content=\"Se acerca el plazo para obtener un diploma sobre pol\u00edticas laborales y globalizaci\u00f3n\" \/>\n<meta property=\"og:description\" content=\"ALEMANIA: El diploma en &#8220;Pol\u00edticas laborales y globalizaci\u00f3n&#8221; est\u00e1 destinado a ayudar a los activistas\u00a0 laborales y sindicalistas a adquirir conocimientos adicionales y herramientas que les permitan participar activamente en el debate p\u00fablico y en el proceso de formulaci\u00f3n y aplicaci\u00f3n de pol\u00edticas. Para m\u00e1s detalles sobre el programa, gastos de matr\u00edcula, becas y el [&hellip;]\" \/>\n<meta property=\"og:url\" content=\"https:\/\/admin.industriall-union.org\/es\/archive\/imf\/se-acerca-el-plazo-para-obtener-un-diploma-sobre-politicas-laborales-y-globalizacion\/\" \/>\n<meta property=\"og:site_name\" content=\"industriall-union\" \/>\n<meta property=\"article:modified_time\" content=\"2025-01-31T09:38:55+00:00\" \/>\n<meta name=\"twitter:card\" content=\"summary_large_image\" \/>\n<meta name=\"twitter:label1\" content=\"Est. reading time\" \/>\n\t<meta name=\"twitter:data1\" content=\"1 minute\" \/>\n<script type=\"application\/ld+json\" class=\"yoast-schema-graph\">{\"@context\":\"https:\/\/schema.org\",\"@graph\":[{\"@type\":\"WebPage\",\"@id\":\"https:\/\/admin.industriall-union.org\/es\/archive\/imf\/se-acerca-el-plazo-para-obtener-un-diploma-sobre-politicas-laborales-y-globalizacion\/\",\"url\":\"https:\/\/admin.industriall-union.org\/es\/archive\/imf\/se-acerca-el-plazo-para-obtener-un-diploma-sobre-politicas-laborales-y-globalizacion\/\",\"name\":\"Se acerca el plazo para obtener un diploma sobre pol\u00edticas laborales y globalizaci\u00f3n - industriall-union\",\"isPartOf\":{\"@id\":\"https:\/\/admin.industriall-union.org\/#website\"},\"datePublished\":\"2010-09-30T14:03:00+00:00\",\"dateModified\":\"2025-01-31T09:38:55+00:00\",\"breadcrumb\":{\"@id\":\"https:\/\/admin.industriall-union.org\/es\/archive\/imf\/se-acerca-el-plazo-para-obtener-un-diploma-sobre-politicas-laborales-y-globalizacion\/#breadcrumb\"},\"inLanguage\":\"es-ES\",\"potentialAction\":[{\"@type\":\"ReadAction\",\"target\":[\"https:\/\/admin.industriall-union.org\/es\/archive\/imf\/se-acerca-el-plazo-para-obtener-un-diploma-sobre-politicas-laborales-y-globalizacion\/\"]}]},{\"@type\":\"BreadcrumbList\",\"@id\":\"https:\/\/admin.industriall-union.org\/es\/archive\/imf\/se-acerca-el-plazo-para-obtener-un-diploma-sobre-politicas-laborales-y-globalizacion\/#breadcrumb\",\"itemListElement\":[{\"@type\":\"ListItem\",\"position\":1,\"name\":\"Home\",\"item\":\"https:\/\/admin.industriall-union.org\/\"},{\"@type\":\"ListItem\",\"position\":2,\"name\":\"Archive Imf\",\"item\":\"https:\/\/admin.industriall-union.org\/es\/archive\/imf\/\"},{\"@type\":\"ListItem\",\"position\":3,\"name\":\"Se acerca el plazo para obtener un diploma sobre pol\u00edticas laborales y globalizaci\u00f3n\"}]},{\"@type\":\"WebSite\",\"@id\":\"https:\/\/admin.industriall-union.org\/#website\",\"url\":\"https:\/\/admin.industriall-union.org\/\",\"name\":\"industriall-union\",\"description\":\"\",\"potentialAction\":[{\"@type\":\"SearchAction\",\"target\":{\"@type\":\"EntryPoint\",\"urlTemplate\":\"https:\/\/admin.industriall-union.org\/?s={search_term_string}\"},\"query-input\":{\"@type\":\"PropertyValueSpecification\",\"valueRequired\":true,\"valueName\":\"search_term_string\"}}],\"inLanguage\":\"es-ES\"}]}<\/script>\n<!-- \/ Yoast SEO Premium plugin. -->","yoast_head_json":{"title":"Se acerca el plazo para obtener un diploma sobre pol\u00edticas laborales y globalizaci\u00f3n - industriall-union","robots":{"index":"index","follow":"follow","max-snippet":"max-snippet:-1","max-image-preview":"max-image-preview:large","max-video-preview":"max-video-preview:-1"},"canonical":"https:\/\/admin.industriall-union.org\/es\/archive\/imf\/se-acerca-el-plazo-para-obtener-un-diploma-sobre-politicas-laborales-y-globalizacion\/","og_locale":"es_ES","og_type":"article","og_title":"Se acerca el plazo para obtener un diploma sobre pol\u00edticas laborales y globalizaci\u00f3n","og_description":"ALEMANIA: El diploma en &#8220;Pol\u00edticas laborales y globalizaci\u00f3n&#8221; est\u00e1 destinado a ayudar a los activistas\u00a0 laborales y sindicalistas a adquirir conocimientos adicionales y herramientas que les permitan participar activamente en el debate p\u00fablico y en el proceso de formulaci\u00f3n y aplicaci\u00f3n de pol\u00edticas. Para m\u00e1s detalles sobre el programa, gastos de matr\u00edcula, becas y el [&hellip;]","og_url":"https:\/\/admin.industriall-union.org\/es\/archive\/imf\/se-acerca-el-plazo-para-obtener-un-diploma-sobre-politicas-laborales-y-globalizacion\/","og_site_name":"industriall-union","article_modified_time":"2025-01-31T09:38:55+00:00","twitter_card":"summary_large_image","twitter_misc":{"Est. reading time":"1 minute"},"schema":{"@context":"https:\/\/schema.org","@graph":[{"@type":"WebPage","@id":"https:\/\/admin.industriall-union.org\/es\/archive\/imf\/se-acerca-el-plazo-para-obtener-un-diploma-sobre-politicas-laborales-y-globalizacion\/","url":"https:\/\/admin.industriall-union.org\/es\/archive\/imf\/se-acerca-el-plazo-para-obtener-un-diploma-sobre-politicas-laborales-y-globalizacion\/","name":"Se acerca el plazo para obtener un diploma sobre pol\u00edticas laborales y globalizaci\u00f3n - industriall-union","isPartOf":{"@id":"https:\/\/admin.industriall-union.org\/#website"},"datePublished":"2010-09-30T14:03:00+00:00","dateModified":"2025-01-31T09:38:55+00:00","breadcrumb":{"@id":"https:\/\/admin.industriall-union.org\/es\/archive\/imf\/se-acerca-el-plazo-para-obtener-un-diploma-sobre-politicas-laborales-y-globalizacion\/#breadcrumb"},"inLanguage":"es-ES","potentialAction":[{"@type":"ReadAction","target":["https:\/\/admin.industriall-union.org\/es\/archive\/imf\/se-acerca-el-plazo-para-obtener-un-diploma-sobre-politicas-laborales-y-globalizacion\/"]}]},{"@type":"BreadcrumbList","@id":"https:\/\/admin.industriall-union.org\/es\/archive\/imf\/se-acerca-el-plazo-para-obtener-un-diploma-sobre-politicas-laborales-y-globalizacion\/#breadcrumb","itemListElement":[{"@type":"ListItem","position":1,"name":"Home","item":"https:\/\/admin.industriall-union.org\/"},{"@type":"ListItem","position":2,"name":"Archive Imf","item":"https:\/\/admin.industriall-union.org\/es\/archive\/imf\/"},{"@type":"ListItem","position":3,"name":"Se acerca el plazo para obtener un diploma sobre pol\u00edticas laborales y globalizaci\u00f3n"}]},{"@type":"WebSite","@id":"https:\/\/admin.industriall-union.org\/#website","url":"https:\/\/admin.industriall-union.org\/","name":"industriall-union","description":"","potentialAction":[{"@type":"SearchAction","target":{"@type":"EntryPoint","urlTemplate":"https:\/\/admin.industriall-union.org\/?s={search_term_string}"},"query-input":{"@type":"PropertyValueSpecification","valueRequired":true,"valueName":"search_term_string"}}],"inLanguage":"es-ES"}]}},"_links":{"self":[{"href":"https:\/\/admin.industriall-union.org\/es\/wp-json\/wp\/v2\/archive_imf\/201110","targetHints":{"allow":["GET"]}}],"collection":[{"href":"https:\/\/admin.industriall-union.org\/es\/wp-json\/wp\/v2\/archive_imf"}],"about":[{"href":"https:\/\/admin.industriall-union.org\/es\/wp-json\/wp\/v2\/types\/archive_imf"}],"wp:attachment":[{"href":"https:\/\/admin.industriall-union.org\/es\/wp-json\/wp\/v2\/media?parent=201110"}],"curies":[{"name":"wp","href":"https:\/\/api.w.org\/{rel}","templated":true}]}}

Se acerca el plazo para obtener un diploma sobre políticas laborales y globalización

<!--[if gte mso 9]&gt;     Normal   0   21         false   false   false                             MicrosoftInternetExplorer4   &lt;![endif]--><!--[if gte mso 9]&gt;     &lt;![endif]--><!--[if gte mso 10]&gt;   /* Style Definitions */  table.MsoNormalTable 	{mso-style-name:"Table Normal"; 	mso-tstyle-rowband-size:0; 	mso-tstyle-colband-size:0; 	mso-style-noshow:yes; 	mso-style-parent:""; 	mso-padding-alt:0cm 5.4pt 0cm 5.4pt; 	mso-para-margin:0cm; 	mso-para-margin-bottom:.0001pt; 	mso-pagination:widow-orphan; 	font-size:10.0pt; 	font-family:"Times New Roman"; 	mso-ansi-language:#0400; 	mso-fareast-language:#0400; 	mso-bidi-language:#0400;}  &lt;![endif]-->  <p><span>ALEMANIA: El diploma en &#8220;Políticas laborales y globalización&#8221; está destinado a ayudar a los activistas<span>  </span>laborales y sindicalistas a adquirir conocimientos adicionales y herramientas que les permitan participar activamente en el debate público y en el proceso de formulación y aplicación de políticas.</span></p>  <p><span>Para más detalles sobre el programa, gastos de matrícula, becas y el procedimiento de solicitud, visítese el sitio web <a href="http://www.global-labour-university.org/216.html">aquí</a> o envíese un correo electrónico a: </span><a href="mailto:engage@uni-kassel.de"><span>engage@uni-kassel.de</span></a><span>. Los cursos empiezan todos los años el 1 de abril en la Escuela de Economía y Derecho de Berlín y continúan en la Universidad de Kassel de mediados de mayo a mediados de julio.</span></p>  <p><span>El diploma en &quot;Políticas laborales y globalización&#8221; consiste en un programa académico de 3,5 meses y en una pasantía de dos meses. Con el programa se atiende la petición de muchos sindicatos de ofrecer un plan académico para sindicalistas que no pueden seguir cursos durante un año completo para un programa máster.</span></p>  <p><span>El curso comprende cinco módulos centrados en políticas salariales mundiales, finanzas mundiales, comercio mundial, aspectos económicos del desarrollo, y participación en la gobernanza mundial, Los cursos serán impartidos por personal docente experimentado en la Universidad de Kassel y en la Escuela de Economía y Derecho, en Alemania, que forman parte de la Universidad Laboral Global, y por conferenciantes internacionales invitados.</span></p>  <p><span>La pasantía de ocho semanas se hará entre mediados de julio y finales de septiembre, dependiendo de las necesidades de la institución de acogida y del pasante.</span></p>

<!-- This site is optimized with the Yoast SEO Premium plugin v27.1 (Yoast SEO v27.1) - https://yoast.com/product/yoast-seo-premium-wordpress/ -->
<title>Se acerca el plazo para obtener un diploma sobre políticas laborales y globalización - industriall-union</title>
<meta name="robots" content="index, follow, max-snippet:-1, max-image-preview:large, max-video-preview:-1" />
<link rel="canonical" href="https://admin.industriall-union.org/es/archive/imf/se-acerca-el-plazo-para-obtener-un-diploma-sobre-politicas-laborales-y-globalizacion/" />
<meta property="og:locale" content="es_ES" />
<meta property="og:type" content="article" />
<meta property="og:title" content="Se acerca el plazo para obtener un diploma sobre políticas laborales y globalización" />
<meta property="og:description" content="ALEMANIA: El diploma en &#8220;Políticas laborales y globalización&#8221; está destinado a ayudar a los activistas  laborales y sindicalistas a adquirir conocimientos adicionales y herramientas que les permitan participar activamente en el debate público y en el proceso de formulación y aplicación de políticas. Para más detalles sobre el programa, gastos de matrícula, becas y el [&hellip;]" />
<meta property="og:url" content="https://admin.industriall-union.org/es/archive/imf/se-acerca-el-plazo-para-obtener-un-diploma-sobre-politicas-laborales-y-globalizacion/" />
<meta property="og:site_name" content="industriall-union" />
<meta property="article:modified_time" content="2025-01-31T09:38:55+00:00" />
<meta name="twitter:card" content="summary_large_image" />
<meta name="twitter:label1" content="Est. reading time" />
	<meta name="twitter:data1" content="1 minute" />
<script type="application/ld+json" class="yoast-schema-graph">{"@context":"https://schema.org","@graph":[{"@type":"WebPage","@id":"https://admin.industriall-union.org/es/archive/imf/se-acerca-el-plazo-para-obtener-un-diploma-sobre-politicas-laborales-y-globalizacion/","url":"https://admin.industriall-union.org/es/archive/imf/se-acerca-el-plazo-para-obtener-un-diploma-sobre-politicas-laborales-y-globalizacion/","name":"Se acerca el plazo para obtener un diploma sobre políticas laborales y globalización - industriall-union","isPartOf":{"@id":"https://admin.industriall-union.org/#website"},"datePublished":"2010-09-30T14:03:00+00:00","dateModified":"2025-01-31T09:38:55+00:00","breadcrumb":{"@id":"https://admin.industriall-union.org/es/archive/imf/se-acerca-el-plazo-para-obtener-un-diploma-sobre-politicas-laborales-y-globalizacion/#breadcrumb"},"inLanguage":"es-ES","potentialAction":[{"@type":"ReadAction","target":["https://admin.industriall-union.org/es/archive/imf/se-acerca-el-plazo-para-obtener-un-diploma-sobre-politicas-laborales-y-globalizacion/"]}]},{"@type":"BreadcrumbList","@id":"https://admin.industriall-union.org/es/archive/imf/se-acerca-el-plazo-para-obtener-un-diploma-sobre-politicas-laborales-y-globalizacion/#breadcrumb","itemListElement":[{"@type":"ListItem","position":1,"name":"Home","item":"https://admin.industriall-union.org/"},{"@type":"ListItem","position":2,"name":"Archive Imf","item":"https://admin.industriall-union.org/es/archive/imf/"},{"@type":"ListItem","position":3,"name":"Se acerca el plazo para obtener un diploma sobre políticas laborales y globalización"}]},{"@type":"WebSite","@id":"https://admin.industriall-union.org/#website","url":"https://admin.industriall-union.org/","name":"industriall-union","description":"","potentialAction":[{"@type":"SearchAction","target":{"@type":"EntryPoint","urlTemplate":"https://admin.industriall-union.org/?s={search_term_string}"},"query-input":{"@type":"PropertyValueSpecification","valueRequired":true,"valueName":"search_term_string"}}],"inLanguage":"es-ES"}]}</script>
<!-- / Yoast SEO Premium plugin. -->

Se acerca el plazo para obtener un diploma sobre políticas laborales y globalización - industriall-union

ALEMANIA: El diploma en &#8220;Políticas laborales y globalización&#8221; está destinado a ayudar a los activistas  laborales y sindicalistas a adquirir conocimientos adicionales y herramientas que les permitan participar activamente en el debate público y en el proceso de formulación y aplicación de políticas. Para más detalles sobre el programa, gastos de matrícula, becas y el [&hellip;]
