{"id":201108,"date":"2010-10-04T10:43:00","date_gmt":"2010-10-04T10:43:00","guid":{"rendered":"https:\/\/admin.industriall-union.org\/archive\/imf\/sindicatos-de-africa-del-norte-y-de-europa-coordinan-una-estrategia-sobre-salud-y-seguridad-en-sonasid-arcelormittal\/"},"modified":"2025-01-31T09:38:54","modified_gmt":"2025-01-31T09:38:54","slug":"sindicatos-de-africa-del-norte-y-de-europa-coordinan-una-estrategia-sobre-salud-y-seguridad-en-sonasid-arcelormittal","status":"publish","type":"archive_imf","link":"https:\/\/admin.industriall-union.org\/es\/archive\/imf\/sindicatos-de-africa-del-norte-y-de-europa-coordinan-una-estrategia-sobre-salud-y-seguridad-en-sonasid-arcelormittal\/","title":{"rendered":"Sindicatos de Africa del Norte y de Europa coordinan una estrategia sobre salud y seguridad en SONASID-ArcelorMittal"},"content":{"rendered":"  <p>MARRUECOS: Del 28 al 30 de septiembre de 2010 se celebr\u00f3 un seminario en Casablanca al que asistieron representantes de los trabajadores de varios lugares de producci\u00f3n de ArcelorMittal en Europa y de las plantas en Nador y Jorf Lasfar de SONASID, la compa\u00f1\u00eda sider\u00fargica marroqu\u00ed con una importante participaci\u00f3n de ArcelorMittal. <\/p>  <p>La iniciativa formaba parte de la estrategia m\u00e1s amplia de la FITIM de crear redes entre sindicatos que organizan a los empleados en la misma multinacional en diferentes pa\u00edses y coordinar sus actividades conjuntas para el respeto de los derechos fundamentales en el trabajo.<\/p>  <p>Los participantes intercambiaron sus experiencias en la negociaci\u00f3n colectiva y expresaron preocupaciones en particular con respecto a las condiciones de salud y seguridad en plantas de ArcelorMittal.\u00a0 Las preocupaciones versaron ante todo sobre las inadecuadas medidas de seguridad en las operaciones de Jorf Lasfar en Marruecos, donde ha habido recientemente tres v\u00edctimas, y los representantes sindicales denunciaron el deterioro general de la situaci\u00f3n desde 2007. <\/p>  <p>Todos los participantes se\u00f1alaron que una de las principales razones de los accidentes de trabajo es la mayor subcontrataci\u00f3n y la externalizaci\u00f3n de partes del proceso de producci\u00f3n, con el empleo de trabajadores en condiciones muy inferiores y sin la formaci\u00f3n adecuada. Contrariamente a la cultura de prevenci\u00f3n declarada por la compa\u00f1\u00eda, se inform\u00f3 de que debe prestar m\u00e1s atenci\u00f3n a su pol\u00edtica real, en lugar de aplicar sanciones y medidas represivas contra los trabajadores v\u00edctimas de accidentes laborales. Los delegados sindicales destacaron cambios en la organizaci\u00f3n del trabajo en los \u00faltimos a\u00f1os que parecen orientados, todos ellos, a la maximizaci\u00f3n de beneficios a expensas de la seguridad, de buenas condiciones de trabajo y de seguridad en el empleo, con una parte de contratos precarios que crece r\u00e1pidamente.<\/p>  <p>Se identificaron objetivos comunes para la acci\u00f3n sindical coordinada entre los sindicatos participantes; las m\u00e1ximas prioridades comprenden demandas de mejores condiciones de seguridad mediante una prevenci\u00f3n efectiva y un menor uso de la subcontrataci\u00f3n. La igualdad de trato de los empleados subcontratados y otros no permanentes son objetivos prioritarios comunes, as\u00ed como la estrecha colaboraci\u00f3n en materia de salud y seguridad mediante el intercambio de experiencias y conocimientos entre los sindicatos de pa\u00edses europeos y norteafricanos.<\/p>  <p>Todos los participantes apoyaron firmemente la reiterada petici\u00f3n de los sindicalistas marroqu\u00edes de verificar urgentemente la aplicaci\u00f3n concreta del Acuerdo Mundial sobre Salud y Seguridad de ArcelorMittal.<\/p>    ","protected":false},"featured_media":0,"template":"","class_list":["post-201108","archive_imf","type-archive_imf","status-publish","hentry"],"acf":[],"yoast_head":"<!-- This site is optimized with the Yoast SEO Premium plugin v27.1 (Yoast SEO v27.1) - https:\/\/yoast.com\/product\/yoast-seo-premium-wordpress\/ -->\n<title>Sindicatos de Africa del Norte y de Europa coordinan una estrategia sobre salud y seguridad en SONASID-ArcelorMittal - industriall-union<\/title>\n<meta name=\"robots\" content=\"index, follow, max-snippet:-1, max-image-preview:large, max-video-preview:-1\" \/>\n<link rel=\"canonical\" href=\"https:\/\/admin.industriall-union.org\/es\/archive\/imf\/sindicatos-de-africa-del-norte-y-de-europa-coordinan-una-estrategia-sobre-salud-y-seguridad-en-sonasid-arcelormittal\/\" \/>\n<meta property=\"og:locale\" content=\"es_ES\" \/>\n<meta property=\"og:type\" content=\"article\" \/>\n<meta property=\"og:title\" content=\"Sindicatos de Africa del Norte y de Europa coordinan una estrategia sobre salud y seguridad en SONASID-ArcelorMittal\" \/>\n<meta property=\"og:description\" content=\"MARRUECOS: Del 28 al 30 de septiembre de 2010 se celebr\u00f3 un seminario en Casablanca al que asistieron representantes de los trabajadores de varios lugares de producci\u00f3n de ArcelorMittal en Europa y de las plantas en Nador y Jorf Lasfar de SONASID, la compa\u00f1\u00eda sider\u00fargica marroqu\u00ed con una importante participaci\u00f3n de ArcelorMittal. La iniciativa formaba [&hellip;]\" \/>\n<meta property=\"og:url\" content=\"https:\/\/admin.industriall-union.org\/es\/archive\/imf\/sindicatos-de-africa-del-norte-y-de-europa-coordinan-una-estrategia-sobre-salud-y-seguridad-en-sonasid-arcelormittal\/\" \/>\n<meta property=\"og:site_name\" content=\"industriall-union\" \/>\n<meta property=\"article:modified_time\" content=\"2025-01-31T09:38:54+00:00\" \/>\n<meta name=\"twitter:card\" content=\"summary_large_image\" \/>\n<meta name=\"twitter:label1\" content=\"Est. reading time\" \/>\n\t<meta name=\"twitter:data1\" content=\"2 minutes\" \/>\n<script type=\"application\/ld+json\" class=\"yoast-schema-graph\">{\"@context\":\"https:\/\/schema.org\",\"@graph\":[{\"@type\":\"WebPage\",\"@id\":\"https:\/\/admin.industriall-union.org\/es\/archive\/imf\/sindicatos-de-africa-del-norte-y-de-europa-coordinan-una-estrategia-sobre-salud-y-seguridad-en-sonasid-arcelormittal\/\",\"url\":\"https:\/\/admin.industriall-union.org\/es\/archive\/imf\/sindicatos-de-africa-del-norte-y-de-europa-coordinan-una-estrategia-sobre-salud-y-seguridad-en-sonasid-arcelormittal\/\",\"name\":\"Sindicatos de Africa del Norte y de Europa coordinan una estrategia sobre salud y seguridad en SONASID-ArcelorMittal - industriall-union\",\"isPartOf\":{\"@id\":\"https:\/\/admin.industriall-union.org\/#website\"},\"datePublished\":\"2010-10-04T10:43:00+00:00\",\"dateModified\":\"2025-01-31T09:38:54+00:00\",\"breadcrumb\":{\"@id\":\"https:\/\/admin.industriall-union.org\/es\/archive\/imf\/sindicatos-de-africa-del-norte-y-de-europa-coordinan-una-estrategia-sobre-salud-y-seguridad-en-sonasid-arcelormittal\/#breadcrumb\"},\"inLanguage\":\"es-ES\",\"potentialAction\":[{\"@type\":\"ReadAction\",\"target\":[\"https:\/\/admin.industriall-union.org\/es\/archive\/imf\/sindicatos-de-africa-del-norte-y-de-europa-coordinan-una-estrategia-sobre-salud-y-seguridad-en-sonasid-arcelormittal\/\"]}]},{\"@type\":\"BreadcrumbList\",\"@id\":\"https:\/\/admin.industriall-union.org\/es\/archive\/imf\/sindicatos-de-africa-del-norte-y-de-europa-coordinan-una-estrategia-sobre-salud-y-seguridad-en-sonasid-arcelormittal\/#breadcrumb\",\"itemListElement\":[{\"@type\":\"ListItem\",\"position\":1,\"name\":\"Home\",\"item\":\"https:\/\/admin.industriall-union.org\/\"},{\"@type\":\"ListItem\",\"position\":2,\"name\":\"Archive Imf\",\"item\":\"https:\/\/admin.industriall-union.org\/es\/archive\/imf\/\"},{\"@type\":\"ListItem\",\"position\":3,\"name\":\"Sindicatos de Africa del Norte y de Europa coordinan una estrategia sobre salud y seguridad en SONASID-ArcelorMittal\"}]},{\"@type\":\"WebSite\",\"@id\":\"https:\/\/admin.industriall-union.org\/#website\",\"url\":\"https:\/\/admin.industriall-union.org\/\",\"name\":\"industriall-union\",\"description\":\"\",\"potentialAction\":[{\"@type\":\"SearchAction\",\"target\":{\"@type\":\"EntryPoint\",\"urlTemplate\":\"https:\/\/admin.industriall-union.org\/?s={search_term_string}\"},\"query-input\":{\"@type\":\"PropertyValueSpecification\",\"valueRequired\":true,\"valueName\":\"search_term_string\"}}],\"inLanguage\":\"es-ES\"}]}<\/script>\n<!-- \/ Yoast SEO Premium plugin. -->","yoast_head_json":{"title":"Sindicatos de Africa del Norte y de Europa coordinan una estrategia sobre salud y seguridad en SONASID-ArcelorMittal - industriall-union","robots":{"index":"index","follow":"follow","max-snippet":"max-snippet:-1","max-image-preview":"max-image-preview:large","max-video-preview":"max-video-preview:-1"},"canonical":"https:\/\/admin.industriall-union.org\/es\/archive\/imf\/sindicatos-de-africa-del-norte-y-de-europa-coordinan-una-estrategia-sobre-salud-y-seguridad-en-sonasid-arcelormittal\/","og_locale":"es_ES","og_type":"article","og_title":"Sindicatos de Africa del Norte y de Europa coordinan una estrategia sobre salud y seguridad en SONASID-ArcelorMittal","og_description":"MARRUECOS: Del 28 al 30 de septiembre de 2010 se celebr\u00f3 un seminario en Casablanca al que asistieron representantes de los trabajadores de varios lugares de producci\u00f3n de ArcelorMittal en Europa y de las plantas en Nador y Jorf Lasfar de SONASID, la compa\u00f1\u00eda sider\u00fargica marroqu\u00ed con una importante participaci\u00f3n de ArcelorMittal. La iniciativa formaba [&hellip;]","og_url":"https:\/\/admin.industriall-union.org\/es\/archive\/imf\/sindicatos-de-africa-del-norte-y-de-europa-coordinan-una-estrategia-sobre-salud-y-seguridad-en-sonasid-arcelormittal\/","og_site_name":"industriall-union","article_modified_time":"2025-01-31T09:38:54+00:00","twitter_card":"summary_large_image","twitter_misc":{"Est. reading time":"2 minutes"},"schema":{"@context":"https:\/\/schema.org","@graph":[{"@type":"WebPage","@id":"https:\/\/admin.industriall-union.org\/es\/archive\/imf\/sindicatos-de-africa-del-norte-y-de-europa-coordinan-una-estrategia-sobre-salud-y-seguridad-en-sonasid-arcelormittal\/","url":"https:\/\/admin.industriall-union.org\/es\/archive\/imf\/sindicatos-de-africa-del-norte-y-de-europa-coordinan-una-estrategia-sobre-salud-y-seguridad-en-sonasid-arcelormittal\/","name":"Sindicatos de Africa del Norte y de Europa coordinan una estrategia sobre salud y seguridad en SONASID-ArcelorMittal - industriall-union","isPartOf":{"@id":"https:\/\/admin.industriall-union.org\/#website"},"datePublished":"2010-10-04T10:43:00+00:00","dateModified":"2025-01-31T09:38:54+00:00","breadcrumb":{"@id":"https:\/\/admin.industriall-union.org\/es\/archive\/imf\/sindicatos-de-africa-del-norte-y-de-europa-coordinan-una-estrategia-sobre-salud-y-seguridad-en-sonasid-arcelormittal\/#breadcrumb"},"inLanguage":"es-ES","potentialAction":[{"@type":"ReadAction","target":["https:\/\/admin.industriall-union.org\/es\/archive\/imf\/sindicatos-de-africa-del-norte-y-de-europa-coordinan-una-estrategia-sobre-salud-y-seguridad-en-sonasid-arcelormittal\/"]}]},{"@type":"BreadcrumbList","@id":"https:\/\/admin.industriall-union.org\/es\/archive\/imf\/sindicatos-de-africa-del-norte-y-de-europa-coordinan-una-estrategia-sobre-salud-y-seguridad-en-sonasid-arcelormittal\/#breadcrumb","itemListElement":[{"@type":"ListItem","position":1,"name":"Home","item":"https:\/\/admin.industriall-union.org\/"},{"@type":"ListItem","position":2,"name":"Archive Imf","item":"https:\/\/admin.industriall-union.org\/es\/archive\/imf\/"},{"@type":"ListItem","position":3,"name":"Sindicatos de Africa del Norte y de Europa coordinan una estrategia sobre salud y seguridad en SONASID-ArcelorMittal"}]},{"@type":"WebSite","@id":"https:\/\/admin.industriall-union.org\/#website","url":"https:\/\/admin.industriall-union.org\/","name":"industriall-union","description":"","potentialAction":[{"@type":"SearchAction","target":{"@type":"EntryPoint","urlTemplate":"https:\/\/admin.industriall-union.org\/?s={search_term_string}"},"query-input":{"@type":"PropertyValueSpecification","valueRequired":true,"valueName":"search_term_string"}}],"inLanguage":"es-ES"}]}},"_links":{"self":[{"href":"https:\/\/admin.industriall-union.org\/es\/wp-json\/wp\/v2\/archive_imf\/201108","targetHints":{"allow":["GET"]}}],"collection":[{"href":"https:\/\/admin.industriall-union.org\/es\/wp-json\/wp\/v2\/archive_imf"}],"about":[{"href":"https:\/\/admin.industriall-union.org\/es\/wp-json\/wp\/v2\/types\/archive_imf"}],"wp:attachment":[{"href":"https:\/\/admin.industriall-union.org\/es\/wp-json\/wp\/v2\/media?parent=201108"}],"curies":[{"name":"wp","href":"https:\/\/api.w.org\/{rel}","templated":true}]}}

<p>MARRUECOS: Del 28 al 30 de septiembre de 2010 se celebró un seminario en Casablanca al que asistieron representantes de los trabajadores de varios lugares de producción de ArcelorMittal en Europa y de las plantas en Nador y Jorf Lasfar de SONASID, la compañía siderúrgica marroquí con una importante participación de ArcelorMittal. </p>  <p>La iniciativa formaba parte de la estrategia más amplia de la FITIM de crear redes entre sindicatos que organizan a los empleados en la misma multinacional en diferentes países y coordinar sus actividades conjuntas para el respeto de los derechos fundamentales en el trabajo.</p>  <p>Los participantes intercambiaron sus experiencias en la negociación colectiva y expresaron preocupaciones en particular con respecto a las condiciones de salud y seguridad en plantas de ArcelorMittal.  Las preocupaciones versaron ante todo sobre las inadecuadas medidas de seguridad en las operaciones de Jorf Lasfar en Marruecos, donde ha habido recientemente tres víctimas, y los representantes sindicales denunciaron el deterioro general de la situación desde 2007. </p>  <p>Todos los participantes señalaron que una de las principales razones de los accidentes de trabajo es la mayor subcontratación y la externalización de partes del proceso de producción, con el empleo de trabajadores en condiciones muy inferiores y sin la formación adecuada. Contrariamente a la cultura de prevención declarada por la compañía, se informó de que debe prestar más atención a su política real, en lugar de aplicar sanciones y medidas represivas contra los trabajadores víctimas de accidentes laborales. Los delegados sindicales destacaron cambios en la organización del trabajo en los últimos años que parecen orientados, todos ellos, a la maximización de beneficios a expensas de la seguridad, de buenas condiciones de trabajo y de seguridad en el empleo, con una parte de contratos precarios que crece rápidamente.</p>  <p>Se identificaron objetivos comunes para la acción sindical coordinada entre los sindicatos participantes; las máximas prioridades comprenden demandas de mejores condiciones de seguridad mediante una prevención efectiva y un menor uso de la subcontratación. La igualdad de trato de los empleados subcontratados y otros no permanentes son objetivos prioritarios comunes, así como la estrecha colaboración en materia de salud y seguridad mediante el intercambio de experiencias y conocimientos entre los sindicatos de países europeos y norteafricanos.</p>  <p>Todos los participantes apoyaron firmemente la reiterada petición de los sindicalistas marroquíes de verificar urgentemente la aplicación concreta del Acuerdo Mundial sobre Salud y Seguridad de ArcelorMittal.</p>

<!-- This site is optimized with the Yoast SEO Premium plugin v27.1 (Yoast SEO v27.1) - https://yoast.com/product/yoast-seo-premium-wordpress/ -->
<title>Sindicatos de Africa del Norte y de Europa coordinan una estrategia sobre salud y seguridad en SONASID-ArcelorMittal - industriall-union</title>
<meta name="robots" content="index, follow, max-snippet:-1, max-image-preview:large, max-video-preview:-1" />
<link rel="canonical" href="https://admin.industriall-union.org/es/archive/imf/sindicatos-de-africa-del-norte-y-de-europa-coordinan-una-estrategia-sobre-salud-y-seguridad-en-sonasid-arcelormittal/" />
<meta property="og:locale" content="es_ES" />
<meta property="og:type" content="article" />
<meta property="og:title" content="Sindicatos de Africa del Norte y de Europa coordinan una estrategia sobre salud y seguridad en SONASID-ArcelorMittal" />
<meta property="og:description" content="MARRUECOS: Del 28 al 30 de septiembre de 2010 se celebró un seminario en Casablanca al que asistieron representantes de los trabajadores de varios lugares de producción de ArcelorMittal en Europa y de las plantas en Nador y Jorf Lasfar de SONASID, la compañía siderúrgica marroquí con una importante participación de ArcelorMittal. La iniciativa formaba [&hellip;]" />
<meta property="og:url" content="https://admin.industriall-union.org/es/archive/imf/sindicatos-de-africa-del-norte-y-de-europa-coordinan-una-estrategia-sobre-salud-y-seguridad-en-sonasid-arcelormittal/" />
<meta property="og:site_name" content="industriall-union" />
<meta property="article:modified_time" content="2025-01-31T09:38:54+00:00" />
<meta name="twitter:card" content="summary_large_image" />
<meta name="twitter:label1" content="Est. reading time" />
	<meta name="twitter:data1" content="2 minutes" />
<script type="application/ld+json" class="yoast-schema-graph">{"@context":"https://schema.org","@graph":[{"@type":"WebPage","@id":"https://admin.industriall-union.org/es/archive/imf/sindicatos-de-africa-del-norte-y-de-europa-coordinan-una-estrategia-sobre-salud-y-seguridad-en-sonasid-arcelormittal/","url":"https://admin.industriall-union.org/es/archive/imf/sindicatos-de-africa-del-norte-y-de-europa-coordinan-una-estrategia-sobre-salud-y-seguridad-en-sonasid-arcelormittal/","name":"Sindicatos de Africa del Norte y de Europa coordinan una estrategia sobre salud y seguridad en SONASID-ArcelorMittal - industriall-union","isPartOf":{"@id":"https://admin.industriall-union.org/#website"},"datePublished":"2010-10-04T10:43:00+00:00","dateModified":"2025-01-31T09:38:54+00:00","breadcrumb":{"@id":"https://admin.industriall-union.org/es/archive/imf/sindicatos-de-africa-del-norte-y-de-europa-coordinan-una-estrategia-sobre-salud-y-seguridad-en-sonasid-arcelormittal/#breadcrumb"},"inLanguage":"es-ES","potentialAction":[{"@type":"ReadAction","target":["https://admin.industriall-union.org/es/archive/imf/sindicatos-de-africa-del-norte-y-de-europa-coordinan-una-estrategia-sobre-salud-y-seguridad-en-sonasid-arcelormittal/"]}]},{"@type":"BreadcrumbList","@id":"https://admin.industriall-union.org/es/archive/imf/sindicatos-de-africa-del-norte-y-de-europa-coordinan-una-estrategia-sobre-salud-y-seguridad-en-sonasid-arcelormittal/#breadcrumb","itemListElement":[{"@type":"ListItem","position":1,"name":"Home","item":"https://admin.industriall-union.org/"},{"@type":"ListItem","position":2,"name":"Archive Imf","item":"https://admin.industriall-union.org/es/archive/imf/"},{"@type":"ListItem","position":3,"name":"Sindicatos de Africa del Norte y de Europa coordinan una estrategia sobre salud y seguridad en SONASID-ArcelorMittal"}]},{"@type":"WebSite","@id":"https://admin.industriall-union.org/#website","url":"https://admin.industriall-union.org/","name":"industriall-union","description":"","potentialAction":[{"@type":"SearchAction","target":{"@type":"EntryPoint","urlTemplate":"https://admin.industriall-union.org/?s={search_term_string}"},"query-input":{"@type":"PropertyValueSpecification","valueRequired":true,"valueName":"search_term_string"}}],"inLanguage":"es-ES"}]}</script>
<!-- / Yoast SEO Premium plugin. -->

MARRUECOS: Del 28 al 30 de septiembre de 2010 se celebró un seminario en Casablanca al que asistieron representantes de los trabajadores de varios lugares de producción de ArcelorMittal en Europa y de las plantas en Nador y Jorf Lasfar de SONASID, la compañía siderúrgica marroquí con una importante participación de ArcelorMittal. La iniciativa formaba [&hellip;]
