{"id":201063,"date":"2009-05-09T13:59:00","date_gmt":"2009-05-09T13:59:00","guid":{"rendered":"https:\/\/admin.industriall-union.org\/archive\/imf\/la-represion-sindical-en-corea-del-sur-se-cuenta-entre-las-peores-del-mundo\/"},"modified":"2025-01-31T09:38:38","modified_gmt":"2025-01-31T09:38:38","slug":"la-represion-sindical-en-corea-del-sur-se-cuenta-entre-las-peores-del-mundo","status":"publish","type":"archive_imf","link":"https:\/\/admin.industriall-union.org\/es\/archive\/imf\/la-represion-sindical-en-corea-del-sur-se-cuenta-entre-las-peores-del-mundo\/","title":{"rendered":"La represi\u00f3n sindical en Corea del Sur se cuenta entre las peores del mundo"},"content":{"rendered":"<p>En a\u00f1os recientes, se han multiplicado los ataques a sindicatos en Corea del Sur en cuanto al n\u00famero de arrestos de dirigentes y a la severidad de las penas de prisi\u00f3n. Adem\u00e1s se ha dado un notable aumento de los casos de violencia f\u00edsica ejercida por la polic\u00eda contra trabajadores en huelga o que participan en manifestaciones. \u00a0\u00a0<\/p><p>Las leyes en Corea del Sur son utilizadas rutinariamente por el gobierno y los empleadores para:<\/p><ul><li>encarcelar sindicalistas por ejercer sus derechos; <\/li><li>impedir que los trabajadores subcontratados se afilien a un sindicato o negocien colectivamente; <\/li><li>impedirles a muchos trabajadores del sector p\u00fablico afiliarse a un sindicato o negociar colectivamente. <\/li><\/ul><p>La Federaci\u00f3n Internacional de Trabajadores de las Industrias Metal\u00fargicas, junto con otras Federaciones sindicales internacionales y la Confederaci\u00f3n Sindical Internacional, insta al gobierno de Corea del Sur a cumplir sus obligaciones y respetar las normas del trabajo reconocidas internacionalmente, de forma que todos los trabajadores gocen de la libertad sindical y del derecho de negociaci\u00f3n colectiva.\u00a0\u00a0\u00a0 <\/p>","protected":false},"featured_media":0,"template":"","class_list":["post-201063","archive_imf","type-archive_imf","status-publish","hentry"],"acf":[],"yoast_head":"<!-- This site is optimized with the Yoast SEO Premium plugin v27.1 (Yoast SEO v27.1) - https:\/\/yoast.com\/product\/yoast-seo-premium-wordpress\/ -->\n<title>La represi\u00f3n sindical en Corea del Sur se cuenta entre las peores del mundo - industriall-union<\/title>\n<meta name=\"robots\" content=\"index, follow, max-snippet:-1, max-image-preview:large, max-video-preview:-1\" \/>\n<link rel=\"canonical\" href=\"https:\/\/admin.industriall-union.org\/es\/archive\/imf\/la-represion-sindical-en-corea-del-sur-se-cuenta-entre-las-peores-del-mundo\/\" \/>\n<meta property=\"og:locale\" content=\"es_ES\" \/>\n<meta property=\"og:type\" content=\"article\" \/>\n<meta property=\"og:title\" content=\"La represi\u00f3n sindical en Corea del Sur se cuenta entre las peores del mundo\" \/>\n<meta property=\"og:description\" content=\"En a\u00f1os recientes, se han multiplicado los ataques a sindicatos en Corea del Sur en cuanto al n\u00famero de arrestos de dirigentes y a la severidad de las penas de prisi\u00f3n. Adem\u00e1s se ha dado un notable aumento de los casos de violencia f\u00edsica ejercida por la polic\u00eda contra trabajadores en huelga o que participan [&hellip;]\" \/>\n<meta property=\"og:url\" content=\"https:\/\/admin.industriall-union.org\/es\/archive\/imf\/la-represion-sindical-en-corea-del-sur-se-cuenta-entre-las-peores-del-mundo\/\" \/>\n<meta property=\"og:site_name\" content=\"industriall-union\" \/>\n<meta property=\"article:modified_time\" content=\"2025-01-31T09:38:38+00:00\" \/>\n<meta name=\"twitter:card\" content=\"summary_large_image\" \/>\n<meta name=\"twitter:label1\" content=\"Est. reading time\" \/>\n\t<meta name=\"twitter:data1\" content=\"1 minute\" \/>\n<script type=\"application\/ld+json\" class=\"yoast-schema-graph\">{\"@context\":\"https:\/\/schema.org\",\"@graph\":[{\"@type\":\"WebPage\",\"@id\":\"https:\/\/admin.industriall-union.org\/es\/archive\/imf\/la-represion-sindical-en-corea-del-sur-se-cuenta-entre-las-peores-del-mundo\/\",\"url\":\"https:\/\/admin.industriall-union.org\/es\/archive\/imf\/la-represion-sindical-en-corea-del-sur-se-cuenta-entre-las-peores-del-mundo\/\",\"name\":\"La represi\u00f3n sindical en Corea del Sur se cuenta entre las peores del mundo - industriall-union\",\"isPartOf\":{\"@id\":\"https:\/\/admin.industriall-union.org\/#website\"},\"datePublished\":\"2009-05-09T13:59:00+00:00\",\"dateModified\":\"2025-01-31T09:38:38+00:00\",\"breadcrumb\":{\"@id\":\"https:\/\/admin.industriall-union.org\/es\/archive\/imf\/la-represion-sindical-en-corea-del-sur-se-cuenta-entre-las-peores-del-mundo\/#breadcrumb\"},\"inLanguage\":\"es-ES\",\"potentialAction\":[{\"@type\":\"ReadAction\",\"target\":[\"https:\/\/admin.industriall-union.org\/es\/archive\/imf\/la-represion-sindical-en-corea-del-sur-se-cuenta-entre-las-peores-del-mundo\/\"]}]},{\"@type\":\"BreadcrumbList\",\"@id\":\"https:\/\/admin.industriall-union.org\/es\/archive\/imf\/la-represion-sindical-en-corea-del-sur-se-cuenta-entre-las-peores-del-mundo\/#breadcrumb\",\"itemListElement\":[{\"@type\":\"ListItem\",\"position\":1,\"name\":\"Home\",\"item\":\"https:\/\/admin.industriall-union.org\/\"},{\"@type\":\"ListItem\",\"position\":2,\"name\":\"Archive Imf\",\"item\":\"https:\/\/admin.industriall-union.org\/es\/archive\/imf\/\"},{\"@type\":\"ListItem\",\"position\":3,\"name\":\"La represi\u00f3n sindical en Corea del Sur se cuenta entre las peores del mundo\"}]},{\"@type\":\"WebSite\",\"@id\":\"https:\/\/admin.industriall-union.org\/#website\",\"url\":\"https:\/\/admin.industriall-union.org\/\",\"name\":\"industriall-union\",\"description\":\"\",\"potentialAction\":[{\"@type\":\"SearchAction\",\"target\":{\"@type\":\"EntryPoint\",\"urlTemplate\":\"https:\/\/admin.industriall-union.org\/?s={search_term_string}\"},\"query-input\":{\"@type\":\"PropertyValueSpecification\",\"valueRequired\":true,\"valueName\":\"search_term_string\"}}],\"inLanguage\":\"es-ES\"}]}<\/script>\n<!-- \/ Yoast SEO Premium plugin. -->","yoast_head_json":{"title":"La represi\u00f3n sindical en Corea del Sur se cuenta entre las peores del mundo - industriall-union","robots":{"index":"index","follow":"follow","max-snippet":"max-snippet:-1","max-image-preview":"max-image-preview:large","max-video-preview":"max-video-preview:-1"},"canonical":"https:\/\/admin.industriall-union.org\/es\/archive\/imf\/la-represion-sindical-en-corea-del-sur-se-cuenta-entre-las-peores-del-mundo\/","og_locale":"es_ES","og_type":"article","og_title":"La represi\u00f3n sindical en Corea del Sur se cuenta entre las peores del mundo","og_description":"En a\u00f1os recientes, se han multiplicado los ataques a sindicatos en Corea del Sur en cuanto al n\u00famero de arrestos de dirigentes y a la severidad de las penas de prisi\u00f3n. Adem\u00e1s se ha dado un notable aumento de los casos de violencia f\u00edsica ejercida por la polic\u00eda contra trabajadores en huelga o que participan [&hellip;]","og_url":"https:\/\/admin.industriall-union.org\/es\/archive\/imf\/la-represion-sindical-en-corea-del-sur-se-cuenta-entre-las-peores-del-mundo\/","og_site_name":"industriall-union","article_modified_time":"2025-01-31T09:38:38+00:00","twitter_card":"summary_large_image","twitter_misc":{"Est. reading time":"1 minute"},"schema":{"@context":"https:\/\/schema.org","@graph":[{"@type":"WebPage","@id":"https:\/\/admin.industriall-union.org\/es\/archive\/imf\/la-represion-sindical-en-corea-del-sur-se-cuenta-entre-las-peores-del-mundo\/","url":"https:\/\/admin.industriall-union.org\/es\/archive\/imf\/la-represion-sindical-en-corea-del-sur-se-cuenta-entre-las-peores-del-mundo\/","name":"La represi\u00f3n sindical en Corea del Sur se cuenta entre las peores del mundo - industriall-union","isPartOf":{"@id":"https:\/\/admin.industriall-union.org\/#website"},"datePublished":"2009-05-09T13:59:00+00:00","dateModified":"2025-01-31T09:38:38+00:00","breadcrumb":{"@id":"https:\/\/admin.industriall-union.org\/es\/archive\/imf\/la-represion-sindical-en-corea-del-sur-se-cuenta-entre-las-peores-del-mundo\/#breadcrumb"},"inLanguage":"es-ES","potentialAction":[{"@type":"ReadAction","target":["https:\/\/admin.industriall-union.org\/es\/archive\/imf\/la-represion-sindical-en-corea-del-sur-se-cuenta-entre-las-peores-del-mundo\/"]}]},{"@type":"BreadcrumbList","@id":"https:\/\/admin.industriall-union.org\/es\/archive\/imf\/la-represion-sindical-en-corea-del-sur-se-cuenta-entre-las-peores-del-mundo\/#breadcrumb","itemListElement":[{"@type":"ListItem","position":1,"name":"Home","item":"https:\/\/admin.industriall-union.org\/"},{"@type":"ListItem","position":2,"name":"Archive Imf","item":"https:\/\/admin.industriall-union.org\/es\/archive\/imf\/"},{"@type":"ListItem","position":3,"name":"La represi\u00f3n sindical en Corea del Sur se cuenta entre las peores del mundo"}]},{"@type":"WebSite","@id":"https:\/\/admin.industriall-union.org\/#website","url":"https:\/\/admin.industriall-union.org\/","name":"industriall-union","description":"","potentialAction":[{"@type":"SearchAction","target":{"@type":"EntryPoint","urlTemplate":"https:\/\/admin.industriall-union.org\/?s={search_term_string}"},"query-input":{"@type":"PropertyValueSpecification","valueRequired":true,"valueName":"search_term_string"}}],"inLanguage":"es-ES"}]}},"_links":{"self":[{"href":"https:\/\/admin.industriall-union.org\/es\/wp-json\/wp\/v2\/archive_imf\/201063","targetHints":{"allow":["GET"]}}],"collection":[{"href":"https:\/\/admin.industriall-union.org\/es\/wp-json\/wp\/v2\/archive_imf"}],"about":[{"href":"https:\/\/admin.industriall-union.org\/es\/wp-json\/wp\/v2\/types\/archive_imf"}],"wp:attachment":[{"href":"https:\/\/admin.industriall-union.org\/es\/wp-json\/wp\/v2\/media?parent=201063"}],"curies":[{"name":"wp","href":"https:\/\/api.w.org\/{rel}","templated":true}]}}

La represión sindical en Corea del Sur se cuenta entre las peores del mundo

<p>En años recientes, se han multiplicado los ataques a sindicatos en Corea del Sur en cuanto al número de arrestos de dirigentes y a la severidad de las penas de prisión. Además se ha dado un notable aumento de los casos de violencia física ejercida por la policía contra trabajadores en huelga o que participan en manifestaciones.   </p><p>Las leyes en Corea del Sur son utilizadas rutinariamente por el gobierno y los empleadores para:</p><ul><li>encarcelar sindicalistas por ejercer sus derechos; </li><li>impedir que los trabajadores subcontratados se afilien a un sindicato o negocien colectivamente; </li><li>impedirles a muchos trabajadores del sector público afiliarse a un sindicato o negociar colectivamente. </li></ul><p>La Federación Internacional de Trabajadores de las Industrias Metalúrgicas, junto con otras Federaciones sindicales internacionales y la Confederación Sindical Internacional, insta al gobierno de Corea del Sur a cumplir sus obligaciones y respetar las normas del trabajo reconocidas internacionalmente, de forma que todos los trabajadores gocen de la libertad sindical y del derecho de negociación colectiva.    </p>

<!-- This site is optimized with the Yoast SEO Premium plugin v27.1 (Yoast SEO v27.1) - https://yoast.com/product/yoast-seo-premium-wordpress/ -->
<title>La represión sindical en Corea del Sur se cuenta entre las peores del mundo - industriall-union</title>
<meta name="robots" content="index, follow, max-snippet:-1, max-image-preview:large, max-video-preview:-1" />
<link rel="canonical" href="https://admin.industriall-union.org/es/archive/imf/la-represion-sindical-en-corea-del-sur-se-cuenta-entre-las-peores-del-mundo/" />
<meta property="og:locale" content="es_ES" />
<meta property="og:type" content="article" />
<meta property="og:title" content="La represión sindical en Corea del Sur se cuenta entre las peores del mundo" />
<meta property="og:description" content="En años recientes, se han multiplicado los ataques a sindicatos en Corea del Sur en cuanto al número de arrestos de dirigentes y a la severidad de las penas de prisión. Además se ha dado un notable aumento de los casos de violencia física ejercida por la policía contra trabajadores en huelga o que participan [&hellip;]" />
<meta property="og:url" content="https://admin.industriall-union.org/es/archive/imf/la-represion-sindical-en-corea-del-sur-se-cuenta-entre-las-peores-del-mundo/" />
<meta property="og:site_name" content="industriall-union" />
<meta property="article:modified_time" content="2025-01-31T09:38:38+00:00" />
<meta name="twitter:card" content="summary_large_image" />
<meta name="twitter:label1" content="Est. reading time" />
	<meta name="twitter:data1" content="1 minute" />
<script type="application/ld+json" class="yoast-schema-graph">{"@context":"https://schema.org","@graph":[{"@type":"WebPage","@id":"https://admin.industriall-union.org/es/archive/imf/la-represion-sindical-en-corea-del-sur-se-cuenta-entre-las-peores-del-mundo/","url":"https://admin.industriall-union.org/es/archive/imf/la-represion-sindical-en-corea-del-sur-se-cuenta-entre-las-peores-del-mundo/","name":"La represión sindical en Corea del Sur se cuenta entre las peores del mundo - industriall-union","isPartOf":{"@id":"https://admin.industriall-union.org/#website"},"datePublished":"2009-05-09T13:59:00+00:00","dateModified":"2025-01-31T09:38:38+00:00","breadcrumb":{"@id":"https://admin.industriall-union.org/es/archive/imf/la-represion-sindical-en-corea-del-sur-se-cuenta-entre-las-peores-del-mundo/#breadcrumb"},"inLanguage":"es-ES","potentialAction":[{"@type":"ReadAction","target":["https://admin.industriall-union.org/es/archive/imf/la-represion-sindical-en-corea-del-sur-se-cuenta-entre-las-peores-del-mundo/"]}]},{"@type":"BreadcrumbList","@id":"https://admin.industriall-union.org/es/archive/imf/la-represion-sindical-en-corea-del-sur-se-cuenta-entre-las-peores-del-mundo/#breadcrumb","itemListElement":[{"@type":"ListItem","position":1,"name":"Home","item":"https://admin.industriall-union.org/"},{"@type":"ListItem","position":2,"name":"Archive Imf","item":"https://admin.industriall-union.org/es/archive/imf/"},{"@type":"ListItem","position":3,"name":"La represión sindical en Corea del Sur se cuenta entre las peores del mundo"}]},{"@type":"WebSite","@id":"https://admin.industriall-union.org/#website","url":"https://admin.industriall-union.org/","name":"industriall-union","description":"","potentialAction":[{"@type":"SearchAction","target":{"@type":"EntryPoint","urlTemplate":"https://admin.industriall-union.org/?s={search_term_string}"},"query-input":{"@type":"PropertyValueSpecification","valueRequired":true,"valueName":"search_term_string"}}],"inLanguage":"es-ES"}]}</script>
<!-- / Yoast SEO Premium plugin. -->

La represión sindical en Corea del Sur se cuenta entre las peores del mundo - industriall-union

En años recientes, se han multiplicado los ataques a sindicatos en Corea del Sur en cuanto al número de arrestos de dirigentes y a la severidad de las penas de prisión. Además se ha dado un notable aumento de los casos de violencia física ejercida por la policía contra trabajadores en huelga o que participan [&hellip;]
