{"id":201013,"date":"2010-10-21T14:21:28","date_gmt":"2010-10-21T14:21:28","guid":{"rendered":"https:\/\/admin.industriall-union.org\/archive\/imf\/europa-tiene-que-luchar-por-su-base-manufacturera\/"},"modified":"2025-01-31T09:33:55","modified_gmt":"2025-01-31T09:33:55","slug":"europa-tiene-que-luchar-por-su-base-manufacturera","status":"publish","type":"archive_imf","link":"https:\/\/admin.industriall-union.org\/es\/archive\/imf\/europa-tiene-que-luchar-por-su-base-manufacturera\/","title":{"rendered":"Europa tiene que luchar por su base manufacturera"},"content":{"rendered":"<!--[if gte mso 9]&gt;     Normal   0   21         false   false   false                             MicrosoftInternetExplorer4   &lt;![endif]--><!--[if gte mso 9]&gt;     &lt;![endif]--><!--[if gte mso 10]&gt;   \/* Style Definitions *\/  table.MsoNormalTable \t{mso-style-name:\"Table Normal\"; \tmso-tstyle-rowband-size:0; \tmso-tstyle-colband-size:0; \tmso-style-noshow:yes; \tmso-style-parent:\"\"; \tmso-padding-alt:0cm 5.4pt 0cm 5.4pt; \tmso-para-margin:0cm; \tmso-para-margin-bottom:.0001pt; \tmso-pagination:widow-orphan; \tfont-size:10.0pt; \tfont-family:\"Times New Roman\"; \tmso-ansi-language:#0400; \tmso-fareast-language:#0400; \tmso-bidi-language:#0400;}  &lt;![endif]-->  <p>EUROPA: Desde el oto\u00f1o de 2008, la crisis econ\u00f3mica mundial ha tenido graves repercusiones sobre las industrias de fabricaci\u00f3n y el empleo en Europa. En una conferencia sobre pol\u00edtica industrial celebrada los d\u00edas 18 y 19 de octubre de 2010, tres federaciones sindicales europeas confirmaron que Europa necesita una base industrial firme, mediante la aplicaci\u00f3n de pol\u00edticas sobre desarrollo sostenible, para proteger a m\u00e1s de 40 millones de trabajadores en las industrias manufactureras europeas.<\/p>  <p>&quot;La industria sigue siendo primordial para una econom\u00eda europea exitosa que cree empleos, impulse la productividad, fomente la innovaci\u00f3n y eleve las normas sociales. La pol\u00edtica industrial ha de tratar de anticipar y gestionar el cambio de manera socialmente responsable, con instrumentos financieros y reglamentarios adecuados&quot;, declararon la Federaci\u00f3n Europea de Metal\u00fargicos (FEM), la Federaci\u00f3n Europea de Trabajadores de Miner\u00eda, Qu\u00edmica y Energ\u00eda (EMCEF) y la Federaci\u00f3n Sindical Europea del Textil, del Vestido y del Cuero (ETUF:TCL).<\/p>  <p>Las tres federaciones industriales describieron seis principios para una pol\u00edtica industrial europea fuerte y cre\u00edble, capaz de afrontar los desaf\u00edos de las consecuencias de la crisis econ\u00f3mica, el cambio clim\u00e1tico y la intensificaci\u00f3n de las presiones de la globalizaci\u00f3n:<\/p>  <ol type=\"1\"><li>Una fuerte dimensi\u00f3n social de las      pol\u00edticas industriales<\/li><li>Pol\u00edticas macroecon\u00f3micas y salariales      orientadas al crecimiento<\/li><li>Un programa de inversi\u00f3n industrial      concreto<\/li><li>Una transformaci\u00f3n justa hacia un modelo      industrial eficiente en energ\u00eda y en recursos<\/li><li>Una pol\u00edtica sobre energ\u00eda europea      efectiva<\/li><li>Condiciones uniformes justas      internacionalmente<\/li><\/ol>  <p>Con miras a las negociaciones de la COP 16 en Canc\u00fan, las tres federaciones solicitaron medidas para garantizar condiciones uniformes (incluidos mecanismos de ajuste en las fronteras). Si no se dan esas condiciones, la Uni\u00f3n Europea deber\u00e1 revisar su propuesta para aumentar unilateralmente su objetivo de reducci\u00f3n de las emisiones de -20% a -30%.<\/p>  <p>Para m\u00e1s informaci\u00f3n y detalles, se ruega visitar el sitio de la FEM en: <a href=\"http:\/\/www.emf-fem.org\/Areas-of-work\/Industrial-Policy\/What-future-for-European-manufacturing-workers\">http:\/\/www.emf-fem.org\/Areas-of-work\/Industrial-Policy\/What-future-for-European-manufacturing-workers<\/a><\/p>  <p>&nbsp;<\/p>    ","protected":false},"featured_media":0,"template":"","class_list":["post-201013","archive_imf","type-archive_imf","status-publish","hentry"],"acf":[],"yoast_head":"<!-- This site is optimized with the Yoast SEO Premium plugin v27.1 (Yoast SEO v27.1) - https:\/\/yoast.com\/product\/yoast-seo-premium-wordpress\/ -->\n<title>Europa tiene que luchar por su base manufacturera - industriall-union<\/title>\n<meta name=\"robots\" content=\"index, follow, max-snippet:-1, max-image-preview:large, max-video-preview:-1\" \/>\n<link rel=\"canonical\" href=\"https:\/\/admin.industriall-union.org\/es\/archive\/imf\/europa-tiene-que-luchar-por-su-base-manufacturera\/\" \/>\n<meta property=\"og:locale\" content=\"es_ES\" \/>\n<meta property=\"og:type\" content=\"article\" \/>\n<meta property=\"og:title\" content=\"Europa tiene que luchar por su base manufacturera\" \/>\n<meta property=\"og:description\" content=\"EUROPA: Desde el oto\u00f1o de 2008, la crisis econ\u00f3mica mundial ha tenido graves repercusiones sobre las industrias de fabricaci\u00f3n y el empleo en Europa. En una conferencia sobre pol\u00edtica industrial celebrada los d\u00edas 18 y 19 de octubre de 2010, tres federaciones sindicales europeas confirmaron que Europa necesita una base industrial firme, mediante la aplicaci\u00f3n [&hellip;]\" \/>\n<meta property=\"og:url\" content=\"https:\/\/admin.industriall-union.org\/es\/archive\/imf\/europa-tiene-que-luchar-por-su-base-manufacturera\/\" \/>\n<meta property=\"og:site_name\" content=\"industriall-union\" \/>\n<meta property=\"article:modified_time\" content=\"2025-01-31T09:33:55+00:00\" \/>\n<meta name=\"twitter:card\" content=\"summary_large_image\" \/>\n<meta name=\"twitter:label1\" content=\"Est. reading time\" \/>\n\t<meta name=\"twitter:data1\" content=\"2 minutes\" \/>\n<script type=\"application\/ld+json\" class=\"yoast-schema-graph\">{\"@context\":\"https:\/\/schema.org\",\"@graph\":[{\"@type\":\"WebPage\",\"@id\":\"https:\/\/admin.industriall-union.org\/es\/archive\/imf\/europa-tiene-que-luchar-por-su-base-manufacturera\/\",\"url\":\"https:\/\/admin.industriall-union.org\/es\/archive\/imf\/europa-tiene-que-luchar-por-su-base-manufacturera\/\",\"name\":\"Europa tiene que luchar por su base manufacturera - industriall-union\",\"isPartOf\":{\"@id\":\"https:\/\/admin.industriall-union.org\/#website\"},\"datePublished\":\"2010-10-21T14:21:28+00:00\",\"dateModified\":\"2025-01-31T09:33:55+00:00\",\"breadcrumb\":{\"@id\":\"https:\/\/admin.industriall-union.org\/es\/archive\/imf\/europa-tiene-que-luchar-por-su-base-manufacturera\/#breadcrumb\"},\"inLanguage\":\"es-ES\",\"potentialAction\":[{\"@type\":\"ReadAction\",\"target\":[\"https:\/\/admin.industriall-union.org\/es\/archive\/imf\/europa-tiene-que-luchar-por-su-base-manufacturera\/\"]}]},{\"@type\":\"BreadcrumbList\",\"@id\":\"https:\/\/admin.industriall-union.org\/es\/archive\/imf\/europa-tiene-que-luchar-por-su-base-manufacturera\/#breadcrumb\",\"itemListElement\":[{\"@type\":\"ListItem\",\"position\":1,\"name\":\"Home\",\"item\":\"https:\/\/admin.industriall-union.org\/\"},{\"@type\":\"ListItem\",\"position\":2,\"name\":\"Archive Imf\",\"item\":\"https:\/\/admin.industriall-union.org\/es\/archive\/imf\/\"},{\"@type\":\"ListItem\",\"position\":3,\"name\":\"Europa tiene que luchar por su base manufacturera\"}]},{\"@type\":\"WebSite\",\"@id\":\"https:\/\/admin.industriall-union.org\/#website\",\"url\":\"https:\/\/admin.industriall-union.org\/\",\"name\":\"industriall-union\",\"description\":\"\",\"potentialAction\":[{\"@type\":\"SearchAction\",\"target\":{\"@type\":\"EntryPoint\",\"urlTemplate\":\"https:\/\/admin.industriall-union.org\/?s={search_term_string}\"},\"query-input\":{\"@type\":\"PropertyValueSpecification\",\"valueRequired\":true,\"valueName\":\"search_term_string\"}}],\"inLanguage\":\"es-ES\"}]}<\/script>\n<!-- \/ Yoast SEO Premium plugin. -->","yoast_head_json":{"title":"Europa tiene que luchar por su base manufacturera - industriall-union","robots":{"index":"index","follow":"follow","max-snippet":"max-snippet:-1","max-image-preview":"max-image-preview:large","max-video-preview":"max-video-preview:-1"},"canonical":"https:\/\/admin.industriall-union.org\/es\/archive\/imf\/europa-tiene-que-luchar-por-su-base-manufacturera\/","og_locale":"es_ES","og_type":"article","og_title":"Europa tiene que luchar por su base manufacturera","og_description":"EUROPA: Desde el oto\u00f1o de 2008, la crisis econ\u00f3mica mundial ha tenido graves repercusiones sobre las industrias de fabricaci\u00f3n y el empleo en Europa. En una conferencia sobre pol\u00edtica industrial celebrada los d\u00edas 18 y 19 de octubre de 2010, tres federaciones sindicales europeas confirmaron que Europa necesita una base industrial firme, mediante la aplicaci\u00f3n [&hellip;]","og_url":"https:\/\/admin.industriall-union.org\/es\/archive\/imf\/europa-tiene-que-luchar-por-su-base-manufacturera\/","og_site_name":"industriall-union","article_modified_time":"2025-01-31T09:33:55+00:00","twitter_card":"summary_large_image","twitter_misc":{"Est. reading time":"2 minutes"},"schema":{"@context":"https:\/\/schema.org","@graph":[{"@type":"WebPage","@id":"https:\/\/admin.industriall-union.org\/es\/archive\/imf\/europa-tiene-que-luchar-por-su-base-manufacturera\/","url":"https:\/\/admin.industriall-union.org\/es\/archive\/imf\/europa-tiene-que-luchar-por-su-base-manufacturera\/","name":"Europa tiene que luchar por su base manufacturera - industriall-union","isPartOf":{"@id":"https:\/\/admin.industriall-union.org\/#website"},"datePublished":"2010-10-21T14:21:28+00:00","dateModified":"2025-01-31T09:33:55+00:00","breadcrumb":{"@id":"https:\/\/admin.industriall-union.org\/es\/archive\/imf\/europa-tiene-que-luchar-por-su-base-manufacturera\/#breadcrumb"},"inLanguage":"es-ES","potentialAction":[{"@type":"ReadAction","target":["https:\/\/admin.industriall-union.org\/es\/archive\/imf\/europa-tiene-que-luchar-por-su-base-manufacturera\/"]}]},{"@type":"BreadcrumbList","@id":"https:\/\/admin.industriall-union.org\/es\/archive\/imf\/europa-tiene-que-luchar-por-su-base-manufacturera\/#breadcrumb","itemListElement":[{"@type":"ListItem","position":1,"name":"Home","item":"https:\/\/admin.industriall-union.org\/"},{"@type":"ListItem","position":2,"name":"Archive Imf","item":"https:\/\/admin.industriall-union.org\/es\/archive\/imf\/"},{"@type":"ListItem","position":3,"name":"Europa tiene que luchar por su base manufacturera"}]},{"@type":"WebSite","@id":"https:\/\/admin.industriall-union.org\/#website","url":"https:\/\/admin.industriall-union.org\/","name":"industriall-union","description":"","potentialAction":[{"@type":"SearchAction","target":{"@type":"EntryPoint","urlTemplate":"https:\/\/admin.industriall-union.org\/?s={search_term_string}"},"query-input":{"@type":"PropertyValueSpecification","valueRequired":true,"valueName":"search_term_string"}}],"inLanguage":"es-ES"}]}},"_links":{"self":[{"href":"https:\/\/admin.industriall-union.org\/es\/wp-json\/wp\/v2\/archive_imf\/201013","targetHints":{"allow":["GET"]}}],"collection":[{"href":"https:\/\/admin.industriall-union.org\/es\/wp-json\/wp\/v2\/archive_imf"}],"about":[{"href":"https:\/\/admin.industriall-union.org\/es\/wp-json\/wp\/v2\/types\/archive_imf"}],"wp:attachment":[{"href":"https:\/\/admin.industriall-union.org\/es\/wp-json\/wp\/v2\/media?parent=201013"}],"curies":[{"name":"wp","href":"https:\/\/api.w.org\/{rel}","templated":true}]}}

<!--[if gte mso 9]&gt;     Normal   0   21         false   false   false                             MicrosoftInternetExplorer4   &lt;![endif]--><!--[if gte mso 9]&gt;     &lt;![endif]--><!--[if gte mso 10]&gt;   /* Style Definitions */  table.MsoNormalTable 	{mso-style-name:"Table Normal"; 	mso-tstyle-rowband-size:0; 	mso-tstyle-colband-size:0; 	mso-style-noshow:yes; 	mso-style-parent:""; 	mso-padding-alt:0cm 5.4pt 0cm 5.4pt; 	mso-para-margin:0cm; 	mso-para-margin-bottom:.0001pt; 	mso-pagination:widow-orphan; 	font-size:10.0pt; 	font-family:"Times New Roman"; 	mso-ansi-language:#0400; 	mso-fareast-language:#0400; 	mso-bidi-language:#0400;}  &lt;![endif]-->  <p>EUROPA: Desde el otoño de 2008, la crisis económica mundial ha tenido graves repercusiones sobre las industrias de fabricación y el empleo en Europa. En una conferencia sobre política industrial celebrada los días 18 y 19 de octubre de 2010, tres federaciones sindicales europeas confirmaron que Europa necesita una base industrial firme, mediante la aplicación de políticas sobre desarrollo sostenible, para proteger a más de 40 millones de trabajadores en las industrias manufactureras europeas.</p>  <p>&quot;La industria sigue siendo primordial para una economía europea exitosa que cree empleos, impulse la productividad, fomente la innovación y eleve las normas sociales. La política industrial ha de tratar de anticipar y gestionar el cambio de manera socialmente responsable, con instrumentos financieros y reglamentarios adecuados&quot;, declararon la Federación Europea de Metalúrgicos (FEM), la Federación Europea de Trabajadores de Minería, Química y Energía (EMCEF) y la Federación Sindical Europea del Textil, del Vestido y del Cuero (ETUF:TCL).</p>  <p>Las tres federaciones industriales describieron seis principios para una política industrial europea fuerte y creíble, capaz de afrontar los desafíos de las consecuencias de la crisis económica, el cambio climático y la intensificación de las presiones de la globalización:</p>  <ol type="1"><li>Una fuerte dimensión social de las      políticas industriales</li><li>Políticas macroeconómicas y salariales      orientadas al crecimiento</li><li>Un programa de inversión industrial      concreto</li><li>Una transformación justa hacia un modelo      industrial eficiente en energía y en recursos</li><li>Una política sobre energía europea      efectiva</li><li>Condiciones uniformes justas      internacionalmente</li></ol>  <p>Con miras a las negociaciones de la COP 16 en Cancún, las tres federaciones solicitaron medidas para garantizar condiciones uniformes (incluidos mecanismos de ajuste en las fronteras). Si no se dan esas condiciones, la Unión Europea deberá revisar su propuesta para aumentar unilateralmente su objetivo de reducción de las emisiones de -20% a -30%.</p>  <p>Para más información y detalles, se ruega visitar el sitio de la FEM en: <a href="http://www.emf-fem.org/Areas-of-work/Industrial-Policy/What-future-for-European-manufacturing-workers">http://www.emf-fem.org/Areas-of-work/Industrial-Policy/What-future-for-European-manufacturing-workers</a></p>  <p>&nbsp;</p>

<!-- This site is optimized with the Yoast SEO Premium plugin v27.1 (Yoast SEO v27.1) - https://yoast.com/product/yoast-seo-premium-wordpress/ -->
<title>Europa tiene que luchar por su base manufacturera - industriall-union</title>
<meta name="robots" content="index, follow, max-snippet:-1, max-image-preview:large, max-video-preview:-1" />
<link rel="canonical" href="https://admin.industriall-union.org/es/archive/imf/europa-tiene-que-luchar-por-su-base-manufacturera/" />
<meta property="og:locale" content="es_ES" />
<meta property="og:type" content="article" />
<meta property="og:title" content="Europa tiene que luchar por su base manufacturera" />
<meta property="og:description" content="EUROPA: Desde el otoño de 2008, la crisis económica mundial ha tenido graves repercusiones sobre las industrias de fabricación y el empleo en Europa. En una conferencia sobre política industrial celebrada los días 18 y 19 de octubre de 2010, tres federaciones sindicales europeas confirmaron que Europa necesita una base industrial firme, mediante la aplicación [&hellip;]" />
<meta property="og:url" content="https://admin.industriall-union.org/es/archive/imf/europa-tiene-que-luchar-por-su-base-manufacturera/" />
<meta property="og:site_name" content="industriall-union" />
<meta property="article:modified_time" content="2025-01-31T09:33:55+00:00" />
<meta name="twitter:card" content="summary_large_image" />
<meta name="twitter:label1" content="Est. reading time" />
	<meta name="twitter:data1" content="2 minutes" />
<script type="application/ld+json" class="yoast-schema-graph">{"@context":"https://schema.org","@graph":[{"@type":"WebPage","@id":"https://admin.industriall-union.org/es/archive/imf/europa-tiene-que-luchar-por-su-base-manufacturera/","url":"https://admin.industriall-union.org/es/archive/imf/europa-tiene-que-luchar-por-su-base-manufacturera/","name":"Europa tiene que luchar por su base manufacturera - industriall-union","isPartOf":{"@id":"https://admin.industriall-union.org/#website"},"datePublished":"2010-10-21T14:21:28+00:00","dateModified":"2025-01-31T09:33:55+00:00","breadcrumb":{"@id":"https://admin.industriall-union.org/es/archive/imf/europa-tiene-que-luchar-por-su-base-manufacturera/#breadcrumb"},"inLanguage":"es-ES","potentialAction":[{"@type":"ReadAction","target":["https://admin.industriall-union.org/es/archive/imf/europa-tiene-que-luchar-por-su-base-manufacturera/"]}]},{"@type":"BreadcrumbList","@id":"https://admin.industriall-union.org/es/archive/imf/europa-tiene-que-luchar-por-su-base-manufacturera/#breadcrumb","itemListElement":[{"@type":"ListItem","position":1,"name":"Home","item":"https://admin.industriall-union.org/"},{"@type":"ListItem","position":2,"name":"Archive Imf","item":"https://admin.industriall-union.org/es/archive/imf/"},{"@type":"ListItem","position":3,"name":"Europa tiene que luchar por su base manufacturera"}]},{"@type":"WebSite","@id":"https://admin.industriall-union.org/#website","url":"https://admin.industriall-union.org/","name":"industriall-union","description":"","potentialAction":[{"@type":"SearchAction","target":{"@type":"EntryPoint","urlTemplate":"https://admin.industriall-union.org/?s={search_term_string}"},"query-input":{"@type":"PropertyValueSpecification","valueRequired":true,"valueName":"search_term_string"}}],"inLanguage":"es-ES"}]}</script>
<!-- / Yoast SEO Premium plugin. -->

EUROPA: Desde el otoño de 2008, la crisis económica mundial ha tenido graves repercusiones sobre las industrias de fabricación y el empleo en Europa. En una conferencia sobre política industrial celebrada los días 18 y 19 de octubre de 2010, tres federaciones sindicales europeas confirmaron que Europa necesita una base industrial firme, mediante la aplicación [&hellip;]
