{"id":200962,"date":"2010-11-08T08:39:00","date_gmt":"2010-11-08T08:39:00","guid":{"rendered":"https:\/\/admin.industriall-union.org\/archive\/imf\/sindicatos-de-europa-sudoriental-se-movilizan-contra-el-debilitamiento-de-los-derechos-de-los-trabajadores\/"},"modified":"2025-01-31T09:33:37","modified_gmt":"2025-01-31T09:33:37","slug":"sindicatos-de-europa-sudoriental-se-movilizan-contra-el-debilitamiento-de-los-derechos-de-los-trabajadores","status":"publish","type":"archive_imf","link":"https:\/\/admin.industriall-union.org\/es\/archive\/imf\/sindicatos-de-europa-sudoriental-se-movilizan-contra-el-debilitamiento-de-los-derechos-de-los-trabajadores\/","title":{"rendered":"Sindicatos de Europa sudoriental se movilizan contra el debilitamiento de los derechos de los trabajadores."},"content":{"rendered":"<!--[if gte mso 9]&gt;     Normal   0   21         false   false   false                             MicrosoftInternetExplorer4   &lt;![endif]--><!--[if gte mso 9]&gt;     &lt;![endif]-->  <!--[if gte mso 10]&gt;   \/* Style Definitions *\/  table.MsoNormalTable \t{mso-style-name:\"Table Normal\"; \tmso-tstyle-rowband-size:0; \tmso-tstyle-colband-size:0; \tmso-style-noshow:yes; \tmso-style-parent:\"\"; \tmso-padding-alt:0cm 5.4pt 0cm 5.4pt; \tmso-para-margin:0cm; \tmso-para-margin-bottom:.0001pt; \tmso-pagination:widow-orphan; \tfont-size:10.0pt; \tfont-family:\"Times New Roman\"; \tmso-ansi-language:#0400; \tmso-fareast-language:#0400; \tmso-bidi-language:#0400;}  &lt;![endif]-->  <p>BULGARIA: L\u00edderes sindicales de afiliados a la FITIM en Europa sudoriental asistieron del 2 al 4 de noviembre a la reuni\u00f3n subregional celebrada en Sof\u00eda (Bulgaria), organizada por primera vez con la Federaci\u00f3n Europea de Metal\u00fargicos. La reuni\u00f3n cont\u00f3 con el apoyo de la Friedrich Ebert Foundation.<\/p>  <p>En el orden del d\u00eda figuraban, entre otras cuestiones, potenciaci\u00f3n sindical, redes sindicales en empresas transnacionales (ETN) y trabajo precario. En julio de este a\u00f1o, la FITIM se uni\u00f3 a un proyecto multisindical sobre el desarrollo de la sindicaci\u00f3n en Europa sudoriental, destinado a fortalecer las estructuras sindicales y a promover la cooperaci\u00f3n sectorial regional y la formaci\u00f3n. Los participantes acogieron con satisfacci\u00f2n este proyecto y se comprometieron a intervenir activamente en su ejecuci\u00f3n. Tambi\u00e9n expresaron su apoyo a la pol\u00edtica de la FITIM sobre redes sindicales. Se insisti\u00f3 especialmente en la necesidad de hacerlo extensivo a la cadena de suministro, pues hay muchos proveedores y subcontratistas de ETN que operan en la regi\u00f3n.<\/p>  <p>El secretario general de la FITIM, Jyrki Raina, present\u00f3 el proyecto de crear una nueva federaci\u00f3n industrial mundial. Los l\u00edderes sindicales coincidieron en que el proceso de unificaci\u00f3n que se sigue a nivel internacional y europeo es esencial para dar mayor fuerza a los sindicatos es una econom\u00eda global, y se\u00f1alaron que tambi\u00e9n debe contribuir a promover la unidad sindical a nivel nacional.<\/p>  <p>Europa sudoriental sigue padeciendo los dram\u00e1ticos efectos de la crisis, y se carece de una pol\u00edtica industrial efectiva para apoyar la fabricaci\u00f3n nacional y el desarrollo sostenible. Como resultado de la reestrucrturaci\u00f3n y la privatizaci\u00f3n, el trabajo precario crece r\u00e1pidamente, con frecuencia en la econom\u00eda no estructurada, y se erodan los derechos de los trabajadores. Pero los sindicatos se est\u00e1n movilizando contra las pol\u00edticas de desregulaci\u00f3n y las reformas de la legislaci\u00f3n laboral, y han mostrado que los empleos pueden protegerse mediante la acci\u00f3n colectiva. Un caso concreto presentado en la reuni\u00f3n es el del Sindicato de Industria, Energ\u00eda y Miner\u00eda (SIER) en Macedonia, que logr\u00f3 salvar m\u00e1s de 200 empleos en Feni Industries, el mayor productor de ferron\u00edquel del pa\u00eds, garantizando as\u00ed el futuro de los trabajadores.<\/p>  <p>Como en muchos otros pa\u00edses, la reforma de los sistemas de pensiones ocupa un lugar destacado en el programa de la regi\u00f3n. En Bulgaria, el Parlamento acababa de adoptar un plan de reforma modificado, tras alcanzarse un acuerdo con los sindicatos. El Primer Ministro ha retirado una versi\u00f3n inicial del plan despu\u00e9s de que los sindicatos protestaran firmemente contra el proyecto de ley de reforma que se hab\u00eda preparado sin la debida intervenci\u00f3n de los sindicatos.<\/p>  <p>Los participatantes discutieron asimismo la preparaci\u00f3n del Congreso de la FEM que se celebrar\u00e1 en junio de 2011 en Alemania. La FITIM y la FEM seguir\u00e1n cooperando estrechamente y uniendo sus fuerzas en apoyo de los derechos fundamentales de los trabajadores y del desarrollo sindical en la regi\u00f3n.<\/p>    ","protected":false},"featured_media":0,"template":"","class_list":["post-200962","archive_imf","type-archive_imf","status-publish","hentry"],"acf":[],"yoast_head":"<!-- This site is optimized with the Yoast SEO Premium plugin v27.1 (Yoast SEO v27.1) - https:\/\/yoast.com\/product\/yoast-seo-premium-wordpress\/ -->\n<title>Sindicatos de Europa sudoriental se movilizan contra el debilitamiento de los derechos de los trabajadores. - industriall-union<\/title>\n<meta name=\"robots\" content=\"index, follow, max-snippet:-1, max-image-preview:large, max-video-preview:-1\" \/>\n<link rel=\"canonical\" href=\"https:\/\/admin.industriall-union.org\/es\/archive\/imf\/sindicatos-de-europa-sudoriental-se-movilizan-contra-el-debilitamiento-de-los-derechos-de-los-trabajadores\/\" \/>\n<meta property=\"og:locale\" content=\"es_ES\" \/>\n<meta property=\"og:type\" content=\"article\" \/>\n<meta property=\"og:title\" content=\"Sindicatos de Europa sudoriental se movilizan contra el debilitamiento de los derechos de los trabajadores.\" \/>\n<meta property=\"og:description\" content=\"BULGARIA: L\u00edderes sindicales de afiliados a la FITIM en Europa sudoriental asistieron del 2 al 4 de noviembre a la reuni\u00f3n subregional celebrada en Sof\u00eda (Bulgaria), organizada por primera vez con la Federaci\u00f3n Europea de Metal\u00fargicos. La reuni\u00f3n cont\u00f3 con el apoyo de la Friedrich Ebert Foundation. En el orden del d\u00eda figuraban, entre otras [&hellip;]\" \/>\n<meta property=\"og:url\" content=\"https:\/\/admin.industriall-union.org\/es\/archive\/imf\/sindicatos-de-europa-sudoriental-se-movilizan-contra-el-debilitamiento-de-los-derechos-de-los-trabajadores\/\" \/>\n<meta property=\"og:site_name\" content=\"industriall-union\" \/>\n<meta property=\"article:modified_time\" content=\"2025-01-31T09:33:37+00:00\" \/>\n<meta name=\"twitter:card\" content=\"summary_large_image\" \/>\n<meta name=\"twitter:label1\" content=\"Est. reading time\" \/>\n\t<meta name=\"twitter:data1\" content=\"3 minutes\" \/>\n<script type=\"application\/ld+json\" class=\"yoast-schema-graph\">{\"@context\":\"https:\/\/schema.org\",\"@graph\":[{\"@type\":\"WebPage\",\"@id\":\"https:\/\/admin.industriall-union.org\/es\/archive\/imf\/sindicatos-de-europa-sudoriental-se-movilizan-contra-el-debilitamiento-de-los-derechos-de-los-trabajadores\/\",\"url\":\"https:\/\/admin.industriall-union.org\/es\/archive\/imf\/sindicatos-de-europa-sudoriental-se-movilizan-contra-el-debilitamiento-de-los-derechos-de-los-trabajadores\/\",\"name\":\"Sindicatos de Europa sudoriental se movilizan contra el debilitamiento de los derechos de los trabajadores. - industriall-union\",\"isPartOf\":{\"@id\":\"https:\/\/admin.industriall-union.org\/ru\/#website\"},\"datePublished\":\"2010-11-08T08:39:00+00:00\",\"dateModified\":\"2025-01-31T09:33:37+00:00\",\"breadcrumb\":{\"@id\":\"https:\/\/admin.industriall-union.org\/es\/archive\/imf\/sindicatos-de-europa-sudoriental-se-movilizan-contra-el-debilitamiento-de-los-derechos-de-los-trabajadores\/#breadcrumb\"},\"inLanguage\":\"es-ES\",\"potentialAction\":[{\"@type\":\"ReadAction\",\"target\":[\"https:\/\/admin.industriall-union.org\/es\/archive\/imf\/sindicatos-de-europa-sudoriental-se-movilizan-contra-el-debilitamiento-de-los-derechos-de-los-trabajadores\/\"]}]},{\"@type\":\"BreadcrumbList\",\"@id\":\"https:\/\/admin.industriall-union.org\/es\/archive\/imf\/sindicatos-de-europa-sudoriental-se-movilizan-contra-el-debilitamiento-de-los-derechos-de-los-trabajadores\/#breadcrumb\",\"itemListElement\":[{\"@type\":\"ListItem\",\"position\":1,\"name\":\"Home\",\"item\":\"https:\/\/admin.industriall-union.org\/ru\/\"},{\"@type\":\"ListItem\",\"position\":2,\"name\":\"Archive Imf\",\"item\":\"https:\/\/admin.industriall-union.org\/fr\/archive\/imf\/\"},{\"@type\":\"ListItem\",\"position\":3,\"name\":\"Sindicatos de Europa sudoriental se movilizan contra el debilitamiento de los derechos de los trabajadores.\"}]},{\"@type\":\"WebSite\",\"@id\":\"https:\/\/admin.industriall-union.org\/ru\/#website\",\"url\":\"https:\/\/admin.industriall-union.org\/ru\/\",\"name\":\"industriall-union\",\"description\":\"\",\"potentialAction\":[{\"@type\":\"SearchAction\",\"target\":{\"@type\":\"EntryPoint\",\"urlTemplate\":\"https:\/\/admin.industriall-union.org\/ru\/?s={search_term_string}\"},\"query-input\":{\"@type\":\"PropertyValueSpecification\",\"valueRequired\":true,\"valueName\":\"search_term_string\"}}],\"inLanguage\":\"es-ES\"}]}<\/script>\n<!-- \/ Yoast SEO Premium plugin. -->","yoast_head_json":{"title":"Sindicatos de Europa sudoriental se movilizan contra el debilitamiento de los derechos de los trabajadores. - industriall-union","robots":{"index":"index","follow":"follow","max-snippet":"max-snippet:-1","max-image-preview":"max-image-preview:large","max-video-preview":"max-video-preview:-1"},"canonical":"https:\/\/admin.industriall-union.org\/es\/archive\/imf\/sindicatos-de-europa-sudoriental-se-movilizan-contra-el-debilitamiento-de-los-derechos-de-los-trabajadores\/","og_locale":"es_ES","og_type":"article","og_title":"Sindicatos de Europa sudoriental se movilizan contra el debilitamiento de los derechos de los trabajadores.","og_description":"BULGARIA: L\u00edderes sindicales de afiliados a la FITIM en Europa sudoriental asistieron del 2 al 4 de noviembre a la reuni\u00f3n subregional celebrada en Sof\u00eda (Bulgaria), organizada por primera vez con la Federaci\u00f3n Europea de Metal\u00fargicos. La reuni\u00f3n cont\u00f3 con el apoyo de la Friedrich Ebert Foundation. En el orden del d\u00eda figuraban, entre otras [&hellip;]","og_url":"https:\/\/admin.industriall-union.org\/es\/archive\/imf\/sindicatos-de-europa-sudoriental-se-movilizan-contra-el-debilitamiento-de-los-derechos-de-los-trabajadores\/","og_site_name":"industriall-union","article_modified_time":"2025-01-31T09:33:37+00:00","twitter_card":"summary_large_image","twitter_misc":{"Est. reading time":"3 minutes"},"schema":{"@context":"https:\/\/schema.org","@graph":[{"@type":"WebPage","@id":"https:\/\/admin.industriall-union.org\/es\/archive\/imf\/sindicatos-de-europa-sudoriental-se-movilizan-contra-el-debilitamiento-de-los-derechos-de-los-trabajadores\/","url":"https:\/\/admin.industriall-union.org\/es\/archive\/imf\/sindicatos-de-europa-sudoriental-se-movilizan-contra-el-debilitamiento-de-los-derechos-de-los-trabajadores\/","name":"Sindicatos de Europa sudoriental se movilizan contra el debilitamiento de los derechos de los trabajadores. - industriall-union","isPartOf":{"@id":"https:\/\/admin.industriall-union.org\/ru\/#website"},"datePublished":"2010-11-08T08:39:00+00:00","dateModified":"2025-01-31T09:33:37+00:00","breadcrumb":{"@id":"https:\/\/admin.industriall-union.org\/es\/archive\/imf\/sindicatos-de-europa-sudoriental-se-movilizan-contra-el-debilitamiento-de-los-derechos-de-los-trabajadores\/#breadcrumb"},"inLanguage":"es-ES","potentialAction":[{"@type":"ReadAction","target":["https:\/\/admin.industriall-union.org\/es\/archive\/imf\/sindicatos-de-europa-sudoriental-se-movilizan-contra-el-debilitamiento-de-los-derechos-de-los-trabajadores\/"]}]},{"@type":"BreadcrumbList","@id":"https:\/\/admin.industriall-union.org\/es\/archive\/imf\/sindicatos-de-europa-sudoriental-se-movilizan-contra-el-debilitamiento-de-los-derechos-de-los-trabajadores\/#breadcrumb","itemListElement":[{"@type":"ListItem","position":1,"name":"Home","item":"https:\/\/admin.industriall-union.org\/ru\/"},{"@type":"ListItem","position":2,"name":"Archive Imf","item":"https:\/\/admin.industriall-union.org\/fr\/archive\/imf\/"},{"@type":"ListItem","position":3,"name":"Sindicatos de Europa sudoriental se movilizan contra el debilitamiento de los derechos de los trabajadores."}]},{"@type":"WebSite","@id":"https:\/\/admin.industriall-union.org\/ru\/#website","url":"https:\/\/admin.industriall-union.org\/ru\/","name":"industriall-union","description":"","potentialAction":[{"@type":"SearchAction","target":{"@type":"EntryPoint","urlTemplate":"https:\/\/admin.industriall-union.org\/ru\/?s={search_term_string}"},"query-input":{"@type":"PropertyValueSpecification","valueRequired":true,"valueName":"search_term_string"}}],"inLanguage":"es-ES"}]}},"_links":{"self":[{"href":"https:\/\/admin.industriall-union.org\/es\/wp-json\/wp\/v2\/archive_imf\/200962","targetHints":{"allow":["GET"]}}],"collection":[{"href":"https:\/\/admin.industriall-union.org\/es\/wp-json\/wp\/v2\/archive_imf"}],"about":[{"href":"https:\/\/admin.industriall-union.org\/es\/wp-json\/wp\/v2\/types\/archive_imf"}],"wp:attachment":[{"href":"https:\/\/admin.industriall-union.org\/es\/wp-json\/wp\/v2\/media?parent=200962"}],"curies":[{"name":"wp","href":"https:\/\/api.w.org\/{rel}","templated":true}]}}

<!--[if gte mso 9]&gt;     Normal   0   21         false   false   false                             MicrosoftInternetExplorer4   &lt;![endif]--><!--[if gte mso 9]&gt;     &lt;![endif]-->  <!--[if gte mso 10]&gt;   /* Style Definitions */  table.MsoNormalTable 	{mso-style-name:"Table Normal"; 	mso-tstyle-rowband-size:0; 	mso-tstyle-colband-size:0; 	mso-style-noshow:yes; 	mso-style-parent:""; 	mso-padding-alt:0cm 5.4pt 0cm 5.4pt; 	mso-para-margin:0cm; 	mso-para-margin-bottom:.0001pt; 	mso-pagination:widow-orphan; 	font-size:10.0pt; 	font-family:"Times New Roman"; 	mso-ansi-language:#0400; 	mso-fareast-language:#0400; 	mso-bidi-language:#0400;}  &lt;![endif]-->  <p>BULGARIA: Líderes sindicales de afiliados a la FITIM en Europa sudoriental asistieron del 2 al 4 de noviembre a la reunión subregional celebrada en Sofía (Bulgaria), organizada por primera vez con la Federación Europea de Metalúrgicos. La reunión contó con el apoyo de la Friedrich Ebert Foundation.</p>  <p>En el orden del día figuraban, entre otras cuestiones, potenciación sindical, redes sindicales en empresas transnacionales (ETN) y trabajo precario. En julio de este año, la FITIM se unió a un proyecto multisindical sobre el desarrollo de la sindicación en Europa sudoriental, destinado a fortalecer las estructuras sindicales y a promover la cooperación sectorial regional y la formación. Los participantes acogieron con satisfacciòn este proyecto y se comprometieron a intervenir activamente en su ejecución. También expresaron su apoyo a la política de la FITIM sobre redes sindicales. Se insistió especialmente en la necesidad de hacerlo extensivo a la cadena de suministro, pues hay muchos proveedores y subcontratistas de ETN que operan en la región.</p>  <p>El secretario general de la FITIM, Jyrki Raina, presentó el proyecto de crear una nueva federación industrial mundial. Los líderes sindicales coincidieron en que el proceso de unificación que se sigue a nivel internacional y europeo es esencial para dar mayor fuerza a los sindicatos es una economía global, y señalaron que también debe contribuir a promover la unidad sindical a nivel nacional.</p>  <p>Europa sudoriental sigue padeciendo los dramáticos efectos de la crisis, y se carece de una política industrial efectiva para apoyar la fabricación nacional y el desarrollo sostenible. Como resultado de la reestrucrturación y la privatización, el trabajo precario crece rápidamente, con frecuencia en la economía no estructurada, y se erodan los derechos de los trabajadores. Pero los sindicatos se están movilizando contra las políticas de desregulación y las reformas de la legislación laboral, y han mostrado que los empleos pueden protegerse mediante la acción colectiva. Un caso concreto presentado en la reunión es el del Sindicato de Industria, Energía y Minería (SIER) en Macedonia, que logró salvar más de 200 empleos en Feni Industries, el mayor productor de ferroníquel del país, garantizando así el futuro de los trabajadores.</p>  <p>Como en muchos otros países, la reforma de los sistemas de pensiones ocupa un lugar destacado en el programa de la región. En Bulgaria, el Parlamento acababa de adoptar un plan de reforma modificado, tras alcanzarse un acuerdo con los sindicatos. El Primer Ministro ha retirado una versión inicial del plan después de que los sindicatos protestaran firmemente contra el proyecto de ley de reforma que se había preparado sin la debida intervención de los sindicatos.</p>  <p>Los participatantes discutieron asimismo la preparación del Congreso de la FEM que se celebrará en junio de 2011 en Alemania. La FITIM y la FEM seguirán cooperando estrechamente y uniendo sus fuerzas en apoyo de los derechos fundamentales de los trabajadores y del desarrollo sindical en la región.</p>

<!-- This site is optimized with the Yoast SEO Premium plugin v27.1 (Yoast SEO v27.1) - https://yoast.com/product/yoast-seo-premium-wordpress/ -->
<title>Sindicatos de Europa sudoriental se movilizan contra el debilitamiento de los derechos de los trabajadores. - industriall-union</title>
<meta name="robots" content="index, follow, max-snippet:-1, max-image-preview:large, max-video-preview:-1" />
<link rel="canonical" href="https://admin.industriall-union.org/es/archive/imf/sindicatos-de-europa-sudoriental-se-movilizan-contra-el-debilitamiento-de-los-derechos-de-los-trabajadores/" />
<meta property="og:locale" content="es_ES" />
<meta property="og:type" content="article" />
<meta property="og:title" content="Sindicatos de Europa sudoriental se movilizan contra el debilitamiento de los derechos de los trabajadores." />
<meta property="og:description" content="BULGARIA: Líderes sindicales de afiliados a la FITIM en Europa sudoriental asistieron del 2 al 4 de noviembre a la reunión subregional celebrada en Sofía (Bulgaria), organizada por primera vez con la Federación Europea de Metalúrgicos. La reunión contó con el apoyo de la Friedrich Ebert Foundation. En el orden del día figuraban, entre otras [&hellip;]" />
<meta property="og:url" content="https://admin.industriall-union.org/es/archive/imf/sindicatos-de-europa-sudoriental-se-movilizan-contra-el-debilitamiento-de-los-derechos-de-los-trabajadores/" />
<meta property="og:site_name" content="industriall-union" />
<meta property="article:modified_time" content="2025-01-31T09:33:37+00:00" />
<meta name="twitter:card" content="summary_large_image" />
<meta name="twitter:label1" content="Est. reading time" />
	<meta name="twitter:data1" content="3 minutes" />
<script type="application/ld+json" class="yoast-schema-graph">{"@context":"https://schema.org","@graph":[{"@type":"WebPage","@id":"https://admin.industriall-union.org/es/archive/imf/sindicatos-de-europa-sudoriental-se-movilizan-contra-el-debilitamiento-de-los-derechos-de-los-trabajadores/","url":"https://admin.industriall-union.org/es/archive/imf/sindicatos-de-europa-sudoriental-se-movilizan-contra-el-debilitamiento-de-los-derechos-de-los-trabajadores/","name":"Sindicatos de Europa sudoriental se movilizan contra el debilitamiento de los derechos de los trabajadores. - industriall-union","isPartOf":{"@id":"https://admin.industriall-union.org/ru/#website"},"datePublished":"2010-11-08T08:39:00+00:00","dateModified":"2025-01-31T09:33:37+00:00","breadcrumb":{"@id":"https://admin.industriall-union.org/es/archive/imf/sindicatos-de-europa-sudoriental-se-movilizan-contra-el-debilitamiento-de-los-derechos-de-los-trabajadores/#breadcrumb"},"inLanguage":"es-ES","potentialAction":[{"@type":"ReadAction","target":["https://admin.industriall-union.org/es/archive/imf/sindicatos-de-europa-sudoriental-se-movilizan-contra-el-debilitamiento-de-los-derechos-de-los-trabajadores/"]}]},{"@type":"BreadcrumbList","@id":"https://admin.industriall-union.org/es/archive/imf/sindicatos-de-europa-sudoriental-se-movilizan-contra-el-debilitamiento-de-los-derechos-de-los-trabajadores/#breadcrumb","itemListElement":[{"@type":"ListItem","position":1,"name":"Home","item":"https://admin.industriall-union.org/ru/"},{"@type":"ListItem","position":2,"name":"Archive Imf","item":"https://admin.industriall-union.org/fr/archive/imf/"},{"@type":"ListItem","position":3,"name":"Sindicatos de Europa sudoriental se movilizan contra el debilitamiento de los derechos de los trabajadores."}]},{"@type":"WebSite","@id":"https://admin.industriall-union.org/ru/#website","url":"https://admin.industriall-union.org/ru/","name":"industriall-union","description":"","potentialAction":[{"@type":"SearchAction","target":{"@type":"EntryPoint","urlTemplate":"https://admin.industriall-union.org/ru/?s={search_term_string}"},"query-input":{"@type":"PropertyValueSpecification","valueRequired":true,"valueName":"search_term_string"}}],"inLanguage":"es-ES"}]}</script>
<!-- / Yoast SEO Premium plugin. -->

BULGARIA: Líderes sindicales de afiliados a la FITIM en Europa sudoriental asistieron del 2 al 4 de noviembre a la reunión subregional celebrada en Sofía (Bulgaria), organizada por primera vez con la Federación Europea de Metalúrgicos. La reunión contó con el apoyo de la Friedrich Ebert Foundation. En el orden del día figuraban, entre otras [&hellip;]
