{"id":200960,"date":"2010-11-08T15:56:00","date_gmt":"2010-11-08T15:56:00","guid":{"rendered":"https:\/\/admin.industriall-union.org\/archive\/imf\/huelga-de-mineros-chilenos-en-la-mina-de-collahuasi\/"},"modified":"2025-01-31T09:33:37","modified_gmt":"2025-01-31T09:33:37","slug":"huelga-de-mineros-chilenos-en-la-mina-de-collahuasi","status":"publish","type":"archive_imf","link":"https:\/\/admin.industriall-union.org\/es\/archive\/imf\/huelga-de-mineros-chilenos-en-la-mina-de-collahuasi\/","title":{"rendered":"Huelga de mineros chilenos en la mina de Collahuasi"},"content":{"rendered":"<!--[if gte mso 9]&gt;     Normal   0   21         false   false   false                             MicrosoftInternetExplorer4   &lt;![endif]--><!--[if gte mso 9]&gt;     &lt;![endif]-->  <!--[if gte mso 10]&gt;   \/* Style Definitions *\/  table.MsoNormalTable \t{mso-style-name:\"Table Normal\"; \tmso-tstyle-rowband-size:0; \tmso-tstyle-colband-size:0; \tmso-style-noshow:yes; \tmso-style-parent:\"\"; \tmso-padding-alt:0cm 5.4pt 0cm 5.4pt; \tmso-para-margin:0cm; \tmso-para-margin-bottom:.0001pt; \tmso-pagination:widow-orphan; \tfont-size:10.0pt; \tfont-family:\"Times New Roman\"; \tmso-ansi-language:#0400; \tmso-fareast-language:#0400; \tmso-bidi-language:#0400;}  &lt;![endif]-->  <p>CHILE: &quot;La compa\u00f1\u00eda mantiene su posici\u00f3n intransigente&quot;, dijo el Sindicato de Trabajadores de Collahuasi en una declaraci\u00f3n publicada el 7 de noviembre. &quot;La huelga del sindicato de Collahuasi contin\u00faa.&quot;<\/p>  <p>Miembros del sindicato han ocupado una escuela abandonada en la ciudad de Iquique para utilizarla como oficina hasta que se resuelva el conflicto por sueldos y prestaciones&quot;La instalaci\u00f3n de los trabajadores en la hist\u00f3rica Escuela de Santa Mar\u00eda 103 a\u00f1os despu\u00e9s de que un grupo de trabajadores en esta mina lucharan por primera vez contra la intransigencia de las compa\u00f1\u00edas extranjeras, es un s\u00edmbolo de unidad&quot;, dijo el sindicato.<\/p>  <p>Expertos industriales indicaron que la producci\u00f3n podr\u00eda resultar afectada si la huelga dura una semana o m\u00e1s.<\/p>  <p>El sindicato informa de que la huelga comenz\u00f3 al salir vac\u00edos los autobuses que transportan a los trabajadores desde su campamento, situado cerca de la mina, para iniciar el turno de ma\u00f1ana.<\/p>  <p>El sindicato tambi\u00e9n planea manifestarse en Iquique, ciudad minera pr\u00f3spera situada al norte de Chile, donde tiene su base el sindicato y se encuentran las oficinas de la compa\u00f1\u00eda explotadora de la mina.<\/p>  <p>El sindicato ha pedido al ministro de Miner\u00eda, Laurence Golborne, que d\u00e9 a conocer su opini\u00f3n sobre el estancamiento de las negociaciones.<\/p>  <p>La compa\u00f1\u00eda explotadora de la mina dijo que su \u00faltima oferta es justa para los trabajadores, pero el sindicato afirma que la empresa tiene que empezar a compartir con los empleados una parte mayor de sus beneficios sin precedentes.<\/p>  <p>Collahuasi en una mina a cielo abierto a unos 4.000 metros de altitud en los Andes de Chile, la primera regi\u00f3n productora de cobre del mundo. La mina produce 535.000 toneladas anuales, lo que supone el 3,3 por ciento del cobre extra\u00eddo en el mundo, y es propiedad de Xstrata y Anglo American. El sindicato representa a unos 1.500 trabajadores en esta mina.<\/p>    ","protected":false},"featured_media":0,"template":"","class_list":["post-200960","archive_imf","type-archive_imf","status-publish","hentry"],"acf":[],"yoast_head":"<!-- This site is optimized with the Yoast SEO Premium plugin v27.1 (Yoast SEO v27.1) - https:\/\/yoast.com\/product\/yoast-seo-premium-wordpress\/ -->\n<title>Huelga de mineros chilenos en la mina de Collahuasi - industriall-union<\/title>\n<meta name=\"robots\" content=\"index, follow, max-snippet:-1, max-image-preview:large, max-video-preview:-1\" \/>\n<link rel=\"canonical\" href=\"https:\/\/admin.industriall-union.org\/es\/archive\/imf\/huelga-de-mineros-chilenos-en-la-mina-de-collahuasi\/\" \/>\n<meta property=\"og:locale\" content=\"es_ES\" \/>\n<meta property=\"og:type\" content=\"article\" \/>\n<meta property=\"og:title\" content=\"Huelga de mineros chilenos en la mina de Collahuasi\" \/>\n<meta property=\"og:description\" content=\"CHILE: &quot;La compa\u00f1\u00eda mantiene su posici\u00f3n intransigente&quot;, dijo el Sindicato de Trabajadores de Collahuasi en una declaraci\u00f3n publicada el 7 de noviembre. &quot;La huelga del sindicato de Collahuasi contin\u00faa.&quot; Miembros del sindicato han ocupado una escuela abandonada en la ciudad de Iquique para utilizarla como oficina hasta que se resuelva el conflicto por sueldos y [&hellip;]\" \/>\n<meta property=\"og:url\" content=\"https:\/\/admin.industriall-union.org\/es\/archive\/imf\/huelga-de-mineros-chilenos-en-la-mina-de-collahuasi\/\" \/>\n<meta property=\"og:site_name\" content=\"industriall-union\" \/>\n<meta property=\"article:modified_time\" content=\"2025-01-31T09:33:37+00:00\" \/>\n<meta name=\"twitter:card\" content=\"summary_large_image\" \/>\n<meta name=\"twitter:label1\" content=\"Est. reading time\" \/>\n\t<meta name=\"twitter:data1\" content=\"2 minutes\" \/>\n<script type=\"application\/ld+json\" class=\"yoast-schema-graph\">{\"@context\":\"https:\/\/schema.org\",\"@graph\":[{\"@type\":\"WebPage\",\"@id\":\"https:\/\/admin.industriall-union.org\/es\/archive\/imf\/huelga-de-mineros-chilenos-en-la-mina-de-collahuasi\/\",\"url\":\"https:\/\/admin.industriall-union.org\/es\/archive\/imf\/huelga-de-mineros-chilenos-en-la-mina-de-collahuasi\/\",\"name\":\"Huelga de mineros chilenos en la mina de Collahuasi - industriall-union\",\"isPartOf\":{\"@id\":\"https:\/\/admin.industriall-union.org\/ru\/#website\"},\"datePublished\":\"2010-11-08T15:56:00+00:00\",\"dateModified\":\"2025-01-31T09:33:37+00:00\",\"breadcrumb\":{\"@id\":\"https:\/\/admin.industriall-union.org\/es\/archive\/imf\/huelga-de-mineros-chilenos-en-la-mina-de-collahuasi\/#breadcrumb\"},\"inLanguage\":\"es-ES\",\"potentialAction\":[{\"@type\":\"ReadAction\",\"target\":[\"https:\/\/admin.industriall-union.org\/es\/archive\/imf\/huelga-de-mineros-chilenos-en-la-mina-de-collahuasi\/\"]}]},{\"@type\":\"BreadcrumbList\",\"@id\":\"https:\/\/admin.industriall-union.org\/es\/archive\/imf\/huelga-de-mineros-chilenos-en-la-mina-de-collahuasi\/#breadcrumb\",\"itemListElement\":[{\"@type\":\"ListItem\",\"position\":1,\"name\":\"Home\",\"item\":\"https:\/\/admin.industriall-union.org\/ru\/\"},{\"@type\":\"ListItem\",\"position\":2,\"name\":\"Archive Imf\",\"item\":\"https:\/\/admin.industriall-union.org\/fr\/archive\/imf\/\"},{\"@type\":\"ListItem\",\"position\":3,\"name\":\"Huelga de mineros chilenos en la mina de Collahuasi\"}]},{\"@type\":\"WebSite\",\"@id\":\"https:\/\/admin.industriall-union.org\/ru\/#website\",\"url\":\"https:\/\/admin.industriall-union.org\/ru\/\",\"name\":\"industriall-union\",\"description\":\"\",\"potentialAction\":[{\"@type\":\"SearchAction\",\"target\":{\"@type\":\"EntryPoint\",\"urlTemplate\":\"https:\/\/admin.industriall-union.org\/ru\/?s={search_term_string}\"},\"query-input\":{\"@type\":\"PropertyValueSpecification\",\"valueRequired\":true,\"valueName\":\"search_term_string\"}}],\"inLanguage\":\"es-ES\"}]}<\/script>\n<!-- \/ Yoast SEO Premium plugin. -->","yoast_head_json":{"title":"Huelga de mineros chilenos en la mina de Collahuasi - industriall-union","robots":{"index":"index","follow":"follow","max-snippet":"max-snippet:-1","max-image-preview":"max-image-preview:large","max-video-preview":"max-video-preview:-1"},"canonical":"https:\/\/admin.industriall-union.org\/es\/archive\/imf\/huelga-de-mineros-chilenos-en-la-mina-de-collahuasi\/","og_locale":"es_ES","og_type":"article","og_title":"Huelga de mineros chilenos en la mina de Collahuasi","og_description":"CHILE: &quot;La compa\u00f1\u00eda mantiene su posici\u00f3n intransigente&quot;, dijo el Sindicato de Trabajadores de Collahuasi en una declaraci\u00f3n publicada el 7 de noviembre. &quot;La huelga del sindicato de Collahuasi contin\u00faa.&quot; Miembros del sindicato han ocupado una escuela abandonada en la ciudad de Iquique para utilizarla como oficina hasta que se resuelva el conflicto por sueldos y [&hellip;]","og_url":"https:\/\/admin.industriall-union.org\/es\/archive\/imf\/huelga-de-mineros-chilenos-en-la-mina-de-collahuasi\/","og_site_name":"industriall-union","article_modified_time":"2025-01-31T09:33:37+00:00","twitter_card":"summary_large_image","twitter_misc":{"Est. reading time":"2 minutes"},"schema":{"@context":"https:\/\/schema.org","@graph":[{"@type":"WebPage","@id":"https:\/\/admin.industriall-union.org\/es\/archive\/imf\/huelga-de-mineros-chilenos-en-la-mina-de-collahuasi\/","url":"https:\/\/admin.industriall-union.org\/es\/archive\/imf\/huelga-de-mineros-chilenos-en-la-mina-de-collahuasi\/","name":"Huelga de mineros chilenos en la mina de Collahuasi - industriall-union","isPartOf":{"@id":"https:\/\/admin.industriall-union.org\/ru\/#website"},"datePublished":"2010-11-08T15:56:00+00:00","dateModified":"2025-01-31T09:33:37+00:00","breadcrumb":{"@id":"https:\/\/admin.industriall-union.org\/es\/archive\/imf\/huelga-de-mineros-chilenos-en-la-mina-de-collahuasi\/#breadcrumb"},"inLanguage":"es-ES","potentialAction":[{"@type":"ReadAction","target":["https:\/\/admin.industriall-union.org\/es\/archive\/imf\/huelga-de-mineros-chilenos-en-la-mina-de-collahuasi\/"]}]},{"@type":"BreadcrumbList","@id":"https:\/\/admin.industriall-union.org\/es\/archive\/imf\/huelga-de-mineros-chilenos-en-la-mina-de-collahuasi\/#breadcrumb","itemListElement":[{"@type":"ListItem","position":1,"name":"Home","item":"https:\/\/admin.industriall-union.org\/ru\/"},{"@type":"ListItem","position":2,"name":"Archive Imf","item":"https:\/\/admin.industriall-union.org\/fr\/archive\/imf\/"},{"@type":"ListItem","position":3,"name":"Huelga de mineros chilenos en la mina de Collahuasi"}]},{"@type":"WebSite","@id":"https:\/\/admin.industriall-union.org\/ru\/#website","url":"https:\/\/admin.industriall-union.org\/ru\/","name":"industriall-union","description":"","potentialAction":[{"@type":"SearchAction","target":{"@type":"EntryPoint","urlTemplate":"https:\/\/admin.industriall-union.org\/ru\/?s={search_term_string}"},"query-input":{"@type":"PropertyValueSpecification","valueRequired":true,"valueName":"search_term_string"}}],"inLanguage":"es-ES"}]}},"_links":{"self":[{"href":"https:\/\/admin.industriall-union.org\/es\/wp-json\/wp\/v2\/archive_imf\/200960","targetHints":{"allow":["GET"]}}],"collection":[{"href":"https:\/\/admin.industriall-union.org\/es\/wp-json\/wp\/v2\/archive_imf"}],"about":[{"href":"https:\/\/admin.industriall-union.org\/es\/wp-json\/wp\/v2\/types\/archive_imf"}],"wp:attachment":[{"href":"https:\/\/admin.industriall-union.org\/es\/wp-json\/wp\/v2\/media?parent=200960"}],"curies":[{"name":"wp","href":"https:\/\/api.w.org\/{rel}","templated":true}]}}

<!--[if gte mso 9]&gt;     Normal   0   21         false   false   false                             MicrosoftInternetExplorer4   &lt;![endif]--><!--[if gte mso 9]&gt;     &lt;![endif]-->  <!--[if gte mso 10]&gt;   /* Style Definitions */  table.MsoNormalTable 	{mso-style-name:"Table Normal"; 	mso-tstyle-rowband-size:0; 	mso-tstyle-colband-size:0; 	mso-style-noshow:yes; 	mso-style-parent:""; 	mso-padding-alt:0cm 5.4pt 0cm 5.4pt; 	mso-para-margin:0cm; 	mso-para-margin-bottom:.0001pt; 	mso-pagination:widow-orphan; 	font-size:10.0pt; 	font-family:"Times New Roman"; 	mso-ansi-language:#0400; 	mso-fareast-language:#0400; 	mso-bidi-language:#0400;}  &lt;![endif]-->  <p>CHILE: &quot;La compañía mantiene su posición intransigente&quot;, dijo el Sindicato de Trabajadores de Collahuasi en una declaración publicada el 7 de noviembre. &quot;La huelga del sindicato de Collahuasi continúa.&quot;</p>  <p>Miembros del sindicato han ocupado una escuela abandonada en la ciudad de Iquique para utilizarla como oficina hasta que se resuelva el conflicto por sueldos y prestaciones&quot;La instalación de los trabajadores en la histórica Escuela de Santa María 103 años después de que un grupo de trabajadores en esta mina lucharan por primera vez contra la intransigencia de las compañías extranjeras, es un símbolo de unidad&quot;, dijo el sindicato.</p>  <p>Expertos industriales indicaron que la producción podría resultar afectada si la huelga dura una semana o más.</p>  <p>El sindicato informa de que la huelga comenzó al salir vacíos los autobuses que transportan a los trabajadores desde su campamento, situado cerca de la mina, para iniciar el turno de mañana.</p>  <p>El sindicato también planea manifestarse en Iquique, ciudad minera próspera situada al norte de Chile, donde tiene su base el sindicato y se encuentran las oficinas de la compañía explotadora de la mina.</p>  <p>El sindicato ha pedido al ministro de Minería, Laurence Golborne, que dé a conocer su opinión sobre el estancamiento de las negociaciones.</p>  <p>La compañía explotadora de la mina dijo que su última oferta es justa para los trabajadores, pero el sindicato afirma que la empresa tiene que empezar a compartir con los empleados una parte mayor de sus beneficios sin precedentes.</p>  <p>Collahuasi en una mina a cielo abierto a unos 4.000 metros de altitud en los Andes de Chile, la primera región productora de cobre del mundo. La mina produce 535.000 toneladas anuales, lo que supone el 3,3 por ciento del cobre extraído en el mundo, y es propiedad de Xstrata y Anglo American. El sindicato representa a unos 1.500 trabajadores en esta mina.</p>

<!-- This site is optimized with the Yoast SEO Premium plugin v27.1 (Yoast SEO v27.1) - https://yoast.com/product/yoast-seo-premium-wordpress/ -->
<title>Huelga de mineros chilenos en la mina de Collahuasi - industriall-union</title>
<meta name="robots" content="index, follow, max-snippet:-1, max-image-preview:large, max-video-preview:-1" />
<link rel="canonical" href="https://admin.industriall-union.org/es/archive/imf/huelga-de-mineros-chilenos-en-la-mina-de-collahuasi/" />
<meta property="og:locale" content="es_ES" />
<meta property="og:type" content="article" />
<meta property="og:title" content="Huelga de mineros chilenos en la mina de Collahuasi" />
<meta property="og:description" content="CHILE: &quot;La compañía mantiene su posición intransigente&quot;, dijo el Sindicato de Trabajadores de Collahuasi en una declaración publicada el 7 de noviembre. &quot;La huelga del sindicato de Collahuasi continúa.&quot; Miembros del sindicato han ocupado una escuela abandonada en la ciudad de Iquique para utilizarla como oficina hasta que se resuelva el conflicto por sueldos y [&hellip;]" />
<meta property="og:url" content="https://admin.industriall-union.org/es/archive/imf/huelga-de-mineros-chilenos-en-la-mina-de-collahuasi/" />
<meta property="og:site_name" content="industriall-union" />
<meta property="article:modified_time" content="2025-01-31T09:33:37+00:00" />
<meta name="twitter:card" content="summary_large_image" />
<meta name="twitter:label1" content="Est. reading time" />
	<meta name="twitter:data1" content="2 minutes" />
<script type="application/ld+json" class="yoast-schema-graph">{"@context":"https://schema.org","@graph":[{"@type":"WebPage","@id":"https://admin.industriall-union.org/es/archive/imf/huelga-de-mineros-chilenos-en-la-mina-de-collahuasi/","url":"https://admin.industriall-union.org/es/archive/imf/huelga-de-mineros-chilenos-en-la-mina-de-collahuasi/","name":"Huelga de mineros chilenos en la mina de Collahuasi - industriall-union","isPartOf":{"@id":"https://admin.industriall-union.org/ru/#website"},"datePublished":"2010-11-08T15:56:00+00:00","dateModified":"2025-01-31T09:33:37+00:00","breadcrumb":{"@id":"https://admin.industriall-union.org/es/archive/imf/huelga-de-mineros-chilenos-en-la-mina-de-collahuasi/#breadcrumb"},"inLanguage":"es-ES","potentialAction":[{"@type":"ReadAction","target":["https://admin.industriall-union.org/es/archive/imf/huelga-de-mineros-chilenos-en-la-mina-de-collahuasi/"]}]},{"@type":"BreadcrumbList","@id":"https://admin.industriall-union.org/es/archive/imf/huelga-de-mineros-chilenos-en-la-mina-de-collahuasi/#breadcrumb","itemListElement":[{"@type":"ListItem","position":1,"name":"Home","item":"https://admin.industriall-union.org/ru/"},{"@type":"ListItem","position":2,"name":"Archive Imf","item":"https://admin.industriall-union.org/fr/archive/imf/"},{"@type":"ListItem","position":3,"name":"Huelga de mineros chilenos en la mina de Collahuasi"}]},{"@type":"WebSite","@id":"https://admin.industriall-union.org/ru/#website","url":"https://admin.industriall-union.org/ru/","name":"industriall-union","description":"","potentialAction":[{"@type":"SearchAction","target":{"@type":"EntryPoint","urlTemplate":"https://admin.industriall-union.org/ru/?s={search_term_string}"},"query-input":{"@type":"PropertyValueSpecification","valueRequired":true,"valueName":"search_term_string"}}],"inLanguage":"es-ES"}]}</script>
<!-- / Yoast SEO Premium plugin. -->

CHILE: &quot;La compañía mantiene su posición intransigente&quot;, dijo el Sindicato de Trabajadores de Collahuasi en una declaración publicada el 7 de noviembre. &quot;La huelga del sindicato de Collahuasi continúa.&quot; Miembros del sindicato han ocupado una escuela abandonada en la ciudad de Iquique para utilizarla como oficina hasta que se resuelva el conflicto por sueldos y [&hellip;]
