{"id":200889,"date":"2010-12-01T09:23:00","date_gmt":"2010-12-01T09:23:00","guid":{"rendered":"https:\/\/admin.industriall-union.org\/archive\/imf\/adelantan-aumento-salarial-para-metalurgicos-y-electronicos\/"},"modified":"2025-01-31T09:28:43","modified_gmt":"2025-01-31T09:28:43","slug":"adelantan-aumento-salarial-para-metalurgicos-y-electronicos","status":"publish","type":"archive_imf","link":"https:\/\/admin.industriall-union.org\/es\/archive\/imf\/adelantan-aumento-salarial-para-metalurgicos-y-electronicos\/","title":{"rendered":"Adelantan aumento salarial para metal\u00fargicos y electr\u00f3nicos"},"content":{"rendered":"<p>ALEMANIA: Se\u00f1al de que se est\u00e1 reduciendo la crisis econ\u00f3mica, por lo menos en Alemania, es el hecho de que IG Metall haya informado que algunas empresas, que actualmente emplean un 20% del total de 3,4 millones de trabajadores metal\u00fargicos y electr\u00f3nicos, adelantaron, de abril a febrero, el aumento de sueldo programado para 2011. Estas empresas, y sus Comit\u00e9s de Empresa, incluyendo Audi AG, Bosch GmbH, Siemens, y Voith, empresa de ingenier\u00eda y fabricaci\u00f3n de m\u00e1quinas papeleras, han acordado pagar en febrero el aumento previsto de 2,7%. <br \/><br \/>Se cree que en el transcurso de las pr\u00f3ximas semanas, varias otras empresas van a hacer lo mismo. El sindicato se\u00f1al\u00f3 que ahora se ha programado para febrero el pago del aumento a unos 670.000 trabajadores. En convenios colectivos acordados en febrero de 2010, IG Metall acord\u00f3 un pacto hist\u00f3rico para conservar los puestos de trabajo, a cambio del pago de dos montos de \u20ac320, uno en 2010, y el otro en los primeros meses de 2011. <\/p><p>Se hab\u00eda pensado introducir un aumento porcentual en abril de 2011, sin embargo con el Nuevo acuerdo se autoriza a los Comit\u00e9s de Empresa realizar negociaciones para el pago del monto de 2,7% dos meses antes de abril de 2011, pero en todo caso dentro de dos meses despu\u00e9s de esa fecha. El convenio, que se estableci\u00f3 el a\u00f1o pasado, con una duraci\u00f3n de 25 meses, se\u00f1ala que en las operaciones de las empresas correspondientes no habr\u00e1 ning\u00fan despido antes del 30 de junio de 2012. <br \/><br \/>IG Metall cree que el adelanto de los aumentos de sueldo se debe a la fuerte recuperaci\u00f3n econ\u00f3mica del pa\u00eds. <br \/><br \/>Por otra parte, Siemens, para agradecer a su fuerza de trabajo, que a nivel mundial alcanza 400.000 personas, su conducta ejemplar durante la crisis, seg\u00fan inform\u00f3 este noviembre pasado, entregar\u00e1 un monto total de US$430 millones en forma de &quot;primas especiales&quot;. Este monto, que es de aproximadamente \u20ac1.000 para cada trabajador, se pagar\u00e1 entre diciembre y enero. Los trabajadores alemanes recibir\u00e1n la bonificaci\u00f3n en enero, y el aumento del 2,7% al mes siguiente. <\/p>","protected":false},"featured_media":0,"template":"","class_list":["post-200889","archive_imf","type-archive_imf","status-publish","hentry"],"acf":[],"yoast_head":"<!-- This site is optimized with the Yoast SEO Premium plugin v27.1 (Yoast SEO v27.1) - https:\/\/yoast.com\/product\/yoast-seo-premium-wordpress\/ -->\n<title>Adelantan aumento salarial para metal\u00fargicos y electr\u00f3nicos - industriall-union<\/title>\n<meta name=\"robots\" content=\"index, follow, max-snippet:-1, max-image-preview:large, max-video-preview:-1\" \/>\n<link rel=\"canonical\" href=\"https:\/\/admin.industriall-union.org\/es\/archive\/imf\/adelantan-aumento-salarial-para-metalurgicos-y-electronicos\/\" \/>\n<meta property=\"og:locale\" content=\"es_ES\" \/>\n<meta property=\"og:type\" content=\"article\" \/>\n<meta property=\"og:title\" content=\"Adelantan aumento salarial para metal\u00fargicos y electr\u00f3nicos\" \/>\n<meta property=\"og:description\" content=\"ALEMANIA: Se\u00f1al de que se est\u00e1 reduciendo la crisis econ\u00f3mica, por lo menos en Alemania, es el hecho de que IG Metall haya informado que algunas empresas, que actualmente emplean un 20% del total de 3,4 millones de trabajadores metal\u00fargicos y electr\u00f3nicos, adelantaron, de abril a febrero, el aumento de sueldo programado para 2011. Estas [&hellip;]\" \/>\n<meta property=\"og:url\" content=\"https:\/\/admin.industriall-union.org\/es\/archive\/imf\/adelantan-aumento-salarial-para-metalurgicos-y-electronicos\/\" \/>\n<meta property=\"og:site_name\" content=\"industriall-union\" \/>\n<meta property=\"article:modified_time\" content=\"2025-01-31T09:28:43+00:00\" \/>\n<meta name=\"twitter:card\" content=\"summary_large_image\" \/>\n<meta name=\"twitter:label1\" content=\"Est. reading time\" \/>\n\t<meta name=\"twitter:data1\" content=\"2 minutes\" \/>\n<script type=\"application\/ld+json\" class=\"yoast-schema-graph\">{\"@context\":\"https:\/\/schema.org\",\"@graph\":[{\"@type\":\"WebPage\",\"@id\":\"https:\/\/admin.industriall-union.org\/es\/archive\/imf\/adelantan-aumento-salarial-para-metalurgicos-y-electronicos\/\",\"url\":\"https:\/\/admin.industriall-union.org\/es\/archive\/imf\/adelantan-aumento-salarial-para-metalurgicos-y-electronicos\/\",\"name\":\"Adelantan aumento salarial para metal\u00fargicos y electr\u00f3nicos - industriall-union\",\"isPartOf\":{\"@id\":\"https:\/\/admin.industriall-union.org\/#website\"},\"datePublished\":\"2010-12-01T09:23:00+00:00\",\"dateModified\":\"2025-01-31T09:28:43+00:00\",\"breadcrumb\":{\"@id\":\"https:\/\/admin.industriall-union.org\/es\/archive\/imf\/adelantan-aumento-salarial-para-metalurgicos-y-electronicos\/#breadcrumb\"},\"inLanguage\":\"es-ES\",\"potentialAction\":[{\"@type\":\"ReadAction\",\"target\":[\"https:\/\/admin.industriall-union.org\/es\/archive\/imf\/adelantan-aumento-salarial-para-metalurgicos-y-electronicos\/\"]}]},{\"@type\":\"BreadcrumbList\",\"@id\":\"https:\/\/admin.industriall-union.org\/es\/archive\/imf\/adelantan-aumento-salarial-para-metalurgicos-y-electronicos\/#breadcrumb\",\"itemListElement\":[{\"@type\":\"ListItem\",\"position\":1,\"name\":\"Home\",\"item\":\"https:\/\/admin.industriall-union.org\/\"},{\"@type\":\"ListItem\",\"position\":2,\"name\":\"Archive Imf\",\"item\":\"https:\/\/admin.industriall-union.org\/es\/archive\/imf\/\"},{\"@type\":\"ListItem\",\"position\":3,\"name\":\"Adelantan aumento salarial para metal\u00fargicos y electr\u00f3nicos\"}]},{\"@type\":\"WebSite\",\"@id\":\"https:\/\/admin.industriall-union.org\/#website\",\"url\":\"https:\/\/admin.industriall-union.org\/\",\"name\":\"industriall-union\",\"description\":\"\",\"potentialAction\":[{\"@type\":\"SearchAction\",\"target\":{\"@type\":\"EntryPoint\",\"urlTemplate\":\"https:\/\/admin.industriall-union.org\/?s={search_term_string}\"},\"query-input\":{\"@type\":\"PropertyValueSpecification\",\"valueRequired\":true,\"valueName\":\"search_term_string\"}}],\"inLanguage\":\"es-ES\"}]}<\/script>\n<!-- \/ Yoast SEO Premium plugin. -->","yoast_head_json":{"title":"Adelantan aumento salarial para metal\u00fargicos y electr\u00f3nicos - industriall-union","robots":{"index":"index","follow":"follow","max-snippet":"max-snippet:-1","max-image-preview":"max-image-preview:large","max-video-preview":"max-video-preview:-1"},"canonical":"https:\/\/admin.industriall-union.org\/es\/archive\/imf\/adelantan-aumento-salarial-para-metalurgicos-y-electronicos\/","og_locale":"es_ES","og_type":"article","og_title":"Adelantan aumento salarial para metal\u00fargicos y electr\u00f3nicos","og_description":"ALEMANIA: Se\u00f1al de que se est\u00e1 reduciendo la crisis econ\u00f3mica, por lo menos en Alemania, es el hecho de que IG Metall haya informado que algunas empresas, que actualmente emplean un 20% del total de 3,4 millones de trabajadores metal\u00fargicos y electr\u00f3nicos, adelantaron, de abril a febrero, el aumento de sueldo programado para 2011. Estas [&hellip;]","og_url":"https:\/\/admin.industriall-union.org\/es\/archive\/imf\/adelantan-aumento-salarial-para-metalurgicos-y-electronicos\/","og_site_name":"industriall-union","article_modified_time":"2025-01-31T09:28:43+00:00","twitter_card":"summary_large_image","twitter_misc":{"Est. reading time":"2 minutes"},"schema":{"@context":"https:\/\/schema.org","@graph":[{"@type":"WebPage","@id":"https:\/\/admin.industriall-union.org\/es\/archive\/imf\/adelantan-aumento-salarial-para-metalurgicos-y-electronicos\/","url":"https:\/\/admin.industriall-union.org\/es\/archive\/imf\/adelantan-aumento-salarial-para-metalurgicos-y-electronicos\/","name":"Adelantan aumento salarial para metal\u00fargicos y electr\u00f3nicos - industriall-union","isPartOf":{"@id":"https:\/\/admin.industriall-union.org\/#website"},"datePublished":"2010-12-01T09:23:00+00:00","dateModified":"2025-01-31T09:28:43+00:00","breadcrumb":{"@id":"https:\/\/admin.industriall-union.org\/es\/archive\/imf\/adelantan-aumento-salarial-para-metalurgicos-y-electronicos\/#breadcrumb"},"inLanguage":"es-ES","potentialAction":[{"@type":"ReadAction","target":["https:\/\/admin.industriall-union.org\/es\/archive\/imf\/adelantan-aumento-salarial-para-metalurgicos-y-electronicos\/"]}]},{"@type":"BreadcrumbList","@id":"https:\/\/admin.industriall-union.org\/es\/archive\/imf\/adelantan-aumento-salarial-para-metalurgicos-y-electronicos\/#breadcrumb","itemListElement":[{"@type":"ListItem","position":1,"name":"Home","item":"https:\/\/admin.industriall-union.org\/"},{"@type":"ListItem","position":2,"name":"Archive Imf","item":"https:\/\/admin.industriall-union.org\/es\/archive\/imf\/"},{"@type":"ListItem","position":3,"name":"Adelantan aumento salarial para metal\u00fargicos y electr\u00f3nicos"}]},{"@type":"WebSite","@id":"https:\/\/admin.industriall-union.org\/#website","url":"https:\/\/admin.industriall-union.org\/","name":"industriall-union","description":"","potentialAction":[{"@type":"SearchAction","target":{"@type":"EntryPoint","urlTemplate":"https:\/\/admin.industriall-union.org\/?s={search_term_string}"},"query-input":{"@type":"PropertyValueSpecification","valueRequired":true,"valueName":"search_term_string"}}],"inLanguage":"es-ES"}]}},"_links":{"self":[{"href":"https:\/\/admin.industriall-union.org\/es\/wp-json\/wp\/v2\/archive_imf\/200889","targetHints":{"allow":["GET"]}}],"collection":[{"href":"https:\/\/admin.industriall-union.org\/es\/wp-json\/wp\/v2\/archive_imf"}],"about":[{"href":"https:\/\/admin.industriall-union.org\/es\/wp-json\/wp\/v2\/types\/archive_imf"}],"wp:attachment":[{"href":"https:\/\/admin.industriall-union.org\/es\/wp-json\/wp\/v2\/media?parent=200889"}],"curies":[{"name":"wp","href":"https:\/\/api.w.org\/{rel}","templated":true}]}}

Adelantan aumento salarial para metalúrgicos y electrónicos

<p>ALEMANIA: Señal de que se está reduciendo la crisis económica, por lo menos en Alemania, es el hecho de que IG Metall haya informado que algunas empresas, que actualmente emplean un 20% del total de 3,4 millones de trabajadores metalúrgicos y electrónicos, adelantaron, de abril a febrero, el aumento de sueldo programado para 2011. Estas empresas, y sus Comités de Empresa, incluyendo Audi AG, Bosch GmbH, Siemens, y Voith, empresa de ingeniería y fabricación de máquinas papeleras, han acordado pagar en febrero el aumento previsto de 2,7%. <br /><br />Se cree que en el transcurso de las próximas semanas, varias otras empresas van a hacer lo mismo. El sindicato señaló que ahora se ha programado para febrero el pago del aumento a unos 670.000 trabajadores. En convenios colectivos acordados en febrero de 2010, IG Metall acordó un pacto histórico para conservar los puestos de trabajo, a cambio del pago de dos montos de €320, uno en 2010, y el otro en los primeros meses de 2011. </p><p>Se había pensado introducir un aumento porcentual en abril de 2011, sin embargo con el Nuevo acuerdo se autoriza a los Comités de Empresa realizar negociaciones para el pago del monto de 2,7% dos meses antes de abril de 2011, pero en todo caso dentro de dos meses después de esa fecha. El convenio, que se estableció el año pasado, con una duración de 25 meses, señala que en las operaciones de las empresas correspondientes no habrá ningún despido antes del 30 de junio de 2012. <br /><br />IG Metall cree que el adelanto de los aumentos de sueldo se debe a la fuerte recuperación económica del país. <br /><br />Por otra parte, Siemens, para agradecer a su fuerza de trabajo, que a nivel mundial alcanza 400.000 personas, su conducta ejemplar durante la crisis, según informó este noviembre pasado, entregará un monto total de US$430 millones en forma de &quot;primas especiales&quot;. Este monto, que es de aproximadamente €1.000 para cada trabajador, se pagará entre diciembre y enero. Los trabajadores alemanes recibirán la bonificación en enero, y el aumento del 2,7% al mes siguiente. </p>

<!-- This site is optimized with the Yoast SEO Premium plugin v27.1 (Yoast SEO v27.1) - https://yoast.com/product/yoast-seo-premium-wordpress/ -->
<title>Adelantan aumento salarial para metalúrgicos y electrónicos - industriall-union</title>
<meta name="robots" content="index, follow, max-snippet:-1, max-image-preview:large, max-video-preview:-1" />
<link rel="canonical" href="https://admin.industriall-union.org/es/archive/imf/adelantan-aumento-salarial-para-metalurgicos-y-electronicos/" />
<meta property="og:locale" content="es_ES" />
<meta property="og:type" content="article" />
<meta property="og:title" content="Adelantan aumento salarial para metalúrgicos y electrónicos" />
<meta property="og:description" content="ALEMANIA: Señal de que se está reduciendo la crisis económica, por lo menos en Alemania, es el hecho de que IG Metall haya informado que algunas empresas, que actualmente emplean un 20% del total de 3,4 millones de trabajadores metalúrgicos y electrónicos, adelantaron, de abril a febrero, el aumento de sueldo programado para 2011. Estas [&hellip;]" />
<meta property="og:url" content="https://admin.industriall-union.org/es/archive/imf/adelantan-aumento-salarial-para-metalurgicos-y-electronicos/" />
<meta property="og:site_name" content="industriall-union" />
<meta property="article:modified_time" content="2025-01-31T09:28:43+00:00" />
<meta name="twitter:card" content="summary_large_image" />
<meta name="twitter:label1" content="Est. reading time" />
	<meta name="twitter:data1" content="2 minutes" />
<script type="application/ld+json" class="yoast-schema-graph">{"@context":"https://schema.org","@graph":[{"@type":"WebPage","@id":"https://admin.industriall-union.org/es/archive/imf/adelantan-aumento-salarial-para-metalurgicos-y-electronicos/","url":"https://admin.industriall-union.org/es/archive/imf/adelantan-aumento-salarial-para-metalurgicos-y-electronicos/","name":"Adelantan aumento salarial para metalúrgicos y electrónicos - industriall-union","isPartOf":{"@id":"https://admin.industriall-union.org/#website"},"datePublished":"2010-12-01T09:23:00+00:00","dateModified":"2025-01-31T09:28:43+00:00","breadcrumb":{"@id":"https://admin.industriall-union.org/es/archive/imf/adelantan-aumento-salarial-para-metalurgicos-y-electronicos/#breadcrumb"},"inLanguage":"es-ES","potentialAction":[{"@type":"ReadAction","target":["https://admin.industriall-union.org/es/archive/imf/adelantan-aumento-salarial-para-metalurgicos-y-electronicos/"]}]},{"@type":"BreadcrumbList","@id":"https://admin.industriall-union.org/es/archive/imf/adelantan-aumento-salarial-para-metalurgicos-y-electronicos/#breadcrumb","itemListElement":[{"@type":"ListItem","position":1,"name":"Home","item":"https://admin.industriall-union.org/"},{"@type":"ListItem","position":2,"name":"Archive Imf","item":"https://admin.industriall-union.org/es/archive/imf/"},{"@type":"ListItem","position":3,"name":"Adelantan aumento salarial para metalúrgicos y electrónicos"}]},{"@type":"WebSite","@id":"https://admin.industriall-union.org/#website","url":"https://admin.industriall-union.org/","name":"industriall-union","description":"","potentialAction":[{"@type":"SearchAction","target":{"@type":"EntryPoint","urlTemplate":"https://admin.industriall-union.org/?s={search_term_string}"},"query-input":{"@type":"PropertyValueSpecification","valueRequired":true,"valueName":"search_term_string"}}],"inLanguage":"es-ES"}]}</script>
<!-- / Yoast SEO Premium plugin. -->

Adelantan aumento salarial para metalúrgicos y electrónicos - industriall-union

ALEMANIA: Señal de que se está reduciendo la crisis económica, por lo menos en Alemania, es el hecho de que IG Metall haya informado que algunas empresas, que actualmente emplean un 20% del total de 3,4 millones de trabajadores metalúrgicos y electrónicos, adelantaron, de abril a febrero, el aumento de sueldo programado para 2011. Estas [&hellip;]
