{"id":200878,"date":"2010-12-02T13:08:10","date_gmt":"2010-12-02T13:08:10","guid":{"rendered":"https:\/\/admin.industriall-union.org\/archive\/imf\/fusion-de-los-sindicatos-de-siemens-en-la-india\/"},"modified":"2025-01-31T09:28:40","modified_gmt":"2025-01-31T09:28:40","slug":"fusion-de-los-sindicatos-de-siemens-en-la-india","status":"publish","type":"archive_imf","link":"https:\/\/admin.industriall-union.org\/es\/archive\/imf\/fusion-de-los-sindicatos-de-siemens-en-la-india\/","title":{"rendered":"Fusi\u00f3n de los sindicatos de Siemens en la India"},"content":{"rendered":"<!--[if gte mso 9]&gt;     Normal   0   21         false   false   false                             MicrosoftInternetExplorer4   &lt;![endif]--><!--[if gte mso 9]&gt;     &lt;![endif]--><!--[if gte mso 10]&gt;   \/* Style Definitions *\/  table.MsoNormalTable \t{mso-style-name:\"Table Normal\"; \tmso-tstyle-rowband-size:0; \tmso-tstyle-colband-size:0; \tmso-style-noshow:yes; \tmso-style-parent:\"\"; \tmso-padding-alt:0cm 5.4pt 0cm 5.4pt; \tmso-para-margin:0cm; \tmso-para-margin-bottom:.0001pt; \tmso-pagination:widow-orphan; \tfont-size:10.0pt; \tfont-family:\"Times New Roman\"; \tmso-ansi-language:#0400; \tmso-fareast-language:#0400; \tmso-bidi-language:#0400;}  &lt;![endif]-->  <p>MUMBAI: Los representantes de los sindicatos de Siemens en toda la India celebraron el registro de la Federaci\u00f3n de Empleados de Siemens, reci\u00e9n constituida, en una reuni\u00f3n convocada por la FITIM y la FES, para planear estrategias de la Federaci\u00f3n que, excepcionalmente en la India, agrupa a sindicatos afiliados a diferentes confederaciones nacionales.<\/p>  <p>La nueva Federaci\u00f3n afronta numerosos desaf\u00edos. En muchas plantas, los trabajadores por contrato y ocasionales superan el 50 por ciento de la fuerza de trabajo. Adem\u00e1s, Siemens India ha concebido una estrategia particularmente divisiva para impedir que los trabajadores se unan a los sindicatos. Los trabajadores son reclasificados arbitrariamente como &quot;directivos&quot;, sin modificaci\u00f3n de sus cometidos, y se les proh\u00edbe expresamente unirse a un sindicato, porque se les considera ejecutivos. A los trabajadores se les ofrecen aumentos salariales como incentivo para que renuncien a sus derechos sindicales, como resultado de lo cual en algunas plantas hay actualmente \u00e1reas de producci\u00f3n sin trabajadores.<\/p>  <p>Los sindicatos han impugnado esta pr\u00e1ctica en los tribunales, pero sin \u00e9xito hasta ahora. Ser\u00e1 necesaria una acci\u00f3n concertada contra Siemens India para que la compa\u00f1\u00eda no pueda seguir rompiendo a los sindicatos de esta forma.<\/p>  <p>La reuni\u00f3n concluy\u00f3 con un acuerdo sobre las principales cuestiones para la actuaci\u00f3n de la Federaci\u00f3n de Empleados de Siemens. Estas comprenden acabar con la pr\u00e1ctica de la falsa clasificaci\u00f3n de trabajadores como directivos, la lucha por la igualdad de sueldos y condiciones entre las plantas en Siemens en la India, el intercambio de informaci\u00f3n para que la direcci\u00f3n deje de enfrentar a una planta contra otra, la limitaci\u00f3n del porcentaje de trabajadores por contrato y la igualdad de remuneraci\u00f3n entre trabajadores por contrato y fijos. Para alcanzar estos fines, la Federaci\u00f3n tiene que crear una base de datos de convenios colectivos, formar a los representantes y recopilar informaci\u00f3n sobre los trabajadores de la cadena de suministro y las condiciones de trabajo.<\/p>  <p>Siemens India se ha negado hasta la fecha a reconocer a la Federaci\u00f3n de Empleados de Siemens, a pesar de haber sido registrada por las autoridades, por lo que es urgente lograr el reconocimiento de la Federaci\u00f3n por Siemens, de manera que pueda negociar con la compa\u00f1\u00eda en nombre de todos los trabajadores de Siemens en la India. La Federaci\u00f3n ha pedido tambi\u00e9n a Siemens que firme un Acuerdo Marco Internacional con la FITIM.<\/p>  <p>La Federaci\u00f3n piensa contar finalmente entre sus miembros a los trabajadores de todas las plantas de Siemens en la India, as\u00ed como a los trabajadores de la cadena de suministro de la compa\u00f1\u00eda. Su objetivo es lograr que la existencia de la Federaci\u00f3n sea perceptible y demostrar a la direcci\u00f3n que los sindicatos est\u00e1n unidos.<\/p>    ","protected":false},"featured_media":0,"template":"","class_list":["post-200878","archive_imf","type-archive_imf","status-publish","hentry"],"acf":[],"yoast_head":"<!-- This site is optimized with the Yoast SEO Premium plugin v27.1 (Yoast SEO v27.1) - https:\/\/yoast.com\/product\/yoast-seo-premium-wordpress\/ -->\n<title>Fusi\u00f3n de los sindicatos de Siemens en la India - industriall-union<\/title>\n<meta name=\"robots\" content=\"index, follow, max-snippet:-1, max-image-preview:large, max-video-preview:-1\" \/>\n<link rel=\"canonical\" href=\"https:\/\/admin.industriall-union.org\/es\/archive\/imf\/fusion-de-los-sindicatos-de-siemens-en-la-india\/\" \/>\n<meta property=\"og:locale\" content=\"es_ES\" \/>\n<meta property=\"og:type\" content=\"article\" \/>\n<meta property=\"og:title\" content=\"Fusi\u00f3n de los sindicatos de Siemens en la India\" \/>\n<meta property=\"og:description\" content=\"MUMBAI: Los representantes de los sindicatos de Siemens en toda la India celebraron el registro de la Federaci\u00f3n de Empleados de Siemens, reci\u00e9n constituida, en una reuni\u00f3n convocada por la FITIM y la FES, para planear estrategias de la Federaci\u00f3n que, excepcionalmente en la India, agrupa a sindicatos afiliados a diferentes confederaciones nacionales. La nueva [&hellip;]\" \/>\n<meta property=\"og:url\" content=\"https:\/\/admin.industriall-union.org\/es\/archive\/imf\/fusion-de-los-sindicatos-de-siemens-en-la-india\/\" \/>\n<meta property=\"og:site_name\" content=\"industriall-union\" \/>\n<meta property=\"article:modified_time\" content=\"2025-01-31T09:28:40+00:00\" \/>\n<meta name=\"twitter:card\" content=\"summary_large_image\" \/>\n<meta name=\"twitter:label1\" content=\"Est. reading time\" \/>\n\t<meta name=\"twitter:data1\" content=\"2 minutes\" \/>\n<script type=\"application\/ld+json\" class=\"yoast-schema-graph\">{\"@context\":\"https:\/\/schema.org\",\"@graph\":[{\"@type\":\"WebPage\",\"@id\":\"https:\/\/admin.industriall-union.org\/es\/archive\/imf\/fusion-de-los-sindicatos-de-siemens-en-la-india\/\",\"url\":\"https:\/\/admin.industriall-union.org\/es\/archive\/imf\/fusion-de-los-sindicatos-de-siemens-en-la-india\/\",\"name\":\"Fusi\u00f3n de los sindicatos de Siemens en la India - industriall-union\",\"isPartOf\":{\"@id\":\"https:\/\/admin.industriall-union.org\/#website\"},\"datePublished\":\"2010-12-02T13:08:10+00:00\",\"dateModified\":\"2025-01-31T09:28:40+00:00\",\"breadcrumb\":{\"@id\":\"https:\/\/admin.industriall-union.org\/es\/archive\/imf\/fusion-de-los-sindicatos-de-siemens-en-la-india\/#breadcrumb\"},\"inLanguage\":\"es-ES\",\"potentialAction\":[{\"@type\":\"ReadAction\",\"target\":[\"https:\/\/admin.industriall-union.org\/es\/archive\/imf\/fusion-de-los-sindicatos-de-siemens-en-la-india\/\"]}]},{\"@type\":\"BreadcrumbList\",\"@id\":\"https:\/\/admin.industriall-union.org\/es\/archive\/imf\/fusion-de-los-sindicatos-de-siemens-en-la-india\/#breadcrumb\",\"itemListElement\":[{\"@type\":\"ListItem\",\"position\":1,\"name\":\"Home\",\"item\":\"https:\/\/admin.industriall-union.org\/\"},{\"@type\":\"ListItem\",\"position\":2,\"name\":\"Archive Imf\",\"item\":\"https:\/\/admin.industriall-union.org\/es\/archive\/imf\/\"},{\"@type\":\"ListItem\",\"position\":3,\"name\":\"Fusi\u00f3n de los sindicatos de Siemens en la India\"}]},{\"@type\":\"WebSite\",\"@id\":\"https:\/\/admin.industriall-union.org\/#website\",\"url\":\"https:\/\/admin.industriall-union.org\/\",\"name\":\"industriall-union\",\"description\":\"\",\"potentialAction\":[{\"@type\":\"SearchAction\",\"target\":{\"@type\":\"EntryPoint\",\"urlTemplate\":\"https:\/\/admin.industriall-union.org\/?s={search_term_string}\"},\"query-input\":{\"@type\":\"PropertyValueSpecification\",\"valueRequired\":true,\"valueName\":\"search_term_string\"}}],\"inLanguage\":\"es-ES\"}]}<\/script>\n<!-- \/ Yoast SEO Premium plugin. -->","yoast_head_json":{"title":"Fusi\u00f3n de los sindicatos de Siemens en la India - industriall-union","robots":{"index":"index","follow":"follow","max-snippet":"max-snippet:-1","max-image-preview":"max-image-preview:large","max-video-preview":"max-video-preview:-1"},"canonical":"https:\/\/admin.industriall-union.org\/es\/archive\/imf\/fusion-de-los-sindicatos-de-siemens-en-la-india\/","og_locale":"es_ES","og_type":"article","og_title":"Fusi\u00f3n de los sindicatos de Siemens en la India","og_description":"MUMBAI: Los representantes de los sindicatos de Siemens en toda la India celebraron el registro de la Federaci\u00f3n de Empleados de Siemens, reci\u00e9n constituida, en una reuni\u00f3n convocada por la FITIM y la FES, para planear estrategias de la Federaci\u00f3n que, excepcionalmente en la India, agrupa a sindicatos afiliados a diferentes confederaciones nacionales. La nueva [&hellip;]","og_url":"https:\/\/admin.industriall-union.org\/es\/archive\/imf\/fusion-de-los-sindicatos-de-siemens-en-la-india\/","og_site_name":"industriall-union","article_modified_time":"2025-01-31T09:28:40+00:00","twitter_card":"summary_large_image","twitter_misc":{"Est. reading time":"2 minutes"},"schema":{"@context":"https:\/\/schema.org","@graph":[{"@type":"WebPage","@id":"https:\/\/admin.industriall-union.org\/es\/archive\/imf\/fusion-de-los-sindicatos-de-siemens-en-la-india\/","url":"https:\/\/admin.industriall-union.org\/es\/archive\/imf\/fusion-de-los-sindicatos-de-siemens-en-la-india\/","name":"Fusi\u00f3n de los sindicatos de Siemens en la India - industriall-union","isPartOf":{"@id":"https:\/\/admin.industriall-union.org\/#website"},"datePublished":"2010-12-02T13:08:10+00:00","dateModified":"2025-01-31T09:28:40+00:00","breadcrumb":{"@id":"https:\/\/admin.industriall-union.org\/es\/archive\/imf\/fusion-de-los-sindicatos-de-siemens-en-la-india\/#breadcrumb"},"inLanguage":"es-ES","potentialAction":[{"@type":"ReadAction","target":["https:\/\/admin.industriall-union.org\/es\/archive\/imf\/fusion-de-los-sindicatos-de-siemens-en-la-india\/"]}]},{"@type":"BreadcrumbList","@id":"https:\/\/admin.industriall-union.org\/es\/archive\/imf\/fusion-de-los-sindicatos-de-siemens-en-la-india\/#breadcrumb","itemListElement":[{"@type":"ListItem","position":1,"name":"Home","item":"https:\/\/admin.industriall-union.org\/"},{"@type":"ListItem","position":2,"name":"Archive Imf","item":"https:\/\/admin.industriall-union.org\/es\/archive\/imf\/"},{"@type":"ListItem","position":3,"name":"Fusi\u00f3n de los sindicatos de Siemens en la India"}]},{"@type":"WebSite","@id":"https:\/\/admin.industriall-union.org\/#website","url":"https:\/\/admin.industriall-union.org\/","name":"industriall-union","description":"","potentialAction":[{"@type":"SearchAction","target":{"@type":"EntryPoint","urlTemplate":"https:\/\/admin.industriall-union.org\/?s={search_term_string}"},"query-input":{"@type":"PropertyValueSpecification","valueRequired":true,"valueName":"search_term_string"}}],"inLanguage":"es-ES"}]}},"_links":{"self":[{"href":"https:\/\/admin.industriall-union.org\/es\/wp-json\/wp\/v2\/archive_imf\/200878","targetHints":{"allow":["GET"]}}],"collection":[{"href":"https:\/\/admin.industriall-union.org\/es\/wp-json\/wp\/v2\/archive_imf"}],"about":[{"href":"https:\/\/admin.industriall-union.org\/es\/wp-json\/wp\/v2\/types\/archive_imf"}],"wp:attachment":[{"href":"https:\/\/admin.industriall-union.org\/es\/wp-json\/wp\/v2\/media?parent=200878"}],"curies":[{"name":"wp","href":"https:\/\/api.w.org\/{rel}","templated":true}]}}

Fusión de los sindicatos de Siemens en la India

<!--[if gte mso 9]&gt;     Normal   0   21         false   false   false                             MicrosoftInternetExplorer4   &lt;![endif]--><!--[if gte mso 9]&gt;     &lt;![endif]--><!--[if gte mso 10]&gt;   /* Style Definitions */  table.MsoNormalTable 	{mso-style-name:"Table Normal"; 	mso-tstyle-rowband-size:0; 	mso-tstyle-colband-size:0; 	mso-style-noshow:yes; 	mso-style-parent:""; 	mso-padding-alt:0cm 5.4pt 0cm 5.4pt; 	mso-para-margin:0cm; 	mso-para-margin-bottom:.0001pt; 	mso-pagination:widow-orphan; 	font-size:10.0pt; 	font-family:"Times New Roman"; 	mso-ansi-language:#0400; 	mso-fareast-language:#0400; 	mso-bidi-language:#0400;}  &lt;![endif]-->  <p>MUMBAI: Los representantes de los sindicatos de Siemens en toda la India celebraron el registro de la Federación de Empleados de Siemens, recién constituida, en una reunión convocada por la FITIM y la FES, para planear estrategias de la Federación que, excepcionalmente en la India, agrupa a sindicatos afiliados a diferentes confederaciones nacionales.</p>  <p>La nueva Federación afronta numerosos desafíos. En muchas plantas, los trabajadores por contrato y ocasionales superan el 50 por ciento de la fuerza de trabajo. Además, Siemens India ha concebido una estrategia particularmente divisiva para impedir que los trabajadores se unan a los sindicatos. Los trabajadores son reclasificados arbitrariamente como &quot;directivos&quot;, sin modificación de sus cometidos, y se les prohíbe expresamente unirse a un sindicato, porque se les considera ejecutivos. A los trabajadores se les ofrecen aumentos salariales como incentivo para que renuncien a sus derechos sindicales, como resultado de lo cual en algunas plantas hay actualmente áreas de producción sin trabajadores.</p>  <p>Los sindicatos han impugnado esta práctica en los tribunales, pero sin éxito hasta ahora. Será necesaria una acción concertada contra Siemens India para que la compañía no pueda seguir rompiendo a los sindicatos de esta forma.</p>  <p>La reunión concluyó con un acuerdo sobre las principales cuestiones para la actuación de la Federación de Empleados de Siemens. Estas comprenden acabar con la práctica de la falsa clasificación de trabajadores como directivos, la lucha por la igualdad de sueldos y condiciones entre las plantas en Siemens en la India, el intercambio de información para que la dirección deje de enfrentar a una planta contra otra, la limitación del porcentaje de trabajadores por contrato y la igualdad de remuneración entre trabajadores por contrato y fijos. Para alcanzar estos fines, la Federación tiene que crear una base de datos de convenios colectivos, formar a los representantes y recopilar información sobre los trabajadores de la cadena de suministro y las condiciones de trabajo.</p>  <p>Siemens India se ha negado hasta la fecha a reconocer a la Federación de Empleados de Siemens, a pesar de haber sido registrada por las autoridades, por lo que es urgente lograr el reconocimiento de la Federación por Siemens, de manera que pueda negociar con la compañía en nombre de todos los trabajadores de Siemens en la India. La Federación ha pedido también a Siemens que firme un Acuerdo Marco Internacional con la FITIM.</p>  <p>La Federación piensa contar finalmente entre sus miembros a los trabajadores de todas las plantas de Siemens en la India, así como a los trabajadores de la cadena de suministro de la compañía. Su objetivo es lograr que la existencia de la Federación sea perceptible y demostrar a la dirección que los sindicatos están unidos.</p>

<!-- This site is optimized with the Yoast SEO Premium plugin v27.1 (Yoast SEO v27.1) - https://yoast.com/product/yoast-seo-premium-wordpress/ -->
<title>Fusión de los sindicatos de Siemens en la India - industriall-union</title>
<meta name="robots" content="index, follow, max-snippet:-1, max-image-preview:large, max-video-preview:-1" />
<link rel="canonical" href="https://admin.industriall-union.org/es/archive/imf/fusion-de-los-sindicatos-de-siemens-en-la-india/" />
<meta property="og:locale" content="es_ES" />
<meta property="og:type" content="article" />
<meta property="og:title" content="Fusión de los sindicatos de Siemens en la India" />
<meta property="og:description" content="MUMBAI: Los representantes de los sindicatos de Siemens en toda la India celebraron el registro de la Federación de Empleados de Siemens, recién constituida, en una reunión convocada por la FITIM y la FES, para planear estrategias de la Federación que, excepcionalmente en la India, agrupa a sindicatos afiliados a diferentes confederaciones nacionales. La nueva [&hellip;]" />
<meta property="og:url" content="https://admin.industriall-union.org/es/archive/imf/fusion-de-los-sindicatos-de-siemens-en-la-india/" />
<meta property="og:site_name" content="industriall-union" />
<meta property="article:modified_time" content="2025-01-31T09:28:40+00:00" />
<meta name="twitter:card" content="summary_large_image" />
<meta name="twitter:label1" content="Est. reading time" />
	<meta name="twitter:data1" content="2 minutes" />
<script type="application/ld+json" class="yoast-schema-graph">{"@context":"https://schema.org","@graph":[{"@type":"WebPage","@id":"https://admin.industriall-union.org/es/archive/imf/fusion-de-los-sindicatos-de-siemens-en-la-india/","url":"https://admin.industriall-union.org/es/archive/imf/fusion-de-los-sindicatos-de-siemens-en-la-india/","name":"Fusión de los sindicatos de Siemens en la India - industriall-union","isPartOf":{"@id":"https://admin.industriall-union.org/#website"},"datePublished":"2010-12-02T13:08:10+00:00","dateModified":"2025-01-31T09:28:40+00:00","breadcrumb":{"@id":"https://admin.industriall-union.org/es/archive/imf/fusion-de-los-sindicatos-de-siemens-en-la-india/#breadcrumb"},"inLanguage":"es-ES","potentialAction":[{"@type":"ReadAction","target":["https://admin.industriall-union.org/es/archive/imf/fusion-de-los-sindicatos-de-siemens-en-la-india/"]}]},{"@type":"BreadcrumbList","@id":"https://admin.industriall-union.org/es/archive/imf/fusion-de-los-sindicatos-de-siemens-en-la-india/#breadcrumb","itemListElement":[{"@type":"ListItem","position":1,"name":"Home","item":"https://admin.industriall-union.org/"},{"@type":"ListItem","position":2,"name":"Archive Imf","item":"https://admin.industriall-union.org/es/archive/imf/"},{"@type":"ListItem","position":3,"name":"Fusión de los sindicatos de Siemens en la India"}]},{"@type":"WebSite","@id":"https://admin.industriall-union.org/#website","url":"https://admin.industriall-union.org/","name":"industriall-union","description":"","potentialAction":[{"@type":"SearchAction","target":{"@type":"EntryPoint","urlTemplate":"https://admin.industriall-union.org/?s={search_term_string}"},"query-input":{"@type":"PropertyValueSpecification","valueRequired":true,"valueName":"search_term_string"}}],"inLanguage":"es-ES"}]}</script>
<!-- / Yoast SEO Premium plugin. -->

Fusión de los sindicatos de Siemens en la India - industriall-union

MUMBAI: Los representantes de los sindicatos de Siemens en toda la India celebraron el registro de la Federación de Empleados de Siemens, recién constituida, en una reunión convocada por la FITIM y la FES, para planear estrategias de la Federación que, excepcionalmente en la India, agrupa a sindicatos afiliados a diferentes confederaciones nacionales. La nueva [&hellip;]
