{"id":200549,"date":"2011-03-28T11:13:00","date_gmt":"2011-03-28T11:13:00","guid":{"rendered":"https:\/\/admin.industriall-union.org\/archive\/imf\/la-fitim-la-icem-y-la-fittvc-publican-un-nuevo-boletin-trimestral-conjunto\/"},"modified":"2025-01-31T09:19:18","modified_gmt":"2025-01-31T09:19:18","slug":"la-fitim-la-icem-y-la-fittvc-publican-un-nuevo-boletin-trimestral-conjunto","status":"publish","type":"archive_imf","link":"https:\/\/admin.industriall-union.org\/es\/archive\/imf\/la-fitim-la-icem-y-la-fittvc-publican-un-nuevo-boletin-trimestral-conjunto\/","title":{"rendered":"La FITIM la ICEM y la FITTVC publican un nuevo bolet\u00edn trimestral conjunto"},"content":{"rendered":"<p>MUNDO: Sindicatos del mundo entero afiliados a la Federaci\u00f3n Internacional de Trabajadores de las Industrias Metal\u00fargicas (FITIM), la Federaci\u00f3n Internacional de Sindicatos de Trabajadores de la Qu\u00edmica, Energ\u00eda, Minas e Industrias Diversas (ICEM) y la Federaci\u00f3n Internacional de Trabajadores del Textil, Vestuario y Cuero (FITTVC) tienen un inter\u00e9s com\u00fan en convertirse en una voz m\u00e1s fuerte de los trabajadores industriales.<\/p><p>Un grupo especial conjunto de la FITIM, la ICEM y la FITTVC se reuni\u00f3 en Jap\u00f3n para seguir examinando la manera de unificar a los trabajadores industriales del mundo en una sola federaci\u00f3n sindical internacional.<\/p><p>Hoy, en apoyo de este proceso, las tres organizaciones publicaron el primer n\u00famero de <a href=\"..\/strongertogether\/issue-1-es.html\" target=\"_blank\">Stronger Together<\/a>, nuevo bolet\u00edn trimestral conjunto sobre la creaci\u00f3n de la nueva Internacional.<\/p><p>Este primer n\u00famero del bolet\u00edn, que abarca temas como la acci\u00f3n conjunta sobre M\u00e9xico, Chile y Turqu\u00eda, explora tambi\u00e9n esferas estrat\u00e9gicas de trabajo, como combatir la utilizaci\u00f3n del chorro de arena en el sector textil, y la organizaci\u00f3n intersectorial en las zonas francas industriales.<\/p><p>Puede obtenerse una copia del bolet\u00edn en: <a href=\"..\/strongertogether\" target=\"_blank\">www.imfmetal.org\/strongertogether<\/a><\/p><p>El pr\u00f3ximo n\u00famero saldr\u00e1 a finales de mayo.<br \/><br \/>  <\/p>","protected":false},"featured_media":0,"template":"","class_list":["post-200549","archive_imf","type-archive_imf","status-publish","hentry"],"acf":[],"yoast_head":"<!-- This site is optimized with the Yoast SEO Premium plugin v27.1 (Yoast SEO v27.1) - https:\/\/yoast.com\/product\/yoast-seo-premium-wordpress\/ -->\n<title>La FITIM la ICEM y la FITTVC publican un nuevo bolet\u00edn trimestral conjunto - industriall-union<\/title>\n<meta name=\"robots\" content=\"index, follow, max-snippet:-1, max-image-preview:large, max-video-preview:-1\" \/>\n<link rel=\"canonical\" href=\"https:\/\/admin.industriall-union.org\/es\/archive\/imf\/la-fitim-la-icem-y-la-fittvc-publican-un-nuevo-boletin-trimestral-conjunto\/\" \/>\n<meta property=\"og:locale\" content=\"es_ES\" \/>\n<meta property=\"og:type\" content=\"article\" \/>\n<meta property=\"og:title\" content=\"La FITIM la ICEM y la FITTVC publican un nuevo bolet\u00edn trimestral conjunto\" \/>\n<meta property=\"og:description\" content=\"MUNDO: Sindicatos del mundo entero afiliados a la Federaci\u00f3n Internacional de Trabajadores de las Industrias Metal\u00fargicas (FITIM), la Federaci\u00f3n Internacional de Sindicatos de Trabajadores de la Qu\u00edmica, Energ\u00eda, Minas e Industrias Diversas (ICEM) y la Federaci\u00f3n Internacional de Trabajadores del Textil, Vestuario y Cuero (FITTVC) tienen un inter\u00e9s com\u00fan en convertirse en una voz m\u00e1s [&hellip;]\" \/>\n<meta property=\"og:url\" content=\"https:\/\/admin.industriall-union.org\/es\/archive\/imf\/la-fitim-la-icem-y-la-fittvc-publican-un-nuevo-boletin-trimestral-conjunto\/\" \/>\n<meta property=\"og:site_name\" content=\"industriall-union\" \/>\n<meta property=\"article:modified_time\" content=\"2025-01-31T09:19:18+00:00\" \/>\n<meta name=\"twitter:card\" content=\"summary_large_image\" \/>\n<meta name=\"twitter:label1\" content=\"Est. reading time\" \/>\n\t<meta name=\"twitter:data1\" content=\"1 minute\" \/>\n<script type=\"application\/ld+json\" class=\"yoast-schema-graph\">{\"@context\":\"https:\/\/schema.org\",\"@graph\":[{\"@type\":\"WebPage\",\"@id\":\"https:\/\/admin.industriall-union.org\/es\/archive\/imf\/la-fitim-la-icem-y-la-fittvc-publican-un-nuevo-boletin-trimestral-conjunto\/\",\"url\":\"https:\/\/admin.industriall-union.org\/es\/archive\/imf\/la-fitim-la-icem-y-la-fittvc-publican-un-nuevo-boletin-trimestral-conjunto\/\",\"name\":\"La FITIM la ICEM y la FITTVC publican un nuevo bolet\u00edn trimestral conjunto - industriall-union\",\"isPartOf\":{\"@id\":\"https:\/\/admin.industriall-union.org\/#website\"},\"datePublished\":\"2011-03-28T11:13:00+00:00\",\"dateModified\":\"2025-01-31T09:19:18+00:00\",\"breadcrumb\":{\"@id\":\"https:\/\/admin.industriall-union.org\/es\/archive\/imf\/la-fitim-la-icem-y-la-fittvc-publican-un-nuevo-boletin-trimestral-conjunto\/#breadcrumb\"},\"inLanguage\":\"es-ES\",\"potentialAction\":[{\"@type\":\"ReadAction\",\"target\":[\"https:\/\/admin.industriall-union.org\/es\/archive\/imf\/la-fitim-la-icem-y-la-fittvc-publican-un-nuevo-boletin-trimestral-conjunto\/\"]}]},{\"@type\":\"BreadcrumbList\",\"@id\":\"https:\/\/admin.industriall-union.org\/es\/archive\/imf\/la-fitim-la-icem-y-la-fittvc-publican-un-nuevo-boletin-trimestral-conjunto\/#breadcrumb\",\"itemListElement\":[{\"@type\":\"ListItem\",\"position\":1,\"name\":\"Home\",\"item\":\"https:\/\/admin.industriall-union.org\/\"},{\"@type\":\"ListItem\",\"position\":2,\"name\":\"Archive Imf\",\"item\":\"https:\/\/admin.industriall-union.org\/es\/archive\/imf\/\"},{\"@type\":\"ListItem\",\"position\":3,\"name\":\"La FITIM la ICEM y la FITTVC publican un nuevo bolet\u00edn trimestral conjunto\"}]},{\"@type\":\"WebSite\",\"@id\":\"https:\/\/admin.industriall-union.org\/#website\",\"url\":\"https:\/\/admin.industriall-union.org\/\",\"name\":\"industriall-union\",\"description\":\"\",\"potentialAction\":[{\"@type\":\"SearchAction\",\"target\":{\"@type\":\"EntryPoint\",\"urlTemplate\":\"https:\/\/admin.industriall-union.org\/?s={search_term_string}\"},\"query-input\":{\"@type\":\"PropertyValueSpecification\",\"valueRequired\":true,\"valueName\":\"search_term_string\"}}],\"inLanguage\":\"es-ES\"}]}<\/script>\n<!-- \/ Yoast SEO Premium plugin. -->","yoast_head_json":{"title":"La FITIM la ICEM y la FITTVC publican un nuevo bolet\u00edn trimestral conjunto - industriall-union","robots":{"index":"index","follow":"follow","max-snippet":"max-snippet:-1","max-image-preview":"max-image-preview:large","max-video-preview":"max-video-preview:-1"},"canonical":"https:\/\/admin.industriall-union.org\/es\/archive\/imf\/la-fitim-la-icem-y-la-fittvc-publican-un-nuevo-boletin-trimestral-conjunto\/","og_locale":"es_ES","og_type":"article","og_title":"La FITIM la ICEM y la FITTVC publican un nuevo bolet\u00edn trimestral conjunto","og_description":"MUNDO: Sindicatos del mundo entero afiliados a la Federaci\u00f3n Internacional de Trabajadores de las Industrias Metal\u00fargicas (FITIM), la Federaci\u00f3n Internacional de Sindicatos de Trabajadores de la Qu\u00edmica, Energ\u00eda, Minas e Industrias Diversas (ICEM) y la Federaci\u00f3n Internacional de Trabajadores del Textil, Vestuario y Cuero (FITTVC) tienen un inter\u00e9s com\u00fan en convertirse en una voz m\u00e1s [&hellip;]","og_url":"https:\/\/admin.industriall-union.org\/es\/archive\/imf\/la-fitim-la-icem-y-la-fittvc-publican-un-nuevo-boletin-trimestral-conjunto\/","og_site_name":"industriall-union","article_modified_time":"2025-01-31T09:19:18+00:00","twitter_card":"summary_large_image","twitter_misc":{"Est. reading time":"1 minute"},"schema":{"@context":"https:\/\/schema.org","@graph":[{"@type":"WebPage","@id":"https:\/\/admin.industriall-union.org\/es\/archive\/imf\/la-fitim-la-icem-y-la-fittvc-publican-un-nuevo-boletin-trimestral-conjunto\/","url":"https:\/\/admin.industriall-union.org\/es\/archive\/imf\/la-fitim-la-icem-y-la-fittvc-publican-un-nuevo-boletin-trimestral-conjunto\/","name":"La FITIM la ICEM y la FITTVC publican un nuevo bolet\u00edn trimestral conjunto - industriall-union","isPartOf":{"@id":"https:\/\/admin.industriall-union.org\/#website"},"datePublished":"2011-03-28T11:13:00+00:00","dateModified":"2025-01-31T09:19:18+00:00","breadcrumb":{"@id":"https:\/\/admin.industriall-union.org\/es\/archive\/imf\/la-fitim-la-icem-y-la-fittvc-publican-un-nuevo-boletin-trimestral-conjunto\/#breadcrumb"},"inLanguage":"es-ES","potentialAction":[{"@type":"ReadAction","target":["https:\/\/admin.industriall-union.org\/es\/archive\/imf\/la-fitim-la-icem-y-la-fittvc-publican-un-nuevo-boletin-trimestral-conjunto\/"]}]},{"@type":"BreadcrumbList","@id":"https:\/\/admin.industriall-union.org\/es\/archive\/imf\/la-fitim-la-icem-y-la-fittvc-publican-un-nuevo-boletin-trimestral-conjunto\/#breadcrumb","itemListElement":[{"@type":"ListItem","position":1,"name":"Home","item":"https:\/\/admin.industriall-union.org\/"},{"@type":"ListItem","position":2,"name":"Archive Imf","item":"https:\/\/admin.industriall-union.org\/es\/archive\/imf\/"},{"@type":"ListItem","position":3,"name":"La FITIM la ICEM y la FITTVC publican un nuevo bolet\u00edn trimestral conjunto"}]},{"@type":"WebSite","@id":"https:\/\/admin.industriall-union.org\/#website","url":"https:\/\/admin.industriall-union.org\/","name":"industriall-union","description":"","potentialAction":[{"@type":"SearchAction","target":{"@type":"EntryPoint","urlTemplate":"https:\/\/admin.industriall-union.org\/?s={search_term_string}"},"query-input":{"@type":"PropertyValueSpecification","valueRequired":true,"valueName":"search_term_string"}}],"inLanguage":"es-ES"}]}},"_links":{"self":[{"href":"https:\/\/admin.industriall-union.org\/es\/wp-json\/wp\/v2\/archive_imf\/200549","targetHints":{"allow":["GET"]}}],"collection":[{"href":"https:\/\/admin.industriall-union.org\/es\/wp-json\/wp\/v2\/archive_imf"}],"about":[{"href":"https:\/\/admin.industriall-union.org\/es\/wp-json\/wp\/v2\/types\/archive_imf"}],"wp:attachment":[{"href":"https:\/\/admin.industriall-union.org\/es\/wp-json\/wp\/v2\/media?parent=200549"}],"curies":[{"name":"wp","href":"https:\/\/api.w.org\/{rel}","templated":true}]}}

La FITIM la ICEM y la FITTVC publican un nuevo boletín trimestral conjunto

<p>MUNDO: Sindicatos del mundo entero afiliados a la Federación Internacional de Trabajadores de las Industrias Metalúrgicas (FITIM), la Federación Internacional de Sindicatos de Trabajadores de la Química, Energía, Minas e Industrias Diversas (ICEM) y la Federación Internacional de Trabajadores del Textil, Vestuario y Cuero (FITTVC) tienen un interés común en convertirse en una voz más fuerte de los trabajadores industriales.</p><p>Un grupo especial conjunto de la FITIM, la ICEM y la FITTVC se reunió en Japón para seguir examinando la manera de unificar a los trabajadores industriales del mundo en una sola federación sindical internacional.</p><p>Hoy, en apoyo de este proceso, las tres organizaciones publicaron el primer número de <a href="../strongertogether/issue-1-es.html" target="_blank">Stronger Together</a>, nuevo boletín trimestral conjunto sobre la creación de la nueva Internacional.</p><p>Este primer número del boletín, que abarca temas como la acción conjunta sobre México, Chile y Turquía, explora también esferas estratégicas de trabajo, como combatir la utilización del chorro de arena en el sector textil, y la organización intersectorial en las zonas francas industriales.</p><p>Puede obtenerse una copia del boletín en: <a href="../strongertogether" target="_blank">www.imfmetal.org/strongertogether</a></p><p>El próximo número saldrá a finales de mayo.<br /><br />  </p>

<!-- This site is optimized with the Yoast SEO Premium plugin v27.1 (Yoast SEO v27.1) - https://yoast.com/product/yoast-seo-premium-wordpress/ -->
<title>La FITIM la ICEM y la FITTVC publican un nuevo boletín trimestral conjunto - industriall-union</title>
<meta name="robots" content="index, follow, max-snippet:-1, max-image-preview:large, max-video-preview:-1" />
<link rel="canonical" href="https://admin.industriall-union.org/es/archive/imf/la-fitim-la-icem-y-la-fittvc-publican-un-nuevo-boletin-trimestral-conjunto/" />
<meta property="og:locale" content="es_ES" />
<meta property="og:type" content="article" />
<meta property="og:title" content="La FITIM la ICEM y la FITTVC publican un nuevo boletín trimestral conjunto" />
<meta property="og:description" content="MUNDO: Sindicatos del mundo entero afiliados a la Federación Internacional de Trabajadores de las Industrias Metalúrgicas (FITIM), la Federación Internacional de Sindicatos de Trabajadores de la Química, Energía, Minas e Industrias Diversas (ICEM) y la Federación Internacional de Trabajadores del Textil, Vestuario y Cuero (FITTVC) tienen un interés común en convertirse en una voz más [&hellip;]" />
<meta property="og:url" content="https://admin.industriall-union.org/es/archive/imf/la-fitim-la-icem-y-la-fittvc-publican-un-nuevo-boletin-trimestral-conjunto/" />
<meta property="og:site_name" content="industriall-union" />
<meta property="article:modified_time" content="2025-01-31T09:19:18+00:00" />
<meta name="twitter:card" content="summary_large_image" />
<meta name="twitter:label1" content="Est. reading time" />
	<meta name="twitter:data1" content="1 minute" />
<script type="application/ld+json" class="yoast-schema-graph">{"@context":"https://schema.org","@graph":[{"@type":"WebPage","@id":"https://admin.industriall-union.org/es/archive/imf/la-fitim-la-icem-y-la-fittvc-publican-un-nuevo-boletin-trimestral-conjunto/","url":"https://admin.industriall-union.org/es/archive/imf/la-fitim-la-icem-y-la-fittvc-publican-un-nuevo-boletin-trimestral-conjunto/","name":"La FITIM la ICEM y la FITTVC publican un nuevo boletín trimestral conjunto - industriall-union","isPartOf":{"@id":"https://admin.industriall-union.org/#website"},"datePublished":"2011-03-28T11:13:00+00:00","dateModified":"2025-01-31T09:19:18+00:00","breadcrumb":{"@id":"https://admin.industriall-union.org/es/archive/imf/la-fitim-la-icem-y-la-fittvc-publican-un-nuevo-boletin-trimestral-conjunto/#breadcrumb"},"inLanguage":"es-ES","potentialAction":[{"@type":"ReadAction","target":["https://admin.industriall-union.org/es/archive/imf/la-fitim-la-icem-y-la-fittvc-publican-un-nuevo-boletin-trimestral-conjunto/"]}]},{"@type":"BreadcrumbList","@id":"https://admin.industriall-union.org/es/archive/imf/la-fitim-la-icem-y-la-fittvc-publican-un-nuevo-boletin-trimestral-conjunto/#breadcrumb","itemListElement":[{"@type":"ListItem","position":1,"name":"Home","item":"https://admin.industriall-union.org/"},{"@type":"ListItem","position":2,"name":"Archive Imf","item":"https://admin.industriall-union.org/es/archive/imf/"},{"@type":"ListItem","position":3,"name":"La FITIM la ICEM y la FITTVC publican un nuevo boletín trimestral conjunto"}]},{"@type":"WebSite","@id":"https://admin.industriall-union.org/#website","url":"https://admin.industriall-union.org/","name":"industriall-union","description":"","potentialAction":[{"@type":"SearchAction","target":{"@type":"EntryPoint","urlTemplate":"https://admin.industriall-union.org/?s={search_term_string}"},"query-input":{"@type":"PropertyValueSpecification","valueRequired":true,"valueName":"search_term_string"}}],"inLanguage":"es-ES"}]}</script>
<!-- / Yoast SEO Premium plugin. -->

La FITIM la ICEM y la FITTVC publican un nuevo boletín trimestral conjunto - industriall-union

MUNDO: Sindicatos del mundo entero afiliados a la Federación Internacional de Trabajadores de las Industrias Metalúrgicas (FITIM), la Federación Internacional de Sindicatos de Trabajadores de la Química, Energía, Minas e Industrias Diversas (ICEM) y la Federación Internacional de Trabajadores del Textil, Vestuario y Cuero (FITTVC) tienen un interés común en convertirse en una voz más [&hellip;]
