{"id":200512,"date":"2011-04-07T12:40:00","date_gmt":"2011-04-07T12:40:00","guid":{"rendered":"https:\/\/admin.industriall-union.org\/archive\/imf\/los-contratos-de-proteccion-en-el-centro-del-debate-de-la-oit\/"},"modified":"2025-01-31T09:19:06","modified_gmt":"2025-01-31T09:19:06","slug":"los-contratos-de-proteccion-en-el-centro-del-debate-de-la-oit","status":"publish","type":"archive_imf","link":"https:\/\/admin.industriall-union.org\/es\/archive\/imf\/los-contratos-de-proteccion-en-el-centro-del-debate-de-la-oit\/","title":{"rendered":"Los contratos de protecci\u00f3n en el centro del debate de la OIT"},"content":{"rendered":"<p>GINEBRA: Por primera vez desde que la Federaci\u00f3n Internacional de Trabajadores de las Industrias Metal\u00fargicas present\u00f3 la queja (<a href=\"..\/index.cfm?c=18937&amp;ol=28\" target=\"_blank\">no. 2694<\/a>) en febrero de 2009, el Comit\u00e9 de Libertad Sindical (CLS) de la Organizaci\u00f3n Internacional del Trabajo debati\u00f3 la cuesti\u00f3n de los <a href=\"..\/files\/10033015240866\/Protection_Contracts_-_an_introduction.pdf\" target=\"_blank\">Contratos de protecci\u00f3n<\/a> en M\u00e9xico y formul\u00f3 firmes recomendaciones a la OIT para que investigue el problema m\u00e1s a fondo.<\/p><p>El CLS recomienda que el Gobierno entable un debate social constructivo con empleadores y sindicatos, incluidos todos los sindicatos denunciantes, la FITIM, la CSI, el SNTMMSRM, el SITUAM y los afiliados a la UNT: STIMAHCS y STRM, para examinar concretamente:<\/p><ul><li>C\u00f3mo la aplicaci\u00f3n de las cl\u00e1usulas de protecci\u00f3n sindical, o &quot;cl\u00e1usulas de exclusi\u00f3n&quot;, que han sido declaradas inconstitucionales por el Tribunal Supremo, debilitan los derechos de los trabajadores a formar un sindicato de su elecci\u00f3n o unirse a \u00e9l;<\/li><li>Las cuestiones relativas a la representatividad m\u00ednima de los sindicatos, a fin de negociar colectivamente, y<\/li><li>Las alegaciones relativas a la falta de imparcialidad de las juntas de conciliaci\u00f3n y arbitraje (JCA) y la excesiva duraci\u00f3n de sus procedimientos.<\/li><\/ul><p>Se pide al Gobierno mexicano que informe sobre\u00a0 los resultados de este di\u00e1logo.<br \/>El Comit\u00e9 discuti\u00f3 tambi\u00e9n la queja de la FITIM (<a href=\"..\/files\/06033113151184\/1528_001.pdf\" target=\"_blank\">no. 2478<\/a>), en curso desde marzo de 2006, <a href=\"..\/index.cfm?c=13666&amp;ol=28\" target=\"_blank\">sobre la autonom\u00eda sindical<\/a> y la persecuci\u00f3n del Sindicato Nacional de Trabajadores Mineros, Metal\u00fargicos y Similares de la Rep\u00fablica Mexicana (SNTMMSRM). La OIT pide al Gobierno mexicano que investigue los informes sobre asesinatos, secuestros, detenciones ilegales y violencia presentados por la FITIM y que informe al Comit\u00e9 de sus conclusiones.<\/p><p>La OIT abord\u00f3 asimismo la no aplicaci\u00f3n por el Gobierno de Corea del Sur de las medidas necesarias para proteger los derechos de los trabajadores precarios. En la queja en curso (<a href=\"..\/index.cfm?c=17915&amp;ol=28\" target=\"_blank\">no. 2602<\/a>), presentada por el Sindicato Coreano de Trabajadores Metal\u00fargicos (KMWU), la Confederaci\u00f3n Coreana de Sindicatos (KCTU) y la FITIM, se resalta la suerte de los trabajadores &quot;cedidos ilegalmente&quot; en Corea, subcontratados para trabajar en importantes compa\u00f1\u00edas multinacionales del autom\u00f3vil y la electr\u00f3nica, pero a quienes se niegan las protecciones legales recogidas en la ley federal del trabajo, debido a su condici\u00f3n de contratados. En la queja se alega adem\u00e1s la criminalizaci\u00f3n de la huelga, de acuerdo con el art\u00edculo 314 del c\u00f3digo penal, u &quot;obstrucci\u00f3n a la actividad econ\u00f3mica&quot;.<\/p><p>El Gobierno inform\u00f3 a la OIT de que realizar\u00eda una investigaci\u00f3n sobre la subcontrataci\u00f3n interna en 29 lugares de trabajo. La OIT ha instado al Gobierno a que informe sobre esa investigaci\u00f3n, y a que proporcione informaci\u00f3n adicional sobre casos expuestos en la queja, y se empe\u00f1e en fortalecer la protecci\u00f3n de los derechos de los trabajadores subcontratados, o trabajadores &quot;cedidos&quot; a la libertad sindical y la negociaci\u00f3n colectiva.<\/p><p>V\u00e9ase el informe del Comit\u00e9 de Libertad sindical aqu\u00ed (espa\u00f1ol, franc\u00e9s e ingl\u00e9s): <a href=\"http:\/\/www.ilo.org\/gb\/GBSessions\/lang--en\/docName--WCMS_153533\/index.htm\" target=\"_blank\">http:\/\/www.ilo.org\/gb\/GBSessions\/lang&#8211;en\/docName&#8211;WCMS_153533\/index.htm<\/a>.<br \/><br \/>  <\/p>","protected":false},"featured_media":0,"template":"","class_list":["post-200512","archive_imf","type-archive_imf","status-publish","hentry"],"acf":[],"yoast_head":"<!-- This site is optimized with the Yoast SEO Premium plugin v27.1 (Yoast SEO v27.1) - https:\/\/yoast.com\/product\/yoast-seo-premium-wordpress\/ -->\n<title>Los contratos de protecci\u00f3n en el centro del debate de la OIT - industriall-union<\/title>\n<meta name=\"robots\" content=\"index, follow, max-snippet:-1, max-image-preview:large, max-video-preview:-1\" \/>\n<link rel=\"canonical\" href=\"https:\/\/admin.industriall-union.org\/es\/archive\/imf\/los-contratos-de-proteccion-en-el-centro-del-debate-de-la-oit\/\" \/>\n<meta property=\"og:locale\" content=\"es_ES\" \/>\n<meta property=\"og:type\" content=\"article\" \/>\n<meta property=\"og:title\" content=\"Los contratos de protecci\u00f3n en el centro del debate de la OIT\" \/>\n<meta property=\"og:description\" content=\"GINEBRA: Por primera vez desde que la Federaci\u00f3n Internacional de Trabajadores de las Industrias Metal\u00fargicas present\u00f3 la queja (no. 2694) en febrero de 2009, el Comit\u00e9 de Libertad Sindical (CLS) de la Organizaci\u00f3n Internacional del Trabajo debati\u00f3 la cuesti\u00f3n de los Contratos de protecci\u00f3n en M\u00e9xico y formul\u00f3 firmes recomendaciones a la OIT para que [&hellip;]\" \/>\n<meta property=\"og:url\" content=\"https:\/\/admin.industriall-union.org\/es\/archive\/imf\/los-contratos-de-proteccion-en-el-centro-del-debate-de-la-oit\/\" \/>\n<meta property=\"og:site_name\" content=\"industriall-union\" \/>\n<meta property=\"article:modified_time\" content=\"2025-01-31T09:19:06+00:00\" \/>\n<meta name=\"twitter:card\" content=\"summary_large_image\" \/>\n<meta name=\"twitter:label1\" content=\"Est. reading time\" \/>\n\t<meta name=\"twitter:data1\" content=\"3 minutes\" \/>\n<script type=\"application\/ld+json\" class=\"yoast-schema-graph\">{\"@context\":\"https:\/\/schema.org\",\"@graph\":[{\"@type\":\"WebPage\",\"@id\":\"https:\/\/admin.industriall-union.org\/es\/archive\/imf\/los-contratos-de-proteccion-en-el-centro-del-debate-de-la-oit\/\",\"url\":\"https:\/\/admin.industriall-union.org\/es\/archive\/imf\/los-contratos-de-proteccion-en-el-centro-del-debate-de-la-oit\/\",\"name\":\"Los contratos de protecci\u00f3n en el centro del debate de la OIT - industriall-union\",\"isPartOf\":{\"@id\":\"https:\/\/admin.industriall-union.org\/#website\"},\"datePublished\":\"2011-04-07T12:40:00+00:00\",\"dateModified\":\"2025-01-31T09:19:06+00:00\",\"breadcrumb\":{\"@id\":\"https:\/\/admin.industriall-union.org\/es\/archive\/imf\/los-contratos-de-proteccion-en-el-centro-del-debate-de-la-oit\/#breadcrumb\"},\"inLanguage\":\"es-ES\",\"potentialAction\":[{\"@type\":\"ReadAction\",\"target\":[\"https:\/\/admin.industriall-union.org\/es\/archive\/imf\/los-contratos-de-proteccion-en-el-centro-del-debate-de-la-oit\/\"]}]},{\"@type\":\"BreadcrumbList\",\"@id\":\"https:\/\/admin.industriall-union.org\/es\/archive\/imf\/los-contratos-de-proteccion-en-el-centro-del-debate-de-la-oit\/#breadcrumb\",\"itemListElement\":[{\"@type\":\"ListItem\",\"position\":1,\"name\":\"Home\",\"item\":\"https:\/\/admin.industriall-union.org\/\"},{\"@type\":\"ListItem\",\"position\":2,\"name\":\"Archive Imf\",\"item\":\"https:\/\/admin.industriall-union.org\/es\/archive\/imf\/\"},{\"@type\":\"ListItem\",\"position\":3,\"name\":\"Los contratos de protecci\u00f3n en el centro del debate de la OIT\"}]},{\"@type\":\"WebSite\",\"@id\":\"https:\/\/admin.industriall-union.org\/#website\",\"url\":\"https:\/\/admin.industriall-union.org\/\",\"name\":\"industriall-union\",\"description\":\"\",\"potentialAction\":[{\"@type\":\"SearchAction\",\"target\":{\"@type\":\"EntryPoint\",\"urlTemplate\":\"https:\/\/admin.industriall-union.org\/?s={search_term_string}\"},\"query-input\":{\"@type\":\"PropertyValueSpecification\",\"valueRequired\":true,\"valueName\":\"search_term_string\"}}],\"inLanguage\":\"es-ES\"}]}<\/script>\n<!-- \/ Yoast SEO Premium plugin. -->","yoast_head_json":{"title":"Los contratos de protecci\u00f3n en el centro del debate de la OIT - industriall-union","robots":{"index":"index","follow":"follow","max-snippet":"max-snippet:-1","max-image-preview":"max-image-preview:large","max-video-preview":"max-video-preview:-1"},"canonical":"https:\/\/admin.industriall-union.org\/es\/archive\/imf\/los-contratos-de-proteccion-en-el-centro-del-debate-de-la-oit\/","og_locale":"es_ES","og_type":"article","og_title":"Los contratos de protecci\u00f3n en el centro del debate de la OIT","og_description":"GINEBRA: Por primera vez desde que la Federaci\u00f3n Internacional de Trabajadores de las Industrias Metal\u00fargicas present\u00f3 la queja (no. 2694) en febrero de 2009, el Comit\u00e9 de Libertad Sindical (CLS) de la Organizaci\u00f3n Internacional del Trabajo debati\u00f3 la cuesti\u00f3n de los Contratos de protecci\u00f3n en M\u00e9xico y formul\u00f3 firmes recomendaciones a la OIT para que [&hellip;]","og_url":"https:\/\/admin.industriall-union.org\/es\/archive\/imf\/los-contratos-de-proteccion-en-el-centro-del-debate-de-la-oit\/","og_site_name":"industriall-union","article_modified_time":"2025-01-31T09:19:06+00:00","twitter_card":"summary_large_image","twitter_misc":{"Est. reading time":"3 minutes"},"schema":{"@context":"https:\/\/schema.org","@graph":[{"@type":"WebPage","@id":"https:\/\/admin.industriall-union.org\/es\/archive\/imf\/los-contratos-de-proteccion-en-el-centro-del-debate-de-la-oit\/","url":"https:\/\/admin.industriall-union.org\/es\/archive\/imf\/los-contratos-de-proteccion-en-el-centro-del-debate-de-la-oit\/","name":"Los contratos de protecci\u00f3n en el centro del debate de la OIT - industriall-union","isPartOf":{"@id":"https:\/\/admin.industriall-union.org\/#website"},"datePublished":"2011-04-07T12:40:00+00:00","dateModified":"2025-01-31T09:19:06+00:00","breadcrumb":{"@id":"https:\/\/admin.industriall-union.org\/es\/archive\/imf\/los-contratos-de-proteccion-en-el-centro-del-debate-de-la-oit\/#breadcrumb"},"inLanguage":"es-ES","potentialAction":[{"@type":"ReadAction","target":["https:\/\/admin.industriall-union.org\/es\/archive\/imf\/los-contratos-de-proteccion-en-el-centro-del-debate-de-la-oit\/"]}]},{"@type":"BreadcrumbList","@id":"https:\/\/admin.industriall-union.org\/es\/archive\/imf\/los-contratos-de-proteccion-en-el-centro-del-debate-de-la-oit\/#breadcrumb","itemListElement":[{"@type":"ListItem","position":1,"name":"Home","item":"https:\/\/admin.industriall-union.org\/"},{"@type":"ListItem","position":2,"name":"Archive Imf","item":"https:\/\/admin.industriall-union.org\/es\/archive\/imf\/"},{"@type":"ListItem","position":3,"name":"Los contratos de protecci\u00f3n en el centro del debate de la OIT"}]},{"@type":"WebSite","@id":"https:\/\/admin.industriall-union.org\/#website","url":"https:\/\/admin.industriall-union.org\/","name":"industriall-union","description":"","potentialAction":[{"@type":"SearchAction","target":{"@type":"EntryPoint","urlTemplate":"https:\/\/admin.industriall-union.org\/?s={search_term_string}"},"query-input":{"@type":"PropertyValueSpecification","valueRequired":true,"valueName":"search_term_string"}}],"inLanguage":"es-ES"}]}},"_links":{"self":[{"href":"https:\/\/admin.industriall-union.org\/es\/wp-json\/wp\/v2\/archive_imf\/200512","targetHints":{"allow":["GET"]}}],"collection":[{"href":"https:\/\/admin.industriall-union.org\/es\/wp-json\/wp\/v2\/archive_imf"}],"about":[{"href":"https:\/\/admin.industriall-union.org\/es\/wp-json\/wp\/v2\/types\/archive_imf"}],"wp:attachment":[{"href":"https:\/\/admin.industriall-union.org\/es\/wp-json\/wp\/v2\/media?parent=200512"}],"curies":[{"name":"wp","href":"https:\/\/api.w.org\/{rel}","templated":true}]}}

Los contratos de protección en el centro del debate de la OIT

<p>GINEBRA: Por primera vez desde que la Federación Internacional de Trabajadores de las Industrias Metalúrgicas presentó la queja (<a href="../index.cfm?c=18937&amp;ol=28" target="_blank">no. 2694</a>) en febrero de 2009, el Comité de Libertad Sindical (CLS) de la Organización Internacional del Trabajo debatió la cuestión de los <a href="../files/10033015240866/Protection_Contracts_-_an_introduction.pdf" target="_blank">Contratos de protección</a> en México y formuló firmes recomendaciones a la OIT para que investigue el problema más a fondo.</p><p>El CLS recomienda que el Gobierno entable un debate social constructivo con empleadores y sindicatos, incluidos todos los sindicatos denunciantes, la FITIM, la CSI, el SNTMMSRM, el SITUAM y los afiliados a la UNT: STIMAHCS y STRM, para examinar concretamente:</p><ul><li>Cómo la aplicación de las cláusulas de protección sindical, o &quot;cláusulas de exclusión&quot;, que han sido declaradas inconstitucionales por el Tribunal Supremo, debilitan los derechos de los trabajadores a formar un sindicato de su elección o unirse a él;</li><li>Las cuestiones relativas a la representatividad mínima de los sindicatos, a fin de negociar colectivamente, y</li><li>Las alegaciones relativas a la falta de imparcialidad de las juntas de conciliación y arbitraje (JCA) y la excesiva duración de sus procedimientos.</li></ul><p>Se pide al Gobierno mexicano que informe sobre  los resultados de este diálogo.<br />El Comité discutió también la queja de la FITIM (<a href="../files/06033113151184/1528_001.pdf" target="_blank">no. 2478</a>), en curso desde marzo de 2006, <a href="../index.cfm?c=13666&amp;ol=28" target="_blank">sobre la autonomía sindical</a> y la persecución del Sindicato Nacional de Trabajadores Mineros, Metalúrgicos y Similares de la República Mexicana (SNTMMSRM). La OIT pide al Gobierno mexicano que investigue los informes sobre asesinatos, secuestros, detenciones ilegales y violencia presentados por la FITIM y que informe al Comité de sus conclusiones.</p><p>La OIT abordó asimismo la no aplicación por el Gobierno de Corea del Sur de las medidas necesarias para proteger los derechos de los trabajadores precarios. En la queja en curso (<a href="../index.cfm?c=17915&amp;ol=28" target="_blank">no. 2602</a>), presentada por el Sindicato Coreano de Trabajadores Metalúrgicos (KMWU), la Confederación Coreana de Sindicatos (KCTU) y la FITIM, se resalta la suerte de los trabajadores &quot;cedidos ilegalmente&quot; en Corea, subcontratados para trabajar en importantes compañías multinacionales del automóvil y la electrónica, pero a quienes se niegan las protecciones legales recogidas en la ley federal del trabajo, debido a su condición de contratados. En la queja se alega además la criminalización de la huelga, de acuerdo con el artículo 314 del código penal, u &quot;obstrucción a la actividad económica&quot;.</p><p>El Gobierno informó a la OIT de que realizaría una investigación sobre la subcontratación interna en 29 lugares de trabajo. La OIT ha instado al Gobierno a que informe sobre esa investigación, y a que proporcione información adicional sobre casos expuestos en la queja, y se empeñe en fortalecer la protección de los derechos de los trabajadores subcontratados, o trabajadores &quot;cedidos&quot; a la libertad sindical y la negociación colectiva.</p><p>Véase el informe del Comité de Libertad sindical aquí (español, francés e inglés): <a href="http://www.ilo.org/gb/GBSessions/lang--en/docName--WCMS_153533/index.htm" target="_blank">http://www.ilo.org/gb/GBSessions/lang&#8211;en/docName&#8211;WCMS_153533/index.htm</a>.<br /><br />  </p>

<!-- This site is optimized with the Yoast SEO Premium plugin v27.1 (Yoast SEO v27.1) - https://yoast.com/product/yoast-seo-premium-wordpress/ -->
<title>Los contratos de protección en el centro del debate de la OIT - industriall-union</title>
<meta name="robots" content="index, follow, max-snippet:-1, max-image-preview:large, max-video-preview:-1" />
<link rel="canonical" href="https://admin.industriall-union.org/es/archive/imf/los-contratos-de-proteccion-en-el-centro-del-debate-de-la-oit/" />
<meta property="og:locale" content="es_ES" />
<meta property="og:type" content="article" />
<meta property="og:title" content="Los contratos de protección en el centro del debate de la OIT" />
<meta property="og:description" content="GINEBRA: Por primera vez desde que la Federación Internacional de Trabajadores de las Industrias Metalúrgicas presentó la queja (no. 2694) en febrero de 2009, el Comité de Libertad Sindical (CLS) de la Organización Internacional del Trabajo debatió la cuestión de los Contratos de protección en México y formuló firmes recomendaciones a la OIT para que [&hellip;]" />
<meta property="og:url" content="https://admin.industriall-union.org/es/archive/imf/los-contratos-de-proteccion-en-el-centro-del-debate-de-la-oit/" />
<meta property="og:site_name" content="industriall-union" />
<meta property="article:modified_time" content="2025-01-31T09:19:06+00:00" />
<meta name="twitter:card" content="summary_large_image" />
<meta name="twitter:label1" content="Est. reading time" />
	<meta name="twitter:data1" content="3 minutes" />
<script type="application/ld+json" class="yoast-schema-graph">{"@context":"https://schema.org","@graph":[{"@type":"WebPage","@id":"https://admin.industriall-union.org/es/archive/imf/los-contratos-de-proteccion-en-el-centro-del-debate-de-la-oit/","url":"https://admin.industriall-union.org/es/archive/imf/los-contratos-de-proteccion-en-el-centro-del-debate-de-la-oit/","name":"Los contratos de protección en el centro del debate de la OIT - industriall-union","isPartOf":{"@id":"https://admin.industriall-union.org/#website"},"datePublished":"2011-04-07T12:40:00+00:00","dateModified":"2025-01-31T09:19:06+00:00","breadcrumb":{"@id":"https://admin.industriall-union.org/es/archive/imf/los-contratos-de-proteccion-en-el-centro-del-debate-de-la-oit/#breadcrumb"},"inLanguage":"es-ES","potentialAction":[{"@type":"ReadAction","target":["https://admin.industriall-union.org/es/archive/imf/los-contratos-de-proteccion-en-el-centro-del-debate-de-la-oit/"]}]},{"@type":"BreadcrumbList","@id":"https://admin.industriall-union.org/es/archive/imf/los-contratos-de-proteccion-en-el-centro-del-debate-de-la-oit/#breadcrumb","itemListElement":[{"@type":"ListItem","position":1,"name":"Home","item":"https://admin.industriall-union.org/"},{"@type":"ListItem","position":2,"name":"Archive Imf","item":"https://admin.industriall-union.org/es/archive/imf/"},{"@type":"ListItem","position":3,"name":"Los contratos de protección en el centro del debate de la OIT"}]},{"@type":"WebSite","@id":"https://admin.industriall-union.org/#website","url":"https://admin.industriall-union.org/","name":"industriall-union","description":"","potentialAction":[{"@type":"SearchAction","target":{"@type":"EntryPoint","urlTemplate":"https://admin.industriall-union.org/?s={search_term_string}"},"query-input":{"@type":"PropertyValueSpecification","valueRequired":true,"valueName":"search_term_string"}}],"inLanguage":"es-ES"}]}</script>
<!-- / Yoast SEO Premium plugin. -->

Los contratos de protección en el centro del debate de la OIT - industriall-union

GINEBRA: Por primera vez desde que la Federación Internacional de Trabajadores de las Industrias Metalúrgicas presentó la queja (no. 2694) en febrero de 2009, el Comité de Libertad Sindical (CLS) de la Organización Internacional del Trabajo debatió la cuestión de los Contratos de protección en México y formuló firmes recomendaciones a la OIT para que [&hellip;]
