{"id":200498,"date":"2011-04-13T11:57:00","date_gmt":"2011-04-13T11:57:00","guid":{"rendered":"https:\/\/admin.industriall-union.org\/archive\/imf\/trabajadores-de-norsk-hydro-en-conversaciones-con-sindicalistas-brasilenos\/"},"modified":"2025-01-31T09:19:02","modified_gmt":"2025-01-31T09:19:02","slug":"trabajadores-de-norsk-hydro-en-conversaciones-con-sindicalistas-brasilenos","status":"publish","type":"archive_imf","link":"https:\/\/admin.industriall-union.org\/es\/archive\/imf\/trabajadores-de-norsk-hydro-en-conversaciones-con-sindicalistas-brasilenos\/","title":{"rendered":"Trabajadores de Norsk Hydro en conversaciones con sindicalistas brasile\u00f1os"},"content":{"rendered":"<p>BRASIL :\u00a0 El 30 de marzo y 1\u00b0 de abril, Sten Roar Martinsen, operario de procesamiento y representante sindical a tiempo completo de la planta de extrusi\u00f3n de Kopervik, y Billy Fredeagsvik, tambi\u00e9n operario y representante sindical de la planta Hydro de fundici\u00f3n de aluminio en H\u00f8yanger, se reunieron con representantes de los trabajadores de sindicatos brasile\u00f1os. Martinsen y Fredeagsvik son representantes de la Confederaci\u00f3n Noruega de Sindicatos (LO) en el Consejo de Administraci\u00f3n de Hydro, que cuenta con 11 miembros. <\/p><p>Seg\u00fan el sitio web de Norsk Hydro, la finalidad de esta misi\u00f3n de visita fue de informar a los trabajadores brasile\u00f1os de una mina de bauxita y fundici\u00f3n de aluminio, anteriormente de propiedad de Vale, sobre la estructura y los principios del di\u00e1logo sindical en Hydro, y tambi\u00e9n sobre el impacto y la importancia del Acuerdo Global que se firm\u00f3 el 15 de marzo. <\/p><p>A fines de febrero, Norsk Hydro concluy\u00f3 la adquisici\u00f3n del activo de Vale en el norte del Brasil por US$3,5 billones. Esos activos incluyen la participaci\u00f3n del 51 % en la fundici\u00f3n de aluminio Albr\u00e1s en Barcarena, en el estado de Par\u00e1, un 57 % de la refiner\u00eda Alunorte, con una participaci\u00f3n del 61 % en la futura planta de al\u00famina de la Companhia de Alumina do Par\u00e1 (CAP), que comenzar\u00e1 sus operaciones en 2012. Un consorcio japon\u00e9s de 17 empresas tiene una participaci\u00f3n minoritaria en estas compa\u00f1\u00edas. <\/p><p>Tambi\u00e9n el 30 de marzo, Martinsen y Fredeagsvik se reunieron con dirigentes sindicales de la mina de bauxita Paragominas, anteriormente de propiedad de Vale. Como parte del trato, Hydro compr\u00f3 un 60 % de la mina de 9,9 millones de toneladas, as\u00ed como tambi\u00e9n otros derechos respecto al mineral de bauxita de Vale en el Brasil. De ahora en adelante, Hydro llamar\u00e1 a su activo minero en el Brasil Minera\u00e7\u00e3o Paragominas. Hydro comprar\u00e1 el otro 40% en 2013 y 2015, por US$200 millones cada a\u00f1o. <\/p><p>Los integrantes noruegos del Consejo de Administraci\u00f3n tambi\u00e9n trataron asuntos locales con trabajadores del estado de Par\u00e1, incluyendo el acceso a viviendas en las \u00e1reas rurales, y cuestiones de salud y educaci\u00f3n. <\/p><p>Martinsen se\u00f1al\u00f3 al respecto: &quot;\u00c9ste fue un importante primer paso hacia la creaci\u00f3n del marco correcto para incluir a nuestros colegas brasile\u00f1os en los espacios que ofrece Hydro internamente para el di\u00e1logo, asegurando que los intereses y los puntos de vista de todos los empleados de Hydro sean representados en los foros y procesos de toma de decisiones correspondientes.&quot; <\/p><p>Fredeagsvik agreg\u00f3: &quot;A trav\u00e9s de estas reuniones iniciales, hemos creado una base s\u00f3lida para trabajar conjuntamente en el futuro. Las reuniones han sido interesantes, positivas, y sumamente constructivas.&quot; <\/p><p>Adem\u00e1s de la ICEM y la FITIM, firmaron el Acuerdo Global los sindicatos noruegos IndustriEnergi y Fellesforbundet.<\/p>","protected":false},"featured_media":0,"template":"","class_list":["post-200498","archive_imf","type-archive_imf","status-publish","hentry"],"acf":[],"yoast_head":"<!-- This site is optimized with the Yoast SEO Premium plugin v27.1 (Yoast SEO v27.1) - https:\/\/yoast.com\/product\/yoast-seo-premium-wordpress\/ -->\n<title>Trabajadores de Norsk Hydro en conversaciones con sindicalistas brasile\u00f1os - industriall-union<\/title>\n<meta name=\"robots\" content=\"index, follow, max-snippet:-1, max-image-preview:large, max-video-preview:-1\" \/>\n<link rel=\"canonical\" href=\"https:\/\/admin.industriall-union.org\/es\/archive\/imf\/trabajadores-de-norsk-hydro-en-conversaciones-con-sindicalistas-brasilenos\/\" \/>\n<meta property=\"og:locale\" content=\"es_ES\" \/>\n<meta property=\"og:type\" content=\"article\" \/>\n<meta property=\"og:title\" content=\"Trabajadores de Norsk Hydro en conversaciones con sindicalistas brasile\u00f1os\" \/>\n<meta property=\"og:description\" content=\"BRASIL :\u00a0 El 30 de marzo y 1\u00b0 de abril, Sten Roar Martinsen, operario de procesamiento y representante sindical a tiempo completo de la planta de extrusi\u00f3n de Kopervik, y Billy Fredeagsvik, tambi\u00e9n operario y representante sindical de la planta Hydro de fundici\u00f3n de aluminio en H\u00f8yanger, se reunieron con representantes de los trabajadores de [&hellip;]\" \/>\n<meta property=\"og:url\" content=\"https:\/\/admin.industriall-union.org\/es\/archive\/imf\/trabajadores-de-norsk-hydro-en-conversaciones-con-sindicalistas-brasilenos\/\" \/>\n<meta property=\"og:site_name\" content=\"industriall-union\" \/>\n<meta property=\"article:modified_time\" content=\"2025-01-31T09:19:02+00:00\" \/>\n<meta name=\"twitter:card\" content=\"summary_large_image\" \/>\n<meta name=\"twitter:label1\" content=\"Est. reading time\" \/>\n\t<meta name=\"twitter:data1\" content=\"2 minutes\" \/>\n<script type=\"application\/ld+json\" class=\"yoast-schema-graph\">{\"@context\":\"https:\/\/schema.org\",\"@graph\":[{\"@type\":\"WebPage\",\"@id\":\"https:\/\/admin.industriall-union.org\/es\/archive\/imf\/trabajadores-de-norsk-hydro-en-conversaciones-con-sindicalistas-brasilenos\/\",\"url\":\"https:\/\/admin.industriall-union.org\/es\/archive\/imf\/trabajadores-de-norsk-hydro-en-conversaciones-con-sindicalistas-brasilenos\/\",\"name\":\"Trabajadores de Norsk Hydro en conversaciones con sindicalistas brasile\u00f1os - industriall-union\",\"isPartOf\":{\"@id\":\"https:\/\/admin.industriall-union.org\/#website\"},\"datePublished\":\"2011-04-13T11:57:00+00:00\",\"dateModified\":\"2025-01-31T09:19:02+00:00\",\"breadcrumb\":{\"@id\":\"https:\/\/admin.industriall-union.org\/es\/archive\/imf\/trabajadores-de-norsk-hydro-en-conversaciones-con-sindicalistas-brasilenos\/#breadcrumb\"},\"inLanguage\":\"es-ES\",\"potentialAction\":[{\"@type\":\"ReadAction\",\"target\":[\"https:\/\/admin.industriall-union.org\/es\/archive\/imf\/trabajadores-de-norsk-hydro-en-conversaciones-con-sindicalistas-brasilenos\/\"]}]},{\"@type\":\"BreadcrumbList\",\"@id\":\"https:\/\/admin.industriall-union.org\/es\/archive\/imf\/trabajadores-de-norsk-hydro-en-conversaciones-con-sindicalistas-brasilenos\/#breadcrumb\",\"itemListElement\":[{\"@type\":\"ListItem\",\"position\":1,\"name\":\"Home\",\"item\":\"https:\/\/admin.industriall-union.org\/\"},{\"@type\":\"ListItem\",\"position\":2,\"name\":\"Archive Imf\",\"item\":\"https:\/\/admin.industriall-union.org\/es\/archive\/imf\/\"},{\"@type\":\"ListItem\",\"position\":3,\"name\":\"Trabajadores de Norsk Hydro en conversaciones con sindicalistas brasile\u00f1os\"}]},{\"@type\":\"WebSite\",\"@id\":\"https:\/\/admin.industriall-union.org\/#website\",\"url\":\"https:\/\/admin.industriall-union.org\/\",\"name\":\"industriall-union\",\"description\":\"\",\"potentialAction\":[{\"@type\":\"SearchAction\",\"target\":{\"@type\":\"EntryPoint\",\"urlTemplate\":\"https:\/\/admin.industriall-union.org\/?s={search_term_string}\"},\"query-input\":{\"@type\":\"PropertyValueSpecification\",\"valueRequired\":true,\"valueName\":\"search_term_string\"}}],\"inLanguage\":\"es-ES\"}]}<\/script>\n<!-- \/ Yoast SEO Premium plugin. -->","yoast_head_json":{"title":"Trabajadores de Norsk Hydro en conversaciones con sindicalistas brasile\u00f1os - industriall-union","robots":{"index":"index","follow":"follow","max-snippet":"max-snippet:-1","max-image-preview":"max-image-preview:large","max-video-preview":"max-video-preview:-1"},"canonical":"https:\/\/admin.industriall-union.org\/es\/archive\/imf\/trabajadores-de-norsk-hydro-en-conversaciones-con-sindicalistas-brasilenos\/","og_locale":"es_ES","og_type":"article","og_title":"Trabajadores de Norsk Hydro en conversaciones con sindicalistas brasile\u00f1os","og_description":"BRASIL :\u00a0 El 30 de marzo y 1\u00b0 de abril, Sten Roar Martinsen, operario de procesamiento y representante sindical a tiempo completo de la planta de extrusi\u00f3n de Kopervik, y Billy Fredeagsvik, tambi\u00e9n operario y representante sindical de la planta Hydro de fundici\u00f3n de aluminio en H\u00f8yanger, se reunieron con representantes de los trabajadores de [&hellip;]","og_url":"https:\/\/admin.industriall-union.org\/es\/archive\/imf\/trabajadores-de-norsk-hydro-en-conversaciones-con-sindicalistas-brasilenos\/","og_site_name":"industriall-union","article_modified_time":"2025-01-31T09:19:02+00:00","twitter_card":"summary_large_image","twitter_misc":{"Est. reading time":"2 minutes"},"schema":{"@context":"https:\/\/schema.org","@graph":[{"@type":"WebPage","@id":"https:\/\/admin.industriall-union.org\/es\/archive\/imf\/trabajadores-de-norsk-hydro-en-conversaciones-con-sindicalistas-brasilenos\/","url":"https:\/\/admin.industriall-union.org\/es\/archive\/imf\/trabajadores-de-norsk-hydro-en-conversaciones-con-sindicalistas-brasilenos\/","name":"Trabajadores de Norsk Hydro en conversaciones con sindicalistas brasile\u00f1os - industriall-union","isPartOf":{"@id":"https:\/\/admin.industriall-union.org\/#website"},"datePublished":"2011-04-13T11:57:00+00:00","dateModified":"2025-01-31T09:19:02+00:00","breadcrumb":{"@id":"https:\/\/admin.industriall-union.org\/es\/archive\/imf\/trabajadores-de-norsk-hydro-en-conversaciones-con-sindicalistas-brasilenos\/#breadcrumb"},"inLanguage":"es-ES","potentialAction":[{"@type":"ReadAction","target":["https:\/\/admin.industriall-union.org\/es\/archive\/imf\/trabajadores-de-norsk-hydro-en-conversaciones-con-sindicalistas-brasilenos\/"]}]},{"@type":"BreadcrumbList","@id":"https:\/\/admin.industriall-union.org\/es\/archive\/imf\/trabajadores-de-norsk-hydro-en-conversaciones-con-sindicalistas-brasilenos\/#breadcrumb","itemListElement":[{"@type":"ListItem","position":1,"name":"Home","item":"https:\/\/admin.industriall-union.org\/"},{"@type":"ListItem","position":2,"name":"Archive Imf","item":"https:\/\/admin.industriall-union.org\/es\/archive\/imf\/"},{"@type":"ListItem","position":3,"name":"Trabajadores de Norsk Hydro en conversaciones con sindicalistas brasile\u00f1os"}]},{"@type":"WebSite","@id":"https:\/\/admin.industriall-union.org\/#website","url":"https:\/\/admin.industriall-union.org\/","name":"industriall-union","description":"","potentialAction":[{"@type":"SearchAction","target":{"@type":"EntryPoint","urlTemplate":"https:\/\/admin.industriall-union.org\/?s={search_term_string}"},"query-input":{"@type":"PropertyValueSpecification","valueRequired":true,"valueName":"search_term_string"}}],"inLanguage":"es-ES"}]}},"_links":{"self":[{"href":"https:\/\/admin.industriall-union.org\/es\/wp-json\/wp\/v2\/archive_imf\/200498","targetHints":{"allow":["GET"]}}],"collection":[{"href":"https:\/\/admin.industriall-union.org\/es\/wp-json\/wp\/v2\/archive_imf"}],"about":[{"href":"https:\/\/admin.industriall-union.org\/es\/wp-json\/wp\/v2\/types\/archive_imf"}],"wp:attachment":[{"href":"https:\/\/admin.industriall-union.org\/es\/wp-json\/wp\/v2\/media?parent=200498"}],"curies":[{"name":"wp","href":"https:\/\/api.w.org\/{rel}","templated":true}]}}

Trabajadores de Norsk Hydro en conversaciones con sindicalistas brasileños

<p>BRASIL :  El 30 de marzo y 1° de abril, Sten Roar Martinsen, operario de procesamiento y representante sindical a tiempo completo de la planta de extrusión de Kopervik, y Billy Fredeagsvik, también operario y representante sindical de la planta Hydro de fundición de aluminio en Høyanger, se reunieron con representantes de los trabajadores de sindicatos brasileños. Martinsen y Fredeagsvik son representantes de la Confederación Noruega de Sindicatos (LO) en el Consejo de Administración de Hydro, que cuenta con 11 miembros. </p><p>Según el sitio web de Norsk Hydro, la finalidad de esta misión de visita fue de informar a los trabajadores brasileños de una mina de bauxita y fundición de aluminio, anteriormente de propiedad de Vale, sobre la estructura y los principios del diálogo sindical en Hydro, y también sobre el impacto y la importancia del Acuerdo Global que se firmó el 15 de marzo. </p><p>A fines de febrero, Norsk Hydro concluyó la adquisición del activo de Vale en el norte del Brasil por US$3,5 billones. Esos activos incluyen la participación del 51 % en la fundición de aluminio Albrás en Barcarena, en el estado de Pará, un 57 % de la refinería Alunorte, con una participación del 61 % en la futura planta de alúmina de la Companhia de Alumina do Pará (CAP), que comenzará sus operaciones en 2012. Un consorcio japonés de 17 empresas tiene una participación minoritaria en estas compañías. </p><p>También el 30 de marzo, Martinsen y Fredeagsvik se reunieron con dirigentes sindicales de la mina de bauxita Paragominas, anteriormente de propiedad de Vale. Como parte del trato, Hydro compró un 60 % de la mina de 9,9 millones de toneladas, así como también otros derechos respecto al mineral de bauxita de Vale en el Brasil. De ahora en adelante, Hydro llamará a su activo minero en el Brasil Mineração Paragominas. Hydro comprará el otro 40% en 2013 y 2015, por US$200 millones cada año. </p><p>Los integrantes noruegos del Consejo de Administración también trataron asuntos locales con trabajadores del estado de Pará, incluyendo el acceso a viviendas en las áreas rurales, y cuestiones de salud y educación. </p><p>Martinsen señaló al respecto: &quot;Éste fue un importante primer paso hacia la creación del marco correcto para incluir a nuestros colegas brasileños en los espacios que ofrece Hydro internamente para el diálogo, asegurando que los intereses y los puntos de vista de todos los empleados de Hydro sean representados en los foros y procesos de toma de decisiones correspondientes.&quot; </p><p>Fredeagsvik agregó: &quot;A través de estas reuniones iniciales, hemos creado una base sólida para trabajar conjuntamente en el futuro. Las reuniones han sido interesantes, positivas, y sumamente constructivas.&quot; </p><p>Además de la ICEM y la FITIM, firmaron el Acuerdo Global los sindicatos noruegos IndustriEnergi y Fellesforbundet.</p>

<!-- This site is optimized with the Yoast SEO Premium plugin v27.1 (Yoast SEO v27.1) - https://yoast.com/product/yoast-seo-premium-wordpress/ -->
<title>Trabajadores de Norsk Hydro en conversaciones con sindicalistas brasileños - industriall-union</title>
<meta name="robots" content="index, follow, max-snippet:-1, max-image-preview:large, max-video-preview:-1" />
<link rel="canonical" href="https://admin.industriall-union.org/es/archive/imf/trabajadores-de-norsk-hydro-en-conversaciones-con-sindicalistas-brasilenos/" />
<meta property="og:locale" content="es_ES" />
<meta property="og:type" content="article" />
<meta property="og:title" content="Trabajadores de Norsk Hydro en conversaciones con sindicalistas brasileños" />
<meta property="og:description" content="BRASIL :  El 30 de marzo y 1° de abril, Sten Roar Martinsen, operario de procesamiento y representante sindical a tiempo completo de la planta de extrusión de Kopervik, y Billy Fredeagsvik, también operario y representante sindical de la planta Hydro de fundición de aluminio en Høyanger, se reunieron con representantes de los trabajadores de [&hellip;]" />
<meta property="og:url" content="https://admin.industriall-union.org/es/archive/imf/trabajadores-de-norsk-hydro-en-conversaciones-con-sindicalistas-brasilenos/" />
<meta property="og:site_name" content="industriall-union" />
<meta property="article:modified_time" content="2025-01-31T09:19:02+00:00" />
<meta name="twitter:card" content="summary_large_image" />
<meta name="twitter:label1" content="Est. reading time" />
	<meta name="twitter:data1" content="2 minutes" />
<script type="application/ld+json" class="yoast-schema-graph">{"@context":"https://schema.org","@graph":[{"@type":"WebPage","@id":"https://admin.industriall-union.org/es/archive/imf/trabajadores-de-norsk-hydro-en-conversaciones-con-sindicalistas-brasilenos/","url":"https://admin.industriall-union.org/es/archive/imf/trabajadores-de-norsk-hydro-en-conversaciones-con-sindicalistas-brasilenos/","name":"Trabajadores de Norsk Hydro en conversaciones con sindicalistas brasileños - industriall-union","isPartOf":{"@id":"https://admin.industriall-union.org/#website"},"datePublished":"2011-04-13T11:57:00+00:00","dateModified":"2025-01-31T09:19:02+00:00","breadcrumb":{"@id":"https://admin.industriall-union.org/es/archive/imf/trabajadores-de-norsk-hydro-en-conversaciones-con-sindicalistas-brasilenos/#breadcrumb"},"inLanguage":"es-ES","potentialAction":[{"@type":"ReadAction","target":["https://admin.industriall-union.org/es/archive/imf/trabajadores-de-norsk-hydro-en-conversaciones-con-sindicalistas-brasilenos/"]}]},{"@type":"BreadcrumbList","@id":"https://admin.industriall-union.org/es/archive/imf/trabajadores-de-norsk-hydro-en-conversaciones-con-sindicalistas-brasilenos/#breadcrumb","itemListElement":[{"@type":"ListItem","position":1,"name":"Home","item":"https://admin.industriall-union.org/"},{"@type":"ListItem","position":2,"name":"Archive Imf","item":"https://admin.industriall-union.org/es/archive/imf/"},{"@type":"ListItem","position":3,"name":"Trabajadores de Norsk Hydro en conversaciones con sindicalistas brasileños"}]},{"@type":"WebSite","@id":"https://admin.industriall-union.org/#website","url":"https://admin.industriall-union.org/","name":"industriall-union","description":"","potentialAction":[{"@type":"SearchAction","target":{"@type":"EntryPoint","urlTemplate":"https://admin.industriall-union.org/?s={search_term_string}"},"query-input":{"@type":"PropertyValueSpecification","valueRequired":true,"valueName":"search_term_string"}}],"inLanguage":"es-ES"}]}</script>
<!-- / Yoast SEO Premium plugin. -->

Trabajadores de Norsk Hydro en conversaciones con sindicalistas brasileños - industriall-union

BRASIL :  El 30 de marzo y 1° de abril, Sten Roar Martinsen, operario de procesamiento y representante sindical a tiempo completo de la planta de extrusión de Kopervik, y Billy Fredeagsvik, también operario y representante sindical de la planta Hydro de fundición de aluminio en Høyanger, se reunieron con representantes de los trabajadores de [&hellip;]
