{"id":200491,"date":"2011-04-14T09:30:00","date_gmt":"2011-04-14T09:30:00","guid":{"rendered":"https:\/\/admin.industriall-union.org\/archive\/imf\/sindicatos-holandeses-convienen-en-condiciones-que-marquen-la-tendencia-en-el-sector-de-metales-ligeros-y-electrico\/"},"modified":"2025-01-31T09:18:59","modified_gmt":"2025-01-31T09:18:59","slug":"sindicatos-holandeses-convienen-en-condiciones-que-marquen-la-tendencia-en-el-sector-de-metales-ligeros-y-electrico","status":"publish","type":"archive_imf","link":"https:\/\/admin.industriall-union.org\/es\/archive\/imf\/sindicatos-holandeses-convienen-en-condiciones-que-marquen-la-tendencia-en-el-sector-de-metales-ligeros-y-electrico\/","title":{"rendered":"Sindicatos holandeses convienen en condiciones que marquen la tendencia en el sector de metales ligeros y el\u00e9ctrico"},"content":{"rendered":"<p>PAISES BAJOS: Bondgenoten, CNV Vakmensen, y De Unie alcanzaron un acuerdo provisional con la asociaci\u00f3n de la industria Metaal &amp; Techniek, que representa a 30.000 empleadores, a \u00faltimas horas del 6 de abril, con lo que se impide otra movilizaci\u00f3n prevista de dos semanas que hubiera podido conducir a la huelga. El acuerdo anterior que abarcaba la fabricaci\u00f3n metal\u00fargica, la instalaci\u00f3n, y los sectores de la fontaner\u00eda, la calefacci\u00f3n y la instalaci\u00f3n el\u00e9ctrica, expir\u00f3 el 1 de abril.<\/p><p>&quot;Los empleadores no deseaban un conflicto y nosotros nos movilizamos r\u00e1pidamente para llegar a la huelga&quot;, dijo Jan Berghuis, jefe del sector de FNV Bondgenoten, que calific\u00f3 el pacto de &quot;marcador de tendencia&quot;.<\/p><p>&quot;Con una inflaci\u00f3n prevista inferior al dos por ciento, este es un resultado muy bueno, y probablemente resulte muy importante para los grandes sectores del metal y el autom\u00f3vil&quot;.<\/p><p>Unos 150.000 trabajadores metal\u00fargicos de producci\u00f3n de acero b\u00e1sico y otros metales pesados reanudar\u00e1n las conversaciones por medio de sus sindicatos el 19 de abril. El acuerdo en ese sector expira el 1 de mayo. El sector del autom\u00f3vil, que emplea a 90.000 trabajadores, tiene un acuerdo social que expira el 1 de junio.<\/p><p>El acuerdo en el sector de metales ligeros y t\u00e9cnico-el\u00e9ctrico ofrece oportunidades de formaci\u00f3n y de inversi\u00f3n excepcionales a esos trabajadores, lo que supone una parte esencial del convenio. Berghuis dijo tambi\u00e9n que los sindicatos consiguieron mejores condiciones respecto al uso de trabajo por contrata de corta duraci\u00f3n, pues se especifica que este trabajo s\u00f3lo puede realizarse en compa\u00f1\u00edas contratantes de trabajo que tengan convenios colectivos con los sindicatos.<\/p><p>El aumento salarial del 4,45 por ciento se aplicar\u00e1 en cuatro etapas en los 18 meses pr\u00f3ximos. Berghuis dijo que lo \u00fanico negativo es no garantizar un salario m\u00e1s alto o un estipendio a los trabajadores j\u00f3venes. Pero los trabajadores j\u00f3venes que han entrado en el sector durante la crisis financiera se beneficiar\u00e1n de la subida del 4,5 por ciento.<\/p><p>Las negociaciones de los tres sindicatos y la industria Metaal &amp; Techniek est\u00e1n paralizadas desde finales de febrero, y hace s\u00f3lo una semana que las reuniones de movilizaci\u00f3n y actividad sindical indicaron que pod\u00eda haber una huelga en este sector, lo cual es poco com\u00fan en Pa\u00edses Bajos. Pero en raz\u00f3n de un compromiso sobre los sueldos, la ampliaci\u00f3n del acuerdo a un segundo a\u00f1o, la obtenci\u00f3n por los sindicatos de los criterios necesarios para continuar la educaci\u00f3n y la formaci\u00f3n, y unos t\u00e9rminos viables sobre el trabajo por contrata, se recomendar\u00e1 la ratificaci\u00f3n del acuerdo por los tres sindicatos.<br \/><br \/>  <\/p>","protected":false},"featured_media":0,"template":"","class_list":["post-200491","archive_imf","type-archive_imf","status-publish","hentry"],"acf":[],"yoast_head":"<!-- This site is optimized with the Yoast SEO Premium plugin v27.1 (Yoast SEO v27.1) - https:\/\/yoast.com\/product\/yoast-seo-premium-wordpress\/ -->\n<title>Sindicatos holandeses convienen en condiciones que marquen la tendencia en el sector de metales ligeros y el\u00e9ctrico - industriall-union<\/title>\n<meta name=\"robots\" content=\"index, follow, max-snippet:-1, max-image-preview:large, max-video-preview:-1\" \/>\n<link rel=\"canonical\" href=\"https:\/\/admin.industriall-union.org\/es\/archive\/imf\/sindicatos-holandeses-convienen-en-condiciones-que-marquen-la-tendencia-en-el-sector-de-metales-ligeros-y-electrico\/\" \/>\n<meta property=\"og:locale\" content=\"es_ES\" \/>\n<meta property=\"og:type\" content=\"article\" \/>\n<meta property=\"og:title\" content=\"Sindicatos holandeses convienen en condiciones que marquen la tendencia en el sector de metales ligeros y el\u00e9ctrico\" \/>\n<meta property=\"og:description\" content=\"PAISES BAJOS: Bondgenoten, CNV Vakmensen, y De Unie alcanzaron un acuerdo provisional con la asociaci\u00f3n de la industria Metaal &amp; Techniek, que representa a 30.000 empleadores, a \u00faltimas horas del 6 de abril, con lo que se impide otra movilizaci\u00f3n prevista de dos semanas que hubiera podido conducir a la huelga. El acuerdo anterior que [&hellip;]\" \/>\n<meta property=\"og:url\" content=\"https:\/\/admin.industriall-union.org\/es\/archive\/imf\/sindicatos-holandeses-convienen-en-condiciones-que-marquen-la-tendencia-en-el-sector-de-metales-ligeros-y-electrico\/\" \/>\n<meta property=\"og:site_name\" content=\"industriall-union\" \/>\n<meta property=\"article:modified_time\" content=\"2025-01-31T09:18:59+00:00\" \/>\n<meta name=\"twitter:card\" content=\"summary_large_image\" \/>\n<meta name=\"twitter:label1\" content=\"Est. reading time\" \/>\n\t<meta name=\"twitter:data1\" content=\"2 minutes\" \/>\n<script type=\"application\/ld+json\" class=\"yoast-schema-graph\">{\"@context\":\"https:\/\/schema.org\",\"@graph\":[{\"@type\":\"WebPage\",\"@id\":\"https:\/\/admin.industriall-union.org\/es\/archive\/imf\/sindicatos-holandeses-convienen-en-condiciones-que-marquen-la-tendencia-en-el-sector-de-metales-ligeros-y-electrico\/\",\"url\":\"https:\/\/admin.industriall-union.org\/es\/archive\/imf\/sindicatos-holandeses-convienen-en-condiciones-que-marquen-la-tendencia-en-el-sector-de-metales-ligeros-y-electrico\/\",\"name\":\"Sindicatos holandeses convienen en condiciones que marquen la tendencia en el sector de metales ligeros y el\u00e9ctrico - industriall-union\",\"isPartOf\":{\"@id\":\"https:\/\/admin.industriall-union.org\/#website\"},\"datePublished\":\"2011-04-14T09:30:00+00:00\",\"dateModified\":\"2025-01-31T09:18:59+00:00\",\"breadcrumb\":{\"@id\":\"https:\/\/admin.industriall-union.org\/es\/archive\/imf\/sindicatos-holandeses-convienen-en-condiciones-que-marquen-la-tendencia-en-el-sector-de-metales-ligeros-y-electrico\/#breadcrumb\"},\"inLanguage\":\"es-ES\",\"potentialAction\":[{\"@type\":\"ReadAction\",\"target\":[\"https:\/\/admin.industriall-union.org\/es\/archive\/imf\/sindicatos-holandeses-convienen-en-condiciones-que-marquen-la-tendencia-en-el-sector-de-metales-ligeros-y-electrico\/\"]}]},{\"@type\":\"BreadcrumbList\",\"@id\":\"https:\/\/admin.industriall-union.org\/es\/archive\/imf\/sindicatos-holandeses-convienen-en-condiciones-que-marquen-la-tendencia-en-el-sector-de-metales-ligeros-y-electrico\/#breadcrumb\",\"itemListElement\":[{\"@type\":\"ListItem\",\"position\":1,\"name\":\"Home\",\"item\":\"https:\/\/admin.industriall-union.org\/\"},{\"@type\":\"ListItem\",\"position\":2,\"name\":\"Archive Imf\",\"item\":\"https:\/\/admin.industriall-union.org\/es\/archive\/imf\/\"},{\"@type\":\"ListItem\",\"position\":3,\"name\":\"Sindicatos holandeses convienen en condiciones que marquen la tendencia en el sector de metales ligeros y el\u00e9ctrico\"}]},{\"@type\":\"WebSite\",\"@id\":\"https:\/\/admin.industriall-union.org\/#website\",\"url\":\"https:\/\/admin.industriall-union.org\/\",\"name\":\"industriall-union\",\"description\":\"\",\"potentialAction\":[{\"@type\":\"SearchAction\",\"target\":{\"@type\":\"EntryPoint\",\"urlTemplate\":\"https:\/\/admin.industriall-union.org\/?s={search_term_string}\"},\"query-input\":{\"@type\":\"PropertyValueSpecification\",\"valueRequired\":true,\"valueName\":\"search_term_string\"}}],\"inLanguage\":\"es-ES\"}]}<\/script>\n<!-- \/ Yoast SEO Premium plugin. -->","yoast_head_json":{"title":"Sindicatos holandeses convienen en condiciones que marquen la tendencia en el sector de metales ligeros y el\u00e9ctrico - industriall-union","robots":{"index":"index","follow":"follow","max-snippet":"max-snippet:-1","max-image-preview":"max-image-preview:large","max-video-preview":"max-video-preview:-1"},"canonical":"https:\/\/admin.industriall-union.org\/es\/archive\/imf\/sindicatos-holandeses-convienen-en-condiciones-que-marquen-la-tendencia-en-el-sector-de-metales-ligeros-y-electrico\/","og_locale":"es_ES","og_type":"article","og_title":"Sindicatos holandeses convienen en condiciones que marquen la tendencia en el sector de metales ligeros y el\u00e9ctrico","og_description":"PAISES BAJOS: Bondgenoten, CNV Vakmensen, y De Unie alcanzaron un acuerdo provisional con la asociaci\u00f3n de la industria Metaal &amp; Techniek, que representa a 30.000 empleadores, a \u00faltimas horas del 6 de abril, con lo que se impide otra movilizaci\u00f3n prevista de dos semanas que hubiera podido conducir a la huelga. El acuerdo anterior que [&hellip;]","og_url":"https:\/\/admin.industriall-union.org\/es\/archive\/imf\/sindicatos-holandeses-convienen-en-condiciones-que-marquen-la-tendencia-en-el-sector-de-metales-ligeros-y-electrico\/","og_site_name":"industriall-union","article_modified_time":"2025-01-31T09:18:59+00:00","twitter_card":"summary_large_image","twitter_misc":{"Est. reading time":"2 minutes"},"schema":{"@context":"https:\/\/schema.org","@graph":[{"@type":"WebPage","@id":"https:\/\/admin.industriall-union.org\/es\/archive\/imf\/sindicatos-holandeses-convienen-en-condiciones-que-marquen-la-tendencia-en-el-sector-de-metales-ligeros-y-electrico\/","url":"https:\/\/admin.industriall-union.org\/es\/archive\/imf\/sindicatos-holandeses-convienen-en-condiciones-que-marquen-la-tendencia-en-el-sector-de-metales-ligeros-y-electrico\/","name":"Sindicatos holandeses convienen en condiciones que marquen la tendencia en el sector de metales ligeros y el\u00e9ctrico - industriall-union","isPartOf":{"@id":"https:\/\/admin.industriall-union.org\/#website"},"datePublished":"2011-04-14T09:30:00+00:00","dateModified":"2025-01-31T09:18:59+00:00","breadcrumb":{"@id":"https:\/\/admin.industriall-union.org\/es\/archive\/imf\/sindicatos-holandeses-convienen-en-condiciones-que-marquen-la-tendencia-en-el-sector-de-metales-ligeros-y-electrico\/#breadcrumb"},"inLanguage":"es-ES","potentialAction":[{"@type":"ReadAction","target":["https:\/\/admin.industriall-union.org\/es\/archive\/imf\/sindicatos-holandeses-convienen-en-condiciones-que-marquen-la-tendencia-en-el-sector-de-metales-ligeros-y-electrico\/"]}]},{"@type":"BreadcrumbList","@id":"https:\/\/admin.industriall-union.org\/es\/archive\/imf\/sindicatos-holandeses-convienen-en-condiciones-que-marquen-la-tendencia-en-el-sector-de-metales-ligeros-y-electrico\/#breadcrumb","itemListElement":[{"@type":"ListItem","position":1,"name":"Home","item":"https:\/\/admin.industriall-union.org\/"},{"@type":"ListItem","position":2,"name":"Archive Imf","item":"https:\/\/admin.industriall-union.org\/es\/archive\/imf\/"},{"@type":"ListItem","position":3,"name":"Sindicatos holandeses convienen en condiciones que marquen la tendencia en el sector de metales ligeros y el\u00e9ctrico"}]},{"@type":"WebSite","@id":"https:\/\/admin.industriall-union.org\/#website","url":"https:\/\/admin.industriall-union.org\/","name":"industriall-union","description":"","potentialAction":[{"@type":"SearchAction","target":{"@type":"EntryPoint","urlTemplate":"https:\/\/admin.industriall-union.org\/?s={search_term_string}"},"query-input":{"@type":"PropertyValueSpecification","valueRequired":true,"valueName":"search_term_string"}}],"inLanguage":"es-ES"}]}},"_links":{"self":[{"href":"https:\/\/admin.industriall-union.org\/es\/wp-json\/wp\/v2\/archive_imf\/200491","targetHints":{"allow":["GET"]}}],"collection":[{"href":"https:\/\/admin.industriall-union.org\/es\/wp-json\/wp\/v2\/archive_imf"}],"about":[{"href":"https:\/\/admin.industriall-union.org\/es\/wp-json\/wp\/v2\/types\/archive_imf"}],"wp:attachment":[{"href":"https:\/\/admin.industriall-union.org\/es\/wp-json\/wp\/v2\/media?parent=200491"}],"curies":[{"name":"wp","href":"https:\/\/api.w.org\/{rel}","templated":true}]}}

Sindicatos holandeses convienen en condiciones que marquen la tendencia en el sector de metales ligeros y eléctrico

<p>PAISES BAJOS: Bondgenoten, CNV Vakmensen, y De Unie alcanzaron un acuerdo provisional con la asociación de la industria Metaal &amp; Techniek, que representa a 30.000 empleadores, a últimas horas del 6 de abril, con lo que se impide otra movilización prevista de dos semanas que hubiera podido conducir a la huelga. El acuerdo anterior que abarcaba la fabricación metalúrgica, la instalación, y los sectores de la fontanería, la calefacción y la instalación eléctrica, expiró el 1 de abril.</p><p>&quot;Los empleadores no deseaban un conflicto y nosotros nos movilizamos rápidamente para llegar a la huelga&quot;, dijo Jan Berghuis, jefe del sector de FNV Bondgenoten, que calificó el pacto de &quot;marcador de tendencia&quot;.</p><p>&quot;Con una inflación prevista inferior al dos por ciento, este es un resultado muy bueno, y probablemente resulte muy importante para los grandes sectores del metal y el automóvil&quot;.</p><p>Unos 150.000 trabajadores metalúrgicos de producción de acero básico y otros metales pesados reanudarán las conversaciones por medio de sus sindicatos el 19 de abril. El acuerdo en ese sector expira el 1 de mayo. El sector del automóvil, que emplea a 90.000 trabajadores, tiene un acuerdo social que expira el 1 de junio.</p><p>El acuerdo en el sector de metales ligeros y técnico-eléctrico ofrece oportunidades de formación y de inversión excepcionales a esos trabajadores, lo que supone una parte esencial del convenio. Berghuis dijo también que los sindicatos consiguieron mejores condiciones respecto al uso de trabajo por contrata de corta duración, pues se especifica que este trabajo sólo puede realizarse en compañías contratantes de trabajo que tengan convenios colectivos con los sindicatos.</p><p>El aumento salarial del 4,45 por ciento se aplicará en cuatro etapas en los 18 meses próximos. Berghuis dijo que lo único negativo es no garantizar un salario más alto o un estipendio a los trabajadores jóvenes. Pero los trabajadores jóvenes que han entrado en el sector durante la crisis financiera se beneficiarán de la subida del 4,5 por ciento.</p><p>Las negociaciones de los tres sindicatos y la industria Metaal &amp; Techniek están paralizadas desde finales de febrero, y hace sólo una semana que las reuniones de movilización y actividad sindical indicaron que podía haber una huelga en este sector, lo cual es poco común en Países Bajos. Pero en razón de un compromiso sobre los sueldos, la ampliación del acuerdo a un segundo año, la obtención por los sindicatos de los criterios necesarios para continuar la educación y la formación, y unos términos viables sobre el trabajo por contrata, se recomendará la ratificación del acuerdo por los tres sindicatos.<br /><br />  </p>

<!-- This site is optimized with the Yoast SEO Premium plugin v27.1 (Yoast SEO v27.1) - https://yoast.com/product/yoast-seo-premium-wordpress/ -->
<title>Sindicatos holandeses convienen en condiciones que marquen la tendencia en el sector de metales ligeros y eléctrico - industriall-union</title>
<meta name="robots" content="index, follow, max-snippet:-1, max-image-preview:large, max-video-preview:-1" />
<link rel="canonical" href="https://admin.industriall-union.org/es/archive/imf/sindicatos-holandeses-convienen-en-condiciones-que-marquen-la-tendencia-en-el-sector-de-metales-ligeros-y-electrico/" />
<meta property="og:locale" content="es_ES" />
<meta property="og:type" content="article" />
<meta property="og:title" content="Sindicatos holandeses convienen en condiciones que marquen la tendencia en el sector de metales ligeros y eléctrico" />
<meta property="og:description" content="PAISES BAJOS: Bondgenoten, CNV Vakmensen, y De Unie alcanzaron un acuerdo provisional con la asociación de la industria Metaal &amp; Techniek, que representa a 30.000 empleadores, a últimas horas del 6 de abril, con lo que se impide otra movilización prevista de dos semanas que hubiera podido conducir a la huelga. El acuerdo anterior que [&hellip;]" />
<meta property="og:url" content="https://admin.industriall-union.org/es/archive/imf/sindicatos-holandeses-convienen-en-condiciones-que-marquen-la-tendencia-en-el-sector-de-metales-ligeros-y-electrico/" />
<meta property="og:site_name" content="industriall-union" />
<meta property="article:modified_time" content="2025-01-31T09:18:59+00:00" />
<meta name="twitter:card" content="summary_large_image" />
<meta name="twitter:label1" content="Est. reading time" />
	<meta name="twitter:data1" content="2 minutes" />
<script type="application/ld+json" class="yoast-schema-graph">{"@context":"https://schema.org","@graph":[{"@type":"WebPage","@id":"https://admin.industriall-union.org/es/archive/imf/sindicatos-holandeses-convienen-en-condiciones-que-marquen-la-tendencia-en-el-sector-de-metales-ligeros-y-electrico/","url":"https://admin.industriall-union.org/es/archive/imf/sindicatos-holandeses-convienen-en-condiciones-que-marquen-la-tendencia-en-el-sector-de-metales-ligeros-y-electrico/","name":"Sindicatos holandeses convienen en condiciones que marquen la tendencia en el sector de metales ligeros y eléctrico - industriall-union","isPartOf":{"@id":"https://admin.industriall-union.org/#website"},"datePublished":"2011-04-14T09:30:00+00:00","dateModified":"2025-01-31T09:18:59+00:00","breadcrumb":{"@id":"https://admin.industriall-union.org/es/archive/imf/sindicatos-holandeses-convienen-en-condiciones-que-marquen-la-tendencia-en-el-sector-de-metales-ligeros-y-electrico/#breadcrumb"},"inLanguage":"es-ES","potentialAction":[{"@type":"ReadAction","target":["https://admin.industriall-union.org/es/archive/imf/sindicatos-holandeses-convienen-en-condiciones-que-marquen-la-tendencia-en-el-sector-de-metales-ligeros-y-electrico/"]}]},{"@type":"BreadcrumbList","@id":"https://admin.industriall-union.org/es/archive/imf/sindicatos-holandeses-convienen-en-condiciones-que-marquen-la-tendencia-en-el-sector-de-metales-ligeros-y-electrico/#breadcrumb","itemListElement":[{"@type":"ListItem","position":1,"name":"Home","item":"https://admin.industriall-union.org/"},{"@type":"ListItem","position":2,"name":"Archive Imf","item":"https://admin.industriall-union.org/es/archive/imf/"},{"@type":"ListItem","position":3,"name":"Sindicatos holandeses convienen en condiciones que marquen la tendencia en el sector de metales ligeros y eléctrico"}]},{"@type":"WebSite","@id":"https://admin.industriall-union.org/#website","url":"https://admin.industriall-union.org/","name":"industriall-union","description":"","potentialAction":[{"@type":"SearchAction","target":{"@type":"EntryPoint","urlTemplate":"https://admin.industriall-union.org/?s={search_term_string}"},"query-input":{"@type":"PropertyValueSpecification","valueRequired":true,"valueName":"search_term_string"}}],"inLanguage":"es-ES"}]}</script>
<!-- / Yoast SEO Premium plugin. -->

Sindicatos holandeses convienen en condiciones que marquen la tendencia en el sector de metales ligeros y eléctrico - industriall-union

PAISES BAJOS: Bondgenoten, CNV Vakmensen, y De Unie alcanzaron un acuerdo provisional con la asociación de la industria Metaal &amp; Techniek, que representa a 30.000 empleadores, a últimas horas del 6 de abril, con lo que se impide otra movilización prevista de dos semanas que hubiera podido conducir a la huelga. El acuerdo anterior que [&hellip;]
