{"id":200471,"date":"2011-04-20T14:43:00","date_gmt":"2011-04-20T14:43:00","guid":{"rendered":"https:\/\/admin.industriall-union.org\/archive\/imf\/el-director-ejecutivo-de-thyssenkrupp-en-italia-condenado-por-varias-muertes\/"},"modified":"2025-01-31T09:18:51","modified_gmt":"2025-01-31T09:18:51","slug":"el-director-ejecutivo-de-thyssenkrupp-en-italia-condenado-por-varias-muertes","status":"publish","type":"archive_imf","link":"https:\/\/admin.industriall-union.org\/es\/archive\/imf\/el-director-ejecutivo-de-thyssenkrupp-en-italia-condenado-por-varias-muertes\/","title":{"rendered":"El director ejecutivo de ThyssenKrupp en Italia condenado por varias muertes"},"content":{"rendered":"<p>ITALIA: Un tribunal de Tur\u00edn conden\u00f3 al director ejecutivo de ThyssenKrupp en Italia, Harald Espenhahn, a 16 a\u00f1os y medio de prisi\u00f3n el 15 de abril por el homicidio de <a href=\"..\/index.cfm?c=17014&amp;ol=28\" target=\"_blank\">siete trabajadores que murieron en un incendio<\/a> en la acer\u00eda de la transnacional en Tur\u00edn, el 6 de diciembre de 2007.<\/p><p>Otros cinco dirigentes de la compa\u00f1\u00eda fueron tambi\u00e9n condenados por homicidio involuntario a penas de prisi\u00f3n de hasta 13 a\u00f1os y medio. A la compa\u00f1\u00eda alemana se le impuso una multa de 1 mill\u00f3n de euros. Adem\u00e1s, la compa\u00f1\u00eda no podr\u00e1 recibir subvenciones estatales italianas durante seis meses. En el mismo per\u00edodo, ThyssenKrupp estar\u00e1 sometida a la prohibici\u00f3n de hacer publicidad de sus productos en Italia.<\/p><p>En el momento del incidente, la compa\u00f1\u00eda estaba eliminando gradualmente la factor\u00eda, en la que hab\u00eda s\u00f3lo 200 de los 400 empleados anteriores, y no manten\u00eda las normas de salud y seguridad. La investigaci\u00f3n del incidente por la fiscal\u00eda prob\u00f3 que el director ejecutivo era plenamente consciente de los riesgos y decidi\u00f3 no tomar en la planta las m\u00ednimas medidas exigidas por la ley.<\/p><p>El fallo del tribunal, que puede impugnarse, es hist\u00f3rico, pues establece un importante precedente al reconocer al director ejecutivo como responsable de homicidio voluntario, lo que constituye una primicia en Italia sobre un accidente en el lugar de trabajo.<\/p><p>Un trabajador muri\u00f3 en el acto en el espantoso incendio de la planta de Tur\u00edn, y otros seis fallecieron posteriormente en el hospital. Las muertes dieron lugar a una <a href=\"..\/index.cfm?c=17805&amp;ol=28\" target=\"_blank\">campa\u00f1a nacional por mejores medidas de seguridad<\/a> en el lugar de trabajo.<\/p><p>Seg\u00fan informaciones de la prensa, el veredicto sobre este caso fue acogido con satisfacci\u00f3n por el fiscal Raffaele Guariniello, quien afirm\u00f3 que &quot;significar\u00eda mucho para la salud y la seguridad en el lugar de trabajo&quot;.<br \/><br \/>  <\/p>","protected":false},"featured_media":0,"template":"","class_list":["post-200471","archive_imf","type-archive_imf","status-publish","hentry"],"acf":[],"yoast_head":"<!-- This site is optimized with the Yoast SEO Premium plugin v27.1 (Yoast SEO v27.1) - https:\/\/yoast.com\/product\/yoast-seo-premium-wordpress\/ -->\n<title>El director ejecutivo de ThyssenKrupp en Italia condenado por varias muertes - industriall-union<\/title>\n<meta name=\"robots\" content=\"index, follow, max-snippet:-1, max-image-preview:large, max-video-preview:-1\" \/>\n<link rel=\"canonical\" href=\"https:\/\/admin.industriall-union.org\/es\/archive\/imf\/el-director-ejecutivo-de-thyssenkrupp-en-italia-condenado-por-varias-muertes\/\" \/>\n<meta property=\"og:locale\" content=\"es_ES\" \/>\n<meta property=\"og:type\" content=\"article\" \/>\n<meta property=\"og:title\" content=\"El director ejecutivo de ThyssenKrupp en Italia condenado por varias muertes\" \/>\n<meta property=\"og:description\" content=\"ITALIA: Un tribunal de Tur\u00edn conden\u00f3 al director ejecutivo de ThyssenKrupp en Italia, Harald Espenhahn, a 16 a\u00f1os y medio de prisi\u00f3n el 15 de abril por el homicidio de siete trabajadores que murieron en un incendio en la acer\u00eda de la transnacional en Tur\u00edn, el 6 de diciembre de 2007. Otros cinco dirigentes de [&hellip;]\" \/>\n<meta property=\"og:url\" content=\"https:\/\/admin.industriall-union.org\/es\/archive\/imf\/el-director-ejecutivo-de-thyssenkrupp-en-italia-condenado-por-varias-muertes\/\" \/>\n<meta property=\"og:site_name\" content=\"industriall-union\" \/>\n<meta property=\"article:modified_time\" content=\"2025-01-31T09:18:51+00:00\" \/>\n<meta name=\"twitter:card\" content=\"summary_large_image\" \/>\n<meta name=\"twitter:label1\" content=\"Est. reading time\" \/>\n\t<meta name=\"twitter:data1\" content=\"2 minutes\" \/>\n<script type=\"application\/ld+json\" class=\"yoast-schema-graph\">{\"@context\":\"https:\/\/schema.org\",\"@graph\":[{\"@type\":\"WebPage\",\"@id\":\"https:\/\/admin.industriall-union.org\/es\/archive\/imf\/el-director-ejecutivo-de-thyssenkrupp-en-italia-condenado-por-varias-muertes\/\",\"url\":\"https:\/\/admin.industriall-union.org\/es\/archive\/imf\/el-director-ejecutivo-de-thyssenkrupp-en-italia-condenado-por-varias-muertes\/\",\"name\":\"El director ejecutivo de ThyssenKrupp en Italia condenado por varias muertes - industriall-union\",\"isPartOf\":{\"@id\":\"https:\/\/admin.industriall-union.org\/#website\"},\"datePublished\":\"2011-04-20T14:43:00+00:00\",\"dateModified\":\"2025-01-31T09:18:51+00:00\",\"breadcrumb\":{\"@id\":\"https:\/\/admin.industriall-union.org\/es\/archive\/imf\/el-director-ejecutivo-de-thyssenkrupp-en-italia-condenado-por-varias-muertes\/#breadcrumb\"},\"inLanguage\":\"es-ES\",\"potentialAction\":[{\"@type\":\"ReadAction\",\"target\":[\"https:\/\/admin.industriall-union.org\/es\/archive\/imf\/el-director-ejecutivo-de-thyssenkrupp-en-italia-condenado-por-varias-muertes\/\"]}]},{\"@type\":\"BreadcrumbList\",\"@id\":\"https:\/\/admin.industriall-union.org\/es\/archive\/imf\/el-director-ejecutivo-de-thyssenkrupp-en-italia-condenado-por-varias-muertes\/#breadcrumb\",\"itemListElement\":[{\"@type\":\"ListItem\",\"position\":1,\"name\":\"Home\",\"item\":\"https:\/\/admin.industriall-union.org\/\"},{\"@type\":\"ListItem\",\"position\":2,\"name\":\"Archive Imf\",\"item\":\"https:\/\/admin.industriall-union.org\/es\/archive\/imf\/\"},{\"@type\":\"ListItem\",\"position\":3,\"name\":\"El director ejecutivo de ThyssenKrupp en Italia condenado por varias muertes\"}]},{\"@type\":\"WebSite\",\"@id\":\"https:\/\/admin.industriall-union.org\/#website\",\"url\":\"https:\/\/admin.industriall-union.org\/\",\"name\":\"industriall-union\",\"description\":\"\",\"potentialAction\":[{\"@type\":\"SearchAction\",\"target\":{\"@type\":\"EntryPoint\",\"urlTemplate\":\"https:\/\/admin.industriall-union.org\/?s={search_term_string}\"},\"query-input\":{\"@type\":\"PropertyValueSpecification\",\"valueRequired\":true,\"valueName\":\"search_term_string\"}}],\"inLanguage\":\"es-ES\"}]}<\/script>\n<!-- \/ Yoast SEO Premium plugin. -->","yoast_head_json":{"title":"El director ejecutivo de ThyssenKrupp en Italia condenado por varias muertes - industriall-union","robots":{"index":"index","follow":"follow","max-snippet":"max-snippet:-1","max-image-preview":"max-image-preview:large","max-video-preview":"max-video-preview:-1"},"canonical":"https:\/\/admin.industriall-union.org\/es\/archive\/imf\/el-director-ejecutivo-de-thyssenkrupp-en-italia-condenado-por-varias-muertes\/","og_locale":"es_ES","og_type":"article","og_title":"El director ejecutivo de ThyssenKrupp en Italia condenado por varias muertes","og_description":"ITALIA: Un tribunal de Tur\u00edn conden\u00f3 al director ejecutivo de ThyssenKrupp en Italia, Harald Espenhahn, a 16 a\u00f1os y medio de prisi\u00f3n el 15 de abril por el homicidio de siete trabajadores que murieron en un incendio en la acer\u00eda de la transnacional en Tur\u00edn, el 6 de diciembre de 2007. Otros cinco dirigentes de [&hellip;]","og_url":"https:\/\/admin.industriall-union.org\/es\/archive\/imf\/el-director-ejecutivo-de-thyssenkrupp-en-italia-condenado-por-varias-muertes\/","og_site_name":"industriall-union","article_modified_time":"2025-01-31T09:18:51+00:00","twitter_card":"summary_large_image","twitter_misc":{"Est. reading time":"2 minutes"},"schema":{"@context":"https:\/\/schema.org","@graph":[{"@type":"WebPage","@id":"https:\/\/admin.industriall-union.org\/es\/archive\/imf\/el-director-ejecutivo-de-thyssenkrupp-en-italia-condenado-por-varias-muertes\/","url":"https:\/\/admin.industriall-union.org\/es\/archive\/imf\/el-director-ejecutivo-de-thyssenkrupp-en-italia-condenado-por-varias-muertes\/","name":"El director ejecutivo de ThyssenKrupp en Italia condenado por varias muertes - industriall-union","isPartOf":{"@id":"https:\/\/admin.industriall-union.org\/#website"},"datePublished":"2011-04-20T14:43:00+00:00","dateModified":"2025-01-31T09:18:51+00:00","breadcrumb":{"@id":"https:\/\/admin.industriall-union.org\/es\/archive\/imf\/el-director-ejecutivo-de-thyssenkrupp-en-italia-condenado-por-varias-muertes\/#breadcrumb"},"inLanguage":"es-ES","potentialAction":[{"@type":"ReadAction","target":["https:\/\/admin.industriall-union.org\/es\/archive\/imf\/el-director-ejecutivo-de-thyssenkrupp-en-italia-condenado-por-varias-muertes\/"]}]},{"@type":"BreadcrumbList","@id":"https:\/\/admin.industriall-union.org\/es\/archive\/imf\/el-director-ejecutivo-de-thyssenkrupp-en-italia-condenado-por-varias-muertes\/#breadcrumb","itemListElement":[{"@type":"ListItem","position":1,"name":"Home","item":"https:\/\/admin.industriall-union.org\/"},{"@type":"ListItem","position":2,"name":"Archive Imf","item":"https:\/\/admin.industriall-union.org\/es\/archive\/imf\/"},{"@type":"ListItem","position":3,"name":"El director ejecutivo de ThyssenKrupp en Italia condenado por varias muertes"}]},{"@type":"WebSite","@id":"https:\/\/admin.industriall-union.org\/#website","url":"https:\/\/admin.industriall-union.org\/","name":"industriall-union","description":"","potentialAction":[{"@type":"SearchAction","target":{"@type":"EntryPoint","urlTemplate":"https:\/\/admin.industriall-union.org\/?s={search_term_string}"},"query-input":{"@type":"PropertyValueSpecification","valueRequired":true,"valueName":"search_term_string"}}],"inLanguage":"es-ES"}]}},"_links":{"self":[{"href":"https:\/\/admin.industriall-union.org\/es\/wp-json\/wp\/v2\/archive_imf\/200471","targetHints":{"allow":["GET"]}}],"collection":[{"href":"https:\/\/admin.industriall-union.org\/es\/wp-json\/wp\/v2\/archive_imf"}],"about":[{"href":"https:\/\/admin.industriall-union.org\/es\/wp-json\/wp\/v2\/types\/archive_imf"}],"wp:attachment":[{"href":"https:\/\/admin.industriall-union.org\/es\/wp-json\/wp\/v2\/media?parent=200471"}],"curies":[{"name":"wp","href":"https:\/\/api.w.org\/{rel}","templated":true}]}}

<p>ITALIA: Un tribunal de Turín condenó al director ejecutivo de ThyssenKrupp en Italia, Harald Espenhahn, a 16 años y medio de prisión el 15 de abril por el homicidio de <a href="../index.cfm?c=17014&amp;ol=28" target="_blank">siete trabajadores que murieron en un incendio</a> en la acería de la transnacional en Turín, el 6 de diciembre de 2007.</p><p>Otros cinco dirigentes de la compañía fueron también condenados por homicidio involuntario a penas de prisión de hasta 13 años y medio. A la compañía alemana se le impuso una multa de 1 millón de euros. Además, la compañía no podrá recibir subvenciones estatales italianas durante seis meses. En el mismo período, ThyssenKrupp estará sometida a la prohibición de hacer publicidad de sus productos en Italia.</p><p>En el momento del incidente, la compañía estaba eliminando gradualmente la factoría, en la que había sólo 200 de los 400 empleados anteriores, y no mantenía las normas de salud y seguridad. La investigación del incidente por la fiscalía probó que el director ejecutivo era plenamente consciente de los riesgos y decidió no tomar en la planta las mínimas medidas exigidas por la ley.</p><p>El fallo del tribunal, que puede impugnarse, es histórico, pues establece un importante precedente al reconocer al director ejecutivo como responsable de homicidio voluntario, lo que constituye una primicia en Italia sobre un accidente en el lugar de trabajo.</p><p>Un trabajador murió en el acto en el espantoso incendio de la planta de Turín, y otros seis fallecieron posteriormente en el hospital. Las muertes dieron lugar a una <a href="../index.cfm?c=17805&amp;ol=28" target="_blank">campaña nacional por mejores medidas de seguridad</a> en el lugar de trabajo.</p><p>Según informaciones de la prensa, el veredicto sobre este caso fue acogido con satisfacción por el fiscal Raffaele Guariniello, quien afirmó que &quot;significaría mucho para la salud y la seguridad en el lugar de trabajo&quot;.<br /><br />  </p>

<!-- This site is optimized with the Yoast SEO Premium plugin v27.1 (Yoast SEO v27.1) - https://yoast.com/product/yoast-seo-premium-wordpress/ -->
<title>El director ejecutivo de ThyssenKrupp en Italia condenado por varias muertes - industriall-union</title>
<meta name="robots" content="index, follow, max-snippet:-1, max-image-preview:large, max-video-preview:-1" />
<link rel="canonical" href="https://admin.industriall-union.org/es/archive/imf/el-director-ejecutivo-de-thyssenkrupp-en-italia-condenado-por-varias-muertes/" />
<meta property="og:locale" content="es_ES" />
<meta property="og:type" content="article" />
<meta property="og:title" content="El director ejecutivo de ThyssenKrupp en Italia condenado por varias muertes" />
<meta property="og:description" content="ITALIA: Un tribunal de Turín condenó al director ejecutivo de ThyssenKrupp en Italia, Harald Espenhahn, a 16 años y medio de prisión el 15 de abril por el homicidio de siete trabajadores que murieron en un incendio en la acería de la transnacional en Turín, el 6 de diciembre de 2007. Otros cinco dirigentes de [&hellip;]" />
<meta property="og:url" content="https://admin.industriall-union.org/es/archive/imf/el-director-ejecutivo-de-thyssenkrupp-en-italia-condenado-por-varias-muertes/" />
<meta property="og:site_name" content="industriall-union" />
<meta property="article:modified_time" content="2025-01-31T09:18:51+00:00" />
<meta name="twitter:card" content="summary_large_image" />
<meta name="twitter:label1" content="Est. reading time" />
	<meta name="twitter:data1" content="2 minutes" />
<script type="application/ld+json" class="yoast-schema-graph">{"@context":"https://schema.org","@graph":[{"@type":"WebPage","@id":"https://admin.industriall-union.org/es/archive/imf/el-director-ejecutivo-de-thyssenkrupp-en-italia-condenado-por-varias-muertes/","url":"https://admin.industriall-union.org/es/archive/imf/el-director-ejecutivo-de-thyssenkrupp-en-italia-condenado-por-varias-muertes/","name":"El director ejecutivo de ThyssenKrupp en Italia condenado por varias muertes - industriall-union","isPartOf":{"@id":"https://admin.industriall-union.org/#website"},"datePublished":"2011-04-20T14:43:00+00:00","dateModified":"2025-01-31T09:18:51+00:00","breadcrumb":{"@id":"https://admin.industriall-union.org/es/archive/imf/el-director-ejecutivo-de-thyssenkrupp-en-italia-condenado-por-varias-muertes/#breadcrumb"},"inLanguage":"es-ES","potentialAction":[{"@type":"ReadAction","target":["https://admin.industriall-union.org/es/archive/imf/el-director-ejecutivo-de-thyssenkrupp-en-italia-condenado-por-varias-muertes/"]}]},{"@type":"BreadcrumbList","@id":"https://admin.industriall-union.org/es/archive/imf/el-director-ejecutivo-de-thyssenkrupp-en-italia-condenado-por-varias-muertes/#breadcrumb","itemListElement":[{"@type":"ListItem","position":1,"name":"Home","item":"https://admin.industriall-union.org/"},{"@type":"ListItem","position":2,"name":"Archive Imf","item":"https://admin.industriall-union.org/es/archive/imf/"},{"@type":"ListItem","position":3,"name":"El director ejecutivo de ThyssenKrupp en Italia condenado por varias muertes"}]},{"@type":"WebSite","@id":"https://admin.industriall-union.org/#website","url":"https://admin.industriall-union.org/","name":"industriall-union","description":"","potentialAction":[{"@type":"SearchAction","target":{"@type":"EntryPoint","urlTemplate":"https://admin.industriall-union.org/?s={search_term_string}"},"query-input":{"@type":"PropertyValueSpecification","valueRequired":true,"valueName":"search_term_string"}}],"inLanguage":"es-ES"}]}</script>
<!-- / Yoast SEO Premium plugin. -->

ITALIA: Un tribunal de Turín condenó al director ejecutivo de ThyssenKrupp en Italia, Harald Espenhahn, a 16 años y medio de prisión el 15 de abril por el homicidio de siete trabajadores que murieron en un incendio en la acería de la transnacional en Turín, el 6 de diciembre de 2007. Otros cinco dirigentes de [&hellip;]
