{"id":200434,"date":"2011-05-02T15:04:00","date_gmt":"2011-05-02T15:04:00","guid":{"rendered":"https:\/\/admin.industriall-union.org\/archive\/imf\/fitim-solidariza-con-los-mineros-de-mexico-en-marcha-por-el-1-de-mayo\/"},"modified":"2025-01-31T09:15:38","modified_gmt":"2025-01-31T09:15:38","slug":"fitim-solidariza-con-los-mineros-de-mexico-en-marcha-por-el-1-de-mayo","status":"publish","type":"archive_imf","link":"https:\/\/admin.industriall-union.org\/es\/archive\/imf\/fitim-solidariza-con-los-mineros-de-mexico-en-marcha-por-el-1-de-mayo\/","title":{"rendered":"FITIM solidariza con los Mineros de M\u00e9xico en marcha por el 1 de mayo"},"content":{"rendered":"<p>M\u00e9xico:\u00a0 En el marco de la Conferencia Regional de la FITIM para los afiliados de Am\u00e9rica Latina y el Caribe que se realiza en M\u00e9xico, cerca de 50 sindicalistas de la regi\u00f3n se unieron a la marcha por el D\u00eda del Trabajador en solidaridad con los compa\u00f1eros mineros y en demanda por la libertad sindical. Asimismo\u00a0 la ICEM tambi\u00e9n particip\u00f3 en la manifestaci\u00f3n con la presencia de representantes de la oficina en Ginebra y algunos afiliados.<\/p><p>La delegaci\u00f3n\u00a0 de la FITIM liderada por Jyrki Raina, Secretario General de la FITIM, march\u00f3 junto al grupo de los trabajadores mineros mexicanos desde el Museo de Bellas Artes hacia el Z\u00f3calo,\u00a0 Plaza de la Constituci\u00f3n, lugar donde se realiz\u00f3 el acto conmemorativo.<br \/>Una vez m\u00e1s la FITIM demuestra su apoyo y solidaridad a los mineros y reitera las demandas que se le exige al gobierno mexicano:<\/p><ul><li>Responsabilizar al empleador por la explosi\u00f3n en la mina de Pasta de Conchos, y a los funcionarios gubernamentales relacionados con la tragedia.<\/li><li>Suprima las violaciones sistem\u00e1ticas de la libertad sindical de los trabajadores, incluidos los &quot;contratos de protecci\u00f3n&quot; impuestos por los empleadores y la injerencia en las elecciones sindicales.<\/li><li>Ponga fin a la represi\u00f3n y persecuci\u00f3n pol\u00edtica por parte del estado y el sector privado sobre los sindicatos Mexicanos.<\/li><\/ul>","protected":false},"featured_media":0,"template":"","class_list":["post-200434","archive_imf","type-archive_imf","status-publish","hentry"],"acf":[],"yoast_head":"<!-- This site is optimized with the Yoast SEO Premium plugin v27.1 (Yoast SEO v27.1) - https:\/\/yoast.com\/product\/yoast-seo-premium-wordpress\/ -->\n<title>FITIM solidariza con los Mineros de M\u00e9xico en marcha por el 1 de mayo - industriall-union<\/title>\n<meta name=\"robots\" content=\"index, follow, max-snippet:-1, max-image-preview:large, max-video-preview:-1\" \/>\n<link rel=\"canonical\" href=\"https:\/\/admin.industriall-union.org\/es\/archive\/imf\/fitim-solidariza-con-los-mineros-de-mexico-en-marcha-por-el-1-de-mayo\/\" \/>\n<meta property=\"og:locale\" content=\"es_ES\" \/>\n<meta property=\"og:type\" content=\"article\" \/>\n<meta property=\"og:title\" content=\"FITIM solidariza con los Mineros de M\u00e9xico en marcha por el 1 de mayo\" \/>\n<meta property=\"og:description\" content=\"M\u00e9xico:\u00a0 En el marco de la Conferencia Regional de la FITIM para los afiliados de Am\u00e9rica Latina y el Caribe que se realiza en M\u00e9xico, cerca de 50 sindicalistas de la regi\u00f3n se unieron a la marcha por el D\u00eda del Trabajador en solidaridad con los compa\u00f1eros mineros y en demanda por la libertad sindical. [&hellip;]\" \/>\n<meta property=\"og:url\" content=\"https:\/\/admin.industriall-union.org\/es\/archive\/imf\/fitim-solidariza-con-los-mineros-de-mexico-en-marcha-por-el-1-de-mayo\/\" \/>\n<meta property=\"og:site_name\" content=\"industriall-union\" \/>\n<meta property=\"article:modified_time\" content=\"2025-01-31T09:15:38+00:00\" \/>\n<meta name=\"twitter:card\" content=\"summary_large_image\" \/>\n<meta name=\"twitter:label1\" content=\"Est. reading time\" \/>\n\t<meta name=\"twitter:data1\" content=\"1 minute\" \/>\n<script type=\"application\/ld+json\" class=\"yoast-schema-graph\">{\"@context\":\"https:\/\/schema.org\",\"@graph\":[{\"@type\":\"WebPage\",\"@id\":\"https:\/\/admin.industriall-union.org\/es\/archive\/imf\/fitim-solidariza-con-los-mineros-de-mexico-en-marcha-por-el-1-de-mayo\/\",\"url\":\"https:\/\/admin.industriall-union.org\/es\/archive\/imf\/fitim-solidariza-con-los-mineros-de-mexico-en-marcha-por-el-1-de-mayo\/\",\"name\":\"FITIM solidariza con los Mineros de M\u00e9xico en marcha por el 1 de mayo - industriall-union\",\"isPartOf\":{\"@id\":\"https:\/\/admin.industriall-union.org\/#website\"},\"datePublished\":\"2011-05-02T15:04:00+00:00\",\"dateModified\":\"2025-01-31T09:15:38+00:00\",\"breadcrumb\":{\"@id\":\"https:\/\/admin.industriall-union.org\/es\/archive\/imf\/fitim-solidariza-con-los-mineros-de-mexico-en-marcha-por-el-1-de-mayo\/#breadcrumb\"},\"inLanguage\":\"es-ES\",\"potentialAction\":[{\"@type\":\"ReadAction\",\"target\":[\"https:\/\/admin.industriall-union.org\/es\/archive\/imf\/fitim-solidariza-con-los-mineros-de-mexico-en-marcha-por-el-1-de-mayo\/\"]}]},{\"@type\":\"BreadcrumbList\",\"@id\":\"https:\/\/admin.industriall-union.org\/es\/archive\/imf\/fitim-solidariza-con-los-mineros-de-mexico-en-marcha-por-el-1-de-mayo\/#breadcrumb\",\"itemListElement\":[{\"@type\":\"ListItem\",\"position\":1,\"name\":\"Home\",\"item\":\"https:\/\/admin.industriall-union.org\/\"},{\"@type\":\"ListItem\",\"position\":2,\"name\":\"Archive Imf\",\"item\":\"https:\/\/admin.industriall-union.org\/es\/archive\/imf\/\"},{\"@type\":\"ListItem\",\"position\":3,\"name\":\"FITIM solidariza con los Mineros de M\u00e9xico en marcha por el 1 de mayo\"}]},{\"@type\":\"WebSite\",\"@id\":\"https:\/\/admin.industriall-union.org\/#website\",\"url\":\"https:\/\/admin.industriall-union.org\/\",\"name\":\"industriall-union\",\"description\":\"\",\"potentialAction\":[{\"@type\":\"SearchAction\",\"target\":{\"@type\":\"EntryPoint\",\"urlTemplate\":\"https:\/\/admin.industriall-union.org\/?s={search_term_string}\"},\"query-input\":{\"@type\":\"PropertyValueSpecification\",\"valueRequired\":true,\"valueName\":\"search_term_string\"}}],\"inLanguage\":\"es-ES\"}]}<\/script>\n<!-- \/ Yoast SEO Premium plugin. -->","yoast_head_json":{"title":"FITIM solidariza con los Mineros de M\u00e9xico en marcha por el 1 de mayo - industriall-union","robots":{"index":"index","follow":"follow","max-snippet":"max-snippet:-1","max-image-preview":"max-image-preview:large","max-video-preview":"max-video-preview:-1"},"canonical":"https:\/\/admin.industriall-union.org\/es\/archive\/imf\/fitim-solidariza-con-los-mineros-de-mexico-en-marcha-por-el-1-de-mayo\/","og_locale":"es_ES","og_type":"article","og_title":"FITIM solidariza con los Mineros de M\u00e9xico en marcha por el 1 de mayo","og_description":"M\u00e9xico:\u00a0 En el marco de la Conferencia Regional de la FITIM para los afiliados de Am\u00e9rica Latina y el Caribe que se realiza en M\u00e9xico, cerca de 50 sindicalistas de la regi\u00f3n se unieron a la marcha por el D\u00eda del Trabajador en solidaridad con los compa\u00f1eros mineros y en demanda por la libertad sindical. [&hellip;]","og_url":"https:\/\/admin.industriall-union.org\/es\/archive\/imf\/fitim-solidariza-con-los-mineros-de-mexico-en-marcha-por-el-1-de-mayo\/","og_site_name":"industriall-union","article_modified_time":"2025-01-31T09:15:38+00:00","twitter_card":"summary_large_image","twitter_misc":{"Est. reading time":"1 minute"},"schema":{"@context":"https:\/\/schema.org","@graph":[{"@type":"WebPage","@id":"https:\/\/admin.industriall-union.org\/es\/archive\/imf\/fitim-solidariza-con-los-mineros-de-mexico-en-marcha-por-el-1-de-mayo\/","url":"https:\/\/admin.industriall-union.org\/es\/archive\/imf\/fitim-solidariza-con-los-mineros-de-mexico-en-marcha-por-el-1-de-mayo\/","name":"FITIM solidariza con los Mineros de M\u00e9xico en marcha por el 1 de mayo - industriall-union","isPartOf":{"@id":"https:\/\/admin.industriall-union.org\/#website"},"datePublished":"2011-05-02T15:04:00+00:00","dateModified":"2025-01-31T09:15:38+00:00","breadcrumb":{"@id":"https:\/\/admin.industriall-union.org\/es\/archive\/imf\/fitim-solidariza-con-los-mineros-de-mexico-en-marcha-por-el-1-de-mayo\/#breadcrumb"},"inLanguage":"es-ES","potentialAction":[{"@type":"ReadAction","target":["https:\/\/admin.industriall-union.org\/es\/archive\/imf\/fitim-solidariza-con-los-mineros-de-mexico-en-marcha-por-el-1-de-mayo\/"]}]},{"@type":"BreadcrumbList","@id":"https:\/\/admin.industriall-union.org\/es\/archive\/imf\/fitim-solidariza-con-los-mineros-de-mexico-en-marcha-por-el-1-de-mayo\/#breadcrumb","itemListElement":[{"@type":"ListItem","position":1,"name":"Home","item":"https:\/\/admin.industriall-union.org\/"},{"@type":"ListItem","position":2,"name":"Archive Imf","item":"https:\/\/admin.industriall-union.org\/es\/archive\/imf\/"},{"@type":"ListItem","position":3,"name":"FITIM solidariza con los Mineros de M\u00e9xico en marcha por el 1 de mayo"}]},{"@type":"WebSite","@id":"https:\/\/admin.industriall-union.org\/#website","url":"https:\/\/admin.industriall-union.org\/","name":"industriall-union","description":"","potentialAction":[{"@type":"SearchAction","target":{"@type":"EntryPoint","urlTemplate":"https:\/\/admin.industriall-union.org\/?s={search_term_string}"},"query-input":{"@type":"PropertyValueSpecification","valueRequired":true,"valueName":"search_term_string"}}],"inLanguage":"es-ES"}]}},"_links":{"self":[{"href":"https:\/\/admin.industriall-union.org\/es\/wp-json\/wp\/v2\/archive_imf\/200434","targetHints":{"allow":["GET"]}}],"collection":[{"href":"https:\/\/admin.industriall-union.org\/es\/wp-json\/wp\/v2\/archive_imf"}],"about":[{"href":"https:\/\/admin.industriall-union.org\/es\/wp-json\/wp\/v2\/types\/archive_imf"}],"wp:attachment":[{"href":"https:\/\/admin.industriall-union.org\/es\/wp-json\/wp\/v2\/media?parent=200434"}],"curies":[{"name":"wp","href":"https:\/\/api.w.org\/{rel}","templated":true}]}}

FITIM solidariza con los Mineros de México en marcha por el 1 de mayo

<p>México:  En el marco de la Conferencia Regional de la FITIM para los afiliados de América Latina y el Caribe que se realiza en México, cerca de 50 sindicalistas de la región se unieron a la marcha por el Día del Trabajador en solidaridad con los compañeros mineros y en demanda por la libertad sindical. Asimismo  la ICEM también participó en la manifestación con la presencia de representantes de la oficina en Ginebra y algunos afiliados.</p><p>La delegación  de la FITIM liderada por Jyrki Raina, Secretario General de la FITIM, marchó junto al grupo de los trabajadores mineros mexicanos desde el Museo de Bellas Artes hacia el Zócalo,  Plaza de la Constitución, lugar donde se realizó el acto conmemorativo.<br />Una vez más la FITIM demuestra su apoyo y solidaridad a los mineros y reitera las demandas que se le exige al gobierno mexicano:</p><ul><li>Responsabilizar al empleador por la explosión en la mina de Pasta de Conchos, y a los funcionarios gubernamentales relacionados con la tragedia.</li><li>Suprima las violaciones sistemáticas de la libertad sindical de los trabajadores, incluidos los &quot;contratos de protección&quot; impuestos por los empleadores y la injerencia en las elecciones sindicales.</li><li>Ponga fin a la represión y persecución política por parte del estado y el sector privado sobre los sindicatos Mexicanos.</li></ul>

<!-- This site is optimized with the Yoast SEO Premium plugin v27.1 (Yoast SEO v27.1) - https://yoast.com/product/yoast-seo-premium-wordpress/ -->
<title>FITIM solidariza con los Mineros de México en marcha por el 1 de mayo - industriall-union</title>
<meta name="robots" content="index, follow, max-snippet:-1, max-image-preview:large, max-video-preview:-1" />
<link rel="canonical" href="https://admin.industriall-union.org/es/archive/imf/fitim-solidariza-con-los-mineros-de-mexico-en-marcha-por-el-1-de-mayo/" />
<meta property="og:locale" content="es_ES" />
<meta property="og:type" content="article" />
<meta property="og:title" content="FITIM solidariza con los Mineros de México en marcha por el 1 de mayo" />
<meta property="og:description" content="México:  En el marco de la Conferencia Regional de la FITIM para los afiliados de América Latina y el Caribe que se realiza en México, cerca de 50 sindicalistas de la región se unieron a la marcha por el Día del Trabajador en solidaridad con los compañeros mineros y en demanda por la libertad sindical. [&hellip;]" />
<meta property="og:url" content="https://admin.industriall-union.org/es/archive/imf/fitim-solidariza-con-los-mineros-de-mexico-en-marcha-por-el-1-de-mayo/" />
<meta property="og:site_name" content="industriall-union" />
<meta property="article:modified_time" content="2025-01-31T09:15:38+00:00" />
<meta name="twitter:card" content="summary_large_image" />
<meta name="twitter:label1" content="Est. reading time" />
	<meta name="twitter:data1" content="1 minute" />
<script type="application/ld+json" class="yoast-schema-graph">{"@context":"https://schema.org","@graph":[{"@type":"WebPage","@id":"https://admin.industriall-union.org/es/archive/imf/fitim-solidariza-con-los-mineros-de-mexico-en-marcha-por-el-1-de-mayo/","url":"https://admin.industriall-union.org/es/archive/imf/fitim-solidariza-con-los-mineros-de-mexico-en-marcha-por-el-1-de-mayo/","name":"FITIM solidariza con los Mineros de México en marcha por el 1 de mayo - industriall-union","isPartOf":{"@id":"https://admin.industriall-union.org/#website"},"datePublished":"2011-05-02T15:04:00+00:00","dateModified":"2025-01-31T09:15:38+00:00","breadcrumb":{"@id":"https://admin.industriall-union.org/es/archive/imf/fitim-solidariza-con-los-mineros-de-mexico-en-marcha-por-el-1-de-mayo/#breadcrumb"},"inLanguage":"es-ES","potentialAction":[{"@type":"ReadAction","target":["https://admin.industriall-union.org/es/archive/imf/fitim-solidariza-con-los-mineros-de-mexico-en-marcha-por-el-1-de-mayo/"]}]},{"@type":"BreadcrumbList","@id":"https://admin.industriall-union.org/es/archive/imf/fitim-solidariza-con-los-mineros-de-mexico-en-marcha-por-el-1-de-mayo/#breadcrumb","itemListElement":[{"@type":"ListItem","position":1,"name":"Home","item":"https://admin.industriall-union.org/"},{"@type":"ListItem","position":2,"name":"Archive Imf","item":"https://admin.industriall-union.org/es/archive/imf/"},{"@type":"ListItem","position":3,"name":"FITIM solidariza con los Mineros de México en marcha por el 1 de mayo"}]},{"@type":"WebSite","@id":"https://admin.industriall-union.org/#website","url":"https://admin.industriall-union.org/","name":"industriall-union","description":"","potentialAction":[{"@type":"SearchAction","target":{"@type":"EntryPoint","urlTemplate":"https://admin.industriall-union.org/?s={search_term_string}"},"query-input":{"@type":"PropertyValueSpecification","valueRequired":true,"valueName":"search_term_string"}}],"inLanguage":"es-ES"}]}</script>
<!-- / Yoast SEO Premium plugin. -->

FITIM solidariza con los Mineros de México en marcha por el 1 de mayo - industriall-union

México:  En el marco de la Conferencia Regional de la FITIM para los afiliados de América Latina y el Caribe que se realiza en México, cerca de 50 sindicalistas de la región se unieron a la marcha por el Día del Trabajador en solidaridad con los compañeros mineros y en demanda por la libertad sindical. [&hellip;]
