{"id":200369,"date":"2011-05-14T11:36:00","date_gmt":"2011-05-14T11:36:00","guid":{"rendered":"https:\/\/admin.industriall-union.org\/archive\/imf\/potenciacion-sindical-en-mexico\/"},"modified":"2025-01-31T09:15:17","modified_gmt":"2025-01-31T09:15:17","slug":"potenciacion-sindical-en-mexico","status":"publish","type":"archive_imf","link":"https:\/\/admin.industriall-union.org\/es\/archive\/imf\/potenciacion-sindical-en-mexico\/","title":{"rendered":"Potenciaci\u00f3n sindical en M\u00e9xico"},"content":{"rendered":"<p>MEXICO: La Federaci\u00f3n Internacional de Trabajadores de las Industrias Metal\u00fargicas (FITIM) convoc\u00f3 una reuni\u00f3n de Planificaci\u00f3n estrat\u00e9gica sobre potenciaci\u00f3n sindical en ciudad de M\u00e9xico del 10 al 13 de mayo, en el que se decidi\u00f3 aplicar un programa conjunto para resistir a los implacables ataques del Gobierno y de las compa\u00f1\u00edas contra los sindicatos democr\u00e1ticos en M\u00e9xico.<\/p><p>A siete sindicatos independientes y democr\u00e1ticos en M\u00e9xico, SNTMMSRM (Los Mineros), SME (Sindicato Mexicano de Electricistas), STIMACHS-FAT y SNTRM &#8211; ambos afiliados a la UNT, UNTyPP (Uni\u00f3n Nacional de T\u00e9cnicos y Profesionistas Petroleros), SGTM (Sindicato General Tire Workers Mexico), y STUHM (Sindicato Unico de Honda Mexico), se unieron varias ONG favorables a los trabajadores, representantes de la FITIM, la UNI y la ICEM, y sindicatos afiliados de Finlandia, Suecia, Pa\u00edses Bajos, Estados Unidos y Canad\u00e1, en una reuni\u00f3n celebrada en Ciudad de M\u00e9xico, a fin de intensificar la cooperaci\u00f3n entre los sindicatos mexicanos y el movimiento sindical internacional.<\/p><p>El primer d\u00eda, los participantes discutieron y aprobaron un plan para reforzar el movimiento sindical contra los ataques que est\u00e1n sufriendo los sindicatos democr\u00e1ticos. Se analizaron varios instrumentos, como la Alianza Trinacional de Solidaridad, el <a href=\"..\/index.cfm?c=26495&amp;ol=28\" target=\"_blank\">Tribunal Internacional sobre Libertad Sindical<\/a>, la Campa\u00f1a contra los Contratos de Protecci\u00f3n, y las <a href=\"..\/index.cfm?c=26209&amp;ol=28\" target=\"_blank\">recientes decisiones de la OIT sobre las quejas presentadas en la OIT contra el Gobierno mexicano<\/a>, y todos los delegados acordaron mejorar la coordinaci\u00f3n y centrar la acci\u00f3n en la oposici\u00f3n al proyecto de Ley sobre la Reforma Laboral y el proyecto de Ley sobre Seguridad Nacional, que se est\u00e1n debatiendo en el Congreso. Si se aprueban estas reformas, se legitimar\u00e1 el trabajo precario, se reforzar\u00e1n los contratos de protecci\u00f3n y ser\u00e1 todav\u00eda m\u00e1s dif\u00edcil la situaci\u00f3n de los sindicatos democr\u00e1ticos.<\/p><p>El segundo y el tercer d\u00eda los participantes discutieron la manera de reforzar la capacidad de los sindicatos mediante &quot;una profesionalizaci\u00f3n&quot; y planes para aumentar el n\u00famero de miembros. Los sindicatos concebir\u00e1n conjuntamente un programa educativo innovador para organizadores, centrado sobre todo en crear las condiciones para discutir y aplicar una nueva estructura para el movimiento de los sindicatos democr\u00e1ticos (autorreforma), que es de esperar comience a aplicarse el a\u00f1o pr\u00f3ximo. Las FSI y los invitados internacionales participantes se comprometieron a buscar fondos adicionales para este programa. Los sindicatos mexicanos y las ONG favorables a los trabajadores acordaron compartir sus recursos educativos, financieros, log\u00edsticos e informativos para hacer posible el programa. Los sindicatos discutieron y presentaron sus planes para organizar m\u00e1s lugares de trabajo, para lo que se requerir\u00e1 el apoyo de la FITIM, la ICEM y la UNI, as\u00ed como de sindicatos europeos, canadienses y estadounidenses. Al final de la reuni\u00f3n, se definieron varios grupos de trabajo para continuar la labor sobre las diferentes cuestiones y para informar a los participantes.<\/p><p>Fernando Lopes, secretario general adjunto de la FITIM, declar\u00f3 que el elevado nivel de participaci\u00f3n en la reuni\u00f3n muestra el compromiso del movimiento sindical internacional con el fortalecimiento y el crecimiento de los sindicatos democr\u00e1ticos mexicanos. Lopes tambi\u00e9n dijo que la FITIM y otras FSI seguir\u00e1n apoyando la lucha de los sindicatos mexicanos por la libertad sindical, en particular Los Mineros y el SME.<br \/><br \/>  <\/p>","protected":false},"featured_media":0,"template":"","class_list":["post-200369","archive_imf","type-archive_imf","status-publish","hentry"],"acf":[],"yoast_head":"<!-- This site is optimized with the Yoast SEO Premium plugin v27.1 (Yoast SEO v27.1) - https:\/\/yoast.com\/product\/yoast-seo-premium-wordpress\/ -->\n<title>Potenciaci\u00f3n sindical en M\u00e9xico - industriall-union<\/title>\n<meta name=\"robots\" content=\"index, follow, max-snippet:-1, max-image-preview:large, max-video-preview:-1\" \/>\n<link rel=\"canonical\" href=\"https:\/\/admin.industriall-union.org\/es\/archive\/imf\/potenciacion-sindical-en-mexico\/\" \/>\n<meta property=\"og:locale\" content=\"es_ES\" \/>\n<meta property=\"og:type\" content=\"article\" \/>\n<meta property=\"og:title\" content=\"Potenciaci\u00f3n sindical en M\u00e9xico\" \/>\n<meta property=\"og:description\" content=\"MEXICO: La Federaci\u00f3n Internacional de Trabajadores de las Industrias Metal\u00fargicas (FITIM) convoc\u00f3 una reuni\u00f3n de Planificaci\u00f3n estrat\u00e9gica sobre potenciaci\u00f3n sindical en ciudad de M\u00e9xico del 10 al 13 de mayo, en el que se decidi\u00f3 aplicar un programa conjunto para resistir a los implacables ataques del Gobierno y de las compa\u00f1\u00edas contra los sindicatos democr\u00e1ticos [&hellip;]\" \/>\n<meta property=\"og:url\" content=\"https:\/\/admin.industriall-union.org\/es\/archive\/imf\/potenciacion-sindical-en-mexico\/\" \/>\n<meta property=\"og:site_name\" content=\"industriall-union\" \/>\n<meta property=\"article:modified_time\" content=\"2025-01-31T09:15:17+00:00\" \/>\n<meta name=\"twitter:card\" content=\"summary_large_image\" \/>\n<meta name=\"twitter:label1\" content=\"Est. reading time\" \/>\n\t<meta name=\"twitter:data1\" content=\"3 minutes\" \/>\n<script type=\"application\/ld+json\" class=\"yoast-schema-graph\">{\"@context\":\"https:\/\/schema.org\",\"@graph\":[{\"@type\":\"WebPage\",\"@id\":\"https:\/\/admin.industriall-union.org\/es\/archive\/imf\/potenciacion-sindical-en-mexico\/\",\"url\":\"https:\/\/admin.industriall-union.org\/es\/archive\/imf\/potenciacion-sindical-en-mexico\/\",\"name\":\"Potenciaci\u00f3n sindical en M\u00e9xico - industriall-union\",\"isPartOf\":{\"@id\":\"https:\/\/admin.industriall-union.org\/#website\"},\"datePublished\":\"2011-05-14T11:36:00+00:00\",\"dateModified\":\"2025-01-31T09:15:17+00:00\",\"breadcrumb\":{\"@id\":\"https:\/\/admin.industriall-union.org\/es\/archive\/imf\/potenciacion-sindical-en-mexico\/#breadcrumb\"},\"inLanguage\":\"es-ES\",\"potentialAction\":[{\"@type\":\"ReadAction\",\"target\":[\"https:\/\/admin.industriall-union.org\/es\/archive\/imf\/potenciacion-sindical-en-mexico\/\"]}]},{\"@type\":\"BreadcrumbList\",\"@id\":\"https:\/\/admin.industriall-union.org\/es\/archive\/imf\/potenciacion-sindical-en-mexico\/#breadcrumb\",\"itemListElement\":[{\"@type\":\"ListItem\",\"position\":1,\"name\":\"Home\",\"item\":\"https:\/\/admin.industriall-union.org\/\"},{\"@type\":\"ListItem\",\"position\":2,\"name\":\"Archive Imf\",\"item\":\"https:\/\/admin.industriall-union.org\/es\/archive\/imf\/\"},{\"@type\":\"ListItem\",\"position\":3,\"name\":\"Potenciaci\u00f3n sindical en M\u00e9xico\"}]},{\"@type\":\"WebSite\",\"@id\":\"https:\/\/admin.industriall-union.org\/#website\",\"url\":\"https:\/\/admin.industriall-union.org\/\",\"name\":\"industriall-union\",\"description\":\"\",\"potentialAction\":[{\"@type\":\"SearchAction\",\"target\":{\"@type\":\"EntryPoint\",\"urlTemplate\":\"https:\/\/admin.industriall-union.org\/?s={search_term_string}\"},\"query-input\":{\"@type\":\"PropertyValueSpecification\",\"valueRequired\":true,\"valueName\":\"search_term_string\"}}],\"inLanguage\":\"es-ES\"}]}<\/script>\n<!-- \/ Yoast SEO Premium plugin. -->","yoast_head_json":{"title":"Potenciaci\u00f3n sindical en M\u00e9xico - industriall-union","robots":{"index":"index","follow":"follow","max-snippet":"max-snippet:-1","max-image-preview":"max-image-preview:large","max-video-preview":"max-video-preview:-1"},"canonical":"https:\/\/admin.industriall-union.org\/es\/archive\/imf\/potenciacion-sindical-en-mexico\/","og_locale":"es_ES","og_type":"article","og_title":"Potenciaci\u00f3n sindical en M\u00e9xico","og_description":"MEXICO: La Federaci\u00f3n Internacional de Trabajadores de las Industrias Metal\u00fargicas (FITIM) convoc\u00f3 una reuni\u00f3n de Planificaci\u00f3n estrat\u00e9gica sobre potenciaci\u00f3n sindical en ciudad de M\u00e9xico del 10 al 13 de mayo, en el que se decidi\u00f3 aplicar un programa conjunto para resistir a los implacables ataques del Gobierno y de las compa\u00f1\u00edas contra los sindicatos democr\u00e1ticos [&hellip;]","og_url":"https:\/\/admin.industriall-union.org\/es\/archive\/imf\/potenciacion-sindical-en-mexico\/","og_site_name":"industriall-union","article_modified_time":"2025-01-31T09:15:17+00:00","twitter_card":"summary_large_image","twitter_misc":{"Est. reading time":"3 minutes"},"schema":{"@context":"https:\/\/schema.org","@graph":[{"@type":"WebPage","@id":"https:\/\/admin.industriall-union.org\/es\/archive\/imf\/potenciacion-sindical-en-mexico\/","url":"https:\/\/admin.industriall-union.org\/es\/archive\/imf\/potenciacion-sindical-en-mexico\/","name":"Potenciaci\u00f3n sindical en M\u00e9xico - industriall-union","isPartOf":{"@id":"https:\/\/admin.industriall-union.org\/#website"},"datePublished":"2011-05-14T11:36:00+00:00","dateModified":"2025-01-31T09:15:17+00:00","breadcrumb":{"@id":"https:\/\/admin.industriall-union.org\/es\/archive\/imf\/potenciacion-sindical-en-mexico\/#breadcrumb"},"inLanguage":"es-ES","potentialAction":[{"@type":"ReadAction","target":["https:\/\/admin.industriall-union.org\/es\/archive\/imf\/potenciacion-sindical-en-mexico\/"]}]},{"@type":"BreadcrumbList","@id":"https:\/\/admin.industriall-union.org\/es\/archive\/imf\/potenciacion-sindical-en-mexico\/#breadcrumb","itemListElement":[{"@type":"ListItem","position":1,"name":"Home","item":"https:\/\/admin.industriall-union.org\/"},{"@type":"ListItem","position":2,"name":"Archive Imf","item":"https:\/\/admin.industriall-union.org\/es\/archive\/imf\/"},{"@type":"ListItem","position":3,"name":"Potenciaci\u00f3n sindical en M\u00e9xico"}]},{"@type":"WebSite","@id":"https:\/\/admin.industriall-union.org\/#website","url":"https:\/\/admin.industriall-union.org\/","name":"industriall-union","description":"","potentialAction":[{"@type":"SearchAction","target":{"@type":"EntryPoint","urlTemplate":"https:\/\/admin.industriall-union.org\/?s={search_term_string}"},"query-input":{"@type":"PropertyValueSpecification","valueRequired":true,"valueName":"search_term_string"}}],"inLanguage":"es-ES"}]}},"_links":{"self":[{"href":"https:\/\/admin.industriall-union.org\/es\/wp-json\/wp\/v2\/archive_imf\/200369","targetHints":{"allow":["GET"]}}],"collection":[{"href":"https:\/\/admin.industriall-union.org\/es\/wp-json\/wp\/v2\/archive_imf"}],"about":[{"href":"https:\/\/admin.industriall-union.org\/es\/wp-json\/wp\/v2\/types\/archive_imf"}],"wp:attachment":[{"href":"https:\/\/admin.industriall-union.org\/es\/wp-json\/wp\/v2\/media?parent=200369"}],"curies":[{"name":"wp","href":"https:\/\/api.w.org\/{rel}","templated":true}]}}

Potenciación sindical en México

<p>MEXICO: La Federación Internacional de Trabajadores de las Industrias Metalúrgicas (FITIM) convocó una reunión de Planificación estratégica sobre potenciación sindical en ciudad de México del 10 al 13 de mayo, en el que se decidió aplicar un programa conjunto para resistir a los implacables ataques del Gobierno y de las compañías contra los sindicatos democráticos en México.</p><p>A siete sindicatos independientes y democráticos en México, SNTMMSRM (Los Mineros), SME (Sindicato Mexicano de Electricistas), STIMACHS-FAT y SNTRM &#8211; ambos afiliados a la UNT, UNTyPP (Unión Nacional de Técnicos y Profesionistas Petroleros), SGTM (Sindicato General Tire Workers Mexico), y STUHM (Sindicato Unico de Honda Mexico), se unieron varias ONG favorables a los trabajadores, representantes de la FITIM, la UNI y la ICEM, y sindicatos afiliados de Finlandia, Suecia, Países Bajos, Estados Unidos y Canadá, en una reunión celebrada en Ciudad de México, a fin de intensificar la cooperación entre los sindicatos mexicanos y el movimiento sindical internacional.</p><p>El primer día, los participantes discutieron y aprobaron un plan para reforzar el movimiento sindical contra los ataques que están sufriendo los sindicatos democráticos. Se analizaron varios instrumentos, como la Alianza Trinacional de Solidaridad, el <a href="../index.cfm?c=26495&amp;ol=28" target="_blank">Tribunal Internacional sobre Libertad Sindical</a>, la Campaña contra los Contratos de Protección, y las <a href="../index.cfm?c=26209&amp;ol=28" target="_blank">recientes decisiones de la OIT sobre las quejas presentadas en la OIT contra el Gobierno mexicano</a>, y todos los delegados acordaron mejorar la coordinación y centrar la acción en la oposición al proyecto de Ley sobre la Reforma Laboral y el proyecto de Ley sobre Seguridad Nacional, que se están debatiendo en el Congreso. Si se aprueban estas reformas, se legitimará el trabajo precario, se reforzarán los contratos de protección y será todavía más difícil la situación de los sindicatos democráticos.</p><p>El segundo y el tercer día los participantes discutieron la manera de reforzar la capacidad de los sindicatos mediante &quot;una profesionalización&quot; y planes para aumentar el número de miembros. Los sindicatos concebirán conjuntamente un programa educativo innovador para organizadores, centrado sobre todo en crear las condiciones para discutir y aplicar una nueva estructura para el movimiento de los sindicatos democráticos (autorreforma), que es de esperar comience a aplicarse el año próximo. Las FSI y los invitados internacionales participantes se comprometieron a buscar fondos adicionales para este programa. Los sindicatos mexicanos y las ONG favorables a los trabajadores acordaron compartir sus recursos educativos, financieros, logísticos e informativos para hacer posible el programa. Los sindicatos discutieron y presentaron sus planes para organizar más lugares de trabajo, para lo que se requerirá el apoyo de la FITIM, la ICEM y la UNI, así como de sindicatos europeos, canadienses y estadounidenses. Al final de la reunión, se definieron varios grupos de trabajo para continuar la labor sobre las diferentes cuestiones y para informar a los participantes.</p><p>Fernando Lopes, secretario general adjunto de la FITIM, declaró que el elevado nivel de participación en la reunión muestra el compromiso del movimiento sindical internacional con el fortalecimiento y el crecimiento de los sindicatos democráticos mexicanos. Lopes también dijo que la FITIM y otras FSI seguirán apoyando la lucha de los sindicatos mexicanos por la libertad sindical, en particular Los Mineros y el SME.<br /><br />  </p>

<!-- This site is optimized with the Yoast SEO Premium plugin v27.1 (Yoast SEO v27.1) - https://yoast.com/product/yoast-seo-premium-wordpress/ -->
<title>Potenciación sindical en México - industriall-union</title>
<meta name="robots" content="index, follow, max-snippet:-1, max-image-preview:large, max-video-preview:-1" />
<link rel="canonical" href="https://admin.industriall-union.org/es/archive/imf/potenciacion-sindical-en-mexico/" />
<meta property="og:locale" content="es_ES" />
<meta property="og:type" content="article" />
<meta property="og:title" content="Potenciación sindical en México" />
<meta property="og:description" content="MEXICO: La Federación Internacional de Trabajadores de las Industrias Metalúrgicas (FITIM) convocó una reunión de Planificación estratégica sobre potenciación sindical en ciudad de México del 10 al 13 de mayo, en el que se decidió aplicar un programa conjunto para resistir a los implacables ataques del Gobierno y de las compañías contra los sindicatos democráticos [&hellip;]" />
<meta property="og:url" content="https://admin.industriall-union.org/es/archive/imf/potenciacion-sindical-en-mexico/" />
<meta property="og:site_name" content="industriall-union" />
<meta property="article:modified_time" content="2025-01-31T09:15:17+00:00" />
<meta name="twitter:card" content="summary_large_image" />
<meta name="twitter:label1" content="Est. reading time" />
	<meta name="twitter:data1" content="3 minutes" />
<script type="application/ld+json" class="yoast-schema-graph">{"@context":"https://schema.org","@graph":[{"@type":"WebPage","@id":"https://admin.industriall-union.org/es/archive/imf/potenciacion-sindical-en-mexico/","url":"https://admin.industriall-union.org/es/archive/imf/potenciacion-sindical-en-mexico/","name":"Potenciación sindical en México - industriall-union","isPartOf":{"@id":"https://admin.industriall-union.org/#website"},"datePublished":"2011-05-14T11:36:00+00:00","dateModified":"2025-01-31T09:15:17+00:00","breadcrumb":{"@id":"https://admin.industriall-union.org/es/archive/imf/potenciacion-sindical-en-mexico/#breadcrumb"},"inLanguage":"es-ES","potentialAction":[{"@type":"ReadAction","target":["https://admin.industriall-union.org/es/archive/imf/potenciacion-sindical-en-mexico/"]}]},{"@type":"BreadcrumbList","@id":"https://admin.industriall-union.org/es/archive/imf/potenciacion-sindical-en-mexico/#breadcrumb","itemListElement":[{"@type":"ListItem","position":1,"name":"Home","item":"https://admin.industriall-union.org/"},{"@type":"ListItem","position":2,"name":"Archive Imf","item":"https://admin.industriall-union.org/es/archive/imf/"},{"@type":"ListItem","position":3,"name":"Potenciación sindical en México"}]},{"@type":"WebSite","@id":"https://admin.industriall-union.org/#website","url":"https://admin.industriall-union.org/","name":"industriall-union","description":"","potentialAction":[{"@type":"SearchAction","target":{"@type":"EntryPoint","urlTemplate":"https://admin.industriall-union.org/?s={search_term_string}"},"query-input":{"@type":"PropertyValueSpecification","valueRequired":true,"valueName":"search_term_string"}}],"inLanguage":"es-ES"}]}</script>
<!-- / Yoast SEO Premium plugin. -->

Potenciación sindical en México - industriall-union

MEXICO: La Federación Internacional de Trabajadores de las Industrias Metalúrgicas (FITIM) convocó una reunión de Planificación estratégica sobre potenciación sindical en ciudad de México del 10 al 13 de mayo, en el que se decidió aplicar un programa conjunto para resistir a los implacables ataques del Gobierno y de las compañías contra los sindicatos democráticos [&hellip;]
