{"id":200069,"date":"2011-08-17T09:35:00","date_gmt":"2011-08-17T09:35:00","guid":{"rendered":"https:\/\/admin.industriall-union.org\/archive\/imf\/canada-triunfa-la-huelga-del-sector-automotriz\/"},"modified":"2025-01-31T09:05:00","modified_gmt":"2025-01-31T09:05:00","slug":"canada-triunfa-la-huelga-del-sector-automotriz","status":"publish","type":"archive_imf","link":"https:\/\/admin.industriall-union.org\/es\/archive\/imf\/canada-triunfa-la-huelga-del-sector-automotriz\/","title":{"rendered":"Canad\u00e1: Triunfa la huelga del sector automotriz"},"content":{"rendered":"    CANAD\u00c1: Los d\u00edas 9 y 10 de agosto, los miembros del CAW se reintegraron a sus labores en la f\u00e1brica de Arnprior, Ontario, sabiendo que hab\u00edan superado la oferta patronal que, seg\u00fan la empresa, era su &quot;\u00faltima y mejor oferta&quot;, pero significaba para los trabajadores rebajas de las pensiones de jubilaci\u00f3n, reducciones del monto pagado por el costo de la vida (COLA) y la eliminaci\u00f3n de algunas cl\u00e1usulas del convenio colectivo. En conversaciones realizadas el 29 de julio, Sandvik hab\u00eda introducido algunas modificaciones de sus propuestas originales, cambios que los miembros del CAW consideraron insuficientes, y por tal raz\u00f3n fueron rechazados. La empresa volvi\u00f3 a las negociaciones a principios de agosto, con nuevas revisiones que b\u00e1sicamente dejaban intacto un convenio colectivo anterior. <br \/><br \/>Ahora no se va a modificar la introducci\u00f3n del monto pagado por COLA, no se cambiar\u00e1 la seguridad de los puestos de trabajo, y quedar\u00e1n iguales los beneficios por pensiones de jubilaci\u00f3n. Adem\u00e1s, se dieron algunos mejoramientos por concepto de prestaciones sociales y se robustecieron las cl\u00e1usulas sobre despidos. Tambi\u00e9n se va a aplicar un aumento del 1% de los sueldos a principios del tercer a\u00f1o. <br \/><br \/>Harry Ghadban, Director del CAW para la zona oriental de Ontario, dijo al respecto: &quot;Ha sido impresionante el nivel de apoyo por parte de los miembros del sindicato, en \u00e9sta, la primera huelga que realizan en m\u00e1s de 30 a\u00f1os que lleva en operaciones esta planta.&quot; Derek Mosley, Presidente de la Unidad del Local 2228, se\u00f1al\u00f3: &quot;No podr\u00edamos haberlo hecho sin el firme apoyo de los miembros y del sindicato nacional. <br \/><br \/>&quot;Nos enorgullecemos de la solidaridad que han demostrado nuestros miembros al rechazar las concesiones ofrecidas, manteni\u00e9ndose firmes hasta lograr un acuerdo por medio de las negociaciones.&quot; <br \/><br \/>Por otra parte, despu\u00e9s de la votaci\u00f3n del 8 de agosto sobre la ratificaci\u00f3n, un sindicalista escribi\u00f3 en el blog del Local 2228: &quot;Todos podemos volver al trabajo con la frente en alto, sabiendo que enviamos a la administraci\u00f3n un mensaje que se\u00f1alaba que no acept\u00e1bamos su oferta final: volv\u00edamos a exigir las condiciones que hab\u00edamos planteado. No hallo palabras para expresar cu\u00e1n orgulloso me siento.&quot; <br \/><br \/>Sandvik Materials Technology, en Arnprior, fabrica tuber\u00edas especializadas de acero inoxidable y n\u00edquel para los sectores de la energ\u00eda nuclear, aeroespacial, automotriz, del petr\u00f3leo y del gas. ","protected":false},"featured_media":0,"template":"","class_list":["post-200069","archive_imf","type-archive_imf","status-publish","hentry"],"acf":[],"yoast_head":"<!-- This site is optimized with the Yoast SEO Premium plugin v27.1 (Yoast SEO v27.1) - https:\/\/yoast.com\/product\/yoast-seo-premium-wordpress\/ -->\n<title>Canad\u00e1: Triunfa la huelga del sector automotriz - industriall-union<\/title>\n<meta name=\"robots\" content=\"index, follow, max-snippet:-1, max-image-preview:large, max-video-preview:-1\" \/>\n<link rel=\"canonical\" href=\"https:\/\/admin.industriall-union.org\/es\/archive\/imf\/canada-triunfa-la-huelga-del-sector-automotriz\/\" \/>\n<meta property=\"og:locale\" content=\"es_ES\" \/>\n<meta property=\"og:type\" content=\"article\" \/>\n<meta property=\"og:title\" content=\"Canad\u00e1: Triunfa la huelga del sector automotriz\" \/>\n<meta property=\"og:description\" content=\"CANAD\u00c1: Los d\u00edas 9 y 10 de agosto, los miembros del CAW se reintegraron a sus labores en la f\u00e1brica de Arnprior, Ontario, sabiendo que hab\u00edan superado la oferta patronal que, seg\u00fan la empresa, era su &quot;\u00faltima y mejor oferta&quot;, pero significaba para los trabajadores rebajas de las pensiones de jubilaci\u00f3n, reducciones del monto pagado [&hellip;]\" \/>\n<meta property=\"og:url\" content=\"https:\/\/admin.industriall-union.org\/es\/archive\/imf\/canada-triunfa-la-huelga-del-sector-automotriz\/\" \/>\n<meta property=\"og:site_name\" content=\"industriall-union\" \/>\n<meta property=\"article:modified_time\" content=\"2025-01-31T09:05:00+00:00\" \/>\n<meta name=\"twitter:card\" content=\"summary_large_image\" \/>\n<meta name=\"twitter:label1\" content=\"Est. reading time\" \/>\n\t<meta name=\"twitter:data1\" content=\"2 minutes\" \/>\n<script type=\"application\/ld+json\" class=\"yoast-schema-graph\">{\"@context\":\"https:\/\/schema.org\",\"@graph\":[{\"@type\":\"WebPage\",\"@id\":\"https:\/\/admin.industriall-union.org\/es\/archive\/imf\/canada-triunfa-la-huelga-del-sector-automotriz\/\",\"url\":\"https:\/\/admin.industriall-union.org\/es\/archive\/imf\/canada-triunfa-la-huelga-del-sector-automotriz\/\",\"name\":\"Canad\u00e1: Triunfa la huelga del sector automotriz - industriall-union\",\"isPartOf\":{\"@id\":\"https:\/\/admin.industriall-union.org\/#website\"},\"datePublished\":\"2011-08-17T09:35:00+00:00\",\"dateModified\":\"2025-01-31T09:05:00+00:00\",\"breadcrumb\":{\"@id\":\"https:\/\/admin.industriall-union.org\/es\/archive\/imf\/canada-triunfa-la-huelga-del-sector-automotriz\/#breadcrumb\"},\"inLanguage\":\"es-ES\",\"potentialAction\":[{\"@type\":\"ReadAction\",\"target\":[\"https:\/\/admin.industriall-union.org\/es\/archive\/imf\/canada-triunfa-la-huelga-del-sector-automotriz\/\"]}]},{\"@type\":\"BreadcrumbList\",\"@id\":\"https:\/\/admin.industriall-union.org\/es\/archive\/imf\/canada-triunfa-la-huelga-del-sector-automotriz\/#breadcrumb\",\"itemListElement\":[{\"@type\":\"ListItem\",\"position\":1,\"name\":\"Home\",\"item\":\"https:\/\/admin.industriall-union.org\/\"},{\"@type\":\"ListItem\",\"position\":2,\"name\":\"Archive Imf\",\"item\":\"https:\/\/admin.industriall-union.org\/es\/archive\/imf\/\"},{\"@type\":\"ListItem\",\"position\":3,\"name\":\"Canad\u00e1: Triunfa la huelga del sector automotriz\"}]},{\"@type\":\"WebSite\",\"@id\":\"https:\/\/admin.industriall-union.org\/#website\",\"url\":\"https:\/\/admin.industriall-union.org\/\",\"name\":\"industriall-union\",\"description\":\"\",\"potentialAction\":[{\"@type\":\"SearchAction\",\"target\":{\"@type\":\"EntryPoint\",\"urlTemplate\":\"https:\/\/admin.industriall-union.org\/?s={search_term_string}\"},\"query-input\":{\"@type\":\"PropertyValueSpecification\",\"valueRequired\":true,\"valueName\":\"search_term_string\"}}],\"inLanguage\":\"es-ES\"}]}<\/script>\n<!-- \/ Yoast SEO Premium plugin. -->","yoast_head_json":{"title":"Canad\u00e1: Triunfa la huelga del sector automotriz - industriall-union","robots":{"index":"index","follow":"follow","max-snippet":"max-snippet:-1","max-image-preview":"max-image-preview:large","max-video-preview":"max-video-preview:-1"},"canonical":"https:\/\/admin.industriall-union.org\/es\/archive\/imf\/canada-triunfa-la-huelga-del-sector-automotriz\/","og_locale":"es_ES","og_type":"article","og_title":"Canad\u00e1: Triunfa la huelga del sector automotriz","og_description":"CANAD\u00c1: Los d\u00edas 9 y 10 de agosto, los miembros del CAW se reintegraron a sus labores en la f\u00e1brica de Arnprior, Ontario, sabiendo que hab\u00edan superado la oferta patronal que, seg\u00fan la empresa, era su &quot;\u00faltima y mejor oferta&quot;, pero significaba para los trabajadores rebajas de las pensiones de jubilaci\u00f3n, reducciones del monto pagado [&hellip;]","og_url":"https:\/\/admin.industriall-union.org\/es\/archive\/imf\/canada-triunfa-la-huelga-del-sector-automotriz\/","og_site_name":"industriall-union","article_modified_time":"2025-01-31T09:05:00+00:00","twitter_card":"summary_large_image","twitter_misc":{"Est. reading time":"2 minutes"},"schema":{"@context":"https:\/\/schema.org","@graph":[{"@type":"WebPage","@id":"https:\/\/admin.industriall-union.org\/es\/archive\/imf\/canada-triunfa-la-huelga-del-sector-automotriz\/","url":"https:\/\/admin.industriall-union.org\/es\/archive\/imf\/canada-triunfa-la-huelga-del-sector-automotriz\/","name":"Canad\u00e1: Triunfa la huelga del sector automotriz - industriall-union","isPartOf":{"@id":"https:\/\/admin.industriall-union.org\/#website"},"datePublished":"2011-08-17T09:35:00+00:00","dateModified":"2025-01-31T09:05:00+00:00","breadcrumb":{"@id":"https:\/\/admin.industriall-union.org\/es\/archive\/imf\/canada-triunfa-la-huelga-del-sector-automotriz\/#breadcrumb"},"inLanguage":"es-ES","potentialAction":[{"@type":"ReadAction","target":["https:\/\/admin.industriall-union.org\/es\/archive\/imf\/canada-triunfa-la-huelga-del-sector-automotriz\/"]}]},{"@type":"BreadcrumbList","@id":"https:\/\/admin.industriall-union.org\/es\/archive\/imf\/canada-triunfa-la-huelga-del-sector-automotriz\/#breadcrumb","itemListElement":[{"@type":"ListItem","position":1,"name":"Home","item":"https:\/\/admin.industriall-union.org\/"},{"@type":"ListItem","position":2,"name":"Archive Imf","item":"https:\/\/admin.industriall-union.org\/es\/archive\/imf\/"},{"@type":"ListItem","position":3,"name":"Canad\u00e1: Triunfa la huelga del sector automotriz"}]},{"@type":"WebSite","@id":"https:\/\/admin.industriall-union.org\/#website","url":"https:\/\/admin.industriall-union.org\/","name":"industriall-union","description":"","potentialAction":[{"@type":"SearchAction","target":{"@type":"EntryPoint","urlTemplate":"https:\/\/admin.industriall-union.org\/?s={search_term_string}"},"query-input":{"@type":"PropertyValueSpecification","valueRequired":true,"valueName":"search_term_string"}}],"inLanguage":"es-ES"}]}},"_links":{"self":[{"href":"https:\/\/admin.industriall-union.org\/es\/wp-json\/wp\/v2\/archive_imf\/200069","targetHints":{"allow":["GET"]}}],"collection":[{"href":"https:\/\/admin.industriall-union.org\/es\/wp-json\/wp\/v2\/archive_imf"}],"about":[{"href":"https:\/\/admin.industriall-union.org\/es\/wp-json\/wp\/v2\/types\/archive_imf"}],"wp:attachment":[{"href":"https:\/\/admin.industriall-union.org\/es\/wp-json\/wp\/v2\/media?parent=200069"}],"curies":[{"name":"wp","href":"https:\/\/api.w.org\/{rel}","templated":true}]}}

Canadá: Triunfa la huelga del sector automotriz

CANADÁ: Los días 9 y 10 de agosto, los miembros del CAW se reintegraron a sus labores en la fábrica de Arnprior, Ontario, sabiendo que habían superado la oferta patronal que, según la empresa, era su &quot;última y mejor oferta&quot;, pero significaba para los trabajadores rebajas de las pensiones de jubilación, reducciones del monto pagado por el costo de la vida (COLA) y la eliminación de algunas cláusulas del convenio colectivo. En conversaciones realizadas el 29 de julio, Sandvik había introducido algunas modificaciones de sus propuestas originales, cambios que los miembros del CAW consideraron insuficientes, y por tal razón fueron rechazados. La empresa volvió a las negociaciones a principios de agosto, con nuevas revisiones que básicamente dejaban intacto un convenio colectivo anterior. <br /><br />Ahora no se va a modificar la introducción del monto pagado por COLA, no se cambiará la seguridad de los puestos de trabajo, y quedarán iguales los beneficios por pensiones de jubilación. Además, se dieron algunos mejoramientos por concepto de prestaciones sociales y se robustecieron las cláusulas sobre despidos. También se va a aplicar un aumento del 1% de los sueldos a principios del tercer año. <br /><br />Harry Ghadban, Director del CAW para la zona oriental de Ontario, dijo al respecto: &quot;Ha sido impresionante el nivel de apoyo por parte de los miembros del sindicato, en ésta, la primera huelga que realizan en más de 30 años que lleva en operaciones esta planta.&quot; Derek Mosley, Presidente de la Unidad del Local 2228, señaló: &quot;No podríamos haberlo hecho sin el firme apoyo de los miembros y del sindicato nacional. <br /><br />&quot;Nos enorgullecemos de la solidaridad que han demostrado nuestros miembros al rechazar las concesiones ofrecidas, manteniéndose firmes hasta lograr un acuerdo por medio de las negociaciones.&quot; <br /><br />Por otra parte, después de la votación del 8 de agosto sobre la ratificación, un sindicalista escribió en el blog del Local 2228: &quot;Todos podemos volver al trabajo con la frente en alto, sabiendo que enviamos a la administración un mensaje que señalaba que no aceptábamos su oferta final: volvíamos a exigir las condiciones que habíamos planteado. No hallo palabras para expresar cuán orgulloso me siento.&quot; <br /><br />Sandvik Materials Technology, en Arnprior, fabrica tuberías especializadas de acero inoxidable y níquel para los sectores de la energía nuclear, aeroespacial, automotriz, del petróleo y del gas.

<!-- This site is optimized with the Yoast SEO Premium plugin v27.1 (Yoast SEO v27.1) - https://yoast.com/product/yoast-seo-premium-wordpress/ -->
<title>Canadá: Triunfa la huelga del sector automotriz - industriall-union</title>
<meta name="robots" content="index, follow, max-snippet:-1, max-image-preview:large, max-video-preview:-1" />
<link rel="canonical" href="https://admin.industriall-union.org/es/archive/imf/canada-triunfa-la-huelga-del-sector-automotriz/" />
<meta property="og:locale" content="es_ES" />
<meta property="og:type" content="article" />
<meta property="og:title" content="Canadá: Triunfa la huelga del sector automotriz" />
<meta property="og:description" content="CANADÁ: Los días 9 y 10 de agosto, los miembros del CAW se reintegraron a sus labores en la fábrica de Arnprior, Ontario, sabiendo que habían superado la oferta patronal que, según la empresa, era su &quot;última y mejor oferta&quot;, pero significaba para los trabajadores rebajas de las pensiones de jubilación, reducciones del monto pagado [&hellip;]" />
<meta property="og:url" content="https://admin.industriall-union.org/es/archive/imf/canada-triunfa-la-huelga-del-sector-automotriz/" />
<meta property="og:site_name" content="industriall-union" />
<meta property="article:modified_time" content="2025-01-31T09:05:00+00:00" />
<meta name="twitter:card" content="summary_large_image" />
<meta name="twitter:label1" content="Est. reading time" />
	<meta name="twitter:data1" content="2 minutes" />
<script type="application/ld+json" class="yoast-schema-graph">{"@context":"https://schema.org","@graph":[{"@type":"WebPage","@id":"https://admin.industriall-union.org/es/archive/imf/canada-triunfa-la-huelga-del-sector-automotriz/","url":"https://admin.industriall-union.org/es/archive/imf/canada-triunfa-la-huelga-del-sector-automotriz/","name":"Canadá: Triunfa la huelga del sector automotriz - industriall-union","isPartOf":{"@id":"https://admin.industriall-union.org/#website"},"datePublished":"2011-08-17T09:35:00+00:00","dateModified":"2025-01-31T09:05:00+00:00","breadcrumb":{"@id":"https://admin.industriall-union.org/es/archive/imf/canada-triunfa-la-huelga-del-sector-automotriz/#breadcrumb"},"inLanguage":"es-ES","potentialAction":[{"@type":"ReadAction","target":["https://admin.industriall-union.org/es/archive/imf/canada-triunfa-la-huelga-del-sector-automotriz/"]}]},{"@type":"BreadcrumbList","@id":"https://admin.industriall-union.org/es/archive/imf/canada-triunfa-la-huelga-del-sector-automotriz/#breadcrumb","itemListElement":[{"@type":"ListItem","position":1,"name":"Home","item":"https://admin.industriall-union.org/"},{"@type":"ListItem","position":2,"name":"Archive Imf","item":"https://admin.industriall-union.org/es/archive/imf/"},{"@type":"ListItem","position":3,"name":"Canadá: Triunfa la huelga del sector automotriz"}]},{"@type":"WebSite","@id":"https://admin.industriall-union.org/#website","url":"https://admin.industriall-union.org/","name":"industriall-union","description":"","potentialAction":[{"@type":"SearchAction","target":{"@type":"EntryPoint","urlTemplate":"https://admin.industriall-union.org/?s={search_term_string}"},"query-input":{"@type":"PropertyValueSpecification","valueRequired":true,"valueName":"search_term_string"}}],"inLanguage":"es-ES"}]}</script>
<!-- / Yoast SEO Premium plugin. -->

Canadá: Triunfa la huelga del sector automotriz - industriall-union

CANADÁ: Los días 9 y 10 de agosto, los miembros del CAW se reintegraron a sus labores en la fábrica de Arnprior, Ontario, sabiendo que habían superado la oferta patronal que, según la empresa, era su &quot;última y mejor oferta&quot;, pero significaba para los trabajadores rebajas de las pensiones de jubilación, reducciones del monto pagado [&hellip;]
